74.7.227.61 - - [21/Mar/2026:16:39:10 +0200] "GET /shop/goods/overhearing171375503560.phtml HTTP/1.1" 301 - "https://drspos.com/%3C![CDATA[https:/eminencegroup.net.au/post-sitemap9.xml]]%3E" "Mozilla/5.0 AppleWebKit/537.36 (KHTML, like Gecko; compatible; GPTBot/1.3; +https://openai.com/gptbot)"
52.167.144.176 - - [21/Mar/2026:16:39:13 +0200] "GET /shop/goods/semiquintile153262926572.phtml HTTP/1.1" 200 215895 "-" "Mozilla/5.0 AppleWebKit/537.36 (KHTML, like Gecko; compatible; bingbot/2.0; +http://www.bing.com/bingbot.htm) Chrome/116.0.1938.76 Safari/537.36"
74.7.227.61 - - [21/Mar/2026:16:39:13 +0200] "GET /shop/goods/overhearing171375503560.phtml/ HTTP/1.1" 200 150752 "https://drspos.com/shop/goods/overhearing171375503560.phtml" "Mozilla/5.0 AppleWebKit/537.36 (KHTML, like Gecko; compatible; GPTBot/1.3; +https://openai.com/gptbot)"
74.7.227.61 - - [21/Mar/2026:16:39:16 +0200] "GET /?p=44186 HTTP/1.1" 200 91255 "https://drspos.com/?p=44184" "Mozilla/5.0 AppleWebKit/537.36 (KHTML, like Gecko; compatible; GPTBot/1.3; +https://openai.com/gptbot)"
52.167.144.176 - - [21/Mar/2026:16:39:18 +0200] "GET /shop/goods/greatcoat142585087189.phtml HTTP/1.1" 200 198364 "-" "Mozilla/5.0 AppleWebKit/537.36 (KHTML, like Gecko; compatible; bingbot/2.0; +http://www.bing.com/bingbot.htm) Chrome/116.0.1938.76 Safari/537.36"
74.7.227.61 - - [21/Mar/2026:16:39:19 +0200] "GET /?p=52936 HTTP/1.1" 200 92493 "https://drspos.com/?p=52938" "Mozilla/5.0 AppleWebKit/537.36 (KHTML, like Gecko; compatible; GPTBot/1.3; +https://openai.com/gptbot)"
216.73.216.163 - - [21/Mar/2026:16:39:22 +0200] "GET /shop/goods/sciagraphy122834555709.phtml HTTP/1.1" 301 - "-" "Mozilla/5.0 AppleWebKit/537.36 (KHTML, like Gecko; compatible; ClaudeBot/1.0; +claudebot@anthropic.com)"
74.7.227.61 - - [21/Mar/2026:16:39:23 +0200] "GET /shop/goods/urosternite173691539623.phtml HTTP/1.1" 301 - "https://drspos.com/%3C![CDATA[https:/eminencegroup.net.au/post-sitemap9.xml]]%3E" "Mozilla/5.0 AppleWebKit/537.36 (KHTML, like Gecko; compatible; GPTBot/1.3; +https://openai.com/gptbot)"
157.55.39.14 - - [21/Mar/2026:16:39:25 +0200] "GET /shop/goods/roytelet10332245052.phtml HTTP/1.1" 200 216609 "-" "Mozilla/5.0 AppleWebKit/537.36 (KHTML, like Gecko; compatible; bingbot/2.0; +http://www.bing.com/bingbot.htm) Chrome/116.0.1938.76 Safari/537.36"
74.7.227.61 - - [21/Mar/2026:16:39:25 +0200] "GET /shop/goods/urosternite173691539623.phtml/ HTTP/1.1" 200 150752 "https://drspos.com/shop/goods/urosternite173691539623.phtml" "Mozilla/5.0 AppleWebKit/537.36 (KHTML, like Gecko; compatible; GPTBot/1.3; +https://openai.com/gptbot)"
216.73.216.163 - - [21/Mar/2026:16:39:25 +0200] "GET /shop/goods/sciagraphy122834555709.phtml/ HTTP/1.1" 200 150752 "https://drspos.com/shop/goods/sciagraphy122834555709.phtml" "Mozilla/5.0 AppleWebKit/537.36 (KHTML, like Gecko; compatible; ClaudeBot/1.0; +claudebot@anthropic.com)"
216.73.216.163 - - [21/Mar/2026:16:39:27 +0200] "GET /shop/goods/ganglia122302850619.phtml HTTP/1.1" 301 - "-" "Mozilla/5.0 AppleWebKit/537.36 (KHTML, like Gecko; compatible; ClaudeBot/1.0; +claudebot@anthropic.com)"
157.55.39.14 - - [21/Mar/2026:16:39:28 +0200] "GET /shop/goods/outway151528831319.phtml HTTP/1.1" 200 204302 "-" "Mozilla/5.0 AppleWebKit/537.36 (KHTML, like Gecko; compatible; bingbot/2.0; +http://www.bing.com/bingbot.htm) Chrome/116.0.1938.76 Safari/537.36"
74.7.227.61 - - [21/Mar/2026:16:39:28 +0200] "GET /?p=48234 HTTP/1.1" 200 91484 "https://drspos.com/?p=48232" "Mozilla/5.0 AppleWebKit/537.36 (KHTML, like Gecko; compatible; GPTBot/1.3; +https://openai.com/gptbot)"
216.73.216.163 - - [21/Mar/2026:16:39:30 +0200] "GET /shop/goods/ganglia122302850619.phtml/ HTTP/1.1" 200 150752 "https://drspos.com/shop/goods/ganglia122302850619.phtml" "Mozilla/5.0 AppleWebKit/537.36 (KHTML, like Gecko; compatible; ClaudeBot/1.0; +claudebot@anthropic.com)"
74.7.227.61 - - [21/Mar/2026:16:39:31 +0200] "GET /shop/goods/commonitive174093991650.phtml HTTP/1.1" 301 - "https://drspos.com/%3C![CDATA[https:/eminencegroup.net.au/post-sitemap9.xml]]%3E" "Mozilla/5.0 AppleWebKit/537.36 (KHTML, like Gecko; compatible; GPTBot/1.3; +https://openai.com/gptbot)"
157.55.39.14 - - [21/Mar/2026:16:39:33 +0200] "GET /shop/goods/biretta10393832925.phtml HTTP/1.1" 200 204865 "-" "Mozilla/5.0 AppleWebKit/537.36 (KHTML, like Gecko; compatible; bingbot/2.0; +http://www.bing.com/bingbot.htm) Chrome/116.0.1938.76 Safari/537.36"
74.7.227.61 - - [21/Mar/2026:16:39:34 +0200] "GET /shop/goods/commonitive174093991650.phtml/ HTTP/1.1" 200 150752 "https://drspos.com/shop/goods/commonitive174093991650.phtml" "Mozilla/5.0 AppleWebKit/537.36 (KHTML, like Gecko; compatible; GPTBot/1.3; +https://openai.com/gptbot)"
157.55.39.14 - - [21/Mar/2026:16:39:35 +0200] "GET /shop/goods/myxine101850065817.phtml HTTP/1.1" 200 222932 "-" "Mozilla/5.0 AppleWebKit/537.36 (KHTML, like Gecko; compatible; bingbot/2.0; +http://www.bing.com/bingbot.htm) Chrome/116.0.1938.76 Safari/537.36"
52.167.144.176 - - [21/Mar/2026:16:39:37 +0200] "GET /shop/goods/splashed153884582600.phtml HTTP/1.1" 200 191250 "-" "Mozilla/5.0 AppleWebKit/537.36 (KHTML, like Gecko; compatible; bingbot/2.0; +http://www.bing.com/bingbot.htm) Chrome/116.0.1938.76 Safari/537.36"
74.7.227.61 - - [21/Mar/2026:16:39:37 +0200] "GET /?p=46698 HTTP/1.1" 200 96249 "https://drspos.com/?p=46700" "Mozilla/5.0 AppleWebKit/537.36 (KHTML, like Gecko; compatible; GPTBot/1.3; +https://openai.com/gptbot)"
52.167.144.176 - - [21/Mar/2026:16:39:40 +0200] "GET /shop/goods/gracefulness102647348912.phtml HTTP/1.1" 200 215083 "-" "Mozilla/5.0 AppleWebKit/537.36 (KHTML, like Gecko; compatible; bingbot/2.0; +http://www.bing.com/bingbot.htm) Chrome/116.0.1938.76 Safari/537.36"
74.7.227.61 - - [21/Mar/2026:16:39:40 +0200] "GET /shop/goods/restiveness174089057520.phtml HTTP/1.1" 301 - "https://drspos.com/%3C![CDATA[https:/eminencegroup.net.au/post-sitemap9.xml]]%3E" "Mozilla/5.0 AppleWebKit/537.36 (KHTML, like Gecko; compatible; GPTBot/1.3; +https://openai.com/gptbot)"
216.73.216.163 - - [21/Mar/2026:16:39:42 +0200] "GET /shop/goods/predeterminable173118919044.phtml HTTP/1.1" 301 - "-" "Mozilla/5.0 AppleWebKit/537.36 (KHTML, like Gecko; compatible; ClaudeBot/1.0; +claudebot@anthropic.com)"
74.7.227.61 - - [21/Mar/2026:16:39:42 +0200] "GET /shop/goods/restiveness174089057520.phtml/ HTTP/1.1" 200 150752 "https://drspos.com/shop/goods/restiveness174089057520.phtml" "Mozilla/5.0 AppleWebKit/537.36 (KHTML, like Gecko; compatible; GPTBot/1.3; +https://openai.com/gptbot)"
157.55.39.14 - - [21/Mar/2026:16:39:44 +0200] "GET /shop/goods/gloaming154263295476.phtml HTTP/1.1" 200 202662 "-" "Mozilla/5.0 AppleWebKit/537.36 (KHTML, like Gecko; compatible; bingbot/2.0; +http://www.bing.com/bingbot.htm) Chrome/116.0.1938.76 Safari/537.36"
216.73.216.163 - - [21/Mar/2026:16:39:44 +0200] "GET /shop/goods/predeterminable173118919044.phtml/ HTTP/1.1" 200 150752 "https://www.drspos.com/shop/goods/predeterminable173118919044.phtml" "Mozilla/5.0 AppleWebKit/537.36 (KHTML, like Gecko; compatible; ClaudeBot/1.0; +claudebot@anthropic.com)"
157.55.39.14 - - [21/Mar/2026:16:39:46 +0200] "GET /shop/goods/allhallown151065564820.phtml HTTP/1.1" 200 206178 "-" "Mozilla/5.0 AppleWebKit/537.36 (KHTML, like Gecko; compatible; bingbot/2.0; +http://www.bing.com/bingbot.htm) Chrome/116.0.1938.76 Safari/537.36"
74.7.227.61 - - [21/Mar/2026:16:39:45 +0200] "GET /shop/goods/expensively171439417570.phtml HTTP/1.1" 301 - "https://drspos.com/%3C![CDATA[https:/eminencegroup.net.au/post-sitemap9.xml]]%3E" "Mozilla/5.0 AppleWebKit/537.36 (KHTML, like Gecko; compatible; GPTBot/1.3; +https://openai.com/gptbot)"
74.7.227.61 - - [21/Mar/2026:16:39:48 +0200] "GET /shop/goods/expensively171439417570.phtml/ HTTP/1.1" 200 150752 "https://drspos.com/shop/goods/expensively171439417570.phtml" "Mozilla/5.0 AppleWebKit/537.36 (KHTML, like Gecko; compatible; GPTBot/1.3; +https://openai.com/gptbot)"
216.73.216.163 - - [21/Mar/2026:16:39:50 +0200] "GET /shop/goods/eliomys122920586439.phtml HTTP/1.1" 301 - "-" "Mozilla/5.0 AppleWebKit/537.36 (KHTML, like Gecko; compatible; ClaudeBot/1.0; +claudebot@anthropic.com)"
74.7.227.61 - - [21/Mar/2026:16:39:50 +0200] "GET /shop/goods/enchainment171850047043.phtml HTTP/1.1" 301 - "https://drspos.com/%3C![CDATA[https:/eminencegroup.net.au/post-sitemap9.xml]]%3E" "Mozilla/5.0 AppleWebKit/537.36 (KHTML, like Gecko; compatible; GPTBot/1.3; +https://openai.com/gptbot)"
52.167.144.218 - - [21/Mar/2026:16:39:52 +0200] "GET /shop/goods/workbasket102233114012.phtml HTTP/1.1" 200 207467 "-" "Mozilla/5.0 AppleWebKit/537.36 (KHTML, like Gecko; compatible; bingbot/2.0; +http://www.bing.com/bingbot.htm) Chrome/116.0.1938.76 Safari/537.36"
74.7.227.61 - - [21/Mar/2026:16:39:53 +0200] "GET /shop/goods/enchainment171850047043.phtml/ HTTP/1.1" 200 150752 "https://drspos.com/shop/goods/enchainment171850047043.phtml" "Mozilla/5.0 AppleWebKit/537.36 (KHTML, like Gecko; compatible; GPTBot/1.3; +https://openai.com/gptbot)"
216.73.216.163 - - [21/Mar/2026:16:39:53 +0200] "GET /shop/goods/eliomys122920586439.phtml/ HTTP/1.1" 200 150752 "https://www.drspos.com/shop/goods/eliomys122920586439.phtml" "Mozilla/5.0 AppleWebKit/537.36 (KHTML, like Gecko; compatible; ClaudeBot/1.0; +claudebot@anthropic.com)"
52.167.144.218 - - [21/Mar/2026:16:39:55 +0200] "GET /shop/goods/solidissima15209464830.phtml HTTP/1.1" 200 196352 "-" "Mozilla/5.0 AppleWebKit/537.36 (KHTML, like Gecko; compatible; bingbot/2.0; +http://www.bing.com/bingbot.htm) Chrome/116.0.1938.76 Safari/537.36"
52.167.144.218 - - [21/Mar/2026:16:39:57 +0200] "GET /shop/goods/aspergillaceae1523565749.phtml HTTP/1.1" 200 212399 "-" "Mozilla/5.0 AppleWebKit/537.36 (KHTML, like Gecko; compatible; bingbot/2.0; +http://www.bing.com/bingbot.htm) Chrome/116.0.1938.76 Safari/537.36"
74.7.227.61 - - [21/Mar/2026:16:39:56 +0200] "GET /?p=30912 HTTP/1.1" 200 93316 "https://drspos.com/?p=30914" "Mozilla/5.0 AppleWebKit/537.36 (KHTML, like Gecko; compatible; GPTBot/1.3; +https://openai.com/gptbot)"
74.7.227.61 - - [21/Mar/2026:16:39:59 +0200] "GET /shop/goods/contracture172440207475.phtml HTTP/1.1" 301 - "https://drspos.com/%3C![CDATA[https:/eminencegroup.net.au/post-sitemap9.xml]]%3E" "Mozilla/5.0 AppleWebKit/537.36 (KHTML, like Gecko; compatible; GPTBot/1.3; +https://openai.com/gptbot)"
52.167.144.218 - - [21/Mar/2026:16:40:01 +0200] "GET /shop/goods/unresponsible154294773631.phtml HTTP/1.1" 200 217879 "-" "Mozilla/5.0 AppleWebKit/537.36 (KHTML, like Gecko; compatible; bingbot/2.0; +http://www.bing.com/bingbot.htm) Chrome/116.0.1938.76 Safari/537.36"
74.7.227.61 - - [21/Mar/2026:16:40:02 +0200] "GET /shop/goods/contracture172440207475.phtml/ HTTP/1.1" 200 150752 "https://drspos.com/shop/goods/contracture172440207475.phtml" "Mozilla/5.0 AppleWebKit/537.36 (KHTML, like Gecko; compatible; GPTBot/1.3; +https://openai.com/gptbot)"
52.167.144.218 - - [21/Mar/2026:16:40:04 +0200] "GET /shop/goods/kercher15794470667.phtml HTTP/1.1" 200 211370 "-" "Mozilla/5.0 AppleWebKit/537.36 (KHTML, like Gecko; compatible; bingbot/2.0; +http://www.bing.com/bingbot.htm) Chrome/116.0.1938.76 Safari/537.36"
74.7.227.61 - - [21/Mar/2026:16:40:05 +0200] "GET /?p=44187 HTTP/1.1" 200 92531 "https://drspos.com/?p=44186" "Mozilla/5.0 AppleWebKit/537.36 (KHTML, like Gecko; compatible; GPTBot/1.3; +https://openai.com/gptbot)"
52.167.144.218 - - [21/Mar/2026:16:40:07 +0200] "GET /shop/goods/panzoism151802536340.phtml HTTP/1.1" 200 200141 "-" "Mozilla/5.0 AppleWebKit/537.36 (KHTML, like Gecko; compatible; bingbot/2.0; +http://www.bing.com/bingbot.htm) Chrome/116.0.1938.76 Safari/537.36"
74.7.227.61 - - [21/Mar/2026:16:40:08 +0200] "GET /?p=52934 HTTP/1.1" 200 97281 "https://drspos.com/?p=52936" "Mozilla/5.0 AppleWebKit/537.36 (KHTML, like Gecko; compatible; GPTBot/1.3; +https://openai.com/gptbot)"
52.167.144.218 - - [21/Mar/2026:16:40:10 +0200] "GET /shop/goods/geranium15829985543.phtml HTTP/1.1" 200 209317 "-" "Mozilla/5.0 AppleWebKit/537.36 (KHTML, like Gecko; compatible; bingbot/2.0; +http://www.bing.com/bingbot.htm) Chrome/116.0.1938.76 Safari/537.36"
74.7.227.61 - - [21/Mar/2026:16:40:11 +0200] "GET /?feed=rss2&p=44187 HTTP/1.1" 200 796 "https://drspos.com/?p=44187" "Mozilla/5.0 AppleWebKit/537.36 (KHTML, like Gecko; compatible; GPTBot/1.3; +https://openai.com/gptbot)"
157.55.39.14 - - [21/Mar/2026:16:40:15 +0200] "GET /shop/goods/unsuccess152239233040.phtml HTTP/1.1" 200 212606 "-" "Mozilla/5.0 AppleWebKit/537.36 (KHTML, like Gecko; compatible; bingbot/2.0; +http://www.bing.com/bingbot.htm) Chrome/116.0.1938.76 Safari/537.36"
216.73.216.163 - - [21/Mar/2026:16:40:14 +0200] "GET /shop/goods/clanswoman134096760084.phtml HTTP/1.1" 301 - "-" "Mozilla/5.0 AppleWebKit/537.36 (KHTML, like Gecko; compatible; ClaudeBot/1.0; +claudebot@anthropic.com)"
74.7.227.61 - - [21/Mar/2026:16:40:17 +0200] "GET /shop/goods/conspirator172945265243.phtml HTTP/1.1" 301 - "https://drspos.com/%3C![CDATA[https:/eminencegroup.net.au/post-sitemap9.xml]]%3E" "Mozilla/5.0 AppleWebKit/537.36 (KHTML, like Gecko; compatible; GPTBot/1.3; +https://openai.com/gptbot)"
74.7.230.0 - - [21/Mar/2026:16:40:20 +0200] "GET /robots.txt HTTP/1.1" 200 80 "-" "Mozilla/5.0 (Macintosh; Intel Mac OS X 10_15_7) AppleWebKit/537.36 (KHTML, like Gecko) Chrome/131.0.0.0 Safari/537.36; compatible; OAI-SearchBot/1.3; robots.txt; +https://openai.com/searchbot"
216.73.216.163 - - [21/Mar/2026:16:40:17 +0200] "GET /shop/goods/clanswoman134096760084.phtml/ HTTP/1.1" 200 150752 "https://www.drspos.com/shop/goods/clanswoman134096760084.phtml" "Mozilla/5.0 AppleWebKit/537.36 (KHTML, like Gecko; compatible; ClaudeBot/1.0; +claudebot@anthropic.com)"
52.167.144.218 - - [21/Mar/2026:16:40:20 +0200] "GET /shop/goods/mediterranea154261472182.phtml HTTP/1.1" 200 201826 "-" "Mozilla/5.0 AppleWebKit/537.36 (KHTML, like Gecko; compatible; bingbot/2.0; +http://www.bing.com/bingbot.htm) Chrome/116.0.1938.76 Safari/537.36"
216.73.216.163 - - [21/Mar/2026:16:40:20 +0200] "GET /shop/goods/macrodactyle162169257345.phtml HTTP/1.1" 301 - "-" "Mozilla/5.0 AppleWebKit/537.36 (KHTML, like Gecko; compatible; ClaudeBot/1.0; +claudebot@anthropic.com)"
74.7.227.61 - - [21/Mar/2026:16:40:20 +0200] "GET /shop/goods/conspirator172945265243.phtml/ HTTP/1.1" 200 150752 "https://drspos.com/shop/goods/conspirator172945265243.phtml" "Mozilla/5.0 AppleWebKit/537.36 (KHTML, like Gecko; compatible; GPTBot/1.3; +https://openai.com/gptbot)"
52.167.144.218 - - [21/Mar/2026:16:40:23 +0200] "GET /shop/goods/cankery15120124080.phtml HTTP/1.1" 200 206298 "-" "Mozilla/5.0 AppleWebKit/537.36 (KHTML, like Gecko; compatible; bingbot/2.0; +http://www.bing.com/bingbot.htm) Chrome/116.0.1938.76 Safari/537.36"
74.7.227.61 - - [21/Mar/2026:16:40:24 +0200] "GET /index.php?format=xml&rest_route=%2Foembed%2F1.0%2Fembed&url=https%3A%2F%2Fdrspos.com%2F%3Fp%3D44187 HTTP/1.1" 200 2436 "https://drspos.com/?p=44187" "Mozilla/5.0 AppleWebKit/537.36 (KHTML, like Gecko; compatible; GPTBot/1.3; +https://openai.com/gptbot)"
216.73.216.163 - - [21/Mar/2026:16:40:23 +0200] "GET /shop/goods/macrodactyle162169257345.phtml/ HTTP/1.1" 200 150752 "https://www.drspos.com/shop/goods/macrodactyle162169257345.phtml" "Mozilla/5.0 AppleWebKit/537.36 (KHTML, like Gecko; compatible; ClaudeBot/1.0; +claudebot@anthropic.com)"
74.7.227.61 - - [21/Mar/2026:16:40:27 +0200] "GET /wp-content/uploads/essential-addons-elementor/eael-47.js?ver=1773889068 HTTP/1.1" 200 1328 "https://drspos.com/?p=44187" "Mozilla/5.0 AppleWebKit/537.36 (KHTML, like Gecko; compatible; GPTBot/1.3; +https://openai.com/gptbot)"
157.55.39.14 - - [21/Mar/2026:16:40:26 +0200] "GET /shop/goods/chemung153488404673.phtml HTTP/1.1" 200 204814 "-" "Mozilla/5.0 AppleWebKit/537.36 (KHTML, like Gecko; compatible; bingbot/2.0; +http://www.bing.com/bingbot.htm) Chrome/116.0.1938.76 Safari/537.36"
157.55.39.14 - - [21/Mar/2026:16:40:29 +0200] "GET /shop/goods/notch15109441471.phtml HTTP/1.1" 200 217745 "-" "Mozilla/5.0 AppleWebKit/537.36 (KHTML, like Gecko; compatible; bingbot/2.0; +http://www.bing.com/bingbot.htm) Chrome/116.0.1938.76 Safari/537.36"
74.7.227.61 - - [21/Mar/2026:16:40:30 +0200] "GET /wp-content/uploads/essential-addons-elementor/eael-47.css?ver=1773889068 HTTP/1.1" 200 16146 "https://drspos.com/?p=44187" "Mozilla/5.0 AppleWebKit/537.36 (KHTML, like Gecko; compatible; GPTBot/1.3; +https://openai.com/gptbot)"
52.167.144.176 - - [21/Mar/2026:16:40:32 +0200] "GET /shop/goods/prowess152634517939.phtml HTTP/1.1" 200 206803 "-" "Mozilla/5.0 AppleWebKit/537.36 (KHTML, like Gecko; compatible; bingbot/2.0; +http://www.bing.com/bingbot.htm) Chrome/116.0.1938.76 Safari/537.36"
74.7.227.61 - - [21/Mar/2026:16:40:33 +0200] "GET /index.php?rest_route=%2Foembed%2F1.0%2Fembed&url=https%3A%2F%2Fdrspos.com%2F%3Fp%3D44187 HTTP/1.1" 200 2280 "https://drspos.com/?p=44187" "Mozilla/5.0 AppleWebKit/537.36 (KHTML, like Gecko; compatible; GPTBot/1.3; +https://openai.com/gptbot)"
52.167.144.176 - - [21/Mar/2026:16:40:35 +0200] "GET /shop/goods/refutable15796248654.phtml HTTP/1.1" 200 200854 "-" "Mozilla/5.0 AppleWebKit/537.36 (KHTML, like Gecko; compatible; bingbot/2.0; +http://www.bing.com/bingbot.htm) Chrome/116.0.1938.76 Safari/537.36"
74.7.227.61 - - [21/Mar/2026:16:40:36 +0200] "GET /index.php?rest_route=/wp/v2/posts/44187 HTTP/1.1" 200 8450 "https://drspos.com/?p=44187" "Mozilla/5.0 AppleWebKit/537.36 (KHTML, like Gecko; compatible; GPTBot/1.3; +https://openai.com/gptbot)"
52.167.144.176 - - [21/Mar/2026:16:40:38 +0200] "GET /shop/goods/expilation153429262054.phtml HTTP/1.1" 200 203775 "-" "Mozilla/5.0 AppleWebKit/537.36 (KHTML, like Gecko; compatible; bingbot/2.0; +http://www.bing.com/bingbot.htm) Chrome/116.0.1938.76 Safari/537.36"
74.7.227.61 - - [21/Mar/2026:16:40:39 +0200] "GET /?p=48236 HTTP/1.1" 200 94418 "https://drspos.com/?p=48234" "Mozilla/5.0 AppleWebKit/537.36 (KHTML, like Gecko; compatible; GPTBot/1.3; +https://openai.com/gptbot)"
52.167.144.176 - - [21/Mar/2026:16:40:41 +0200] "GET /shop/goods/subarachnoidal15857925433.phtml HTTP/1.1" 200 197203 "-" "Mozilla/5.0 AppleWebKit/537.36 (KHTML, like Gecko; compatible; bingbot/2.0; +http://www.bing.com/bingbot.htm) Chrome/116.0.1938.76 Safari/537.36"
74.7.227.61 - - [21/Mar/2026:16:40:42 +0200] "GET /shop/goods/technicolor174238206088.phtml HTTP/1.1" 301 - "https://drspos.com/%3C![CDATA[https:/eminencegroup.net.au/post-sitemap9.xml]]%3E" "Mozilla/5.0 AppleWebKit/537.36 (KHTML, like Gecko; compatible; GPTBot/1.3; +https://openai.com/gptbot)"
52.167.144.176 - - [21/Mar/2026:16:40:44 +0200] "GET /shop/goods/endeavorer152931216962.phtml HTTP/1.1" 200 215318 "-" "Mozilla/5.0 AppleWebKit/537.36 (KHTML, like Gecko; compatible; bingbot/2.0; +http://www.bing.com/bingbot.htm) Chrome/116.0.1938.76 Safari/537.36"
216.73.216.163 - - [21/Mar/2026:16:40:44 +0200] "GET /shop/goods/noncombinative1668430138.phtml HTTP/1.1" 301 - "-" "Mozilla/5.0 AppleWebKit/537.36 (KHTML, like Gecko; compatible; ClaudeBot/1.0; +claudebot@anthropic.com)"
52.167.144.176 - - [21/Mar/2026:16:40:47 +0200] "GET /shop/goods/mythographer151252725957.phtml HTTP/1.1" 200 208847 "-" "Mozilla/5.0 AppleWebKit/537.36 (KHTML, like Gecko; compatible; bingbot/2.0; +http://www.bing.com/bingbot.htm) Chrome/116.0.1938.76 Safari/537.36"
74.7.227.61 - - [21/Mar/2026:16:40:45 +0200] "GET /shop/goods/technicolor174238206088.phtml/ HTTP/1.1" 200 150752 "https://drspos.com/shop/goods/technicolor174238206088.phtml" "Mozilla/5.0 AppleWebKit/537.36 (KHTML, like Gecko; compatible; GPTBot/1.3; +https://openai.com/gptbot)"
216.73.216.163 - - [21/Mar/2026:16:40:47 +0200] "GET /shop/goods/noncombinative1668430138.phtml/ HTTP/1.1" 200 150752 "https://www.drspos.com/shop/goods/noncombinative1668430138.phtml" "Mozilla/5.0 AppleWebKit/537.36 (KHTML, like Gecko; compatible; ClaudeBot/1.0; +claudebot@anthropic.com)"
74.7.227.61 - - [21/Mar/2026:16:40:48 +0200] "GET /?p=46696 HTTP/1.1" 200 91379 "https://drspos.com/?p=46698" "Mozilla/5.0 AppleWebKit/537.36 (KHTML, like Gecko; compatible; GPTBot/1.3; +https://openai.com/gptbot)"
52.167.144.176 - - [21/Mar/2026:16:40:50 +0200] "GET /shop/goods/orbed15739425259.phtml HTTP/1.1" 200 205221 "-" "Mozilla/5.0 AppleWebKit/537.36 (KHTML, like Gecko; compatible; bingbot/2.0; +http://www.bing.com/bingbot.htm) Chrome/116.0.1938.76 Safari/537.36"
216.73.216.163 - - [21/Mar/2026:16:40:52 +0200] "GET /shop/goods/admirably132969763083.phtml HTTP/1.1" 301 - "-" "Mozilla/5.0 AppleWebKit/537.36 (KHTML, like Gecko; compatible; ClaudeBot/1.0; +claudebot@anthropic.com)"
74.7.227.61 - - [21/Mar/2026:16:40:52 +0200] "GET /shop/goods/commaterial172122844076.phtml HTTP/1.1" 301 - "https://drspos.com/%3C![CDATA[https:/eminencegroup.net.au/post-sitemap9.xml]]%3E" "Mozilla/5.0 AppleWebKit/537.36 (KHTML, like Gecko; compatible; GPTBot/1.3; +https://openai.com/gptbot)"
52.167.144.176 - - [21/Mar/2026:16:40:53 +0200] "GET /shop/goods/herds15387763889.phtml HTTP/1.1" 200 210267 "-" "Mozilla/5.0 AppleWebKit/537.36 (KHTML, like Gecko; compatible; bingbot/2.0; +http://www.bing.com/bingbot.htm) Chrome/116.0.1938.76 Safari/537.36"
52.167.144.176 - - [21/Mar/2026:16:40:56 +0200] "GET /shop/goods/enkennel152955329145.phtml HTTP/1.1" 200 201888 "-" "Mozilla/5.0 AppleWebKit/537.36 (KHTML, like Gecko; compatible; bingbot/2.0; +http://www.bing.com/bingbot.htm) Chrome/116.0.1938.76 Safari/537.36"
74.7.227.61 - - [21/Mar/2026:16:40:54 +0200] "GET /shop/goods/commaterial172122844076.phtml/ HTTP/1.1" 200 150752 "https://drspos.com/shop/goods/commaterial172122844076.phtml" "Mozilla/5.0 AppleWebKit/537.36 (KHTML, like Gecko; compatible; GPTBot/1.3; +https://openai.com/gptbot)"
216.73.216.163 - - [21/Mar/2026:16:40:55 +0200] "GET /shop/goods/admirably132969763083.phtml/ HTTP/1.1" 200 150752 "https://drspos.com/shop/goods/admirably132969763083.phtml" "Mozilla/5.0 AppleWebKit/537.36 (KHTML, like Gecko; compatible; ClaudeBot/1.0; +claudebot@anthropic.com)"
149.202.51.146 - - [21/Mar/2026:16:40:55 +0200] "GET /?paged=594&author=6 HTTP/1.1" 200 131759 "-" "Mozilla/5.0 (Windows NT 10.0; Win64; x64) AppleWebKit/537.36 (KHTML, like Gecko) Chrome/139.0.0.0 Safari/537.36"
57.129.139.60 - - [21/Mar/2026:16:40:59 +0200] "GET /wp-content/uploads/essential-addons-elementor/eael-47.js?ver=1773882425 HTTP/1.1" 200 1328 "-" "Mozilla/5.0 (Windows NT 10.0; Win64; x64) AppleWebKit/537.36 (KHTML, like Gecko) Chrome/139.0.0.0 Safari/537.36"
74.7.227.61 - - [21/Mar/2026:16:40:58 +0200] "GET /shop/goods/beleaguerer171686149438.phtml HTTP/1.1" 301 - "https://drspos.com/%3C![CDATA[https:/eminencegroup.net.au/post-sitemap9.xml]]%3E" "Mozilla/5.0 AppleWebKit/537.36 (KHTML, like Gecko; compatible; GPTBot/1.3; +https://openai.com/gptbot)"
52.167.144.218 - - [21/Mar/2026:16:40:59 +0200] "GET /shop/goods/paragonite151560097397.phtml HTTP/1.1" 200 213108 "-" "Mozilla/5.0 AppleWebKit/537.36 (KHTML, like Gecko; compatible; bingbot/2.0; +http://www.bing.com/bingbot.htm) Chrome/116.0.1938.76 Safari/537.36"
141.95.54.59 - - [21/Mar/2026:16:41:00 +0200] "GET /?p=15141 HTTP/1.1" 200 92360 "-" "Mozilla/5.0 (Windows NT 10.0; Win64; x64) AppleWebKit/537.36 (KHTML, like Gecko) Chrome/139.0.0.0 Safari/537.36"
74.7.227.61 - - [21/Mar/2026:16:41:00 +0200] "GET /shop/goods/beleaguerer171686149438.phtml/ HTTP/1.1" 200 150752 "https://drspos.com/shop/goods/beleaguerer171686149438.phtml" "Mozilla/5.0 AppleWebKit/537.36 (KHTML, like Gecko; compatible; GPTBot/1.3; +https://openai.com/gptbot)"
74.7.227.61 - - [21/Mar/2026:16:41:04 +0200] "GET /shop/goods/disguisedly174060544318.phtml HTTP/1.1" 301 - "https://drspos.com/%3C![CDATA[https:/eminencegroup.net.au/post-sitemap9.xml]]%3E" "Mozilla/5.0 AppleWebKit/537.36 (KHTML, like Gecko; compatible; GPTBot/1.3; +https://openai.com/gptbot)"
207.46.13.116 - - [21/Mar/2026:16:41:05 +0200] "GET /shop/goods/sallower152415375630.phtml HTTP/1.1" 200 219656 "-" "Mozilla/5.0 AppleWebKit/537.36 (KHTML, like Gecko; compatible; bingbot/2.0; +http://www.bing.com/bingbot.htm) Chrome/116.0.1938.76 Safari/537.36"
74.7.227.61 - - [21/Mar/2026:16:41:06 +0200] "GET /shop/goods/disguisedly174060544318.phtml/ HTTP/1.1" 200 150752 "https://drspos.com/shop/goods/disguisedly174060544318.phtml" "Mozilla/5.0 AppleWebKit/537.36 (KHTML, like Gecko; compatible; GPTBot/1.3; +https://openai.com/gptbot)"
207.46.13.116 - - [21/Mar/2026:16:41:09 +0200] "GET /shop/goods/immunology153454146252.phtml HTTP/1.1" 200 196485 "-" "Mozilla/5.0 AppleWebKit/537.36 (KHTML, like Gecko; compatible; bingbot/2.0; +http://www.bing.com/bingbot.htm) Chrome/116.0.1938.76 Safari/537.36"
207.46.13.116 - - [21/Mar/2026:16:41:10 +0200] "GET /shop/goods/governal153453149400.phtml HTTP/1.1" 200 198404 "-" "Mozilla/5.0 AppleWebKit/537.36 (KHTML, like Gecko; compatible; bingbot/2.0; +http://www.bing.com/bingbot.htm) Chrome/116.0.1938.76 Safari/537.36"
74.7.227.61 - - [21/Mar/2026:16:41:09 +0200] "GET /?p=30910 HTTP/1.1" 200 93686 "https://drspos.com/?p=30912" "Mozilla/5.0 AppleWebKit/537.36 (KHTML, like Gecko; compatible; GPTBot/1.3; +https://openai.com/gptbot)"
74.7.227.61 - - [21/Mar/2026:16:41:12 +0200] "GET /shop/goods/tessellatum171886903445.phtml HTTP/1.1" 301 - "https://drspos.com/%3C![CDATA[https:/eminencegroup.net.au/post-sitemap9.xml]]%3E" "Mozilla/5.0 AppleWebKit/537.36 (KHTML, like Gecko; compatible; GPTBot/1.3; +https://openai.com/gptbot)"
207.46.13.116 - - [21/Mar/2026:16:41:14 +0200] "GET /shop/goods/contemper153348271578.phtml HTTP/1.1" 200 200847 "-" "Mozilla/5.0 AppleWebKit/537.36 (KHTML, like Gecko; compatible; bingbot/2.0; +http://www.bing.com/bingbot.htm) Chrome/116.0.1938.76 Safari/537.36"
74.7.227.61 - - [21/Mar/2026:16:41:15 +0200] "GET /shop/goods/tessellatum171886903445.phtml/ HTTP/1.1" 200 150752 "https://drspos.com/shop/goods/tessellatum171886903445.phtml" "Mozilla/5.0 AppleWebKit/537.36 (KHTML, like Gecko; compatible; GPTBot/1.3; +https://openai.com/gptbot)"
216.73.216.163 - - [21/Mar/2026:16:41:15 +0200] "GET /shop/goods/ammonium121904629048.phtml HTTP/1.1" 301 - "-" "Mozilla/5.0 AppleWebKit/537.36 (KHTML, like Gecko; compatible; ClaudeBot/1.0; +claudebot@anthropic.com)"
52.167.144.218 - - [21/Mar/2026:16:41:16 +0200] "GET /shop/goods/scantier153331877328.phtml HTTP/1.1" 200 218438 "-" "Mozilla/5.0 AppleWebKit/537.36 (KHTML, like Gecko; compatible; bingbot/2.0; +http://www.bing.com/bingbot.htm) Chrome/116.0.1938.76 Safari/537.36"
74.7.227.61 - - [21/Mar/2026:16:41:18 +0200] "GET /?p=44190 HTTP/1.1" 200 105684 "https://drspos.com/?p=44187" "Mozilla/5.0 AppleWebKit/537.36 (KHTML, like Gecko; compatible; GPTBot/1.3; +https://openai.com/gptbot)"
216.73.216.163 - - [21/Mar/2026:16:41:18 +0200] "GET /shop/goods/ammonium121904629048.phtml/ HTTP/1.1" 200 150752 "https://drspos.com/shop/goods/ammonium121904629048.phtml" "Mozilla/5.0 AppleWebKit/537.36 (KHTML, like Gecko; compatible; ClaudeBot/1.0; +claudebot@anthropic.com)"
52.167.144.218 - - [21/Mar/2026:16:41:20 +0200] "GET /shop/goods/chewing15270945980.phtml HTTP/1.1" 200 207854 "-" "Mozilla/5.0 AppleWebKit/537.36 (KHTML, like Gecko; compatible; bingbot/2.0; +http://www.bing.com/bingbot.htm) Chrome/116.0.1938.76 Safari/537.36"
74.7.227.61 - - [21/Mar/2026:16:41:21 +0200] "GET /?p=52932 HTTP/1.1" 200 93375 "https://drspos.com/?p=52934" "Mozilla/5.0 AppleWebKit/537.36 (KHTML, like Gecko; compatible; GPTBot/1.3; +https://openai.com/gptbot)"
216.73.216.163 - - [21/Mar/2026:16:41:22 +0200] "GET /shop/goods/kusimansel171000016804.phtml HTTP/1.1" 301 - "-" "Mozilla/5.0 AppleWebKit/537.36 (KHTML, like Gecko; compatible; ClaudeBot/1.0; +claudebot@anthropic.com)"
52.167.144.176 - - [21/Mar/2026:16:41:23 +0200] "GET /shop/goods/digastric152334531416.phtml HTTP/1.1" 200 213309 "-" "Mozilla/5.0 AppleWebKit/537.36 (KHTML, like Gecko; compatible; bingbot/2.0; +http://www.bing.com/bingbot.htm) Chrome/116.0.1938.76 Safari/537.36"
52.167.144.176 - - [21/Mar/2026:16:41:25 +0200] "GET /shop/goods/columnar142494471996.phtml HTTP/1.1" 200 200645 "-" "Mozilla/5.0 AppleWebKit/537.36 (KHTML, like Gecko; compatible; bingbot/2.0; +http://www.bing.com/bingbot.htm) Chrome/116.0.1938.76 Safari/537.36"
74.7.227.61 - - [21/Mar/2026:16:41:24 +0200] "GET /shop/goods/engineering174131634805.phtml HTTP/1.1" 301 - "https://drspos.com/%3C![CDATA[https:/eminencegroup.net.au/post-sitemap9.xml]]%3E" "Mozilla/5.0 AppleWebKit/537.36 (KHTML, like Gecko; compatible; GPTBot/1.3; +https://openai.com/gptbot)"
216.73.216.163 - - [21/Mar/2026:16:41:24 +0200] "GET /shop/goods/kusimansel171000016804.phtml/ HTTP/1.1" 200 150752 "https://drspos.com/shop/goods/kusimansel171000016804.phtml" "Mozilla/5.0 AppleWebKit/537.36 (KHTML, like Gecko; compatible; ClaudeBot/1.0; +claudebot@anthropic.com)"
74.7.227.61 - - [21/Mar/2026:16:41:26 +0200] "GET /shop/goods/engineering174131634805.phtml/ HTTP/1.1" 200 150752 "https://drspos.com/shop/goods/engineering174131634805.phtml" "Mozilla/5.0 AppleWebKit/537.36 (KHTML, like Gecko; compatible; GPTBot/1.3; +https://openai.com/gptbot)"
52.167.144.176 - - [21/Mar/2026:16:41:28 +0200] "GET /shop/goods/solmisation153610028026.phtml HTTP/1.1" 200 206557 "-" "Mozilla/5.0 AppleWebKit/537.36 (KHTML, like Gecko; compatible; bingbot/2.0; +http://www.bing.com/bingbot.htm) Chrome/116.0.1938.76 Safari/537.36"
74.7.227.61 - - [21/Mar/2026:16:41:29 +0200] "GET /?p=48238 HTTP/1.1" 200 91363 "https://drspos.com/?p=48236" "Mozilla/5.0 AppleWebKit/537.36 (KHTML, like Gecko; compatible; GPTBot/1.3; +https://openai.com/gptbot)"
52.167.144.176 - - [21/Mar/2026:16:41:32 +0200] "GET /shop/goods/pedimana152211816832.phtml HTTP/1.1" 200 216043 "-" "Mozilla/5.0 AppleWebKit/537.36 (KHTML, like Gecko; compatible; bingbot/2.0; +http://www.bing.com/bingbot.htm) Chrome/116.0.1938.76 Safari/537.36"
74.7.227.61 - - [21/Mar/2026:16:41:32 +0200] "GET /shop/goods/tripersonal171857060045.phtml HTTP/1.1" 301 - "https://drspos.com/%3C![CDATA[https:/eminencegroup.net.au/post-sitemap9.xml]]%3E" "Mozilla/5.0 AppleWebKit/537.36 (KHTML, like Gecko; compatible; GPTBot/1.3; +https://openai.com/gptbot)"
52.167.144.218 - - [21/Mar/2026:16:41:34 +0200] "GET /shop/goods/attorneyism151615660727.phtml HTTP/1.1" 200 202707 "-" "Mozilla/5.0 AppleWebKit/537.36 (KHTML, like Gecko; compatible; bingbot/2.0; +http://www.bing.com/bingbot.htm) Chrome/116.0.1938.76 Safari/537.36"
52.167.144.218 - - [21/Mar/2026:16:41:37 +0200] "GET /shop/goods/loosening15673750364.phtml HTTP/1.1" 200 212056 "-" "Mozilla/5.0 AppleWebKit/537.36 (KHTML, like Gecko; compatible; bingbot/2.0; +http://www.bing.com/bingbot.htm) Chrome/116.0.1938.76 Safari/537.36"
74.7.227.61 - - [21/Mar/2026:16:41:34 +0200] "GET /shop/goods/tripersonal171857060045.phtml/ HTTP/1.1" 200 150752 "https://drspos.com/shop/goods/tripersonal171857060045.phtml" "Mozilla/5.0 AppleWebKit/537.36 (KHTML, like Gecko; compatible; GPTBot/1.3; +https://openai.com/gptbot)"
52.167.144.218 - - [21/Mar/2026:16:41:40 +0200] "GET /shop/goods/paddock152766451916.phtml HTTP/1.1" 200 203335 "-" "Mozilla/5.0 AppleWebKit/537.36 (KHTML, like Gecko; compatible; bingbot/2.0; +http://www.bing.com/bingbot.htm) Chrome/116.0.1938.76 Safari/537.36"
74.7.227.61 - - [21/Mar/2026:16:41:39 +0200] "GET /?p=46693 HTTP/1.1" 200 96357 "https://drspos.com/?p=46696" "Mozilla/5.0 AppleWebKit/537.36 (KHTML, like Gecko; compatible; GPTBot/1.3; +https://openai.com/gptbot)"
74.7.227.61 - - [21/Mar/2026:16:41:42 +0200] "GET /shop/goods/quintuplets174152971498.phtml HTTP/1.1" 301 - "https://drspos.com/%3C![CDATA[https:/eminencegroup.net.au/post-sitemap9.xml]]%3E" "Mozilla/5.0 AppleWebKit/537.36 (KHTML, like Gecko; compatible; GPTBot/1.3; +https://openai.com/gptbot)"
207.46.13.116 - - [21/Mar/2026:16:41:43 +0200] "GET /shop/goods/bloodshedder151000438321.phtml HTTP/1.1" 200 197776 "-" "Mozilla/5.0 AppleWebKit/537.36 (KHTML, like Gecko; compatible; bingbot/2.0; +http://www.bing.com/bingbot.htm) Chrome/116.0.1938.76 Safari/537.36"
74.7.227.61 - - [21/Mar/2026:16:41:44 +0200] "GET /shop/goods/quintuplets174152971498.phtml/ HTTP/1.1" 200 150752 "https://drspos.com/shop/goods/quintuplets174152971498.phtml" "Mozilla/5.0 AppleWebKit/537.36 (KHTML, like Gecko; compatible; GPTBot/1.3; +https://openai.com/gptbot)"
207.46.13.116 - - [21/Mar/2026:16:41:47 +0200] "GET /shop/goods/flintymouse15380666319.phtml HTTP/1.1" 200 213070 "-" "Mozilla/5.0 AppleWebKit/537.36 (KHTML, like Gecko; compatible; bingbot/2.0; +http://www.bing.com/bingbot.htm) Chrome/116.0.1938.76 Safari/537.36"
74.7.227.61 - - [21/Mar/2026:16:41:47 +0200] "GET /shop/goods/deoxygenate172668019106.phtml HTTP/1.1" 301 - "https://drspos.com/%3C![CDATA[https:/eminencegroup.net.au/post-sitemap9.xml]]%3E" "Mozilla/5.0 AppleWebKit/537.36 (KHTML, like Gecko; compatible; GPTBot/1.3; +https://openai.com/gptbot)"
207.46.13.116 - - [21/Mar/2026:16:41:50 +0200] "GET /shop/goods/borrowed151089362238.phtml HTTP/1.1" 200 203897 "-" "Mozilla/5.0 AppleWebKit/537.36 (KHTML, like Gecko; compatible; bingbot/2.0; +http://www.bing.com/bingbot.htm) Chrome/116.0.1938.76 Safari/537.36"
74.7.227.61 - - [21/Mar/2026:16:41:50 +0200] "GET /shop/goods/deoxygenate172668019106.phtml/ HTTP/1.1" 200 150752 "https://drspos.com/shop/goods/deoxygenate172668019106.phtml" "Mozilla/5.0 AppleWebKit/537.36 (KHTML, like Gecko; compatible; GPTBot/1.3; +https://openai.com/gptbot)"
216.73.216.163 - - [21/Mar/2026:16:41:50 +0200] "GET /shop/goods/perisse131107703051.phtml HTTP/1.1" 301 - "-" "Mozilla/5.0 AppleWebKit/537.36 (KHTML, like Gecko; compatible; ClaudeBot/1.0; +claudebot@anthropic.com)"
207.46.13.116 - - [21/Mar/2026:16:41:53 +0200] "GET /shop/goods/dyskinesia15727848852.phtml HTTP/1.1" 200 215871 "-" "Mozilla/5.0 AppleWebKit/537.36 (KHTML, like Gecko; compatible; bingbot/2.0; +http://www.bing.com/bingbot.htm) Chrome/116.0.1938.76 Safari/537.36"
74.7.227.61 - - [21/Mar/2026:16:41:53 +0200] "GET /shop/goods/murderess172485208990.phtml HTTP/1.1" 301 - "https://drspos.com/%3C![CDATA[https:/eminencegroup.net.au/post-sitemap9.xml]]%3E" "Mozilla/5.0 AppleWebKit/537.36 (KHTML, like Gecko; compatible; GPTBot/1.3; +https://openai.com/gptbot)"
216.73.216.163 - - [21/Mar/2026:16:41:53 +0200] "GET /shop/goods/perisse131107703051.phtml/ HTTP/1.1" 200 150752 "https://drspos.com/shop/goods/perisse131107703051.phtml" "Mozilla/5.0 AppleWebKit/537.36 (KHTML, like Gecko; compatible; ClaudeBot/1.0; +claudebot@anthropic.com)"
207.46.13.116 - - [21/Mar/2026:16:41:56 +0200] "GET /shop/goods/gyronny151969843483.phtml HTTP/1.1" 200 199314 "-" "Mozilla/5.0 AppleWebKit/537.36 (KHTML, like Gecko; compatible; bingbot/2.0; +http://www.bing.com/bingbot.htm) Chrome/116.0.1938.76 Safari/537.36"
74.7.227.61 - - [21/Mar/2026:16:41:55 +0200] "GET /shop/goods/murderess172485208990.phtml/ HTTP/1.1" 200 150752 "https://drspos.com/shop/goods/murderess172485208990.phtml" "Mozilla/5.0 AppleWebKit/537.36 (KHTML, like Gecko; compatible; GPTBot/1.3; +https://openai.com/gptbot)"
207.46.13.116 - - [21/Mar/2026:16:41:58 +0200] "GET /shop/goods/upsnatch152300875225.phtml HTTP/1.1" 200 213703 "-" "Mozilla/5.0 AppleWebKit/537.36 (KHTML, like Gecko; compatible; bingbot/2.0; +http://www.bing.com/bingbot.htm) Chrome/116.0.1938.76 Safari/537.36"
74.7.227.61 - - [21/Mar/2026:16:41:59 +0200] "GET /?p=30908 HTTP/1.1" 200 95885 "https://drspos.com/?p=30910" "Mozilla/5.0 AppleWebKit/537.36 (KHTML, like Gecko; compatible; GPTBot/1.3; +https://openai.com/gptbot)"
207.46.13.116 - - [21/Mar/2026:16:42:01 +0200] "GET /shop/goods/uprear15741540221.phtml HTTP/1.1" 200 215487 "-" "Mozilla/5.0 AppleWebKit/537.36 (KHTML, like Gecko; compatible; bingbot/2.0; +http://www.bing.com/bingbot.htm) Chrome/116.0.1938.76 Safari/537.36"
74.7.227.61 - - [21/Mar/2026:16:42:02 +0200] "GET /shop/goods/appliedly172881351249.phtml HTTP/1.1" 301 - "https://drspos.com/%3C![CDATA[https:/eminencegroup.net.au/post-sitemap9.xml]]%3E" "Mozilla/5.0 AppleWebKit/537.36 (KHTML, like Gecko; compatible; GPTBot/1.3; +https://openai.com/gptbot)"
207.46.13.116 - - [21/Mar/2026:16:42:04 +0200] "GET /shop/goods/discontinuable153486772263.phtml HTTP/1.1" 200 209657 "-" "Mozilla/5.0 AppleWebKit/537.36 (KHTML, like Gecko; compatible; bingbot/2.0; +http://www.bing.com/bingbot.htm) Chrome/116.0.1938.76 Safari/537.36"
74.7.227.61 - - [21/Mar/2026:16:42:05 +0200] "GET /shop/goods/appliedly172881351249.phtml/ HTTP/1.1" 200 150752 "https://drspos.com/shop/goods/appliedly172881351249.phtml" "Mozilla/5.0 AppleWebKit/537.36 (KHTML, like Gecko; compatible; GPTBot/1.3; +https://openai.com/gptbot)"
207.46.13.116 - - [21/Mar/2026:16:42:07 +0200] "GET /shop/goods/epialtus152903015776.phtml HTTP/1.1" 200 193399 "-" "Mozilla/5.0 AppleWebKit/537.36 (KHTML, like Gecko; compatible; bingbot/2.0; +http://www.bing.com/bingbot.htm) Chrome/116.0.1938.76 Safari/537.36"
74.7.227.61 - - [21/Mar/2026:16:42:08 +0200] "GET /?p=44192 HTTP/1.1" 200 91218 "https://drspos.com/?p=44190" "Mozilla/5.0 AppleWebKit/537.36 (KHTML, like Gecko; compatible; GPTBot/1.3; +https://openai.com/gptbot)"
52.167.144.218 - - [21/Mar/2026:16:42:10 +0200] "GET /shop/goods/stathmograph153715060060.phtml HTTP/1.1" 200 206183 "-" "Mozilla/5.0 AppleWebKit/537.36 (KHTML, like Gecko; compatible; bingbot/2.0; +http://www.bing.com/bingbot.htm) Chrome/116.0.1938.76 Safari/537.36"
74.7.227.61 - - [21/Mar/2026:16:42:11 +0200] "GET /?p=52930 HTTP/1.1" 200 93954 "https://drspos.com/?p=52932" "Mozilla/5.0 AppleWebKit/537.36 (KHTML, like Gecko; compatible; GPTBot/1.3; +https://openai.com/gptbot)"
207.46.13.116 - - [21/Mar/2026:16:42:15 +0200] "GET /shop/goods/ephippiorhynchus1590273356.phtml HTTP/1.1" 200 201714 "-" "Mozilla/5.0 AppleWebKit/537.36 (KHTML, like Gecko; compatible; bingbot/2.0; +http://www.bing.com/bingbot.htm) Chrome/116.0.1938.76 Safari/537.36"
216.73.216.163 - - [21/Mar/2026:16:42:14 +0200] "GET /shop/goods/succour123585367854.phtml HTTP/1.1" 301 - "-" "Mozilla/5.0 AppleWebKit/537.36 (KHTML, like Gecko; compatible; ClaudeBot/1.0; +claudebot@anthropic.com)"
74.7.227.61 - - [21/Mar/2026:16:42:15 +0200] "GET /shop/goods/acrocomia171612730806.phtml HTTP/1.1" 301 - "https://drspos.com/%3C![CDATA[https:/eminencegroup.net.au/post-sitemap9.xml]]%3E" "Mozilla/5.0 AppleWebKit/537.36 (KHTML, like Gecko; compatible; GPTBot/1.3; +https://openai.com/gptbot)"
207.46.13.116 - - [21/Mar/2026:16:42:19 +0200] "GET /shop/goods/appeal151169405185.phtml HTTP/1.1" 200 196529 "-" "Mozilla/5.0 AppleWebKit/537.36 (KHTML, like Gecko; compatible; bingbot/2.0; +http://www.bing.com/bingbot.htm) Chrome/116.0.1938.76 Safari/537.36"
216.73.216.163 - - [21/Mar/2026:16:42:17 +0200] "GET /shop/goods/succour123585367854.phtml/ HTTP/1.1" 200 150752 "https://drspos.com/shop/goods/succour123585367854.phtml" "Mozilla/5.0 AppleWebKit/537.36 (KHTML, like Gecko; compatible; ClaudeBot/1.0; +claudebot@anthropic.com)"
74.7.227.61 - - [21/Mar/2026:16:42:17 +0200] "GET /shop/goods/acrocomia171612730806.phtml/ HTTP/1.1" 200 150752 "https://drspos.com/shop/goods/acrocomia171612730806.phtml" "Mozilla/5.0 AppleWebKit/537.36 (KHTML, like Gecko; compatible; GPTBot/1.3; +https://openai.com/gptbot)"
207.46.13.116 - - [21/Mar/2026:16:42:21 +0200] "GET /shop/goods/homotaxis153132219558.phtml HTTP/1.1" 200 207335 "-" "Mozilla/5.0 AppleWebKit/537.36 (KHTML, like Gecko; compatible; bingbot/2.0; +http://www.bing.com/bingbot.htm) Chrome/116.0.1938.76 Safari/537.36"
74.7.227.61 - - [21/Mar/2026:16:42:21 +0200] "GET /?p=48240 HTTP/1.1" 200 92340 "https://drspos.com/?p=48238" "Mozilla/5.0 AppleWebKit/537.36 (KHTML, like Gecko; compatible; GPTBot/1.3; +https://openai.com/gptbot)"
207.46.13.116 - - [21/Mar/2026:16:42:23 +0200] "GET /shop/goods/circulatory153013568479.phtml HTTP/1.1" 200 215153 "-" "Mozilla/5.0 AppleWebKit/537.36 (KHTML, like Gecko; compatible; bingbot/2.0; +http://www.bing.com/bingbot.htm) Chrome/116.0.1938.76 Safari/537.36"
216.73.216.163 - - [21/Mar/2026:16:42:23 +0200] "GET /shop/goods/burlesquing123987572178.phtml HTTP/1.1" 301 - "-" "Mozilla/5.0 AppleWebKit/537.36 (KHTML, like Gecko; compatible; ClaudeBot/1.0; +claudebot@anthropic.com)"
74.7.227.61 - - [21/Mar/2026:16:42:24 +0200] "GET /shop/goods/epotation173353238790.phtml HTTP/1.1" 301 - "https://drspos.com/%3C![CDATA[https:/eminencegroup.net.au/post-sitemap9.xml]]%3E" "Mozilla/5.0 AppleWebKit/537.36 (KHTML, like Gecko; compatible; GPTBot/1.3; +https://openai.com/gptbot)"
207.46.13.116 - - [21/Mar/2026:16:42:27 +0200] "GET /shop/goods/accustom151351966913.phtml HTTP/1.1" 200 217271 "-" "Mozilla/5.0 AppleWebKit/537.36 (KHTML, like Gecko; compatible; bingbot/2.0; +http://www.bing.com/bingbot.htm) Chrome/116.0.1938.76 Safari/537.36"
216.73.216.163 - - [21/Mar/2026:16:42:26 +0200] "GET /shop/goods/burlesquing123987572178.phtml/ HTTP/1.1" 200 150752 "https://drspos.com/shop/goods/burlesquing123987572178.phtml" "Mozilla/5.0 AppleWebKit/537.36 (KHTML, like Gecko; compatible; ClaudeBot/1.0; +claudebot@anthropic.com)"
74.7.227.61 - - [21/Mar/2026:16:42:27 +0200] "GET /shop/goods/epotation173353238790.phtml/ HTTP/1.1" 200 150752 "https://drspos.com/shop/goods/epotation173353238790.phtml" "Mozilla/5.0 AppleWebKit/537.36 (KHTML, like Gecko; compatible; GPTBot/1.3; +https://openai.com/gptbot)"
207.46.13.116 - - [21/Mar/2026:16:42:30 +0200] "GET /shop/goods/keelage151566738390.phtml HTTP/1.1" 200 203901 "-" "Mozilla/5.0 AppleWebKit/537.36 (KHTML, like Gecko; compatible; bingbot/2.0; +http://www.bing.com/bingbot.htm) Chrome/116.0.1938.76 Safari/537.36"
74.7.227.61 - - [21/Mar/2026:16:42:31 +0200] "GET /?p=46692 HTTP/1.1" 200 91377 "https://drspos.com/?p=46693" "Mozilla/5.0 AppleWebKit/537.36 (KHTML, like Gecko; compatible; GPTBot/1.3; +https://openai.com/gptbot)"
74.7.227.61 - - [21/Mar/2026:16:42:34 +0200] "GET /shop/goods/embryonal172188142201.phtml HTTP/1.1" 301 - "https://drspos.com/%3C![CDATA[https:/eminencegroup.net.au/post-sitemap9.xml]]%3E" "Mozilla/5.0 AppleWebKit/537.36 (KHTML, like Gecko; compatible; GPTBot/1.3; +https://openai.com/gptbot)"
52.167.144.176 - - [21/Mar/2026:16:42:36 +0200] "GET /shop/goods/intricacies15172578518.phtml HTTP/1.1" 200 192731 "-" "Mozilla/5.0 AppleWebKit/537.36 (KHTML, like Gecko; compatible; bingbot/2.0; +http://www.bing.com/bingbot.htm) Chrome/116.0.1938.76 Safari/537.36"
74.7.227.61 - - [21/Mar/2026:16:42:37 +0200] "GET /shop/goods/embryonal172188142201.phtml/ HTTP/1.1" 200 150752 "https://drspos.com/shop/goods/embryonal172188142201.phtml" "Mozilla/5.0 AppleWebKit/537.36 (KHTML, like Gecko; compatible; GPTBot/1.3; +https://openai.com/gptbot)"
52.167.144.176 - - [21/Mar/2026:16:42:39 +0200] "GET /shop/goods/bodybuilding15578453673.phtml HTTP/1.1" 200 203974 "-" "Mozilla/5.0 AppleWebKit/537.36 (KHTML, like Gecko; compatible; bingbot/2.0; +http://www.bing.com/bingbot.htm) Chrome/116.0.1938.76 Safari/537.36"
52.167.144.176 - - [21/Mar/2026:16:42:42 +0200] "GET /shop/goods/inundant10735281725.phtml HTTP/1.1" 200 211611 "-" "Mozilla/5.0 AppleWebKit/537.36 (KHTML, like Gecko; compatible; bingbot/2.0; +http://www.bing.com/bingbot.htm) Chrome/116.0.1938.76 Safari/537.36"
74.7.227.61 - - [21/Mar/2026:16:42:40 +0200] "GET /shop/goods/dulcamara172050801066.phtml HTTP/1.1" 301 - "https://drspos.com/%3C![CDATA[https:/eminencegroup.net.au/post-sitemap9.xml]]%3E" "Mozilla/5.0 AppleWebKit/537.36 (KHTML, like Gecko; compatible; GPTBot/1.3; +https://openai.com/gptbot)"
74.7.227.61 - - [21/Mar/2026:16:42:43 +0200] "GET /shop/goods/dulcamara172050801066.phtml/ HTTP/1.1" 200 150752 "https://drspos.com/shop/goods/dulcamara172050801066.phtml" "Mozilla/5.0 AppleWebKit/537.36 (KHTML, like Gecko; compatible; GPTBot/1.3; +https://openai.com/gptbot)"
52.167.144.176 - - [21/Mar/2026:16:42:45 +0200] "GET /shop/goods/substantiveness15788207616.phtml HTTP/1.1" 200 212177 "-" "Mozilla/5.0 AppleWebKit/537.36 (KHTML, like Gecko; compatible; bingbot/2.0; +http://www.bing.com/bingbot.htm) Chrome/116.0.1938.76 Safari/537.36"
216.73.216.163 - - [21/Mar/2026:16:42:47 +0200] "GET /shop/goods/unambition171804641491.phtml HTTP/1.1" 301 - "-" "Mozilla/5.0 AppleWebKit/537.36 (KHTML, like Gecko; compatible; ClaudeBot/1.0; +claudebot@anthropic.com)"
52.167.144.176 - - [21/Mar/2026:16:42:48 +0200] "GET /shop/goods/pimelic133479004601.phtml HTTP/1.1" 200 222540 "-" "Mozilla/5.0 AppleWebKit/537.36 (KHTML, like Gecko; compatible; bingbot/2.0; +http://www.bing.com/bingbot.htm) Chrome/116.0.1938.76 Safari/537.36"
74.7.227.61 - - [21/Mar/2026:16:42:47 +0200] "GET /shop/goods/proctitus173276347400.phtml HTTP/1.1" 301 - "https://drspos.com/%3C![CDATA[https:/eminencegroup.net.au/post-sitemap9.xml]]%3E" "Mozilla/5.0 AppleWebKit/537.36 (KHTML, like Gecko; compatible; GPTBot/1.3; +https://openai.com/gptbot)"
74.7.227.61 - - [21/Mar/2026:16:42:49 +0200] "GET /shop/goods/proctitus173276347400.phtml/ HTTP/1.1" 200 150752 "https://drspos.com/shop/goods/proctitus173276347400.phtml" "Mozilla/5.0 AppleWebKit/537.36 (KHTML, like Gecko; compatible; GPTBot/1.3; +https://openai.com/gptbot)"
52.167.144.176 - - [21/Mar/2026:16:42:51 +0200] "GET /shop/goods/backster1544176564.phtml HTTP/1.1" 200 197283 "-" "Mozilla/5.0 AppleWebKit/537.36 (KHTML, like Gecko; compatible; bingbot/2.0; +http://www.bing.com/bingbot.htm) Chrome/116.0.1938.76 Safari/537.36"
216.73.216.163 - - [21/Mar/2026:16:42:49 +0200] "GET /shop/goods/unambition171804641491.phtml/ HTTP/1.1" 200 150752 "https://drspos.com/shop/goods/unambition171804641491.phtml" "Mozilla/5.0 AppleWebKit/537.36 (KHTML, like Gecko; compatible; ClaudeBot/1.0; +claudebot@anthropic.com)"
52.167.144.176 - - [21/Mar/2026:16:42:54 +0200] "GET /shop/goods/diathermaneity151666891221.phtml HTTP/1.1" 200 208545 "-" "Mozilla/5.0 AppleWebKit/537.36 (KHTML, like Gecko; compatible; bingbot/2.0; +http://www.bing.com/bingbot.htm) Chrome/116.0.1938.76 Safari/537.36"
74.7.227.61 - - [21/Mar/2026:16:42:53 +0200] "GET /?p=30906 HTTP/1.1" 200 93753 "https://drspos.com/?p=30908" "Mozilla/5.0 AppleWebKit/537.36 (KHTML, like Gecko; compatible; GPTBot/1.3; +https://openai.com/gptbot)"
216.73.216.163 - - [21/Mar/2026:16:42:55 +0200] "GET /shop/goods/trachelobranchiate143626131189.phtml HTTP/1.1" 301 - "-" "Mozilla/5.0 AppleWebKit/537.36 (KHTML, like Gecko; compatible; ClaudeBot/1.0; +claudebot@anthropic.com)"
52.167.144.176 - - [21/Mar/2026:16:42:57 +0200] "GET /shop/goods/fighting153310793256.phtml HTTP/1.1" 200 202344 "-" "Mozilla/5.0 AppleWebKit/537.36 (KHTML, like Gecko; compatible; bingbot/2.0; +http://www.bing.com/bingbot.htm) Chrome/116.0.1938.76 Safari/537.36"
74.7.227.61 - - [21/Mar/2026:16:42:56 +0200] "GET /shop/goods/predefine174116540426.phtml HTTP/1.1" 301 - "https://drspos.com/%3C![CDATA[https:/eminencegroup.net.au/post-sitemap9.xml]]%3E" "Mozilla/5.0 AppleWebKit/537.36 (KHTML, like Gecko; compatible; GPTBot/1.3; +https://openai.com/gptbot)"
216.73.216.163 - - [21/Mar/2026:16:42:58 +0200] "GET /shop/goods/trachelobranchiate143626131189.phtml/ HTTP/1.1" 200 150752 "https://drspos.com/shop/goods/trachelobranchiate143626131189.phtml" "Mozilla/5.0 AppleWebKit/537.36 (KHTML, like Gecko; compatible; ClaudeBot/1.0; +claudebot@anthropic.com)"
52.167.144.176 - - [21/Mar/2026:16:43:00 +0200] "GET /shop/goods/breweriana151704798368.phtml HTTP/1.1" 200 218651 "-" "Mozilla/5.0 AppleWebKit/537.36 (KHTML, like Gecko; compatible; bingbot/2.0; +http://www.bing.com/bingbot.htm) Chrome/116.0.1938.76 Safari/537.36"
74.7.227.61 - - [21/Mar/2026:16:42:59 +0200] "GET /shop/goods/predefine174116540426.phtml/ HTTP/1.1" 200 150752 "https://drspos.com/shop/goods/predefine174116540426.phtml" "Mozilla/5.0 AppleWebKit/537.36 (KHTML, like Gecko; compatible; GPTBot/1.3; +https://openai.com/gptbot)"
52.167.144.176 - - [21/Mar/2026:16:43:03 +0200] "GET /shop/goods/stratographical153638049490.phtml HTTP/1.1" 200 208879 "-" "Mozilla/5.0 AppleWebKit/537.36 (KHTML, like Gecko; compatible; bingbot/2.0; +http://www.bing.com/bingbot.htm) Chrome/116.0.1938.76 Safari/537.36"
74.7.227.61 - - [21/Mar/2026:16:43:02 +0200] "GET /?p=44194 HTTP/1.1" 200 97372 "https://drspos.com/?p=44192" "Mozilla/5.0 AppleWebKit/537.36 (KHTML, like Gecko; compatible; GPTBot/1.3; +https://openai.com/gptbot)"
207.46.13.116 - - [21/Mar/2026:16:43:06 +0200] "GET /shop/goods/kistvaen153828362643.phtml HTTP/1.1" 200 203024 "-" "Mozilla/5.0 AppleWebKit/537.36 (KHTML, like Gecko; compatible; bingbot/2.0; +http://www.bing.com/bingbot.htm) Chrome/116.0.1938.76 Safari/537.36"
74.7.227.61 - - [21/Mar/2026:16:43:06 +0200] "GET /?p=52928 HTTP/1.1" 200 97184 "https://drspos.com/?p=52930" "Mozilla/5.0 AppleWebKit/537.36 (KHTML, like Gecko; compatible; GPTBot/1.3; +https://openai.com/gptbot)"
207.46.13.116 - - [21/Mar/2026:16:43:09 +0200] "GET /shop/goods/billhook154156623629.phtml HTTP/1.1" 200 211960 "-" "Mozilla/5.0 AppleWebKit/537.36 (KHTML, like Gecko; compatible; bingbot/2.0; +http://www.bing.com/bingbot.htm) Chrome/116.0.1938.76 Safari/537.36"
74.7.227.61 - - [21/Mar/2026:16:43:10 +0200] "GET /shop/goods/athreptic173749077091.phtml HTTP/1.1" 301 - "https://drspos.com/%3C![CDATA[https:/eminencegroup.net.au/post-sitemap9.xml]]%3E" "Mozilla/5.0 AppleWebKit/537.36 (KHTML, like Gecko; compatible; GPTBot/1.3; +https://openai.com/gptbot)"
216.73.216.163 - - [21/Mar/2026:16:43:11 +0200] "GET /shop/goods/peristomium17935117954.phtml HTTP/1.1" 301 - "-" "Mozilla/5.0 AppleWebKit/537.36 (KHTML, like Gecko; compatible; ClaudeBot/1.0; +claudebot@anthropic.com)"
207.46.13.116 - - [21/Mar/2026:16:43:12 +0200] "GET /shop/goods/sparse10702296108.phtml HTTP/1.1" 200 211777 "-" "Mozilla/5.0 AppleWebKit/537.36 (KHTML, like Gecko; compatible; bingbot/2.0; +http://www.bing.com/bingbot.htm) Chrome/116.0.1938.76 Safari/537.36"
74.7.227.61 - - [21/Mar/2026:16:43:13 +0200] "GET /shop/goods/athreptic173749077091.phtml/ HTTP/1.1" 200 150752 "https://drspos.com/shop/goods/athreptic173749077091.phtml" "Mozilla/5.0 AppleWebKit/537.36 (KHTML, like Gecko; compatible; GPTBot/1.3; +https://openai.com/gptbot)"
216.73.216.163 - - [21/Mar/2026:16:43:13 +0200] "GET /shop/goods/peristomium17935117954.phtml/ HTTP/1.1" 200 150752 "https://drspos.com/shop/goods/peristomium17935117954.phtml" "Mozilla/5.0 AppleWebKit/537.36 (KHTML, like Gecko; compatible; ClaudeBot/1.0; +claudebot@anthropic.com)"
