File: /home/drspos/access-logs/drspos.com-ssl_log
216.73.216.163 - - [21/Mar/2026:14:07:28 +0200] "GET /shop/goods/nubiferous172258828667.phtml HTTP/1.1" 301 - "-" "Mozilla/5.0 AppleWebKit/537.36 (KHTML, like Gecko; compatible; ClaudeBot/1.0; +claudebot@anthropic.com)"
74.7.227.61 - - [21/Mar/2026:14:07:28 +0200] "GET /?p=35323 HTTP/1.1" 200 91607 "https://drspos.com/?p=35321" "Mozilla/5.0 AppleWebKit/537.36 (KHTML, like Gecko; compatible; GPTBot/1.3; +https://openai.com/gptbot)"
216.73.216.163 - - [21/Mar/2026:14:07:30 +0200] "GET /shop/goods/nubiferous172258828667.phtml/ HTTP/1.1" 200 150752 "https://www.drspos.com/shop/goods/nubiferous172258828667.phtml" "Mozilla/5.0 AppleWebKit/537.36 (KHTML, like Gecko; compatible; ClaudeBot/1.0; +claudebot@anthropic.com)"
74.7.227.61 - - [21/Mar/2026:14:07:31 +0200] "GET /?feed=rss2&p=35633 HTTP/1.1" 200 775 "https://drspos.com/?p=35633" "Mozilla/5.0 AppleWebKit/537.36 (KHTML, like Gecko; compatible; GPTBot/1.3; +https://openai.com/gptbot)"
74.7.227.61 - - [21/Mar/2026:14:07:36 +0200] "GET /?p=31301 HTTP/1.1" 200 96976 "https://drspos.com/?p=31303" "Mozilla/5.0 AppleWebKit/537.36 (KHTML, like Gecko; compatible; GPTBot/1.3; +https://openai.com/gptbot)"
74.7.227.61 - - [21/Mar/2026:14:07:40 +0200] "GET /index.php?rest_route=%2Foembed%2F1.0%2Fembed&url=https%3A%2F%2Fdrspos.com%2F%3Fp%3D35633 HTTP/1.1" 200 2217 "https://drspos.com/?p=35633" "Mozilla/5.0 AppleWebKit/537.36 (KHTML, like Gecko; compatible; GPTBot/1.3; +https://openai.com/gptbot)"
74.7.227.61 - - [21/Mar/2026:14:07:43 +0200] "GET /wp-content/uploads/essential-addons-elementor/eael-47.js?ver=1773722708 HTTP/1.1" 200 1328 "https://drspos.com/?p=35633" "Mozilla/5.0 AppleWebKit/537.36 (KHTML, like Gecko; compatible; GPTBot/1.3; +https://openai.com/gptbot)"
74.7.227.61 - - [21/Mar/2026:14:07:46 +0200] "GET /index.php?rest_route=/wp/v2/posts/35633 HTTP/1.1" 200 6924 "https://drspos.com/?p=35633" "Mozilla/5.0 AppleWebKit/537.36 (KHTML, like Gecko; compatible; GPTBot/1.3; +https://openai.com/gptbot)"
74.7.227.61 - - [21/Mar/2026:14:07:49 +0200] "GET /wp-content/uploads/essential-addons-elementor/eael-47.css?ver=1773722708 HTTP/1.1" 200 16146 "https://drspos.com/?p=35633" "Mozilla/5.0 AppleWebKit/537.36 (KHTML, like Gecko; compatible; GPTBot/1.3; +https://openai.com/gptbot)"
20.15.133.184 - - [21/Mar/2026:14:07:50 +0200] "GET /shop/goods/keratode152525756513.phtml HTTP/1.1" 200 203575 "-" "Mozilla/5.0 AppleWebKit/537.36 (KHTML, like Gecko; compatible; bingbot/2.0; +http://www.bing.com/bingbot.htm) Chrome/116.0.1938.76 Safari/537.36"
216.73.216.163 - - [21/Mar/2026:14:07:52 +0200] "GET /shop/goods/villain124050236844.phtml HTTP/1.1" 301 - "-" "Mozilla/5.0 AppleWebKit/537.36 (KHTML, like Gecko; compatible; ClaudeBot/1.0; +claudebot@anthropic.com)"
74.7.227.61 - - [21/Mar/2026:14:07:52 +0200] "GET /index.php?format=xml&rest_route=%2Foembed%2F1.0%2Fembed&url=https%3A%2F%2Fdrspos.com%2F%3Fp%3D35633 HTTP/1.1" 200 2373 "https://drspos.com/?p=35633" "Mozilla/5.0 AppleWebKit/537.36 (KHTML, like Gecko; compatible; GPTBot/1.3; +https://openai.com/gptbot)"
216.73.216.163 - - [21/Mar/2026:14:07:54 +0200] "GET /shop/goods/villain124050236844.phtml/ HTTP/1.1" 200 150752 "https://www.drspos.com/shop/goods/villain124050236844.phtml" "Mozilla/5.0 AppleWebKit/537.36 (KHTML, like Gecko; compatible; ClaudeBot/1.0; +claudebot@anthropic.com)"
74.7.227.61 - - [21/Mar/2026:14:07:55 +0200] "GET /?p=47074 HTTP/1.1" 200 94662 "https://drspos.com/?p=47075" "Mozilla/5.0 AppleWebKit/537.36 (KHTML, like Gecko; compatible; GPTBot/1.3; +https://openai.com/gptbot)"
216.244.66.234 - - [21/Mar/2026:14:07:55 +0200] "GET /?p=24333 HTTP/1.1" 200 91180 "-" "Mozilla/5.0 (compatible; DotBot/1.2; +https://opensiteexplorer.org/dotbot; help@moz.com)"
74.7.227.61 - - [21/Mar/2026:14:07:58 +0200] "GET /?p=43834 HTTP/1.1" 200 92873 "https://drspos.com/?p=43832" "Mozilla/5.0 AppleWebKit/537.36 (KHTML, like Gecko; compatible; GPTBot/1.3; +https://openai.com/gptbot)"
216.73.216.163 - - [21/Mar/2026:14:07:59 +0200] "GET /shop/goods/paddlecock121201634058.phtml HTTP/1.1" 301 - "-" "Mozilla/5.0 AppleWebKit/537.36 (KHTML, like Gecko; compatible; ClaudeBot/1.0; +claudebot@anthropic.com)"
40.77.167.5 - - [21/Mar/2026:14:08:00 +0200] "GET /shop/goods/shredcook15580953506.phtml HTTP/1.1" 200 206377 "-" "Mozilla/5.0 AppleWebKit/537.36 (KHTML, like Gecko; compatible; bingbot/2.0; +http://www.bing.com/bingbot.htm) Chrome/116.0.1938.76 Safari/537.36"
216.73.216.163 - - [21/Mar/2026:14:08:01 +0200] "GET /shop/goods/paddlecock121201634058.phtml/ HTTP/1.1" 200 150752 "https://drspos.com/shop/goods/paddlecock121201634058.phtml" "Mozilla/5.0 AppleWebKit/537.36 (KHTML, like Gecko; compatible; ClaudeBot/1.0; +claudebot@anthropic.com)"
74.7.227.61 - - [21/Mar/2026:14:08:02 +0200] "GET /?feed=rss2&p=47074 HTTP/1.1" 200 839 "https://drspos.com/?p=47074" "Mozilla/5.0 AppleWebKit/537.36 (KHTML, like Gecko; compatible; GPTBot/1.3; +https://openai.com/gptbot)"
74.7.227.61 - - [21/Mar/2026:14:08:06 +0200] "GET /wp-content/uploads/essential-addons-elementor/eael-47.css?ver=1773837965 HTTP/1.1" 200 16146 "https://drspos.com/?p=40859" "Mozilla/5.0 AppleWebKit/537.36 (KHTML, like Gecko; compatible; GPTBot/1.3; +https://openai.com/gptbot)"
74.7.227.61 - - [21/Mar/2026:14:08:09 +0200] "GET /wp-content/uploads/essential-addons-elementor/eael-47.css?ver=1773932568 HTTP/1.1" 200 16146 "https://drspos.com/?p=47074" "Mozilla/5.0 AppleWebKit/537.36 (KHTML, like Gecko; compatible; GPTBot/1.3; +https://openai.com/gptbot)"
74.7.227.61 - - [21/Mar/2026:14:08:13 +0200] "GET /index.php?rest_route=%2Foembed%2F1.0%2Fembed&url=https%3A%2F%2Fdrspos.com%2F%3Fp%3D47074 HTTP/1.1" 200 2409 "https://drspos.com/?p=47074" "Mozilla/5.0 AppleWebKit/537.36 (KHTML, like Gecko; compatible; GPTBot/1.3; +https://openai.com/gptbot)"
74.7.227.61 - - [21/Mar/2026:14:08:16 +0200] "GET /wp-content/uploads/essential-addons-elementor/eael-47.js?ver=1773932568 HTTP/1.1" 200 1328 "https://drspos.com/?p=47074" "Mozilla/5.0 AppleWebKit/537.36 (KHTML, like Gecko; compatible; GPTBot/1.3; +https://openai.com/gptbot)"
104.244.73.186 - - [21/Mar/2026:14:08:16 +0200] "POST /wp-login.php HTTP/1.1" 200 6763 "-" "Mozilla/5.0 (Windows NT 6.2; WOW64; rv:30.0) Gecko/20100101 Firefox/30.0"
5.78.159.87 - - [21/Mar/2026:14:08:15 +0200] "POST /xmlrpc.php HTTP/1.1" 200 180 "-" "Mozilla/5.0 (Windows NT 10.0; Win64; x64) AppleWebKit/537.36 (KHTML, like Gecko) Chrome/108.0.0.0 Safari/537.36"
172.30.5.1 - - [21/Mar/2026:14:08:18 +0200] "POST /wp-cron.php?doing_wp_cron=1774094898.8088629245758056640625 HTTP/1.1" 200 - "-" "WordPress/6.9.4; https://drspos.com"
74.7.227.61 - - [21/Mar/2026:14:08:19 +0200] "GET /index.php?rest_route=/wp/v2/posts/47074 HTTP/1.1" 200 10402 "https://drspos.com/?p=47074" "Mozilla/5.0 AppleWebKit/537.36 (KHTML, like Gecko; compatible; GPTBot/1.3; +https://openai.com/gptbot)"
216.73.216.163 - - [21/Mar/2026:14:08:20 +0200] "GET /shop/goods/fusee132614202197.phtml HTTP/1.1" 301 - "-" "Mozilla/5.0 AppleWebKit/537.36 (KHTML, like Gecko; compatible; ClaudeBot/1.0; +claudebot@anthropic.com)"
5.78.159.87 - - [21/Mar/2026:14:08:20 +0200] "POST /xmlrpc.php HTTP/1.1" 200 10582 "-" "Mozilla/5.0 (Windows NT 10.0; Win64; x64) AppleWebKit/537.36 (KHTML, like Gecko) Chrome/108.0.0.0 Safari/537.36"
74.7.227.61 - - [21/Mar/2026:14:08:22 +0200] "GET /index.php?format=xml&rest_route=%2Foembed%2F1.0%2Fembed&url=https%3A%2F%2Fdrspos.com%2F%3Fp%3D47074 HTTP/1.1" 200 2565 "https://drspos.com/?p=47074" "Mozilla/5.0 AppleWebKit/537.36 (KHTML, like Gecko; compatible; GPTBot/1.3; +https://openai.com/gptbot)"
216.73.216.163 - - [21/Mar/2026:14:08:22 +0200] "GET /shop/goods/fusee132614202197.phtml/ HTTP/1.1" 200 150752 "https://www.drspos.com/shop/goods/fusee132614202197.phtml" "Mozilla/5.0 AppleWebKit/537.36 (KHTML, like Gecko; compatible; ClaudeBot/1.0; +claudebot@anthropic.com)"
207.46.13.9 - - [21/Mar/2026:14:08:25 +0200] "GET /shop/goods/distune151227791609.phtml HTTP/1.1" 200 201935 "-" "Mozilla/5.0 AppleWebKit/537.36 (KHTML, like Gecko; compatible; bingbot/2.0; +http://www.bing.com/bingbot.htm) Chrome/116.0.1938.76 Safari/537.36"
74.7.227.61 - - [21/Mar/2026:14:08:25 +0200] "GET /?p=39827 HTTP/1.1" 200 96384 "https://drspos.com/?p=39825" "Mozilla/5.0 AppleWebKit/537.36 (KHTML, like Gecko; compatible; GPTBot/1.3; +https://openai.com/gptbot)"
216.244.66.234 - - [21/Mar/2026:14:08:25 +0200] "GET /?p=29720 HTTP/1.1" 200 93292 "-" "Mozilla/5.0 (compatible; DotBot/1.2; +https://opensiteexplorer.org/dotbot; help@moz.com)"
5.78.159.87 - - [21/Mar/2026:14:08:25 +0200] "GET /?p=55696 HTTP/1.1" 200 93170 "-" "Mozilla/5.0 (Windows NT 10.0; Win64; x64) AppleWebKit/537.36 (KHTML, like Gecko) Chrome/108.0.0.0 Safari/537.36"
74.7.227.61 - - [21/Mar/2026:14:08:29 +0200] "GET /?p=53278 HTTP/1.1" 200 94292 "https://drspos.com/?p=53280" "Mozilla/5.0 AppleWebKit/537.36 (KHTML, like Gecko; compatible; GPTBot/1.3; +https://openai.com/gptbot)"
74.7.227.61 - - [21/Mar/2026:14:08:32 +0200] "GET /?p=47892 HTTP/1.1" 200 91652 "https://drspos.com/?p=47890" "Mozilla/5.0 AppleWebKit/537.36 (KHTML, like Gecko; compatible; GPTBot/1.3; +https://openai.com/gptbot)"
74.7.227.61 - - [21/Mar/2026:14:08:35 +0200] "GET /?p=40241 HTTP/1.1" 200 93232 "https://drspos.com/?p=40243" "Mozilla/5.0 AppleWebKit/537.36 (KHTML, like Gecko; compatible; GPTBot/1.3; +https://openai.com/gptbot)"
74.7.227.61 - - [21/Mar/2026:14:08:39 +0200] "GET /wp-content/uploads/essential-addons-elementor/eael-47.css?ver=1773711940 HTTP/1.1" 200 16146 "https://drspos.com/?p=34875" "Mozilla/5.0 AppleWebKit/537.36 (KHTML, like Gecko; compatible; GPTBot/1.3; +https://openai.com/gptbot)"
52.167.144.211 - - [21/Mar/2026:14:08:41 +0200] "GET /shop/goods/soniferous151973727509.phtml HTTP/1.1" 200 204526 "-" "Mozilla/5.0 AppleWebKit/537.36 (KHTML, like Gecko; compatible; bingbot/2.0; +http://www.bing.com/bingbot.htm) Chrome/116.0.1938.76 Safari/537.36"
52.167.144.211 - - [21/Mar/2026:14:08:43 +0200] "GET /shop/goods/convive154068846694.phtml HTTP/1.1" 200 210283 "-" "Mozilla/5.0 AppleWebKit/537.36 (KHTML, like Gecko; compatible; bingbot/2.0; +http://www.bing.com/bingbot.htm) Chrome/116.0.1938.76 Safari/537.36"
74.7.227.61 - - [21/Mar/2026:14:08:42 +0200] "GET /?p=35631 HTTP/1.1" 200 93470 "https://drspos.com/?p=35633" "Mozilla/5.0 AppleWebKit/537.36 (KHTML, like Gecko; compatible; GPTBot/1.3; +https://openai.com/gptbot)"
216.73.216.163 - - [21/Mar/2026:14:08:44 +0200] "GET /shop/goods/availing132853182299.phtml HTTP/1.1" 301 - "-" "Mozilla/5.0 AppleWebKit/537.36 (KHTML, like Gecko; compatible; ClaudeBot/1.0; +claudebot@anthropic.com)"
52.167.144.211 - - [21/Mar/2026:14:08:46 +0200] "GET /shop/goods/luminescence15942439095.phtml HTTP/1.1" 200 204438 "-" "Mozilla/5.0 AppleWebKit/537.36 (KHTML, like Gecko; compatible; bingbot/2.0; +http://www.bing.com/bingbot.htm) Chrome/116.0.1938.76 Safari/537.36"
74.7.227.61 - - [21/Mar/2026:14:08:45 +0200] "GET /?p=35325 HTTP/1.1" 200 97062 "https://drspos.com/?p=35323" "Mozilla/5.0 AppleWebKit/537.36 (KHTML, like Gecko; compatible; GPTBot/1.3; +https://openai.com/gptbot)"
216.73.216.163 - - [21/Mar/2026:14:08:46 +0200] "GET /shop/goods/availing132853182299.phtml/ HTTP/1.1" 200 150736 "https://www.drspos.com/shop/goods/availing132853182299.phtml" "Mozilla/5.0 AppleWebKit/537.36 (KHTML, like Gecko; compatible; ClaudeBot/1.0; +claudebot@anthropic.com)"
74.7.227.61 - - [21/Mar/2026:14:08:48 +0200] "GET /?p=31299 HTTP/1.1" 200 94350 "https://drspos.com/?p=31301" "Mozilla/5.0 AppleWebKit/537.36 (KHTML, like Gecko; compatible; GPTBot/1.3; +https://openai.com/gptbot)"
207.46.13.9 - - [21/Mar/2026:14:08:49 +0200] "GET /shop/goods/okinawa154089024192.phtml HTTP/1.1" 200 213257 "-" "Mozilla/5.0 AppleWebKit/537.36 (KHTML, like Gecko; compatible; bingbot/2.0; +http://www.bing.com/bingbot.htm) Chrome/116.0.1938.76 Safari/537.36"
216.73.216.163 - - [21/Mar/2026:14:08:51 +0200] "GET /shop/goods/rummaged1265918998.phtml HTTP/1.1" 301 - "-" "Mozilla/5.0 AppleWebKit/537.36 (KHTML, like Gecko; compatible; ClaudeBot/1.0; +claudebot@anthropic.com)"
74.7.227.61 - - [21/Mar/2026:14:08:51 +0200] "GET /?p=47071 HTTP/1.1" 200 95559 "https://drspos.com/?p=47074" "Mozilla/5.0 AppleWebKit/537.36 (KHTML, like Gecko; compatible; GPTBot/1.3; +https://openai.com/gptbot)"
207.46.13.9 - - [21/Mar/2026:14:08:53 +0200] "GET /shop/goods/sabbaton152953221054.phtml HTTP/1.1" 200 199610 "-" "Mozilla/5.0 AppleWebKit/537.36 (KHTML, like Gecko; compatible; bingbot/2.0; +http://www.bing.com/bingbot.htm) Chrome/116.0.1938.76 Safari/537.36"
216.73.216.163 - - [21/Mar/2026:14:08:54 +0200] "GET /shop/goods/rummaged1265918998.phtml/ HTTP/1.1" 200 150752 "https://www.drspos.com/shop/goods/rummaged1265918998.phtml" "Mozilla/5.0 AppleWebKit/537.36 (KHTML, like Gecko; compatible; ClaudeBot/1.0; +claudebot@anthropic.com)"
74.7.227.61 - - [21/Mar/2026:14:08:54 +0200] "GET /?p=43836 HTTP/1.1" 200 92042 "https://drspos.com/?p=43834" "Mozilla/5.0 AppleWebKit/537.36 (KHTML, like Gecko; compatible; GPTBot/1.3; +https://openai.com/gptbot)"
40.77.167.59 - - [21/Mar/2026:14:08:55 +0200] "GET /shop/goods/hypaspist153526538736.phtml HTTP/1.1" 200 215568 "-" "Mozilla/5.0 AppleWebKit/537.36 (KHTML, like Gecko; compatible; bingbot/2.0; +http://www.bing.com/bingbot.htm) Chrome/116.0.1938.76 Safari/537.36"
216.244.66.234 - - [21/Mar/2026:14:08:54 +0200] "GET /?p=31218 HTTP/1.1" 200 93905 "-" "Mozilla/5.0 (compatible; DotBot/1.2; +https://opensiteexplorer.org/dotbot; help@moz.com)"
74.7.227.61 - - [21/Mar/2026:14:08:57 +0200] "GET /wp-content/uploads/essential-addons-elementor/eael-47.css?ver=1773843159 HTTP/1.1" 200 16146 "https://drspos.com/?p=41238" "Mozilla/5.0 AppleWebKit/537.36 (KHTML, like Gecko; compatible; GPTBot/1.3; +https://openai.com/gptbot)"
74.7.227.61 - - [21/Mar/2026:14:09:01 +0200] "GET /?p=55696 HTTP/1.1" 200 93170 "https://drspos.com/?p=39827" "Mozilla/5.0 AppleWebKit/537.36 (KHTML, like Gecko; compatible; GPTBot/1.3; +https://openai.com/gptbot)"
74.7.227.61 - - [21/Mar/2026:14:09:04 +0200] "GET /?p=53276 HTTP/1.1" 200 93574 "https://drspos.com/?p=53278" "Mozilla/5.0 AppleWebKit/537.36 (KHTML, like Gecko; compatible; GPTBot/1.3; +https://openai.com/gptbot)"
74.7.227.61 - - [21/Mar/2026:14:09:07 +0200] "GET /?p=39829 HTTP/1.1" 200 92887 "https://drspos.com/?p=39827" "Mozilla/5.0 AppleWebKit/537.36 (KHTML, like Gecko; compatible; GPTBot/1.3; +https://openai.com/gptbot)"
74.7.227.61 - - [21/Mar/2026:14:09:10 +0200] "GET /?p=40239 HTTP/1.1" 200 93343 "https://drspos.com/?p=40241" "Mozilla/5.0 AppleWebKit/537.36 (KHTML, like Gecko; compatible; GPTBot/1.3; +https://openai.com/gptbot)"
40.77.167.59 - - [21/Mar/2026:14:09:14 +0200] "GET /shop/goods/meteoroid152091852115.phtml HTTP/1.1" 200 202624 "-" "Mozilla/5.0 AppleWebKit/537.36 (KHTML, like Gecko; compatible; bingbot/2.0; +http://www.bing.com/bingbot.htm) Chrome/116.0.1938.76 Safari/537.36"
74.7.227.61 - - [21/Mar/2026:14:09:14 +0200] "GET /?p=47894 HTTP/1.1" 200 92323 "https://drspos.com/?p=47892" "Mozilla/5.0 AppleWebKit/537.36 (KHTML, like Gecko; compatible; GPTBot/1.3; +https://openai.com/gptbot)"
216.73.216.163 - - [21/Mar/2026:14:09:15 +0200] "GET /shop/goods/pointed133960063495.phtml HTTP/1.1" 301 - "-" "Mozilla/5.0 AppleWebKit/537.36 (KHTML, like Gecko; compatible; ClaudeBot/1.0; +claudebot@anthropic.com)"
172.30.5.1 - - [21/Mar/2026:14:09:16 +0200] "POST /wp-cron.php?doing_wp_cron=1774094956.3416070938110351562500 HTTP/1.1" 200 - "-" "WordPress/6.9.4; https://drspos.com"
216.73.216.163 - - [21/Mar/2026:14:09:17 +0200] "GET /shop/goods/pointed133960063495.phtml/ HTTP/1.1" 200 150752 "https://www.drspos.com/shop/goods/pointed133960063495.phtml" "Mozilla/5.0 AppleWebKit/537.36 (KHTML, like Gecko; compatible; ClaudeBot/1.0; +claudebot@anthropic.com)"
74.7.227.61 - - [21/Mar/2026:14:09:17 +0200] "GET /?p=35629 HTTP/1.1" 200 92038 "https://drspos.com/?p=35631" "Mozilla/5.0 AppleWebKit/537.36 (KHTML, like Gecko; compatible; GPTBot/1.3; +https://openai.com/gptbot)"
207.46.13.9 - - [21/Mar/2026:14:09:19 +0200] "GET /shop/goods/electrobioscopy151561213049.phtml HTTP/1.1" 200 213615 "-" "Mozilla/5.0 AppleWebKit/537.36 (KHTML, like Gecko; compatible; bingbot/2.0; +http://www.bing.com/bingbot.htm) Chrome/116.0.1938.76 Safari/537.36"
74.7.227.61 - - [21/Mar/2026:14:09:20 +0200] "GET /?p=35327 HTTP/1.1" 200 99462 "https://drspos.com/?p=35325" "Mozilla/5.0 AppleWebKit/537.36 (KHTML, like Gecko; compatible; GPTBot/1.3; +https://openai.com/gptbot)"
216.73.216.163 - - [21/Mar/2026:14:09:22 +0200] "GET /shop/goods/hornowl17311560083.phtml HTTP/1.1" 301 - "-" "Mozilla/5.0 AppleWebKit/537.36 (KHTML, like Gecko; compatible; ClaudeBot/1.0; +claudebot@anthropic.com)"
52.167.144.211 - - [21/Mar/2026:14:09:24 +0200] "GET /shop/goods/spermatophyte151371780567.phtml HTTP/1.1" 200 193644 "-" "Mozilla/5.0 AppleWebKit/537.36 (KHTML, like Gecko; compatible; bingbot/2.0; +http://www.bing.com/bingbot.htm) Chrome/116.0.1938.76 Safari/537.36"
74.7.227.61 - - [21/Mar/2026:14:09:23 +0200] "GET /?p=31291 HTTP/1.1" 200 104977 "https://drspos.com/?p=31299" "Mozilla/5.0 AppleWebKit/537.36 (KHTML, like Gecko; compatible; GPTBot/1.3; +https://openai.com/gptbot)"
216.244.66.234 - - [21/Mar/2026:14:09:22 +0200] "GET /?cat=1&paged=179 HTTP/1.1" 200 127638 "-" "Mozilla/5.0 (compatible; DotBot/1.2; +https://opensiteexplorer.org/dotbot; help@moz.com)"
216.73.216.163 - - [21/Mar/2026:14:09:24 +0200] "GET /shop/goods/hornowl17311560083.phtml/ HTTP/1.1" 200 150752 "https://www.drspos.com/shop/goods/hornowl17311560083.phtml" "Mozilla/5.0 AppleWebKit/537.36 (KHTML, like Gecko; compatible; ClaudeBot/1.0; +claudebot@anthropic.com)"
52.167.144.211 - - [21/Mar/2026:14:09:27 +0200] "GET /shop/goods/sundog152702587550.phtml HTTP/1.1" 200 203151 "-" "Mozilla/5.0 AppleWebKit/537.36 (KHTML, like Gecko; compatible; bingbot/2.0; +http://www.bing.com/bingbot.htm) Chrome/116.0.1938.76 Safari/537.36"
74.7.227.61 - - [21/Mar/2026:14:09:27 +0200] "GET /?p=47070 HTTP/1.1" 200 91300 "https://drspos.com/?p=47071" "Mozilla/5.0 AppleWebKit/537.36 (KHTML, like Gecko; compatible; GPTBot/1.3; +https://openai.com/gptbot)"
74.7.227.61 - - [21/Mar/2026:14:09:30 +0200] "GET /?p=43838 HTTP/1.1" 200 91871 "https://drspos.com/?p=43836" "Mozilla/5.0 AppleWebKit/537.36 (KHTML, like Gecko; compatible; GPTBot/1.3; +https://openai.com/gptbot)"
74.7.227.61 - - [21/Mar/2026:14:09:33 +0200] "GET /wp-content/uploads/essential-addons-elementor/eael-47.css?ver=1773839059 HTTP/1.1" 200 16146 "https://drspos.com/?p=40936" "Mozilla/5.0 AppleWebKit/537.36 (KHTML, like Gecko; compatible; GPTBot/1.3; +https://openai.com/gptbot)"
74.7.227.61 - - [21/Mar/2026:14:09:36 +0200] "GET /wp-content/uploads/essential-addons-elementor/eael-47.css?ver=1774046892 HTTP/1.1" 200 16146 "https://drspos.com/?p=53729" "Mozilla/5.0 AppleWebKit/537.36 (KHTML, like Gecko; compatible; GPTBot/1.3; +https://openai.com/gptbot)"
207.46.13.9 - - [21/Mar/2026:14:09:36 +0200] "GET /shop/goods/vestibular15562755012.phtml HTTP/1.1" 200 207739 "-" "Mozilla/5.0 AppleWebKit/537.36 (KHTML, like Gecko; compatible; bingbot/2.0; +http://www.bing.com/bingbot.htm) Chrome/116.0.1938.76 Safari/537.36"
207.46.13.9 - - [21/Mar/2026:14:09:38 +0200] "GET /shop/goods/herpetologic151784611790.phtml HTTP/1.1" 200 210457 "-" "Mozilla/5.0 AppleWebKit/537.36 (KHTML, like Gecko; compatible; bingbot/2.0; +http://www.bing.com/bingbot.htm) Chrome/116.0.1938.76 Safari/537.36"
74.7.227.61 - - [21/Mar/2026:14:09:39 +0200] "GET /?p=53274 HTTP/1.1" 200 91825 "https://drspos.com/?p=53276" "Mozilla/5.0 AppleWebKit/537.36 (KHTML, like Gecko; compatible; GPTBot/1.3; +https://openai.com/gptbot)"
74.7.227.61 - - [21/Mar/2026:14:09:42 +0200] "GET /?p=39831 HTTP/1.1" 200 93270 "https://drspos.com/?p=39829" "Mozilla/5.0 AppleWebKit/537.36 (KHTML, like Gecko; compatible; GPTBot/1.3; +https://openai.com/gptbot)"
207.46.13.52 - - [21/Mar/2026:14:09:46 +0200] "GET /shop/goods/embryos151809996454.phtml HTTP/1.1" 200 199965 "-" "Mozilla/5.0 AppleWebKit/537.36 (KHTML, like Gecko; compatible; bingbot/2.0; +http://www.bing.com/bingbot.htm) Chrome/116.0.1938.76 Safari/537.36"
74.7.227.61 - - [21/Mar/2026:14:09:45 +0200] "GET /?p=40237 HTTP/1.1" 200 93393 "https://drspos.com/?p=40239" "Mozilla/5.0 AppleWebKit/537.36 (KHTML, like Gecko; compatible; GPTBot/1.3; +https://openai.com/gptbot)"
216.73.216.163 - - [21/Mar/2026:14:09:46 +0200] "GET /shop/goods/yarndyed17346219514.phtml HTTP/1.1" 301 - "-" "Mozilla/5.0 AppleWebKit/537.36 (KHTML, like Gecko; compatible; ClaudeBot/1.0; +claudebot@anthropic.com)"
216.73.216.163 - - [21/Mar/2026:14:09:48 +0200] "GET /shop/goods/yarndyed17346219514.phtml/ HTTP/1.1" 200 150752 "https://www.drspos.com/shop/goods/yarndyed17346219514.phtml" "Mozilla/5.0 AppleWebKit/537.36 (KHTML, like Gecko; compatible; ClaudeBot/1.0; +claudebot@anthropic.com)"
74.7.227.61 - - [21/Mar/2026:14:09:49 +0200] "GET /?p=47896 HTTP/1.1" 200 91227 "https://drspos.com/?p=47894" "Mozilla/5.0 AppleWebKit/537.36 (KHTML, like Gecko; compatible; GPTBot/1.3; +https://openai.com/gptbot)"
74.7.227.61 - - [21/Mar/2026:14:09:52 +0200] "GET /?p=35627 HTTP/1.1" 200 91708 "https://drspos.com/?p=35629" "Mozilla/5.0 AppleWebKit/537.36 (KHTML, like Gecko; compatible; GPTBot/1.3; +https://openai.com/gptbot)"
45.250.252.152 - - [21/Mar/2026:14:09:50 +0200] "POST /xmlrpc.php HTTP/1.1" 200 180 "-" "Mozilla/5.0 (Windows NT 10.0; Win64; x64) AppleWebKit/537.36 (KHTML, like Gecko) Chrome/114.0.0.0 Safari/537.36"
216.73.216.163 - - [21/Mar/2026:14:09:54 +0200] "GET /shop/goods/enhydrous122087892830.phtml HTTP/1.1" 301 - "-" "Mozilla/5.0 AppleWebKit/537.36 (KHTML, like Gecko; compatible; ClaudeBot/1.0; +claudebot@anthropic.com)"
74.7.227.61 - - [21/Mar/2026:14:09:55 +0200] "GET /?p=35329 HTTP/1.1" 200 97429 "https://drspos.com/?p=35327" "Mozilla/5.0 AppleWebKit/537.36 (KHTML, like Gecko; compatible; GPTBot/1.3; +https://openai.com/gptbot)"
172.30.5.1 - - [21/Mar/2026:14:09:54 +0200] "POST /wp-cron.php?doing_wp_cron=1774094993.9689569473266601562500 HTTP/1.1" 200 - "-" "WordPress/6.9.4; https://drspos.com"
216.73.216.163 - - [21/Mar/2026:14:09:57 +0200] "GET /shop/goods/enhydrous122087892830.phtml/ HTTP/1.1" 200 150752 "https://drspos.com/shop/goods/enhydrous122087892830.phtml" "Mozilla/5.0 AppleWebKit/537.36 (KHTML, like Gecko; compatible; ClaudeBot/1.0; +claudebot@anthropic.com)"
74.7.227.61 - - [21/Mar/2026:14:09:58 +0200] "GET /?p=31283 HTTP/1.1" 200 94118 "https://drspos.com/?p=31291" "Mozilla/5.0 AppleWebKit/537.36 (KHTML, like Gecko; compatible; GPTBot/1.3; +https://openai.com/gptbot)"
45.250.252.152 - - [21/Mar/2026:14:10:01 +0200] "POST /xmlrpc.php HTTP/1.1" 200 14000 "-" "Mozilla/5.0 (Windows NT 10.0; Win64; x64) AppleWebKit/537.36 (KHTML, like Gecko) Chrome/114.0.0.0 Safari/537.36"
74.7.227.61 - - [21/Mar/2026:14:10:01 +0200] "GET /?p=47068 HTTP/1.1" 200 97769 "https://drspos.com/?p=47070" "Mozilla/5.0 AppleWebKit/537.36 (KHTML, like Gecko; compatible; GPTBot/1.3; +https://openai.com/gptbot)"
74.7.227.61 - - [21/Mar/2026:14:10:05 +0200] "GET /?p=43840 HTTP/1.1" 200 92171 "https://drspos.com/?p=43838" "Mozilla/5.0 AppleWebKit/537.36 (KHTML, like Gecko; compatible; GPTBot/1.3; +https://openai.com/gptbot)"
74.7.227.61 - - [21/Mar/2026:14:10:08 +0200] "GET /wp-content/uploads/essential-addons-elementor/eael-47.css?ver=1773882536 HTTP/1.1" 200 16146 "https://drspos.com/?p=43578" "Mozilla/5.0 AppleWebKit/537.36 (KHTML, like Gecko; compatible; GPTBot/1.3; +https://openai.com/gptbot)"
45.250.252.152 - - [21/Mar/2026:14:10:06 +0200] "GET /?p=55698 HTTP/1.1" 200 96182 "-" "Mozilla/5.0 (Windows NT 10.0; rv:125.0) Gecko/20100101 Firefox/125.0"
74.7.227.61 - - [21/Mar/2026:14:10:11 +0200] "GET /wp-content/uploads/essential-addons-elementor/eael-47.css?ver=1773316190 HTTP/1.1" 200 16146 "https://drspos.com/?p=19906" "Mozilla/5.0 AppleWebKit/537.36 (KHTML, like Gecko; compatible; GPTBot/1.3; +https://openai.com/gptbot)"
103.176.23.119 - - [21/Mar/2026:14:10:05 +0200] "GET /?p=4098 HTTP/1.1" 200 101084 "https://drspos.com/" "Mozilla/5.0 (X11; Linux x86_64) AppleWebKit/537.36 (KHTML, like Gecko) Chrome/114.0.0.0 Safari/537.36 OPR/89.0.4447.51"
216.73.216.163 - - [21/Mar/2026:14:10:12 +0200] "GET /shop/goods/fusome133553028897.phtml HTTP/1.1" 301 - "-" "Mozilla/5.0 AppleWebKit/537.36 (KHTML, like Gecko; compatible; ClaudeBot/1.0; +claudebot@anthropic.com)"
74.7.227.61 - - [21/Mar/2026:14:10:15 +0200] "GET /?p=53272 HTTP/1.1" 200 93822 "https://drspos.com/?p=53274" "Mozilla/5.0 AppleWebKit/537.36 (KHTML, like Gecko; compatible; GPTBot/1.3; +https://openai.com/gptbot)"
207.46.13.9 - - [21/Mar/2026:14:10:16 +0200] "GET /shop/goods/geochemist15637361366.phtml HTTP/1.1" 200 210303 "-" "Mozilla/5.0 AppleWebKit/537.36 (KHTML, like Gecko; compatible; bingbot/2.0; +http://www.bing.com/bingbot.htm) Chrome/116.0.1938.76 Safari/537.36"
216.73.216.163 - - [21/Mar/2026:14:10:15 +0200] "GET /shop/goods/fusome133553028897.phtml/ HTTP/1.1" 200 150752 "https://www.drspos.com/shop/goods/fusome133553028897.phtml" "Mozilla/5.0 AppleWebKit/537.36 (KHTML, like Gecko; compatible; ClaudeBot/1.0; +claudebot@anthropic.com)"
103.176.23.119 - - [21/Mar/2026:14:10:19 +0200] "GET /wp-content/plugins/elementor/assets/css/frontend.min.css?ver=3.35.7 HTTP/1.1" 200 54666 "https://drspos.com/?p=4098" "Mozilla/5.0 (Windows NT 10.0; Win64; x64) AppleWebKit/537.36 (KHTML, like Gecko) Chrome/143.0.0.0 Safari/537.36"
216.73.216.163 - - [21/Mar/2026:14:10:16 +0200] "GET /shop/goods/falsicrimen13157751866.phtml HTTP/1.1" 301 - "-" "Mozilla/5.0 AppleWebKit/537.36 (KHTML, like Gecko; compatible; ClaudeBot/1.0; +claudebot@anthropic.com)"
103.176.23.119 - - [21/Mar/2026:14:10:21 +0200] "GET /wp-content/uploads/elementor/css/post-46.css?ver=1774018857 HTTP/1.1" 200 19635 "https://drspos.com/?p=4098" "Mozilla/5.0 (Windows NT 10.0; Win64; x64) AppleWebKit/537.36 (KHTML, like Gecko) Chrome/143.0.0.0 Safari/537.36"
74.7.227.61 - - [21/Mar/2026:14:10:18 +0200] "GET /?p=39833 HTTP/1.1" 200 94794 "https://drspos.com/?p=39831" "Mozilla/5.0 AppleWebKit/537.36 (KHTML, like Gecko; compatible; GPTBot/1.3; +https://openai.com/gptbot)"
52.167.144.211 - - [21/Mar/2026:14:10:21 +0200] "GET /shop/goods/carcinology153831120438.phtml HTTP/1.1" 200 216853 "-" "Mozilla/5.0 AppleWebKit/537.36 (KHTML, like Gecko; compatible; bingbot/2.0; +http://www.bing.com/bingbot.htm) Chrome/116.0.1938.76 Safari/537.36"
216.73.216.163 - - [21/Mar/2026:14:10:19 +0200] "GET /shop/goods/falsicrimen13157751866.phtml/ HTTP/1.1" 200 150752 "https://www.drspos.com/shop/goods/falsicrimen13157751866.phtml" "Mozilla/5.0 AppleWebKit/537.36 (KHTML, like Gecko; compatible; ClaudeBot/1.0; +claudebot@anthropic.com)"
103.176.23.119 - - [21/Mar/2026:14:10:24 +0200] "GET /wp-content/plugins/essential-addons-for-elementor-lite/assets/front-end/css/view/general.min.css?ver=6.1.15 HTTP/1.1" 200 7418 "https://drspos.com/?p=4098" "Mozilla/5.0 (Windows NT 10.0; Win64; x64) AppleWebKit/537.36 (KHTML, like Gecko) Chrome/143.0.0.0 Safari/537.36"
74.7.227.61 - - [21/Mar/2026:14:10:22 +0200] "GET /?p=40235 HTTP/1.1" 200 92978 "https://drspos.com/?p=40237" "Mozilla/5.0 AppleWebKit/537.36 (KHTML, like Gecko; compatible; GPTBot/1.3; +https://openai.com/gptbot)"
52.167.144.211 - - [21/Mar/2026:14:10:23 +0200] "GET /shop/goods/elevatory152602395469.phtml HTTP/1.1" 200 201293 "-" "Mozilla/5.0 AppleWebKit/537.36 (KHTML, like Gecko; compatible; bingbot/2.0; +http://www.bing.com/bingbot.htm) Chrome/116.0.1938.76 Safari/537.36"
20.15.133.184 - - [21/Mar/2026:14:10:24 +0200] "GET /shop/goods/periploca15215299449.phtml HTTP/1.1" 200 208085 "-" "Mozilla/5.0 AppleWebKit/537.36 (KHTML, like Gecko; compatible; bingbot/2.0; +http://www.bing.com/bingbot.htm) Chrome/116.0.1938.76 Safari/537.36"
74.7.227.61 - - [21/Mar/2026:14:10:25 +0200] "GET /?p=47898 HTTP/1.1" 200 91052 "https://drspos.com/?p=47896" "Mozilla/5.0 AppleWebKit/537.36 (KHTML, like Gecko; compatible; GPTBot/1.3; +https://openai.com/gptbot)"
52.167.144.211 - - [21/Mar/2026:14:10:27 +0200] "GET /shop/goods/sacerdotalism14106106653.phtml HTTP/1.1" 200 195933 "-" "Mozilla/5.0 AppleWebKit/537.36 (KHTML, like Gecko; compatible; bingbot/2.0; +http://www.bing.com/bingbot.htm) Chrome/116.0.1938.76 Safari/537.36"
52.167.144.211 - - [21/Mar/2026:14:10:30 +0200] "GET /shop/goods/postprandial153597626767.phtml HTTP/1.1" 200 194365 "-" "Mozilla/5.0 AppleWebKit/537.36 (KHTML, like Gecko; compatible; bingbot/2.0; +http://www.bing.com/bingbot.htm) Chrome/116.0.1938.76 Safari/537.36"
74.7.227.61 - - [21/Mar/2026:14:10:28 +0200] "GET /?p=35625 HTTP/1.1" 200 96759 "https://drspos.com/?p=35627" "Mozilla/5.0 AppleWebKit/537.36 (KHTML, like Gecko; compatible; GPTBot/1.3; +https://openai.com/gptbot)"
74.7.227.61 - - [21/Mar/2026:14:10:32 +0200] "GET /?p=55698 HTTP/1.1" 200 96182 "https://drspos.com/?p=35627" "Mozilla/5.0 AppleWebKit/537.36 (KHTML, like Gecko; compatible; GPTBot/1.3; +https://openai.com/gptbot)"
103.176.23.119 - - [21/Mar/2026:14:10:35 +0200] "GET /wp-content/uploads/essential-addons-elementor/eael-47.css?ver=1772585497 HTTP/1.1" 200 16146 "https://drspos.com/?p=4098" "Mozilla/5.0 (Windows NT 10.0; Win64; x64) AppleWebKit/537.36 (KHTML, like Gecko) Chrome/143.0.0.0 Safari/537.36"
74.7.227.61 - - [21/Mar/2026:14:10:35 +0200] "GET /?p=31281 HTTP/1.1" 200 90826 "https://drspos.com/?p=31283" "Mozilla/5.0 AppleWebKit/537.36 (KHTML, like Gecko; compatible; GPTBot/1.3; +https://openai.com/gptbot)"
216.73.216.163 - - [21/Mar/2026:14:10:36 +0200] "GET /shop/goods/tactics1318634035.phtml HTTP/1.1" 301 - "-" "Mozilla/5.0 AppleWebKit/537.36 (KHTML, like Gecko; compatible; ClaudeBot/1.0; +claudebot@anthropic.com)"
103.176.23.119 - - [21/Mar/2026:14:10:39 +0200] "GET /wp-content/uploads/elementor/css/post-47.css?ver=1774018858 HTTP/1.1" 200 41305 "https://drspos.com/?p=4098" "Mozilla/5.0 (Windows NT 10.0; Win64; x64) AppleWebKit/537.36 (KHTML, like Gecko) Chrome/143.0.0.0 Safari/537.36"
74.7.227.61 - - [21/Mar/2026:14:10:38 +0200] "GET /?p=47066 HTTP/1.1" 200 93479 "https://drspos.com/?p=47068" "Mozilla/5.0 AppleWebKit/537.36 (KHTML, like Gecko; compatible; GPTBot/1.3; +https://openai.com/gptbot)"
216.73.216.163 - - [21/Mar/2026:14:10:39 +0200] "GET /shop/goods/tactics1318634035.phtml/ HTTP/1.1" 200 150752 "https://www.drspos.com/shop/goods/tactics1318634035.phtml" "Mozilla/5.0 AppleWebKit/537.36 (KHTML, like Gecko; compatible; ClaudeBot/1.0; +claudebot@anthropic.com)"
52.167.144.211 - - [21/Mar/2026:14:10:41 +0200] "GET /shop/goods/fishtackle153635205827.phtml HTTP/1.1" 200 211931 "-" "Mozilla/5.0 AppleWebKit/537.36 (KHTML, like Gecko; compatible; bingbot/2.0; +http://www.bing.com/bingbot.htm) Chrome/116.0.1938.76 Safari/537.36"
216.73.216.163 - - [21/Mar/2026:14:10:40 +0200] "GET /shop/goods/ascensionis171139782138.phtml HTTP/1.1" 301 - "-" "Mozilla/5.0 AppleWebKit/537.36 (KHTML, like Gecko; compatible; ClaudeBot/1.0; +claudebot@anthropic.com)"
52.167.144.211 - - [21/Mar/2026:14:10:43 +0200] "GET /shop/goods/closeted102132831370.phtml HTTP/1.1" 200 197757 "-" "Mozilla/5.0 AppleWebKit/537.36 (KHTML, like Gecko; compatible; bingbot/2.0; +http://www.bing.com/bingbot.htm) Chrome/116.0.1938.76 Safari/537.36"
74.7.227.61 - - [21/Mar/2026:14:10:42 +0200] "GET /?p=43842 HTTP/1.1" 200 91535 "https://drspos.com/?p=43840" "Mozilla/5.0 AppleWebKit/537.36 (KHTML, like Gecko; compatible; GPTBot/1.3; +https://openai.com/gptbot)"
216.73.216.163 - - [21/Mar/2026:14:10:43 +0200] "GET /shop/goods/ascensionis171139782138.phtml/ HTTP/1.1" 200 150752 "https://www.drspos.com/shop/goods/ascensionis171139782138.phtml" "Mozilla/5.0 AppleWebKit/537.36 (KHTML, like Gecko; compatible; ClaudeBot/1.0; +claudebot@anthropic.com)"
103.176.23.119 - - [21/Mar/2026:14:10:47 +0200] "GET /wp-content/plugins/contact-form-7/includes/css/styles.css?ver=6.1.5 HTTP/1.1" 200 2947 "https://drspos.com/?p=4098" "Mozilla/5.0 (Windows NT 10.0; Win64; x64) AppleWebKit/537.36 (KHTML, like Gecko) Chrome/143.0.0.0 Safari/537.36"
207.46.13.9 - - [21/Mar/2026:14:10:46 +0200] "GET /shop/goods/beachcomber151458131582.phtml HTTP/1.1" 200 210954 "-" "Mozilla/5.0 AppleWebKit/537.36 (KHTML, like Gecko; compatible; bingbot/2.0; +http://www.bing.com/bingbot.htm) Chrome/116.0.1938.76 Safari/537.36"
74.7.227.61 - - [21/Mar/2026:14:10:45 +0200] "GET /?p=35331 HTTP/1.1" 200 92382 "https://drspos.com/?p=35329" "Mozilla/5.0 AppleWebKit/537.36 (KHTML, like Gecko; compatible; GPTBot/1.3; +https://openai.com/gptbot)"
74.7.227.61 - - [21/Mar/2026:14:10:48 +0200] "GET /wp-content/uploads/essential-addons-elementor/eael-47.css?ver=1773726160 HTTP/1.1" 200 16146 "https://drspos.com/?p=35829" "Mozilla/5.0 AppleWebKit/537.36 (KHTML, like Gecko; compatible; GPTBot/1.3; +https://openai.com/gptbot)"
103.176.23.119 - - [21/Mar/2026:14:10:51 +0200] "GET /wp-includes/css/dashicons.min.css?ver=6.9.4 HTTP/1.1" 200 59004 "https://drspos.com/?p=4098" "Mozilla/5.0 (Windows NT 10.0; Win64; x64) AppleWebKit/537.36 (KHTML, like Gecko) Chrome/143.0.0.0 Safari/537.36"
74.7.227.61 - - [21/Mar/2026:14:10:52 +0200] "GET /?p=53270 HTTP/1.1" 200 91319 "https://drspos.com/?p=53272" "Mozilla/5.0 AppleWebKit/537.36 (KHTML, like Gecko; compatible; GPTBot/1.3; +https://openai.com/gptbot)"
103.176.23.119 - - [21/Mar/2026:14:10:54 +0200] "GET /wp-content/themes/twentytwentyfive/style.css?ver=1.2 HTTP/1.1" 200 2503 "https://drspos.com/?p=4098" "Mozilla/5.0 (Windows NT 10.0; Win64; x64) AppleWebKit/537.36 (KHTML, like Gecko) Chrome/143.0.0.0 Safari/537.36"
216.73.216.163 - - [21/Mar/2026:14:10:52 +0200] "GET /shop/goods/martyrdom164169289518.phtml HTTP/1.1" 301 - "-" "Mozilla/5.0 AppleWebKit/537.36 (KHTML, like Gecko; compatible; ClaudeBot/1.0; +claudebot@anthropic.com)"
207.46.13.52 - - [21/Mar/2026:14:10:55 +0200] "GET /shop/goods/adverbialize152143380784.phtml HTTP/1.1" 200 199529 "-" "Mozilla/5.0 AppleWebKit/537.36 (KHTML, like Gecko; compatible; bingbot/2.0; +http://www.bing.com/bingbot.htm) Chrome/116.0.1938.76 Safari/537.36"
74.7.227.61 - - [21/Mar/2026:14:10:55 +0200] "GET /?p=39835 HTTP/1.1" 200 92719 "https://drspos.com/?p=39833" "Mozilla/5.0 AppleWebKit/537.36 (KHTML, like Gecko; compatible; GPTBot/1.3; +https://openai.com/gptbot)"
216.73.216.163 - - [21/Mar/2026:14:10:55 +0200] "GET /shop/goods/martyrdom164169289518.phtml/ HTTP/1.1" 200 150752 "https://www.drspos.com/shop/goods/martyrdom164169289518.phtml" "Mozilla/5.0 AppleWebKit/537.36 (KHTML, like Gecko; compatible; ClaudeBot/1.0; +claudebot@anthropic.com)"
74.7.227.61 - - [21/Mar/2026:14:10:58 +0200] "GET /?p=40233 HTTP/1.1" 200 93537 "https://drspos.com/?p=40235" "Mozilla/5.0 AppleWebKit/537.36 (KHTML, like Gecko; compatible; GPTBot/1.3; +https://openai.com/gptbot)"
74.7.227.61 - - [21/Mar/2026:14:11:01 +0200] "GET /?p=47900 HTTP/1.1" 200 92580 "https://drspos.com/?p=47898" "Mozilla/5.0 AppleWebKit/537.36 (KHTML, like Gecko; compatible; GPTBot/1.3; +https://openai.com/gptbot)"
40.77.167.156 - - [21/Mar/2026:14:11:03 +0200] "GET /shop/goods/underhew152146820154.phtml HTTP/1.1" 200 206650 "-" "Mozilla/5.0 AppleWebKit/537.36 (KHTML, like Gecko; compatible; bingbot/2.0; +http://www.bing.com/bingbot.htm) Chrome/116.0.1938.76 Safari/537.36"
74.7.227.61 - - [21/Mar/2026:14:11:04 +0200] "GET /?p=35623 HTTP/1.1" 200 91036 "https://drspos.com/?p=35625" "Mozilla/5.0 AppleWebKit/537.36 (KHTML, like Gecko; compatible; GPTBot/1.3; +https://openai.com/gptbot)"
74.7.227.61 - - [21/Mar/2026:14:11:08 +0200] "GET /wp-content/uploads/essential-addons-elementor/eael-47.css?ver=1773638820 HTTP/1.1" 200 16146 "https://drspos.com/?p=32389" "Mozilla/5.0 AppleWebKit/537.36 (KHTML, like Gecko; compatible; GPTBot/1.3; +https://openai.com/gptbot)"
74.7.227.61 - - [21/Mar/2026:14:11:11 +0200] "GET /?p=31279 HTTP/1.1" 200 95509 "https://drspos.com/?p=31281" "Mozilla/5.0 AppleWebKit/537.36 (KHTML, like Gecko; compatible; GPTBot/1.3; +https://openai.com/gptbot)"
216.73.216.163 - - [21/Mar/2026:14:11:13 +0200] "GET /shop/goods/enduing171639627872.phtml HTTP/1.1" 301 - "-" "Mozilla/5.0 AppleWebKit/537.36 (KHTML, like Gecko; compatible; ClaudeBot/1.0; +claudebot@anthropic.com)"
74.7.227.61 - - [21/Mar/2026:14:11:14 +0200] "GET /?p=47064 HTTP/1.1" 200 92423 "https://drspos.com/?p=47066" "Mozilla/5.0 AppleWebKit/537.36 (KHTML, like Gecko; compatible; GPTBot/1.3; +https://openai.com/gptbot)"
216.73.216.163 - - [21/Mar/2026:14:11:15 +0200] "GET /shop/goods/enduing171639627872.phtml/ HTTP/1.1" 200 150752 "https://www.drspos.com/shop/goods/enduing171639627872.phtml" "Mozilla/5.0 AppleWebKit/537.36 (KHTML, like Gecko; compatible; ClaudeBot/1.0; +claudebot@anthropic.com)"
74.7.227.61 - - [21/Mar/2026:14:11:17 +0200] "GET /?p=43844 HTTP/1.1" 200 96057 "https://drspos.com/?p=43842" "Mozilla/5.0 AppleWebKit/537.36 (KHTML, like Gecko; compatible; GPTBot/1.3; +https://openai.com/gptbot)"
74.7.227.61 - - [21/Mar/2026:14:11:20 +0200] "GET /?p=35333 HTTP/1.1" 200 91973 "https://drspos.com/?p=35331" "Mozilla/5.0 AppleWebKit/537.36 (KHTML, like Gecko; compatible; GPTBot/1.3; +https://openai.com/gptbot)"
74.7.227.61 - - [21/Mar/2026:14:11:24 +0200] "GET /wp-content/uploads/essential-addons-elementor/eael-47.css?ver=1773810313 HTTP/1.1" 200 16146 "https://drspos.com/?p=39789" "Mozilla/5.0 AppleWebKit/537.36 (KHTML, like Gecko; compatible; GPTBot/1.3; +https://openai.com/gptbot)"
40.77.167.156 - - [21/Mar/2026:14:11:23 +0200] "GET /shop/goods/gauging151439777988.phtml HTTP/1.1" 200 197853 "-" "Mozilla/5.0 AppleWebKit/537.36 (KHTML, like Gecko; compatible; bingbot/2.0; +http://www.bing.com/bingbot.htm) Chrome/116.0.1938.76 Safari/537.36"
103.176.23.119 - - [21/Mar/2026:14:10:58 +0200] "GET /wp-content/plugins/elementskit-lite/widgets/init/assets/css/widget-styles.css?ver=3.5.2 HTTP/1.1" 200 461827 "https://drspos.com/?p=4098" "Mozilla/5.0 (Windows NT 10.0; Win64; x64) AppleWebKit/537.36 (KHTML, like Gecko) Chrome/143.0.0.0 Safari/537.36"
216.73.216.163 - - [21/Mar/2026:14:11:26 +0200] "GET /shop/goods/saccharatus122751927136.phtml HTTP/1.1" 301 - "-" "Mozilla/5.0 AppleWebKit/537.36 (KHTML, like Gecko; compatible; ClaudeBot/1.0; +claudebot@anthropic.com)"
103.176.23.119 - - [21/Mar/2026:14:11:29 +0200] "GET /wp-content/plugins/elementskit-lite/widgets/init/assets/css/responsive.css?ver=3.5.2 HTTP/1.1" 200 30347 "https://drspos.com/?p=4098" "Mozilla/5.0 (Windows NT 10.0; Win64; x64) AppleWebKit/537.36 (KHTML, like Gecko) Chrome/143.0.0.0 Safari/537.36"
74.7.227.61 - - [21/Mar/2026:14:11:27 +0200] "GET /?p=53268 HTTP/1.1" 200 98759 "https://drspos.com/?p=53270" "Mozilla/5.0 AppleWebKit/537.36 (KHTML, like Gecko; compatible; GPTBot/1.3; +https://openai.com/gptbot)"
103.176.23.119 - - [21/Mar/2026:14:11:32 +0200] "GET /wp-content/plugins/ele-custom-skin/assets/css/ecs-style.css?ver=3.1.9 HTTP/1.1" 200 9125 "https://drspos.com/?p=4098" "Mozilla/5.0 (Windows NT 10.0; Win64; x64) AppleWebKit/537.36 (KHTML, like Gecko) Chrome/143.0.0.0 Safari/537.36"
216.73.216.163 - - [21/Mar/2026:14:11:29 +0200] "GET /shop/goods/saccharatus122751927136.phtml/ HTTP/1.1" 200 150752 "https://www.drspos.com/shop/goods/saccharatus122751927136.phtml" "Mozilla/5.0 AppleWebKit/537.36 (KHTML, like Gecko; compatible; ClaudeBot/1.0; +claudebot@anthropic.com)"
74.7.227.61 - - [21/Mar/2026:14:11:30 +0200] "GET /?p=39837 HTTP/1.1" 200 93368 "https://drspos.com/?p=39835" "Mozilla/5.0 AppleWebKit/537.36 (KHTML, like Gecko; compatible; GPTBot/1.3; +https://openai.com/gptbot)"
103.176.23.119 - - [21/Mar/2026:14:11:35 +0200] "GET /wp-content/uploads/elementor/google-fonts/css/poppins.css?ver=1747086541 HTTP/1.1" 200 22361 "https://drspos.com/?p=4098" "Mozilla/5.0 (Windows NT 10.0; Win64; x64) AppleWebKit/537.36 (KHTML, like Gecko) Chrome/143.0.0.0 Safari/537.36"
74.7.227.61 - - [21/Mar/2026:14:11:33 +0200] "GET /?p=40231 HTTP/1.1" 200 93342 "https://drspos.com/?p=40233" "Mozilla/5.0 AppleWebKit/537.36 (KHTML, like Gecko; compatible; GPTBot/1.3; +https://openai.com/gptbot)"
74.7.227.61 - - [21/Mar/2026:14:11:36 +0200] "GET /?p=47902 HTTP/1.1" 200 92995 "https://drspos.com/?p=47900" "Mozilla/5.0 AppleWebKit/537.36 (KHTML, like Gecko; compatible; GPTBot/1.3; +https://openai.com/gptbot)"
103.176.23.119 - - [21/Mar/2026:14:11:40 +0200] "GET /wp-content/uploads/elementor/google-fonts/css/roboto.css?ver=1747086522 HTTP/1.1" 200 102870 "https://drspos.com/?p=4098" "Mozilla/5.0 (Windows NT 10.0; Win64; x64) AppleWebKit/537.36 (KHTML, like Gecko) Chrome/143.0.0.0 Safari/537.36"
74.7.227.61 - - [21/Mar/2026:14:11:39 +0200] "GET /?p=35621 HTTP/1.1" 200 91987 "https://drspos.com/?p=35623" "Mozilla/5.0 AppleWebKit/537.36 (KHTML, like Gecko; compatible; GPTBot/1.3; +https://openai.com/gptbot)"
74.7.227.61 - - [21/Mar/2026:14:11:42 +0200] "GET /wp-content/uploads/essential-addons-elementor/eael-47.css?ver=1773655704 HTTP/1.1" 200 16146 "https://drspos.com/?p=32777" "Mozilla/5.0 AppleWebKit/537.36 (KHTML, like Gecko; compatible; GPTBot/1.3; +https://openai.com/gptbot)"
74.7.227.61 - - [21/Mar/2026:14:11:46 +0200] "GET /?p=31277 HTTP/1.1" 200 96690 "https://drspos.com/?p=31279" "Mozilla/5.0 AppleWebKit/537.36 (KHTML, like Gecko; compatible; GPTBot/1.3; +https://openai.com/gptbot)"
103.176.23.119 - - [21/Mar/2026:14:11:50 +0200] "GET /wp-content/uploads/elementor/google-fonts/css/playfairdisplay.css?ver=1747086558 HTTP/1.1" 200 20358 "https://drspos.com/?p=4098" "Mozilla/5.0 (Windows NT 10.0; Win64; x64) AppleWebKit/537.36 (KHTML, like Gecko) Chrome/143.0.0.0 Safari/537.36"
74.7.227.61 - - [21/Mar/2026:14:11:49 +0200] "GET /?p=47062 HTTP/1.1" 200 91449 "https://drspos.com/?p=47064" "Mozilla/5.0 AppleWebKit/537.36 (KHTML, like Gecko; compatible; GPTBot/1.3; +https://openai.com/gptbot)"
216.73.216.163 - - [21/Mar/2026:14:11:50 +0200] "GET /shop/goods/volapukist123983067554.phtml HTTP/1.1" 301 - "-" "Mozilla/5.0 AppleWebKit/537.36 (KHTML, like Gecko; compatible; ClaudeBot/1.0; +claudebot@anthropic.com)"
103.176.23.119 - - [21/Mar/2026:14:11:54 +0200] "GET /wp-content/plugins/elementor/assets/lib/font-awesome/css/fontawesome.min.css?ver=5.15.3 HTTP/1.1" 200 58071 "https://drspos.com/?p=4098" "Mozilla/5.0 (Windows NT 10.0; Win64; x64) AppleWebKit/537.36 (KHTML, like Gecko) Chrome/143.0.0.0 Safari/537.36"
74.7.227.61 - - [21/Mar/2026:14:11:52 +0200] "GET /?p=43846 HTTP/1.1" 200 91116 "https://drspos.com/?p=43844" "Mozilla/5.0 AppleWebKit/537.36 (KHTML, like Gecko; compatible; GPTBot/1.3; +https://openai.com/gptbot)"
216.73.216.163 - - [21/Mar/2026:14:11:53 +0200] "GET /shop/goods/volapukist123983067554.phtml/ HTTP/1.1" 200 150752 "https://www.drspos.com/shop/goods/volapukist123983067554.phtml" "Mozilla/5.0 AppleWebKit/537.36 (KHTML, like Gecko; compatible; ClaudeBot/1.0; +claudebot@anthropic.com)"
103.176.23.119 - - [21/Mar/2026:14:11:57 +0200] "GET /wp-content/plugins/elementor/assets/lib/font-awesome/css/solid.min.css?ver=5.15.3 HTTP/1.1" 200 669 "https://drspos.com/?p=4098" "Mozilla/5.0 (Windows NT 10.0; Win64; x64) AppleWebKit/537.36 (KHTML, like Gecko) Chrome/143.0.0.0 Safari/537.36"
74.7.227.61 - - [21/Mar/2026:14:11:55 +0200] "GET /?p=35335 HTTP/1.1" 200 92306 "https://drspos.com/?p=35333" "Mozilla/5.0 AppleWebKit/537.36 (KHTML, like Gecko; compatible; GPTBot/1.3; +https://openai.com/gptbot)"
74.7.227.61 - - [21/Mar/2026:14:11:58 +0200] "GET /wp-content/uploads/essential-addons-elementor/eael-47.css?ver=1772127873 HTTP/1.1" 200 16146 "https://drspos.com/?p=3476" "Mozilla/5.0 AppleWebKit/537.36 (KHTML, like Gecko; compatible; GPTBot/1.3; +https://openai.com/gptbot)"
103.176.23.119 - - [21/Mar/2026:14:12:01 +0200] "GET /wp-content/plugins/elementor/assets/lib/font-awesome/css/brands.min.css?ver=5.15.3 HTTP/1.1" 200 675 "https://drspos.com/?p=4098" "Mozilla/5.0 (Windows NT 10.0; Win64; x64) AppleWebKit/537.36 (KHTML, like Gecko) Chrome/143.0.0.0 Safari/537.36"
74.7.227.61 - - [21/Mar/2026:14:12:02 +0200] "GET /?p=53266 HTTP/1.1" 200 93193 "https://drspos.com/?p=53268" "Mozilla/5.0 AppleWebKit/537.36 (KHTML, like Gecko; compatible; GPTBot/1.3; +https://openai.com/gptbot)"
103.176.23.119 - - [21/Mar/2026:14:12:03 +0200] "GET /wp-content/plugins/elementskit-lite/modules/elementskit-icon-pack/assets/css/ekiticons.css?ver=3.5.2 HTTP/1.1" 200 124992 "https://drspos.com/?p=4098" "Mozilla/5.0 (Windows NT 10.0; Win64; x64) AppleWebKit/537.36 (KHTML, like Gecko) Chrome/143.0.0.0 Safari/537.36"
74.7.227.61 - - [21/Mar/2026:14:12:05 +0200] "GET /?p=39839 HTTP/1.1" 200 96181 "https://drspos.com/?p=39837" "Mozilla/5.0 AppleWebKit/537.36 (KHTML, like Gecko; compatible; GPTBot/1.3; +https://openai.com/gptbot)"
216.73.216.163 - - [21/Mar/2026:14:12:05 +0200] "GET /shop/goods/childbed12407596520.phtml HTTP/1.1" 301 - "-" "Mozilla/5.0 AppleWebKit/537.36 (KHTML, like Gecko; compatible; ClaudeBot/1.0; +claudebot@anthropic.com)"
74.7.227.61 - - [21/Mar/2026:14:12:08 +0200] "GET /?p=40229 HTTP/1.1" 200 94011 "https://drspos.com/?p=40231" "Mozilla/5.0 AppleWebKit/537.36 (KHTML, like Gecko; compatible; GPTBot/1.3; +https://openai.com/gptbot)"
216.73.216.163 - - [21/Mar/2026:14:12:09 +0200] "GET /shop/goods/childbed12407596520.phtml/ HTTP/1.1" 200 150752 "https://drspos.com/shop/goods/childbed12407596520.phtml" "Mozilla/5.0 AppleWebKit/537.36 (KHTML, like Gecko; compatible; ClaudeBot/1.0; +claudebot@anthropic.com)"
74.7.227.61 - - [21/Mar/2026:14:12:11 +0200] "GET /?p=47904 HTTP/1.1" 200 91791 "https://drspos.com/?p=47902" "Mozilla/5.0 AppleWebKit/537.36 (KHTML, like Gecko; compatible; GPTBot/1.3; +https://openai.com/gptbot)"
74.7.227.61 - - [21/Mar/2026:14:12:15 +0200] "GET /?p=35619 HTTP/1.1" 200 93825 "https://drspos.com/?p=35621" "Mozilla/5.0 AppleWebKit/537.36 (KHTML, like Gecko; compatible; GPTBot/1.3; +https://openai.com/gptbot)"
74.7.227.61 - - [21/Mar/2026:14:12:18 +0200] "GET /wp-content/uploads/essential-addons-elementor/eael-47.css?ver=1773699296 HTTP/1.1" 200 16146 "https://drspos.com/?p=34215" "Mozilla/5.0 AppleWebKit/537.36 (KHTML, like Gecko; compatible; GPTBot/1.3; +https://openai.com/gptbot)"
103.176.23.119 - - [21/Mar/2026:14:12:16 +0200] "POST /wp-comments-post.php HTTP/1.1" 302 - "https://drspos.com/?p=4098" "Mozilla/5.0 (X11; Linux x86_64) AppleWebKit/537.36 (KHTML, like Gecko) Chrome/114.0.0.0 Safari/537.36 OPR/89.0.4447.51"
74.7.227.61 - - [21/Mar/2026:14:12:21 +0200] "GET /?p=31275 HTTP/1.1" 200 95339 "https://drspos.com/?p=31277" "Mozilla/5.0 AppleWebKit/537.36 (KHTML, like Gecko; compatible; GPTBot/1.3; +https://openai.com/gptbot)"
74.7.227.61 - - [21/Mar/2026:14:12:25 +0200] "GET /?p=47060 HTTP/1.1" 200 94150 "https://drspos.com/?p=47062" "Mozilla/5.0 AppleWebKit/537.36 (KHTML, like Gecko; compatible; GPTBot/1.3; +https://openai.com/gptbot)"
103.176.23.119 - - [21/Mar/2026:14:12:26 +0200] "GET /?p=4098&unapproved=1296&moderation-hash=8a926f09c0a0129fe72d068e89344853 HTTP/1.1" 200 101084 "https://drspos.com/wp-comments-post.php" "Mozilla/5.0 (X11; Linux x86_64) AppleWebKit/537.36 (KHTML, like Gecko) Chrome/114.0.0.0 Safari/537.36 OPR/89.0.4447.51"
74.7.227.61 - - [21/Mar/2026:14:12:28 +0200] "GET /?p=43848 HTTP/1.1" 200 93215 "https://drspos.com/?p=43846" "Mozilla/5.0 AppleWebKit/537.36 (KHTML, like Gecko; compatible; GPTBot/1.3; +https://openai.com/gptbot)"
216.73.216.163 - - [21/Mar/2026:14:12:29 +0200] "GET /shop/goods/idoneous143570803719.phtml HTTP/1.1" 301 - "-" "Mozilla/5.0 AppleWebKit/537.36 (KHTML, like Gecko; compatible; ClaudeBot/1.0; +claudebot@anthropic.com)"
74.7.227.61 - - [21/Mar/2026:14:12:31 +0200] "GET /?p=35337 HTTP/1.1" 200 97798 "https://drspos.com/?p=35335" "Mozilla/5.0 AppleWebKit/537.36 (KHTML, like Gecko; compatible; GPTBot/1.3; +https://openai.com/gptbot)"
74.7.227.61 - - [21/Mar/2026:14:12:34 +0200] "GET /wp-content/uploads/essential-addons-elementor/eael-47.css?ver=1774042723 HTTP/1.1" 200 16146 "https://drspos.com/?p=53354" "Mozilla/5.0 AppleWebKit/537.36 (KHTML, like Gecko; compatible; GPTBot/1.3; +https://openai.com/gptbot)"
216.73.216.163 - - [21/Mar/2026:14:12:32 +0200] "GET /shop/goods/idoneous143570803719.phtml/ HTTP/1.1" 200 150752 "https://drspos.com/shop/goods/idoneous143570803719.phtml" "Mozilla/5.0 AppleWebKit/537.36 (KHTML, like Gecko; compatible; ClaudeBot/1.0; +claudebot@anthropic.com)"
74.7.227.61 - - [21/Mar/2026:14:12:37 +0200] "GET /?p=53264 HTTP/1.1" 200 91566 "https://drspos.com/?p=53266" "Mozilla/5.0 AppleWebKit/537.36 (KHTML, like Gecko; compatible; GPTBot/1.3; +https://openai.com/gptbot)"
216.73.216.163 - - [21/Mar/2026:14:12:38 +0200] "GET /shop/goods/sorted142213948880.phtml HTTP/1.1" 301 - "-" "Mozilla/5.0 AppleWebKit/537.36 (KHTML, like Gecko; compatible; ClaudeBot/1.0; +claudebot@anthropic.com)"
216.73.216.163 - - [21/Mar/2026:14:12:41 +0200] "GET /shop/goods/sorted142213948880.phtml/ HTTP/1.1" 200 150752 "https://www.drspos.com/shop/goods/sorted142213948880.phtml" "Mozilla/5.0 AppleWebKit/537.36 (KHTML, like Gecko; compatible; ClaudeBot/1.0; +claudebot@anthropic.com)"
74.7.227.61 - - [21/Mar/2026:14:12:40 +0200] "GET /?p=39841 HTTP/1.1" 200 96525 "https://drspos.com/?p=39839" "Mozilla/5.0 AppleWebKit/537.36 (KHTML, like Gecko; compatible; GPTBot/1.3; +https://openai.com/gptbot)"
74.7.227.61 - - [21/Mar/2026:14:12:44 +0200] "GET /?p=40227 HTTP/1.1" 200 92266 "https://drspos.com/?p=40229" "Mozilla/5.0 AppleWebKit/537.36 (KHTML, like Gecko; compatible; GPTBot/1.3; +https://openai.com/gptbot)"
74.7.227.61 - - [21/Mar/2026:14:12:47 +0200] "GET /?p=47906 HTTP/1.1" 200 90933 "https://drspos.com/?p=47904" "Mozilla/5.0 AppleWebKit/537.36 (KHTML, like Gecko; compatible; GPTBot/1.3; +https://openai.com/gptbot)"
74.7.227.61 - - [21/Mar/2026:14:12:50 +0200] "GET /?p=35617 HTTP/1.1" 200 91283 "https://drspos.com/?p=35619" "Mozilla/5.0 AppleWebKit/537.36 (KHTML, like Gecko; compatible; GPTBot/1.3; +https://openai.com/gptbot)"
74.7.227.61 - - [21/Mar/2026:14:12:54 +0200] "GET /wp-content/uploads/essential-addons-elementor/eael-47.css?ver=1773734962 HTTP/1.1" 200 16146 "https://drspos.com/?p=36415" "Mozilla/5.0 AppleWebKit/537.36 (KHTML, like Gecko; compatible; GPTBot/1.3; +https://openai.com/gptbot)"
