74.7.227.61 - - [21/Mar/2026:16:04:29 +0200] "GET /shop/goods/essentially171814828070.phtml/ HTTP/1.1" 200 150752 "https://drspos.com/shop/goods/essentially171814828070.phtml" "Mozilla/5.0 AppleWebKit/537.36 (KHTML, like Gecko; compatible; GPTBot/1.3; +https://openai.com/gptbot)"
74.7.227.61 - - [21/Mar/2026:16:04:32 +0200] "GET /?p=48152 HTTP/1.1" 200 90951 "https://drspos.com/?p=48150" "Mozilla/5.0 AppleWebKit/537.36 (KHTML, like Gecko; compatible; GPTBot/1.3; +https://openai.com/gptbot)"
74.7.227.61 - - [21/Mar/2026:16:04:36 +0200] "GET /?p=46782 HTTP/1.1" 200 92046 "https://drspos.com/?p=46784" "Mozilla/5.0 AppleWebKit/537.36 (KHTML, like Gecko; compatible; GPTBot/1.3; +https://openai.com/gptbot)"
74.7.227.61 - - [21/Mar/2026:16:04:39 +0200] "GET /shop/goods/approximate172677360205.phtml HTTP/1.1" 301 - "https://drspos.com/%3C![CDATA[https:/eminencegroup.net.au/post-sitemap9.xml]]%3E" "Mozilla/5.0 AppleWebKit/537.36 (KHTML, like Gecko; compatible; GPTBot/1.3; +https://openai.com/gptbot)"
216.73.216.163 - - [21/Mar/2026:16:04:41 +0200] "GET /shop/goods/blighia12768176441.phtml HTTP/1.1" 301 - "-" "Mozilla/5.0 AppleWebKit/537.36 (KHTML, like Gecko; compatible; ClaudeBot/1.0; +claudebot@anthropic.com)"
74.7.227.61 - - [21/Mar/2026:16:04:41 +0200] "GET /shop/goods/approximate172677360205.phtml/ HTTP/1.1" 200 150752 "https://drspos.com/shop/goods/approximate172677360205.phtml" "Mozilla/5.0 AppleWebKit/537.36 (KHTML, like Gecko; compatible; GPTBot/1.3; +https://openai.com/gptbot)"
216.73.216.163 - - [21/Mar/2026:16:04:43 +0200] "GET /shop/goods/blighia12768176441.phtml/ HTTP/1.1" 200 150752 "https://drspos.com/shop/goods/blighia12768176441.phtml" "Mozilla/5.0 AppleWebKit/537.36 (KHTML, like Gecko; compatible; ClaudeBot/1.0; +claudebot@anthropic.com)"
74.7.227.61 - - [21/Mar/2026:16:04:44 +0200] "GET /shop/goods/sarcomatous172829778191.phtml HTTP/1.1" 301 - "https://drspos.com/%3C![CDATA[https:/eminencegroup.net.au/post-sitemap9.xml]]%3E" "Mozilla/5.0 AppleWebKit/537.36 (KHTML, like Gecko; compatible; GPTBot/1.3; +https://openai.com/gptbot)"
98.98.9.59 - - [21/Mar/2026:16:04:42 +0200] "POST /xmlrpc.php HTTP/1.1" 200 180 "-" "Mozilla/5.0 (Windows NT 10.0; Win64; x64) AppleWebKit/537.36 (KHTML, like Gecko) Chrome/114.0.0.0 Safari/537.36"
74.7.227.61 - - [21/Mar/2026:16:04:46 +0200] "GET /shop/goods/sarcomatous172829778191.phtml/ HTTP/1.1" 200 150752 "https://drspos.com/shop/goods/sarcomatous172829778191.phtml" "Mozilla/5.0 AppleWebKit/537.36 (KHTML, like Gecko; compatible; GPTBot/1.3; +https://openai.com/gptbot)"
216.73.216.163 - - [21/Mar/2026:16:04:47 +0200] "GET /shop/goods/comportation123868367255.phtml HTTP/1.1" 301 - "-" "Mozilla/5.0 AppleWebKit/537.36 (KHTML, like Gecko; compatible; ClaudeBot/1.0; +claudebot@anthropic.com)"
74.7.227.61 - - [21/Mar/2026:16:04:49 +0200] "GET /shop/goods/aposiopesis171565835527.phtml HTTP/1.1" 301 - "https://drspos.com/%3C![CDATA[https:/eminencegroup.net.au/post-sitemap9.xml]]%3E" "Mozilla/5.0 AppleWebKit/537.36 (KHTML, like Gecko; compatible; GPTBot/1.3; +https://openai.com/gptbot)"
216.73.216.163 - - [21/Mar/2026:16:04:50 +0200] "GET /shop/goods/comportation123868367255.phtml/ HTTP/1.1" 200 150752 "https://www.drspos.com/shop/goods/comportation123868367255.phtml" "Mozilla/5.0 AppleWebKit/537.36 (KHTML, like Gecko; compatible; ClaudeBot/1.0; +claudebot@anthropic.com)"
74.7.227.61 - - [21/Mar/2026:16:04:52 +0200] "GET /shop/goods/aposiopesis171565835527.phtml/ HTTP/1.1" 200 150752 "https://drspos.com/shop/goods/aposiopesis171565835527.phtml" "Mozilla/5.0 AppleWebKit/537.36 (KHTML, like Gecko; compatible; GPTBot/1.3; +https://openai.com/gptbot)"
98.98.9.59 - - [21/Mar/2026:16:04:53 +0200] "POST /xmlrpc.php HTTP/1.1" 200 13654 "-" "Mozilla/5.0 (Windows NT 10.0; Win64; x64) AppleWebKit/537.36 (KHTML, like Gecko) Chrome/114.0.0.0 Safari/537.36"
172.30.5.1 - - [21/Mar/2026:16:04:45 +0200] "POST /wp-cron.php?doing_wp_cron=1774101885.7465980052947998046875 HTTP/1.1" 200 - "-" "WordPress/6.9.4; https://drspos.com"
74.7.227.61 - - [21/Mar/2026:16:04:55 +0200] "GET /shop/goods/masticophis171691950309.phtml HTTP/1.1" 301 - "https://drspos.com/%3C![CDATA[https:/eminencegroup.net.au/post-sitemap9.xml]]%3E" "Mozilla/5.0 AppleWebKit/537.36 (KHTML, like Gecko; compatible; GPTBot/1.3; +https://openai.com/gptbot)"
74.7.227.61 - - [21/Mar/2026:16:04:57 +0200] "GET /shop/goods/masticophis171691950309.phtml/ HTTP/1.1" 200 150752 "https://drspos.com/shop/goods/masticophis171691950309.phtml" "Mozilla/5.0 AppleWebKit/537.36 (KHTML, like Gecko; compatible; GPTBot/1.3; +https://openai.com/gptbot)"
98.98.9.59 - - [21/Mar/2026:16:04:57 +0200] "GET /?p=55736 HTTP/1.1" 200 96171 "-" "Mozilla/5.0 (Windows NT 10.0; Win64; x64; rv:124.0) Gecko/20100101 Firefox/124.0"
74.7.227.61 - - [21/Mar/2026:16:05:00 +0200] "GET /?p=30994 HTTP/1.1" 200 93767 "https://drspos.com/?p=30996" "Mozilla/5.0 AppleWebKit/537.36 (KHTML, like Gecko; compatible; GPTBot/1.3; +https://openai.com/gptbot)"
74.7.227.61 - - [21/Mar/2026:16:05:03 +0200] "GET /shop/goods/urethrotomy173891939794.phtml HTTP/1.1" 301 - "https://drspos.com/%3C![CDATA[https:/eminencegroup.net.au/post-sitemap9.xml]]%3E" "Mozilla/5.0 AppleWebKit/537.36 (KHTML, like Gecko; compatible; GPTBot/1.3; +https://openai.com/gptbot)"
74.7.227.61 - - [21/Mar/2026:16:05:05 +0200] "GET /shop/goods/urethrotomy173891939794.phtml/ HTTP/1.1" 200 150752 "https://drspos.com/shop/goods/urethrotomy173891939794.phtml" "Mozilla/5.0 AppleWebKit/537.36 (KHTML, like Gecko; compatible; GPTBot/1.3; +https://openai.com/gptbot)"
74.7.227.61 - - [21/Mar/2026:16:05:08 +0200] "GET /?p=44104 HTTP/1.1" 200 91067 "https://drspos.com/?p=44102" "Mozilla/5.0 AppleWebKit/537.36 (KHTML, like Gecko; compatible; GPTBot/1.3; +https://openai.com/gptbot)"
216.73.216.163 - - [21/Mar/2026:16:05:11 +0200] "GET /shop/goods/prolongating122272302399.phtml HTTP/1.1" 301 - "-" "Mozilla/5.0 AppleWebKit/537.36 (KHTML, like Gecko; compatible; ClaudeBot/1.0; +claudebot@anthropic.com)"
74.7.227.61 - - [21/Mar/2026:16:05:12 +0200] "GET /?p=53016 HTTP/1.1" 200 93608 "https://drspos.com/?p=53018" "Mozilla/5.0 AppleWebKit/537.36 (KHTML, like Gecko; compatible; GPTBot/1.3; +https://openai.com/gptbot)"
216.73.216.163 - - [21/Mar/2026:16:05:14 +0200] "GET /shop/goods/prolongating122272302399.phtml/ HTTP/1.1" 200 150752 "https://www.drspos.com/shop/goods/prolongating122272302399.phtml" "Mozilla/5.0 AppleWebKit/537.36 (KHTML, like Gecko; compatible; ClaudeBot/1.0; +claudebot@anthropic.com)"
74.7.227.61 - - [21/Mar/2026:16:05:15 +0200] "GET /shop/goods/hyaemoschus174244170514.phtml HTTP/1.1" 301 - "https://drspos.com/%3C![CDATA[https:/eminencegroup.net.au/post-sitemap9.xml]]%3E" "Mozilla/5.0 AppleWebKit/537.36 (KHTML, like Gecko; compatible; GPTBot/1.3; +https://openai.com/gptbot)"
74.7.227.61 - - [21/Mar/2026:16:05:17 +0200] "GET /shop/goods/hyaemoschus174244170514.phtml/ HTTP/1.1" 200 150752 "https://drspos.com/shop/goods/hyaemoschus174244170514.phtml" "Mozilla/5.0 AppleWebKit/537.36 (KHTML, like Gecko; compatible; GPTBot/1.3; +https://openai.com/gptbot)"
216.73.216.163 - - [21/Mar/2026:16:05:18 +0200] "GET /shop/goods/catspaw162072936054.phtml HTTP/1.1" 301 - "-" "Mozilla/5.0 AppleWebKit/537.36 (KHTML, like Gecko; compatible; ClaudeBot/1.0; +claudebot@anthropic.com)"
74.7.227.61 - - [21/Mar/2026:16:05:20 +0200] "GET /?p=48154 HTTP/1.1" 200 91273 "https://drspos.com/?p=48152" "Mozilla/5.0 AppleWebKit/537.36 (KHTML, like Gecko; compatible; GPTBot/1.3; +https://openai.com/gptbot)"
216.73.216.163 - - [21/Mar/2026:16:05:21 +0200] "GET /shop/goods/catspaw162072936054.phtml/ HTTP/1.1" 200 150752 "https://drspos.com/shop/goods/catspaw162072936054.phtml" "Mozilla/5.0 AppleWebKit/537.36 (KHTML, like Gecko; compatible; ClaudeBot/1.0; +claudebot@anthropic.com)"
74.7.227.61 - - [21/Mar/2026:16:05:24 +0200] "GET /?p=46780 HTTP/1.1" 200 91044 "https://drspos.com/?p=46782" "Mozilla/5.0 AppleWebKit/537.36 (KHTML, like Gecko; compatible; GPTBot/1.3; +https://openai.com/gptbot)"
74.7.227.61 - - [21/Mar/2026:16:05:27 +0200] "GET /index.php?rest_route=%2Foembed%2F1.0%2Fembed&url=https%3A%2F%2Fdrspos.com%2F%3Fp%3D48152 HTTP/1.1" 200 2331 "https://drspos.com/?p=48152" "Mozilla/5.0 AppleWebKit/537.36 (KHTML, like Gecko; compatible; GPTBot/1.3; +https://openai.com/gptbot)"
74.7.227.61 - - [21/Mar/2026:16:05:30 +0200] "GET /shop/goods/mumpishness173623989332.phtml HTTP/1.1" 301 - "https://drspos.com/%3C![CDATA[https:/eminencegroup.net.au/post-sitemap9.xml]]%3E" "Mozilla/5.0 AppleWebKit/537.36 (KHTML, like Gecko; compatible; GPTBot/1.3; +https://openai.com/gptbot)"
74.7.227.61 - - [21/Mar/2026:16:05:32 +0200] "GET /shop/goods/mumpishness173623989332.phtml/ HTTP/1.1" 200 150752 "https://drspos.com/shop/goods/mumpishness173623989332.phtml" "Mozilla/5.0 AppleWebKit/537.36 (KHTML, like Gecko; compatible; GPTBot/1.3; +https://openai.com/gptbot)"
74.7.227.61 - - [21/Mar/2026:16:05:35 +0200] "GET /shop/goods/mouseketeer173003016911.phtml HTTP/1.1" 301 - "https://drspos.com/%3C![CDATA[https:/eminencegroup.net.au/post-sitemap9.xml]]%3E" "Mozilla/5.0 AppleWebKit/537.36 (KHTML, like Gecko; compatible; GPTBot/1.3; +https://openai.com/gptbot)"
74.7.227.61 - - [21/Mar/2026:16:05:37 +0200] "GET /shop/goods/mouseketeer173003016911.phtml/ HTTP/1.1" 200 150752 "https://drspos.com/shop/goods/mouseketeer173003016911.phtml" "Mozilla/5.0 AppleWebKit/537.36 (KHTML, like Gecko; compatible; GPTBot/1.3; +https://openai.com/gptbot)"
74.7.227.61 - - [21/Mar/2026:16:05:40 +0200] "GET /shop/goods/helispheric171010366906.phtml HTTP/1.1" 301 - "https://drspos.com/%3C![CDATA[https:/eminencegroup.net.au/post-sitemap9.xml]]%3E" "Mozilla/5.0 AppleWebKit/537.36 (KHTML, like Gecko; compatible; GPTBot/1.3; +https://openai.com/gptbot)"
216.73.216.163 - - [21/Mar/2026:16:05:42 +0200] "GET /shop/goods/rheostatic164099638325.phtml HTTP/1.1" 301 - "-" "Mozilla/5.0 AppleWebKit/537.36 (KHTML, like Gecko; compatible; ClaudeBot/1.0; +claudebot@anthropic.com)"
74.7.227.61 - - [21/Mar/2026:16:05:43 +0200] "GET /shop/goods/helispheric171010366906.phtml/ HTTP/1.1" 200 150752 "https://drspos.com/shop/goods/helispheric171010366906.phtml" "Mozilla/5.0 AppleWebKit/537.36 (KHTML, like Gecko; compatible; GPTBot/1.3; +https://openai.com/gptbot)"
216.73.216.163 - - [21/Mar/2026:16:05:45 +0200] "GET /shop/goods/rheostatic164099638325.phtml/ HTTP/1.1" 200 150752 "https://drspos.com/shop/goods/rheostatic164099638325.phtml" "Mozilla/5.0 AppleWebKit/537.36 (KHTML, like Gecko; compatible; ClaudeBot/1.0; +claudebot@anthropic.com)"
74.7.227.61 - - [21/Mar/2026:16:05:45 +0200] "GET /?p=30992 HTTP/1.1" 200 95890 "https://drspos.com/?p=30994" "Mozilla/5.0 AppleWebKit/537.36 (KHTML, like Gecko; compatible; GPTBot/1.3; +https://openai.com/gptbot)"
74.7.227.61 - - [21/Mar/2026:16:05:49 +0200] "GET /?p=55736 HTTP/1.1" 200 96171 "https://drspos.com/?p=30994" "Mozilla/5.0 AppleWebKit/537.36 (KHTML, like Gecko; compatible; GPTBot/1.3; +https://openai.com/gptbot)"
74.7.227.61 - - [21/Mar/2026:16:05:52 +0200] "GET /?p=44105 HTTP/1.1" 200 92466 "https://drspos.com/?p=44104" "Mozilla/5.0 AppleWebKit/537.36 (KHTML, like Gecko; compatible; GPTBot/1.3; +https://openai.com/gptbot)"
216.73.216.163 - - [21/Mar/2026:16:05:52 +0200] "GET /shop/goods/athetize13394063164.phtml HTTP/1.1" 301 - "-" "Mozilla/5.0 AppleWebKit/537.36 (KHTML, like Gecko; compatible; ClaudeBot/1.0; +claudebot@anthropic.com)"
216.73.216.163 - - [21/Mar/2026:16:05:55 +0200] "GET /shop/goods/athetize13394063164.phtml/ HTTP/1.1" 200 150752 "https://www.drspos.com/shop/goods/athetize13394063164.phtml" "Mozilla/5.0 AppleWebKit/537.36 (KHTML, like Gecko; compatible; ClaudeBot/1.0; +claudebot@anthropic.com)"
74.7.227.61 - - [21/Mar/2026:16:05:55 +0200] "GET /?p=53014 HTTP/1.1" 200 97723 "https://drspos.com/?p=53016" "Mozilla/5.0 AppleWebKit/537.36 (KHTML, like Gecko; compatible; GPTBot/1.3; +https://openai.com/gptbot)"
74.7.227.61 - - [21/Mar/2026:16:05:58 +0200] "GET /shop/goods/stratocracy171391810038.phtml HTTP/1.1" 301 - "https://drspos.com/%3C![CDATA[https:/eminencegroup.net.au/post-sitemap9.xml]]%3E" "Mozilla/5.0 AppleWebKit/537.36 (KHTML, like Gecko; compatible; GPTBot/1.3; +https://openai.com/gptbot)"
74.7.227.61 - - [21/Mar/2026:16:06:01 +0200] "GET /shop/goods/stratocracy171391810038.phtml/ HTTP/1.1" 200 150752 "https://drspos.com/shop/goods/stratocracy171391810038.phtml" "Mozilla/5.0 AppleWebKit/537.36 (KHTML, like Gecko; compatible; GPTBot/1.3; +https://openai.com/gptbot)"
216.73.216.163 - - [21/Mar/2026:16:06:02 +0200] "GET /shop/goods/floorwalker131269276545.phtml HTTP/1.1" 301 - "-" "Mozilla/5.0 AppleWebKit/537.36 (KHTML, like Gecko; compatible; ClaudeBot/1.0; +claudebot@anthropic.com)"
74.7.227.61 - - [21/Mar/2026:16:06:04 +0200] "GET /?p=48156 HTTP/1.1" 200 91586 "https://drspos.com/?p=48154" "Mozilla/5.0 AppleWebKit/537.36 (KHTML, like Gecko; compatible; GPTBot/1.3; +https://openai.com/gptbot)"
216.73.216.163 - - [21/Mar/2026:16:06:04 +0200] "GET /shop/goods/floorwalker131269276545.phtml/ HTTP/1.1" 200 150752 "https://www.drspos.com/shop/goods/floorwalker131269276545.phtml" "Mozilla/5.0 AppleWebKit/537.36 (KHTML, like Gecko; compatible; ClaudeBot/1.0; +claudebot@anthropic.com)"
74.7.227.61 - - [21/Mar/2026:16:06:07 +0200] "GET /?p=46778 HTTP/1.1" 200 95997 "https://drspos.com/?p=46780" "Mozilla/5.0 AppleWebKit/537.36 (KHTML, like Gecko; compatible; GPTBot/1.3; +https://openai.com/gptbot)"
74.7.227.61 - - [21/Mar/2026:16:06:10 +0200] "GET /shop/goods/christcross172235913240.phtml HTTP/1.1" 301 - "https://drspos.com/%3C![CDATA[https:/eminencegroup.net.au/post-sitemap9.xml]]%3E" "Mozilla/5.0 AppleWebKit/537.36 (KHTML, like Gecko; compatible; GPTBot/1.3; +https://openai.com/gptbot)"
74.7.227.61 - - [21/Mar/2026:16:06:12 +0200] "GET /shop/goods/christcross172235913240.phtml/ HTTP/1.1" 200 150752 "https://drspos.com/shop/goods/christcross172235913240.phtml" "Mozilla/5.0 AppleWebKit/537.36 (KHTML, like Gecko; compatible; GPTBot/1.3; +https://openai.com/gptbot)"
74.7.227.61 - - [21/Mar/2026:16:06:16 +0200] "GET /shop/goods/orthocenter172733760090.phtml HTTP/1.1" 301 - "https://drspos.com/%3C![CDATA[https:/eminencegroup.net.au/post-sitemap9.xml]]%3E" "Mozilla/5.0 AppleWebKit/537.36 (KHTML, like Gecko; compatible; GPTBot/1.3; +https://openai.com/gptbot)"
74.7.227.61 - - [21/Mar/2026:16:06:18 +0200] "GET /shop/goods/orthocenter172733760090.phtml/ HTTP/1.1" 200 150752 "https://drspos.com/shop/goods/orthocenter172733760090.phtml" "Mozilla/5.0 AppleWebKit/537.36 (KHTML, like Gecko; compatible; GPTBot/1.3; +https://openai.com/gptbot)"
74.7.227.61 - - [21/Mar/2026:16:06:21 +0200] "GET /shop/goods/discomposed172976320742.phtml HTTP/1.1" 301 - "https://drspos.com/%3C![CDATA[https:/eminencegroup.net.au/post-sitemap9.xml]]%3E" "Mozilla/5.0 AppleWebKit/537.36 (KHTML, like Gecko; compatible; GPTBot/1.3; +https://openai.com/gptbot)"
74.7.227.61 - - [21/Mar/2026:16:06:23 +0200] "GET /shop/goods/discomposed172976320742.phtml/ HTTP/1.1" 200 150752 "https://drspos.com/shop/goods/discomposed172976320742.phtml" "Mozilla/5.0 AppleWebKit/537.36 (KHTML, like Gecko; compatible; GPTBot/1.3; +https://openai.com/gptbot)"
74.7.227.61 - - [21/Mar/2026:16:06:26 +0200] "GET /shop/goods/hierologist173903659667.phtml HTTP/1.1" 301 - "https://drspos.com/%3C![CDATA[https:/eminencegroup.net.au/post-sitemap9.xml]]%3E" "Mozilla/5.0 AppleWebKit/537.36 (KHTML, like Gecko; compatible; GPTBot/1.3; +https://openai.com/gptbot)"
74.7.227.61 - - [21/Mar/2026:16:06:28 +0200] "GET /shop/goods/hierologist173903659667.phtml/ HTTP/1.1" 200 150752 "https://drspos.com/shop/goods/hierologist173903659667.phtml" "Mozilla/5.0 AppleWebKit/537.36 (KHTML, like Gecko; compatible; GPTBot/1.3; +https://openai.com/gptbot)"
216.73.216.163 - - [21/Mar/2026:16:06:29 +0200] "GET /shop/goods/astrolithology131721990185.phtml HTTP/1.1" 301 - "-" "Mozilla/5.0 AppleWebKit/537.36 (KHTML, like Gecko; compatible; ClaudeBot/1.0; +claudebot@anthropic.com)"
74.7.227.61 - - [21/Mar/2026:16:06:31 +0200] "GET /?p=30990 HTTP/1.1" 200 97022 "https://drspos.com/?p=30992" "Mozilla/5.0 AppleWebKit/537.36 (KHTML, like Gecko; compatible; GPTBot/1.3; +https://openai.com/gptbot)"
216.73.216.163 - - [21/Mar/2026:16:06:31 +0200] "GET /shop/goods/astrolithology131721990185.phtml/ HTTP/1.1" 200 150752 "https://drspos.com/shop/goods/astrolithology131721990185.phtml" "Mozilla/5.0 AppleWebKit/537.36 (KHTML, like Gecko; compatible; ClaudeBot/1.0; +claudebot@anthropic.com)"
74.7.227.61 - - [21/Mar/2026:16:06:34 +0200] "GET /shop/goods/readdress174012393357.phtml HTTP/1.1" 301 - "https://drspos.com/%3C![CDATA[https:/eminencegroup.net.au/post-sitemap9.xml]]%3E" "Mozilla/5.0 AppleWebKit/537.36 (KHTML, like Gecko; compatible; GPTBot/1.3; +https://openai.com/gptbot)"
74.7.227.61 - - [21/Mar/2026:16:06:36 +0200] "GET /shop/goods/readdress174012393357.phtml/ HTTP/1.1" 200 150752 "https://drspos.com/shop/goods/readdress174012393357.phtml" "Mozilla/5.0 AppleWebKit/537.36 (KHTML, like Gecko; compatible; GPTBot/1.3; +https://openai.com/gptbot)"
74.7.227.61 - - [21/Mar/2026:16:06:38 +0200] "GET /?p=44108 HTTP/1.1" 200 92117 "https://drspos.com/?p=44105" "Mozilla/5.0 AppleWebKit/537.36 (KHTML, like Gecko; compatible; GPTBot/1.3; +https://openai.com/gptbot)"
216.73.216.163 - - [21/Mar/2026:16:06:41 +0200] "GET /shop/goods/zamindar122570026982.phtml HTTP/1.1" 301 - "-" "Mozilla/5.0 AppleWebKit/537.36 (KHTML, like Gecko; compatible; ClaudeBot/1.0; +claudebot@anthropic.com)"
74.7.227.61 - - [21/Mar/2026:16:06:42 +0200] "GET /?p=53012 HTTP/1.1" 200 93068 "https://drspos.com/?p=53014" "Mozilla/5.0 AppleWebKit/537.36 (KHTML, like Gecko; compatible; GPTBot/1.3; +https://openai.com/gptbot)"
216.73.216.163 - - [21/Mar/2026:16:06:44 +0200] "GET /shop/goods/zamindar122570026982.phtml/ HTTP/1.1" 200 150752 "https://drspos.com/shop/goods/zamindar122570026982.phtml" "Mozilla/5.0 AppleWebKit/537.36 (KHTML, like Gecko; compatible; ClaudeBot/1.0; +claudebot@anthropic.com)"
74.7.227.61 - - [21/Mar/2026:16:06:44 +0200] "GET /shop/goods/clergymen173716416544.phtml HTTP/1.1" 301 - "https://drspos.com/%3C![CDATA[https:/eminencegroup.net.au/post-sitemap9.xml]]%3E" "Mozilla/5.0 AppleWebKit/537.36 (KHTML, like Gecko; compatible; GPTBot/1.3; +https://openai.com/gptbot)"
74.7.227.61 - - [21/Mar/2026:16:06:47 +0200] "GET /shop/goods/clergymen173716416544.phtml/ HTTP/1.1" 200 150752 "https://drspos.com/shop/goods/clergymen173716416544.phtml" "Mozilla/5.0 AppleWebKit/537.36 (KHTML, like Gecko; compatible; GPTBot/1.3; +https://openai.com/gptbot)"
74.7.227.61 - - [21/Mar/2026:16:06:50 +0200] "GET /?p=48158 HTTP/1.1" 200 91206 "https://drspos.com/?p=48156" "Mozilla/5.0 AppleWebKit/537.36 (KHTML, like Gecko; compatible; GPTBot/1.3; +https://openai.com/gptbot)"
74.7.227.61 - - [21/Mar/2026:16:06:53 +0200] "GET /?p=46772 HTTP/1.1" 200 91479 "https://drspos.com/?p=46778" "Mozilla/5.0 AppleWebKit/537.36 (KHTML, like Gecko; compatible; GPTBot/1.3; +https://openai.com/gptbot)"
74.7.227.61 - - [21/Mar/2026:16:06:56 +0200] "GET /wp-content/uploads/essential-addons-elementor/eael-47.css?ver=1773928437 HTTP/1.1" 200 16146 "https://drspos.com/?p=46778" "Mozilla/5.0 AppleWebKit/537.36 (KHTML, like Gecko; compatible; GPTBot/1.3; +https://openai.com/gptbot)"
74.7.227.61 - - [21/Mar/2026:16:06:59 +0200] "GET /shop/goods/available171783545344.phtml HTTP/1.1" 301 - "https://drspos.com/%3C![CDATA[https:/eminencegroup.net.au/post-sitemap9.xml]]%3E" "Mozilla/5.0 AppleWebKit/537.36 (KHTML, like Gecko; compatible; GPTBot/1.3; +https://openai.com/gptbot)"
74.7.227.61 - - [21/Mar/2026:16:07:02 +0200] "GET /shop/goods/available171783545344.phtml/ HTTP/1.1" 200 150752 "https://drspos.com/shop/goods/available171783545344.phtml" "Mozilla/5.0 AppleWebKit/537.36 (KHTML, like Gecko; compatible; GPTBot/1.3; +https://openai.com/gptbot)"
216.73.216.163 - - [21/Mar/2026:16:07:05 +0200] "GET /shop/goods/loiteringly131985986860.phtml HTTP/1.1" 301 - "-" "Mozilla/5.0 AppleWebKit/537.36 (KHTML, like Gecko; compatible; ClaudeBot/1.0; +claudebot@anthropic.com)"
74.7.227.61 - - [21/Mar/2026:16:07:05 +0200] "GET /shop/goods/serrulate173964196988.phtml HTTP/1.1" 301 - "https://drspos.com/%3C![CDATA[https:/eminencegroup.net.au/post-sitemap9.xml]]%3E" "Mozilla/5.0 AppleWebKit/537.36 (KHTML, like Gecko; compatible; GPTBot/1.3; +https://openai.com/gptbot)"
74.7.227.61 - - [21/Mar/2026:16:07:08 +0200] "GET /shop/goods/serrulate173964196988.phtml/ HTTP/1.1" 200 150752 "https://drspos.com/shop/goods/serrulate173964196988.phtml" "Mozilla/5.0 AppleWebKit/537.36 (KHTML, like Gecko; compatible; GPTBot/1.3; +https://openai.com/gptbot)"
216.73.216.163 - - [21/Mar/2026:16:07:08 +0200] "GET /shop/goods/loiteringly131985986860.phtml/ HTTP/1.1" 200 150752 "https://drspos.com/shop/goods/loiteringly131985986860.phtml" "Mozilla/5.0 AppleWebKit/537.36 (KHTML, like Gecko; compatible; ClaudeBot/1.0; +claudebot@anthropic.com)"
74.7.227.61 - - [21/Mar/2026:16:07:11 +0200] "GET /shop/goods/diactinic171338647158.phtml HTTP/1.1" 301 - "https://drspos.com/%3C![CDATA[https:/eminencegroup.net.au/post-sitemap9.xml]]%3E" "Mozilla/5.0 AppleWebKit/537.36 (KHTML, like Gecko; compatible; GPTBot/1.3; +https://openai.com/gptbot)"
216.73.216.163 - - [21/Mar/2026:16:07:11 +0200] "GET /shop/goods/misturn132637896680.phtml HTTP/1.1" 301 - "-" "Mozilla/5.0 AppleWebKit/537.36 (KHTML, like Gecko; compatible; ClaudeBot/1.0; +claudebot@anthropic.com)"
74.7.227.61 - - [21/Mar/2026:16:07:13 +0200] "GET /shop/goods/diactinic171338647158.phtml/ HTTP/1.1" 200 150752 "https://drspos.com/shop/goods/diactinic171338647158.phtml" "Mozilla/5.0 AppleWebKit/537.36 (KHTML, like Gecko; compatible; GPTBot/1.3; +https://openai.com/gptbot)"
216.73.216.163 - - [21/Mar/2026:16:07:14 +0200] "GET /shop/goods/misturn132637896680.phtml/ HTTP/1.1" 200 150752 "https://drspos.com/shop/goods/misturn132637896680.phtml" "Mozilla/5.0 AppleWebKit/537.36 (KHTML, like Gecko; compatible; ClaudeBot/1.0; +claudebot@anthropic.com)"
74.7.227.61 - - [21/Mar/2026:16:07:16 +0200] "GET /?p=30988 HTTP/1.1" 200 93720 "https://drspos.com/?p=30990" "Mozilla/5.0 AppleWebKit/537.36 (KHTML, like Gecko; compatible; GPTBot/1.3; +https://openai.com/gptbot)"
74.7.227.61 - - [21/Mar/2026:16:07:19 +0200] "GET /shop/goods/chemistry172876762461.phtml HTTP/1.1" 301 - "https://drspos.com/%3C![CDATA[https:/eminencegroup.net.au/post-sitemap9.xml]]%3E" "Mozilla/5.0 AppleWebKit/537.36 (KHTML, like Gecko; compatible; GPTBot/1.3; +https://openai.com/gptbot)"
74.7.227.61 - - [21/Mar/2026:16:07:22 +0200] "GET /shop/goods/chemistry172876762461.phtml/ HTTP/1.1" 200 150752 "https://drspos.com/shop/goods/chemistry172876762461.phtml" "Mozilla/5.0 AppleWebKit/537.36 (KHTML, like Gecko; compatible; GPTBot/1.3; +https://openai.com/gptbot)"
40.77.167.54 - - [21/Mar/2026:16:07:25 +0200] "GET /shop/goods/pacificator15405103498.phtml HTTP/1.1" 200 202536 "-" "Mozilla/5.0 AppleWebKit/537.36 (KHTML, like Gecko; compatible; bingbot/2.0; +http://www.bing.com/bingbot.htm) Chrome/116.0.1938.76 Safari/537.36"
74.7.227.61 - - [21/Mar/2026:16:07:25 +0200] "GET /?p=44110 HTTP/1.1" 200 102758 "https://drspos.com/?p=44108" "Mozilla/5.0 AppleWebKit/537.36 (KHTML, like Gecko; compatible; GPTBot/1.3; +https://openai.com/gptbot)"
40.77.167.54 - - [21/Mar/2026:16:07:27 +0200] "GET /shop/goods/forks15133004169.phtml HTTP/1.1" 200 207042 "-" "Mozilla/5.0 AppleWebKit/537.36 (KHTML, like Gecko; compatible; bingbot/2.0; +http://www.bing.com/bingbot.htm) Chrome/116.0.1938.76 Safari/537.36"
74.7.227.61 - - [21/Mar/2026:16:07:28 +0200] "GET /?p=53010 HTTP/1.1" 200 97006 "https://drspos.com/?p=53012" "Mozilla/5.0 AppleWebKit/537.36 (KHTML, like Gecko; compatible; GPTBot/1.3; +https://openai.com/gptbot)"
40.77.167.54 - - [21/Mar/2026:16:07:34 +0200] "GET /shop/goods/stripling153222413279.phtml HTTP/1.1" 200 201275 "-" "Mozilla/5.0 AppleWebKit/537.36 (KHTML, like Gecko; compatible; bingbot/2.0; +http://www.bing.com/bingbot.htm) Chrome/116.0.1938.76 Safari/537.36"
74.7.227.61 - - [21/Mar/2026:16:07:32 +0200] "GET /?feed=rss2&p=44110 HTTP/1.1" 200 893 "https://drspos.com/?p=44110" "Mozilla/5.0 AppleWebKit/537.36 (KHTML, like Gecko; compatible; GPTBot/1.3; +https://openai.com/gptbot)"
216.73.216.163 - - [21/Mar/2026:16:07:35 +0200] "GET /shop/goods/bannock123650266720.phtml HTTP/1.1" 301 - "-" "Mozilla/5.0 AppleWebKit/537.36 (KHTML, like Gecko; compatible; ClaudeBot/1.0; +claudebot@anthropic.com)"
74.7.227.61 - - [21/Mar/2026:16:07:36 +0200] "GET /shop/goods/hospitage173943467428.phtml HTTP/1.1" 301 - "https://drspos.com/%3C![CDATA[https:/eminencegroup.net.au/post-sitemap9.xml]]%3E" "Mozilla/5.0 AppleWebKit/537.36 (KHTML, like Gecko; compatible; GPTBot/1.3; +https://openai.com/gptbot)"
216.73.216.163 - - [21/Mar/2026:16:07:38 +0200] "GET /shop/goods/bannock123650266720.phtml/ HTTP/1.1" 200 150752 "https://drspos.com/shop/goods/bannock123650266720.phtml" "Mozilla/5.0 AppleWebKit/537.36 (KHTML, like Gecko; compatible; ClaudeBot/1.0; +claudebot@anthropic.com)"
74.7.227.61 - - [21/Mar/2026:16:07:38 +0200] "GET /shop/goods/hospitage173943467428.phtml/ HTTP/1.1" 200 150752 "https://drspos.com/shop/goods/hospitage173943467428.phtml" "Mozilla/5.0 AppleWebKit/537.36 (KHTML, like Gecko; compatible; GPTBot/1.3; +https://openai.com/gptbot)"
74.7.227.61 - - [21/Mar/2026:16:07:41 +0200] "GET /index.php?format=xml&rest_route=%2Foembed%2F1.0%2Fembed&url=https%3A%2F%2Fdrspos.com%2F%3Fp%3D44110 HTTP/1.1" 200 2763 "https://drspos.com/?p=44110" "Mozilla/5.0 AppleWebKit/537.36 (KHTML, like Gecko; compatible; GPTBot/1.3; +https://openai.com/gptbot)"
74.7.227.61 - - [21/Mar/2026:16:07:44 +0200] "GET /wp-content/uploads/essential-addons-elementor/eael-47.css?ver=1773888280 HTTP/1.1" 200 16146 "https://drspos.com/?p=44110" "Mozilla/5.0 AppleWebKit/537.36 (KHTML, like Gecko; compatible; GPTBot/1.3; +https://openai.com/gptbot)"
216.73.216.163 - - [21/Mar/2026:16:07:43 +0200] "GET /shop/goods/burry162042469408.phtml HTTP/1.1" 301 - "-" "Mozilla/5.0 AppleWebKit/537.36 (KHTML, like Gecko; compatible; ClaudeBot/1.0; +claudebot@anthropic.com)"
74.7.227.61 - - [21/Mar/2026:16:07:48 +0200] "GET /wp-content/uploads/essential-addons-elementor/eael-47.js?ver=1773888280 HTTP/1.1" 200 1328 "https://drspos.com/?p=44110" "Mozilla/5.0 AppleWebKit/537.36 (KHTML, like Gecko; compatible; GPTBot/1.3; +https://openai.com/gptbot)"
216.73.216.163 - - [21/Mar/2026:16:07:45 +0200] "GET /shop/goods/burry162042469408.phtml/ HTTP/1.1" 200 150752 "https://drspos.com/shop/goods/burry162042469408.phtml" "Mozilla/5.0 AppleWebKit/537.36 (KHTML, like Gecko; compatible; ClaudeBot/1.0; +claudebot@anthropic.com)"
74.7.227.61 - - [21/Mar/2026:16:07:51 +0200] "GET /index.php?rest_route=/wp/v2/posts/44110 HTTP/1.1" 200 19846 "https://drspos.com/?p=44110" "Mozilla/5.0 AppleWebKit/537.36 (KHTML, like Gecko; compatible; GPTBot/1.3; +https://openai.com/gptbot)"
74.7.227.61 - - [21/Mar/2026:16:07:54 +0200] "GET /index.php?rest_route=%2Foembed%2F1.0%2Fembed&url=https%3A%2F%2Fdrspos.com%2F%3Fp%3D44110 HTTP/1.1" 200 2607 "https://drspos.com/?p=44110" "Mozilla/5.0 AppleWebKit/537.36 (KHTML, like Gecko; compatible; GPTBot/1.3; +https://openai.com/gptbot)"
74.7.227.61 - - [21/Mar/2026:16:07:57 +0200] "GET /?p=48160 HTTP/1.1" 200 93329 "https://drspos.com/?p=48158" "Mozilla/5.0 AppleWebKit/537.36 (KHTML, like Gecko; compatible; GPTBot/1.3; +https://openai.com/gptbot)"
216.73.216.163 - - [21/Mar/2026:16:07:59 +0200] "GET /shop/goods/lanch133456747959.phtml HTTP/1.1" 301 - "-" "Mozilla/5.0 AppleWebKit/537.36 (KHTML, like Gecko; compatible; ClaudeBot/1.0; +claudebot@anthropic.com)"
74.7.227.61 - - [21/Mar/2026:16:08:00 +0200] "GET /?p=46774 HTTP/1.1" 200 96901 "https://drspos.com/?p=46772" "Mozilla/5.0 AppleWebKit/537.36 (KHTML, like Gecko; compatible; GPTBot/1.3; +https://openai.com/gptbot)"
216.73.216.163 - - [21/Mar/2026:16:08:02 +0200] "GET /shop/goods/lanch133456747959.phtml/ HTTP/1.1" 200 150752 "https://drspos.com/shop/goods/lanch133456747959.phtml" "Mozilla/5.0 AppleWebKit/537.36 (KHTML, like Gecko; compatible; ClaudeBot/1.0; +claudebot@anthropic.com)"
74.7.227.61 - - [21/Mar/2026:16:08:04 +0200] "GET /shop/goods/erectable171288286199.phtml HTTP/1.1" 301 - "https://drspos.com/%3C![CDATA[https:/eminencegroup.net.au/post-sitemap9.xml]]%3E" "Mozilla/5.0 AppleWebKit/537.36 (KHTML, like Gecko; compatible; GPTBot/1.3; +https://openai.com/gptbot)"
74.7.227.61 - - [21/Mar/2026:16:08:07 +0200] "GET /shop/goods/erectable171288286199.phtml/ HTTP/1.1" 200 150752 "https://drspos.com/shop/goods/erectable171288286199.phtml" "Mozilla/5.0 AppleWebKit/537.36 (KHTML, like Gecko; compatible; GPTBot/1.3; +https://openai.com/gptbot)"
74.7.227.61 - - [21/Mar/2026:16:08:10 +0200] "GET /shop/goods/sydenhams173842531326.phtml HTTP/1.1" 301 - "https://drspos.com/%3C![CDATA[https:/eminencegroup.net.au/post-sitemap9.xml]]%3E" "Mozilla/5.0 AppleWebKit/537.36 (KHTML, like Gecko; compatible; GPTBot/1.3; +https://openai.com/gptbot)"
74.7.227.61 - - [21/Mar/2026:16:08:12 +0200] "GET /shop/goods/sydenhams173842531326.phtml/ HTTP/1.1" 200 150752 "https://drspos.com/shop/goods/sydenhams173842531326.phtml" "Mozilla/5.0 AppleWebKit/537.36 (KHTML, like Gecko; compatible; GPTBot/1.3; +https://openai.com/gptbot)"
40.77.167.54 - - [21/Mar/2026:16:08:14 +0200] "GET /shop/goods/stipend151912945340.phtml HTTP/1.1" 200 219231 "-" "Mozilla/5.0 AppleWebKit/537.36 (KHTML, like Gecko; compatible; bingbot/2.0; +http://www.bing.com/bingbot.htm) Chrome/116.0.1938.76 Safari/537.36"
74.7.227.61 - - [21/Mar/2026:16:08:14 +0200] "GET /shop/goods/syncopize172075677971.phtml HTTP/1.1" 301 - "https://drspos.com/%3C![CDATA[https:/eminencegroup.net.au/post-sitemap9.xml]]%3E" "Mozilla/5.0 AppleWebKit/537.36 (KHTML, like Gecko; compatible; GPTBot/1.3; +https://openai.com/gptbot)"
40.77.167.54 - - [21/Mar/2026:16:08:17 +0200] "GET /shop/goods/sanders152908155460.phtml HTTP/1.1" 200 215294 "-" "Mozilla/5.0 AppleWebKit/537.36 (KHTML, like Gecko; compatible; bingbot/2.0; +http://www.bing.com/bingbot.htm) Chrome/116.0.1938.76 Safari/537.36"
74.7.227.61 - - [21/Mar/2026:16:08:17 +0200] "GET /shop/goods/syncopize172075677971.phtml/ HTTP/1.1" 200 150752 "https://drspos.com/shop/goods/syncopize172075677971.phtml" "Mozilla/5.0 AppleWebKit/537.36 (KHTML, like Gecko; compatible; GPTBot/1.3; +https://openai.com/gptbot)"
40.77.167.54 - - [21/Mar/2026:16:08:20 +0200] "GET /shop/goods/wallhick151118144330.phtml HTTP/1.1" 200 199320 "-" "Mozilla/5.0 AppleWebKit/537.36 (KHTML, like Gecko; compatible; bingbot/2.0; +http://www.bing.com/bingbot.htm) Chrome/116.0.1938.76 Safari/537.36"
74.7.227.61 - - [21/Mar/2026:16:08:20 +0200] "GET /shop/goods/inductric174173080011.phtml HTTP/1.1" 301 - "https://drspos.com/%3C![CDATA[https:/eminencegroup.net.au/post-sitemap9.xml]]%3E" "Mozilla/5.0 AppleWebKit/537.36 (KHTML, like Gecko; compatible; GPTBot/1.3; +https://openai.com/gptbot)"
52.167.144.191 - - [21/Mar/2026:16:08:23 +0200] "GET /shop/goods/footfall152414574017.phtml HTTP/1.1" 200 205587 "-" "Mozilla/5.0 AppleWebKit/537.36 (KHTML, like Gecko; compatible; bingbot/2.0; +http://www.bing.com/bingbot.htm) Chrome/116.0.1938.76 Safari/537.36"
74.7.227.61 - - [21/Mar/2026:16:08:22 +0200] "GET /shop/goods/inductric174173080011.phtml/ HTTP/1.1" 200 150752 "https://drspos.com/shop/goods/inductric174173080011.phtml" "Mozilla/5.0 AppleWebKit/537.36 (KHTML, like Gecko; compatible; GPTBot/1.3; +https://openai.com/gptbot)"
216.73.216.163 - - [21/Mar/2026:16:08:23 +0200] "GET /shop/goods/godspeed123531632389.phtml HTTP/1.1" 301 - "-" "Mozilla/5.0 AppleWebKit/537.36 (KHTML, like Gecko; compatible; ClaudeBot/1.0; +claudebot@anthropic.com)"
52.167.144.191 - - [21/Mar/2026:16:08:25 +0200] "GET /shop/goods/commeasure151706835599.phtml HTTP/1.1" 200 211980 "-" "Mozilla/5.0 AppleWebKit/537.36 (KHTML, like Gecko; compatible; bingbot/2.0; +http://www.bing.com/bingbot.htm) Chrome/116.0.1938.76 Safari/537.36"
74.7.227.61 - - [21/Mar/2026:16:08:25 +0200] "GET /?p=30986 HTTP/1.1" 200 95336 "https://drspos.com/?p=30988" "Mozilla/5.0 AppleWebKit/537.36 (KHTML, like Gecko; compatible; GPTBot/1.3; +https://openai.com/gptbot)"
216.73.216.163 - - [21/Mar/2026:16:08:26 +0200] "GET /shop/goods/godspeed123531632389.phtml/ HTTP/1.1" 200 150752 "https://drspos.com/shop/goods/godspeed123531632389.phtml" "Mozilla/5.0 AppleWebKit/537.36 (KHTML, like Gecko; compatible; ClaudeBot/1.0; +claudebot@anthropic.com)"
52.167.144.191 - - [21/Mar/2026:16:08:28 +0200] "GET /shop/goods/transcension15406152436.phtml HTTP/1.1" 200 195351 "-" "Mozilla/5.0 AppleWebKit/537.36 (KHTML, like Gecko; compatible; bingbot/2.0; +http://www.bing.com/bingbot.htm) Chrome/116.0.1938.76 Safari/537.36"
74.7.227.61 - - [21/Mar/2026:16:08:28 +0200] "GET /shop/goods/spreading174161314698.phtml HTTP/1.1" 301 - "https://drspos.com/%3C![CDATA[https:/eminencegroup.net.au/post-sitemap9.xml]]%3E" "Mozilla/5.0 AppleWebKit/537.36 (KHTML, like Gecko; compatible; GPTBot/1.3; +https://openai.com/gptbot)"
207.46.13.52 - - [21/Mar/2026:16:08:30 +0200] "GET /shop/goods/carbonyl152148402420.phtml HTTP/1.1" 200 221100 "-" "Mozilla/5.0 AppleWebKit/537.36 (KHTML, like Gecko; compatible; bingbot/2.0; +http://www.bing.com/bingbot.htm) Chrome/116.0.1938.76 Safari/537.36"
216.73.216.163 - - [21/Mar/2026:16:08:30 +0200] "GET /shop/goods/survival144149148961.phtml HTTP/1.1" 301 - "-" "Mozilla/5.0 AppleWebKit/537.36 (KHTML, like Gecko; compatible; ClaudeBot/1.0; +claudebot@anthropic.com)"
74.7.227.61 - - [21/Mar/2026:16:08:30 +0200] "GET /shop/goods/spreading174161314698.phtml/ HTTP/1.1" 200 150752 "https://drspos.com/shop/goods/spreading174161314698.phtml" "Mozilla/5.0 AppleWebKit/537.36 (KHTML, like Gecko; compatible; GPTBot/1.3; +https://openai.com/gptbot)"
40.77.167.54 - - [21/Mar/2026:16:08:32 +0200] "GET /shop/goods/infuser153537285949.phtml HTTP/1.1" 200 193960 "-" "Mozilla/5.0 AppleWebKit/537.36 (KHTML, like Gecko; compatible; bingbot/2.0; +http://www.bing.com/bingbot.htm) Chrome/116.0.1938.76 Safari/537.36"
216.73.216.163 - - [21/Mar/2026:16:08:32 +0200] "GET /shop/goods/survival144149148961.phtml/ HTTP/1.1" 200 150752 "https://drspos.com/shop/goods/survival144149148961.phtml" "Mozilla/5.0 AppleWebKit/537.36 (KHTML, like Gecko; compatible; ClaudeBot/1.0; +claudebot@anthropic.com)"
74.7.227.61 - - [21/Mar/2026:16:08:33 +0200] "GET /?p=44112 HTTP/1.1" 200 92612 "https://drspos.com/?p=44110" "Mozilla/5.0 AppleWebKit/537.36 (KHTML, like Gecko; compatible; GPTBot/1.3; +https://openai.com/gptbot)"
74.7.227.61 - - [21/Mar/2026:16:08:37 +0200] "GET /?p=53008 HTTP/1.1" 200 91458 "https://drspos.com/?p=53010" "Mozilla/5.0 AppleWebKit/537.36 (KHTML, like Gecko; compatible; GPTBot/1.3; +https://openai.com/gptbot)"
207.46.13.52 - - [21/Mar/2026:16:08:40 +0200] "GET /shop/goods/gainsay151581550082.phtml HTTP/1.1" 200 204977 "-" "Mozilla/5.0 AppleWebKit/537.36 (KHTML, like Gecko; compatible; bingbot/2.0; +http://www.bing.com/bingbot.htm) Chrome/116.0.1938.76 Safari/537.36"
74.7.227.61 - - [21/Mar/2026:16:08:40 +0200] "GET /shop/goods/tropidine171997801725.phtml HTTP/1.1" 301 - "https://drspos.com/%3C![CDATA[https:/eminencegroup.net.au/post-sitemap9.xml]]%3E" "Mozilla/5.0 AppleWebKit/537.36 (KHTML, like Gecko; compatible; GPTBot/1.3; +https://openai.com/gptbot)"
207.46.13.52 - - [21/Mar/2026:16:08:42 +0200] "GET /shop/goods/roughleg151978643901.phtml HTTP/1.1" 200 211224 "-" "Mozilla/5.0 AppleWebKit/537.36 (KHTML, like Gecko; compatible; bingbot/2.0; +http://www.bing.com/bingbot.htm) Chrome/116.0.1938.76 Safari/537.36"
74.7.227.61 - - [21/Mar/2026:16:08:42 +0200] "GET /shop/goods/tropidine171997801725.phtml/ HTTP/1.1" 200 150752 "https://drspos.com/shop/goods/tropidine171997801725.phtml" "Mozilla/5.0 AppleWebKit/537.36 (KHTML, like Gecko; compatible; GPTBot/1.3; +https://openai.com/gptbot)"
74.7.227.61 - - [21/Mar/2026:16:08:45 +0200] "GET /?p=48162 HTTP/1.1" 200 90918 "https://drspos.com/?p=48160" "Mozilla/5.0 AppleWebKit/537.36 (KHTML, like Gecko; compatible; GPTBot/1.3; +https://openai.com/gptbot)"
74.7.227.61 - - [21/Mar/2026:16:08:48 +0200] "GET /?p=46770 HTTP/1.1" 200 93695 "https://drspos.com/?p=46774" "Mozilla/5.0 AppleWebKit/537.36 (KHTML, like Gecko; compatible; GPTBot/1.3; +https://openai.com/gptbot)"
74.7.227.61 - - [21/Mar/2026:16:08:51 +0200] "GET /shop/goods/sidereous173799512582.phtml HTTP/1.1" 301 - "https://drspos.com/%3C![CDATA[https:/eminencegroup.net.au/post-sitemap9.xml]]%3E" "Mozilla/5.0 AppleWebKit/537.36 (KHTML, like Gecko; compatible; GPTBot/1.3; +https://openai.com/gptbot)"
52.167.144.191 - - [21/Mar/2026:16:08:53 +0200] "GET /shop/goods/leban15883330477.phtml HTTP/1.1" 200 210740 "-" "Mozilla/5.0 AppleWebKit/537.36 (KHTML, like Gecko; compatible; bingbot/2.0; +http://www.bing.com/bingbot.htm) Chrome/116.0.1938.76 Safari/537.36"
74.7.227.61 - - [21/Mar/2026:16:08:53 +0200] "GET /shop/goods/sidereous173799512582.phtml/ HTTP/1.1" 200 150752 "https://drspos.com/shop/goods/sidereous173799512582.phtml" "Mozilla/5.0 AppleWebKit/537.36 (KHTML, like Gecko; compatible; GPTBot/1.3; +https://openai.com/gptbot)"
216.73.216.163 - - [21/Mar/2026:16:08:54 +0200] "GET /shop/goods/sanctus133173072446.phtml HTTP/1.1" 301 - "-" "Mozilla/5.0 AppleWebKit/537.36 (KHTML, like Gecko; compatible; ClaudeBot/1.0; +claudebot@anthropic.com)"
74.7.227.61 - - [21/Mar/2026:16:08:56 +0200] "GET /shop/goods/reconfirm174138811330.phtml HTTP/1.1" 301 - "https://drspos.com/%3C![CDATA[https:/eminencegroup.net.au/post-sitemap9.xml]]%3E" "Mozilla/5.0 AppleWebKit/537.36 (KHTML, like Gecko; compatible; GPTBot/1.3; +https://openai.com/gptbot)"
216.73.216.163 - - [21/Mar/2026:16:08:56 +0200] "GET /shop/goods/sanctus133173072446.phtml/ HTTP/1.1" 200 150752 "https://drspos.com/shop/goods/sanctus133173072446.phtml" "Mozilla/5.0 AppleWebKit/537.36 (KHTML, like Gecko; compatible; ClaudeBot/1.0; +claudebot@anthropic.com)"
74.7.227.61 - - [21/Mar/2026:16:08:58 +0200] "GET /shop/goods/reconfirm174138811330.phtml/ HTTP/1.1" 200 150752 "https://drspos.com/shop/goods/reconfirm174138811330.phtml" "Mozilla/5.0 AppleWebKit/537.36 (KHTML, like Gecko; compatible; GPTBot/1.3; +https://openai.com/gptbot)"
74.7.227.61 - - [21/Mar/2026:16:09:01 +0200] "GET /shop/goods/loincloth171309181465.phtml HTTP/1.1" 301 - "https://drspos.com/%3C![CDATA[https:/eminencegroup.net.au/post-sitemap9.xml]]%3E" "Mozilla/5.0 AppleWebKit/537.36 (KHTML, like Gecko; compatible; GPTBot/1.3; +https://openai.com/gptbot)"
52.167.144.191 - - [21/Mar/2026:16:09:03 +0200] "GET /shop/goods/mapmaking152503523055.phtml HTTP/1.1" 200 216814 "-" "Mozilla/5.0 AppleWebKit/537.36 (KHTML, like Gecko; compatible; bingbot/2.0; +http://www.bing.com/bingbot.htm) Chrome/116.0.1938.76 Safari/537.36"
74.7.227.61 - - [21/Mar/2026:16:09:03 +0200] "GET /shop/goods/loincloth171309181465.phtml/ HTTP/1.1" 200 150752 "https://drspos.com/shop/goods/loincloth171309181465.phtml" "Mozilla/5.0 AppleWebKit/537.36 (KHTML, like Gecko; compatible; GPTBot/1.3; +https://openai.com/gptbot)"
216.73.216.163 - - [21/Mar/2026:16:09:03 +0200] "GET /shop/goods/drool122425728380.phtml HTTP/1.1" 301 - "-" "Mozilla/5.0 AppleWebKit/537.36 (KHTML, like Gecko; compatible; ClaudeBot/1.0; +claudebot@anthropic.com)"
52.167.144.191 - - [21/Mar/2026:16:09:06 +0200] "GET /shop/goods/belching153435620344.phtml HTTP/1.1" 200 210420 "-" "Mozilla/5.0 AppleWebKit/537.36 (KHTML, like Gecko; compatible; bingbot/2.0; +http://www.bing.com/bingbot.htm) Chrome/116.0.1938.76 Safari/537.36"
74.7.227.61 - - [21/Mar/2026:16:09:06 +0200] "GET /shop/goods/noncausal171781380754.phtml HTTP/1.1" 301 - "https://drspos.com/%3C![CDATA[https:/eminencegroup.net.au/post-sitemap9.xml]]%3E" "Mozilla/5.0 AppleWebKit/537.36 (KHTML, like Gecko; compatible; GPTBot/1.3; +https://openai.com/gptbot)"
216.73.216.163 - - [21/Mar/2026:16:09:06 +0200] "GET /shop/goods/drool122425728380.phtml/ HTTP/1.1" 200 150752 "https://drspos.com/shop/goods/drool122425728380.phtml" "Mozilla/5.0 AppleWebKit/537.36 (KHTML, like Gecko; compatible; ClaudeBot/1.0; +claudebot@anthropic.com)"
207.46.13.52 - - [21/Mar/2026:16:09:10 +0200] "GET /shop/goods/invision153643515496.phtml HTTP/1.1" 200 210186 "-" "Mozilla/5.0 AppleWebKit/537.36 (KHTML, like Gecko; compatible; bingbot/2.0; +http://www.bing.com/bingbot.htm) Chrome/116.0.1938.76 Safari/537.36"
74.7.227.61 - - [21/Mar/2026:16:09:09 +0200] "GET /shop/goods/noncausal171781380754.phtml/ HTTP/1.1" 200 150752 "https://drspos.com/shop/goods/noncausal171781380754.phtml" "Mozilla/5.0 AppleWebKit/537.36 (KHTML, like Gecko; compatible; GPTBot/1.3; +https://openai.com/gptbot)"
207.46.13.52 - - [21/Mar/2026:16:09:12 +0200] "GET /shop/goods/stearrhea15878363731.phtml HTTP/1.1" 200 204738 "-" "Mozilla/5.0 AppleWebKit/537.36 (KHTML, like Gecko; compatible; bingbot/2.0; +http://www.bing.com/bingbot.htm) Chrome/116.0.1938.76 Safari/537.36"
74.7.227.61 - - [21/Mar/2026:16:09:13 +0200] "GET /?p=30984 HTTP/1.1" 200 93128 "https://drspos.com/?p=30986" "Mozilla/5.0 AppleWebKit/537.36 (KHTML, like Gecko; compatible; GPTBot/1.3; +https://openai.com/gptbot)"
172.30.5.1 - - [21/Mar/2026:16:09:15 +0200] "POST /wp-cron.php?doing_wp_cron=1774102155.1913330554962158203125 HTTP/1.1" 200 - "-" "WordPress/6.9.4; https://drspos.com"
74.7.227.61 - - [21/Mar/2026:16:09:16 +0200] "GET /shop/goods/astronomy171809634348.phtml HTTP/1.1" 301 - "https://drspos.com/%3C![CDATA[https:/eminencegroup.net.au/post-sitemap9.xml]]%3E" "Mozilla/5.0 AppleWebKit/537.36 (KHTML, like Gecko; compatible; GPTBot/1.3; +https://openai.com/gptbot)"
74.7.227.61 - - [21/Mar/2026:16:09:18 +0200] "GET /shop/goods/astronomy171809634348.phtml/ HTTP/1.1" 200 150752 "https://drspos.com/shop/goods/astronomy171809634348.phtml" "Mozilla/5.0 AppleWebKit/537.36 (KHTML, like Gecko; compatible; GPTBot/1.3; +https://openai.com/gptbot)"
74.7.227.61 - - [21/Mar/2026:16:09:21 +0200] "GET /?p=44114 HTTP/1.1" 200 93099 "https://drspos.com/?p=44112" "Mozilla/5.0 AppleWebKit/537.36 (KHTML, like Gecko; compatible; GPTBot/1.3; +https://openai.com/gptbot)"
74.7.227.61 - - [21/Mar/2026:16:09:25 +0200] "GET /?p=53006 HTTP/1.1" 200 97337 "https://drspos.com/?p=53008" "Mozilla/5.0 AppleWebKit/537.36 (KHTML, like Gecko; compatible; GPTBot/1.3; +https://openai.com/gptbot)"
216.73.216.163 - - [21/Mar/2026:16:09:27 +0200] "GET /shop/goods/jellying133350387822.phtml HTTP/1.1" 301 - "-" "Mozilla/5.0 AppleWebKit/537.36 (KHTML, like Gecko; compatible; ClaudeBot/1.0; +claudebot@anthropic.com)"
74.7.227.61 - - [21/Mar/2026:16:09:28 +0200] "GET /shop/goods/sandstorm173579215060.phtml HTTP/1.1" 301 - "https://drspos.com/%3C![CDATA[https:/eminencegroup.net.au/post-sitemap9.xml]]%3E" "Mozilla/5.0 AppleWebKit/537.36 (KHTML, like Gecko; compatible; GPTBot/1.3; +https://openai.com/gptbot)"
207.46.13.52 - - [21/Mar/2026:16:09:29 +0200] "GET /shop/goods/drawling153798695993.phtml HTTP/1.1" 200 206964 "-" "Mozilla/5.0 AppleWebKit/537.36 (KHTML, like Gecko; compatible; bingbot/2.0; +http://www.bing.com/bingbot.htm) Chrome/116.0.1938.76 Safari/537.36"
74.7.227.61 - - [21/Mar/2026:16:09:30 +0200] "GET /shop/goods/sandstorm173579215060.phtml/ HTTP/1.1" 200 150752 "https://drspos.com/shop/goods/sandstorm173579215060.phtml" "Mozilla/5.0 AppleWebKit/537.36 (KHTML, like Gecko; compatible; GPTBot/1.3; +https://openai.com/gptbot)"
216.73.216.163 - - [21/Mar/2026:16:09:31 +0200] "GET /shop/goods/jellying133350387822.phtml/ HTTP/1.1" 200 150752 "https://drspos.com/shop/goods/jellying133350387822.phtml" "Mozilla/5.0 AppleWebKit/537.36 (KHTML, like Gecko; compatible; ClaudeBot/1.0; +claudebot@anthropic.com)"
74.7.227.61 - - [21/Mar/2026:16:09:33 +0200] "GET /?p=48164 HTTP/1.1" 200 90938 "https://drspos.com/?p=48162" "Mozilla/5.0 AppleWebKit/537.36 (KHTML, like Gecko; compatible; GPTBot/1.3; +https://openai.com/gptbot)"
216.73.216.163 - - [21/Mar/2026:16:09:35 +0200] "GET /shop/goods/nankeen131381712151.phtml HTTP/1.1" 301 - "-" "Mozilla/5.0 AppleWebKit/537.36 (KHTML, like Gecko; compatible; ClaudeBot/1.0; +claudebot@anthropic.com)"
74.7.227.61 - - [21/Mar/2026:16:09:36 +0200] "GET /?p=46768 HTTP/1.1" 200 93280 "https://drspos.com/?p=46770" "Mozilla/5.0 AppleWebKit/537.36 (KHTML, like Gecko; compatible; GPTBot/1.3; +https://openai.com/gptbot)"
216.73.216.163 - - [21/Mar/2026:16:09:38 +0200] "GET /shop/goods/nankeen131381712151.phtml/ HTTP/1.1" 200 150752 "https://drspos.com/shop/goods/nankeen131381712151.phtml" "Mozilla/5.0 AppleWebKit/537.36 (KHTML, like Gecko; compatible; ClaudeBot/1.0; +claudebot@anthropic.com)"
74.7.227.61 - - [21/Mar/2026:16:09:39 +0200] "GET /shop/goods/automixte174061756417.phtml HTTP/1.1" 301 - "https://drspos.com/%3C![CDATA[https:/eminencegroup.net.au/post-sitemap9.xml]]%3E" "Mozilla/5.0 AppleWebKit/537.36 (KHTML, like Gecko; compatible; GPTBot/1.3; +https://openai.com/gptbot)"
74.7.227.61 - - [21/Mar/2026:16:09:42 +0200] "GET /shop/goods/automixte174061756417.phtml/ HTTP/1.1" 200 150752 "https://drspos.com/shop/goods/automixte174061756417.phtml" "Mozilla/5.0 AppleWebKit/537.36 (KHTML, like Gecko; compatible; GPTBot/1.3; +https://openai.com/gptbot)"
74.7.227.61 - - [21/Mar/2026:16:09:44 +0200] "GET /shop/goods/represent172083036315.phtml HTTP/1.1" 301 - "https://drspos.com/%3C![CDATA[https:/eminencegroup.net.au/post-sitemap9.xml]]%3E" "Mozilla/5.0 AppleWebKit/537.36 (KHTML, like Gecko; compatible; GPTBot/1.3; +https://openai.com/gptbot)"
40.77.167.54 - - [21/Mar/2026:16:09:46 +0200] "GET /shop/goods/distaff152970863685.phtml HTTP/1.1" 200 201616 "-" "Mozilla/5.0 AppleWebKit/537.36 (KHTML, like Gecko; compatible; bingbot/2.0; +http://www.bing.com/bingbot.htm) Chrome/116.0.1938.76 Safari/537.36"
74.7.227.61 - - [21/Mar/2026:16:09:46 +0200] "GET /shop/goods/represent172083036315.phtml/ HTTP/1.1" 200 150752 "https://drspos.com/shop/goods/represent172083036315.phtml" "Mozilla/5.0 AppleWebKit/537.36 (KHTML, like Gecko; compatible; GPTBot/1.3; +https://openai.com/gptbot)"
40.77.167.54 - - [21/Mar/2026:16:09:49 +0200] "GET /shop/goods/stenciled151932796484.phtml HTTP/1.1" 200 227016 "-" "Mozilla/5.0 AppleWebKit/537.36 (KHTML, like Gecko; compatible; bingbot/2.0; +http://www.bing.com/bingbot.htm) Chrome/116.0.1938.76 Safari/537.36"
74.7.227.61 - - [21/Mar/2026:16:09:49 +0200] "GET /shop/goods/misgovern173380658008.phtml HTTP/1.1" 301 - "https://drspos.com/%3C![CDATA[https:/eminencegroup.net.au/post-sitemap9.xml]]%3E" "Mozilla/5.0 AppleWebKit/537.36 (KHTML, like Gecko; compatible; GPTBot/1.3; +https://openai.com/gptbot)"
207.46.13.52 - - [21/Mar/2026:16:09:51 +0200] "GET /shop/goods/lixivial151823265900.phtml HTTP/1.1" 200 192494 "-" "Mozilla/5.0 AppleWebKit/537.36 (KHTML, like Gecko; compatible; bingbot/2.0; +http://www.bing.com/bingbot.htm) Chrome/116.0.1938.76 Safari/537.36"
74.7.227.61 - - [21/Mar/2026:16:09:51 +0200] "GET /shop/goods/misgovern173380658008.phtml/ HTTP/1.1" 200 150752 "https://drspos.com/shop/goods/misgovern173380658008.phtml" "Mozilla/5.0 AppleWebKit/537.36 (KHTML, like Gecko; compatible; GPTBot/1.3; +https://openai.com/gptbot)"
74.7.227.61 - - [21/Mar/2026:16:09:54 +0200] "GET /shop/goods/filoplume173524431051.phtml HTTP/1.1" 301 - "https://drspos.com/%3C![CDATA[https:/eminencegroup.net.au/post-sitemap9.xml]]%3E" "Mozilla/5.0 AppleWebKit/537.36 (KHTML, like Gecko; compatible; GPTBot/1.3; +https://openai.com/gptbot)"
40.77.167.58 - - [21/Mar/2026:16:09:56 +0200] "GET /shop/goods/interjunction15441449622.phtml HTTP/1.1" 200 204409 "-" "Mozilla/5.0 AppleWebKit/537.36 (KHTML, like Gecko; compatible; bingbot/2.0; +http://www.bing.com/bingbot.htm) Chrome/116.0.1938.76 Safari/537.36"
74.7.227.61 - - [21/Mar/2026:16:09:57 +0200] "GET /shop/goods/filoplume173524431051.phtml/ HTTP/1.1" 200 150752 "https://drspos.com/shop/goods/filoplume173524431051.phtml" "Mozilla/5.0 AppleWebKit/537.36 (KHTML, like Gecko; compatible; GPTBot/1.3; +https://openai.com/gptbot)"
40.77.167.58 - - [21/Mar/2026:16:09:59 +0200] "GET /shop/goods/enchantment1523359889.phtml HTTP/1.1" 200 207952 "-" "Mozilla/5.0 AppleWebKit/537.36 (KHTML, like Gecko; compatible; bingbot/2.0; +http://www.bing.com/bingbot.htm) Chrome/116.0.1938.76 Safari/537.36"
216.73.216.163 - - [21/Mar/2026:16:09:59 +0200] "GET /shop/goods/bimana131179912524.phtml HTTP/1.1" 301 - "-" "Mozilla/5.0 AppleWebKit/537.36 (KHTML, like Gecko; compatible; ClaudeBot/1.0; +claudebot@anthropic.com)"
74.7.227.61 - - [21/Mar/2026:16:10:00 +0200] "GET /?p=30982 HTTP/1.1" 200 95805 "https://drspos.com/?p=30984" "Mozilla/5.0 AppleWebKit/537.36 (KHTML, like Gecko; compatible; GPTBot/1.3; +https://openai.com/gptbot)"
207.46.13.52 - - [21/Mar/2026:16:10:02 +0200] "GET /shop/goods/concretive153667512387.phtml HTTP/1.1" 200 224141 "-" "Mozilla/5.0 AppleWebKit/537.36 (KHTML, like Gecko; compatible; bingbot/2.0; +http://www.bing.com/bingbot.htm) Chrome/116.0.1938.76 Safari/537.36"
216.73.216.163 - - [21/Mar/2026:16:10:01 +0200] "GET /shop/goods/bimana131179912524.phtml/ HTTP/1.1" 200 150752 "https://drspos.com/shop/goods/bimana131179912524.phtml" "Mozilla/5.0 AppleWebKit/537.36 (KHTML, like Gecko; compatible; ClaudeBot/1.0; +claudebot@anthropic.com)"
74.7.227.61 - - [21/Mar/2026:16:10:03 +0200] "GET /shop/goods/oxalamide172429654277.phtml HTTP/1.1" 301 - "https://drspos.com/%3C![CDATA[https:/eminencegroup.net.au/post-sitemap9.xml]]%3E" "Mozilla/5.0 AppleWebKit/537.36 (KHTML, like Gecko; compatible; GPTBot/1.3; +https://openai.com/gptbot)"
207.46.13.52 - - [21/Mar/2026:16:10:05 +0200] "GET /shop/goods/visier101755425569.phtml HTTP/1.1" 200 214508 "-" "Mozilla/5.0 AppleWebKit/537.36 (KHTML, like Gecko; compatible; bingbot/2.0; +http://www.bing.com/bingbot.htm) Chrome/116.0.1938.76 Safari/537.36"
216.73.216.163 - - [21/Mar/2026:16:10:05 +0200] "GET /shop/goods/nocturnally124288834774.phtml HTTP/1.1" 301 - "-" "Mozilla/5.0 AppleWebKit/537.36 (KHTML, like Gecko; compatible; ClaudeBot/1.0; +claudebot@anthropic.com)"
74.7.227.61 - - [21/Mar/2026:16:10:05 +0200] "GET /shop/goods/oxalamide172429654277.phtml/ HTTP/1.1" 200 150752 "https://drspos.com/shop/goods/oxalamide172429654277.phtml" "Mozilla/5.0 AppleWebKit/537.36 (KHTML, like Gecko; compatible; GPTBot/1.3; +https://openai.com/gptbot)"
