159.26.104.38 - - [21/Mar/2026:17:15:52 +0200] "GET /?p=28808 HTTP/1.1" 200 102948 "https://drspos.com/" "Mozilla/5.0 (X11; Linux x86_64) AppleWebKit/537.36 (KHTML, like Gecko) Chrome/114.0.0.0 Safari/537.36"
23.90.184.36 - - [21/Mar/2026:17:15:50 +0200] "POST /xmlrpc.php HTTP/1.1" 200 180 "-" "Mozilla/5.0 (Windows NT 10.0; Win64; x64) AppleWebKit/537.36 (KHTML, like Gecko) Chrome/114.0.0.0 Safari/537.36"
172.30.5.1 - - [21/Mar/2026:17:15:56 +0200] "POST /wp-cron.php?doing_wp_cron=1774106156.0012819766998291015625 HTTP/1.1" 200 - "-" "WordPress/6.9.4; https://drspos.com"
216.73.216.163 - - [21/Mar/2026:17:15:55 +0200] "GET /shop/goods/enneatical13718137104.phtml HTTP/1.1" 301 - "-" "Mozilla/5.0 AppleWebKit/537.36 (KHTML, like Gecko; compatible; ClaudeBot/1.0; +claudebot@anthropic.com)"
74.7.227.61 - - [21/Mar/2026:17:15:55 +0200] "GET /?p=44268 HTTP/1.1" 200 91633 "https://drspos.com/?p=44266" "Mozilla/5.0 AppleWebKit/537.36 (KHTML, like Gecko; compatible; GPTBot/1.3; +https://openai.com/gptbot)"
213.209.159.254 - - [21/Mar/2026:17:15:58 +0200] "GET /wp-admin/plugin-install.php/ HTTP/1.1" 403 185098 "-" "Mozilla/5.0 (Windows NT 10.0; Win64; x64) AppleWebKit/537.36 (KHTML, like Gecko) Chrome/124.0.6367.207 Safari/537.36"
159.26.104.38 - - [21/Mar/2026:17:15:57 +0200] "GET /?p=28808 HTTP/1.1" 200 102948 "https://drspos.com/?p=28808" "Mozilla/5.0 (Windows NT 6.3; Win64; x64) AppleWebKit/537.36 (KHTML, like Gecko) Chrome/103.0.0.0 Safari/537.36"
216.73.216.163 - - [21/Mar/2026:17:15:59 +0200] "GET /shop/goods/enneatical13718137104.phtml/ HTTP/1.1" 200 150746 "https://drspos.com/shop/goods/enneatical13718137104.phtml" "Mozilla/5.0 AppleWebKit/537.36 (KHTML, like Gecko; compatible; ClaudeBot/1.0; +claudebot@anthropic.com)"
74.7.227.61 - - [21/Mar/2026:17:15:59 +0200] "GET /shop/goods/univalvia173308842257.phtml HTTP/1.1" 301 - "https://drspos.com/%3C![CDATA[https:/eminencegroup.net.au/post-sitemap9.xml]]%3E" "Mozilla/5.0 AppleWebKit/537.36 (KHTML, like Gecko; compatible; GPTBot/1.3; +https://openai.com/gptbot)"
159.26.104.38 - - [21/Mar/2026:17:16:01 +0200] "GET /?p=28808 HTTP/1.1" 200 102948 "https://drspos.com/?p=28808" "Mozilla/5.0 (Windows NT 6.3; Win64; x64) AppleWebKit/537.36 (KHTML, like Gecko) Chrome/103.0.0.0 Safari/537.36"
159.26.104.38 - - [21/Mar/2026:17:16:04 +0200] "GET /wp-content/plugins/elementor/assets/css/frontend.min.css?ver=3.35.7 HTTP/1.1" 200 54666 "https://drspos.com/?p=28808" "Mozilla/5.0 (Windows NT 10.0; Win64; x64) AppleWebKit/537.36 (KHTML, like Gecko) Chrome/143.0.0.0 Safari/537.36"
74.7.227.61 - - [21/Mar/2026:17:16:02 +0200] "GET /shop/goods/univalvia173308842257.phtml/ HTTP/1.1" 200 150746 "https://drspos.com/shop/goods/univalvia173308842257.phtml" "Mozilla/5.0 AppleWebKit/537.36 (KHTML, like Gecko; compatible; GPTBot/1.3; +https://openai.com/gptbot)"
159.26.104.38 - - [21/Mar/2026:17:16:05 +0200] "GET /wp-content/uploads/elementor/css/post-46.css?ver=1774018857 HTTP/1.1" 200 19635 "https://drspos.com/?p=28808" "Mozilla/5.0 (Windows NT 10.0; Win64; x64) AppleWebKit/537.36 (KHTML, like Gecko) Chrome/143.0.0.0 Safari/537.36"
159.26.104.38 - - [21/Mar/2026:17:16:05 +0200] "GET /wp-content/plugins/essential-addons-for-elementor-lite/assets/front-end/css/view/general.min.css?ver=6.1.15 HTTP/1.1" 200 7418 "https://drspos.com/?p=28808" "Mozilla/5.0 (Windows NT 10.0; Win64; x64) AppleWebKit/537.36 (KHTML, like Gecko) Chrome/143.0.0.0 Safari/537.36"
159.26.104.38 - - [21/Mar/2026:17:16:05 +0200] "GET /wp-content/uploads/essential-addons-elementor/eael-47.css?ver=1773521163 HTTP/1.1" 200 16146 "https://drspos.com/?p=28808" "Mozilla/5.0 (Windows NT 10.0; Win64; x64) AppleWebKit/537.36 (KHTML, like Gecko) Chrome/143.0.0.0 Safari/537.36"
159.26.104.38 - - [21/Mar/2026:17:16:06 +0200] "GET /wp-content/uploads/elementor/css/post-47.css?ver=1774018858 HTTP/1.1" 200 41305 "https://drspos.com/?p=28808" "Mozilla/5.0 (Windows NT 10.0; Win64; x64) AppleWebKit/537.36 (KHTML, like Gecko) Chrome/143.0.0.0 Safari/537.36"
159.26.104.38 - - [21/Mar/2026:17:16:06 +0200] "GET /wp-content/plugins/contact-form-7/includes/css/styles.css?ver=6.1.5 HTTP/1.1" 200 2947 "https://drspos.com/?p=28808" "Mozilla/5.0 (Windows NT 10.0; Win64; x64) AppleWebKit/537.36 (KHTML, like Gecko) Chrome/143.0.0.0 Safari/537.36"
159.26.104.38 - - [21/Mar/2026:17:16:06 +0200] "GET /wp-includes/css/dashicons.min.css?ver=6.9.4 HTTP/1.1" 200 59004 "https://drspos.com/?p=28808" "Mozilla/5.0 (Windows NT 10.0; Win64; x64) AppleWebKit/537.36 (KHTML, like Gecko) Chrome/143.0.0.0 Safari/537.36"
23.90.184.36 - - [21/Mar/2026:17:16:05 +0200] "POST /xmlrpc.php HTTP/1.1" 200 9664 "-" "Mozilla/5.0 (Windows NT 10.0; Win64; x64) AppleWebKit/537.36 (KHTML, like Gecko) Chrome/114.0.0.0 Safari/537.36"
159.26.104.38 - - [21/Mar/2026:17:16:07 +0200] "GET /wp-content/themes/twentytwentyfive/style.css?ver=1.2 HTTP/1.1" 200 2503 "https://drspos.com/?p=28808" "Mozilla/5.0 (Windows NT 10.0; Win64; x64) AppleWebKit/537.36 (KHTML, like Gecko) Chrome/143.0.0.0 Safari/537.36"
159.26.104.38 - - [21/Mar/2026:17:16:07 +0200] "GET /wp-content/plugins/elementskit-lite/widgets/init/assets/css/widget-styles.css?ver=3.5.2 HTTP/1.1" 200 461827 "https://drspos.com/?p=28808" "Mozilla/5.0 (Windows NT 10.0; Win64; x64) AppleWebKit/537.36 (KHTML, like Gecko) Chrome/143.0.0.0 Safari/537.36"
159.26.104.38 - - [21/Mar/2026:17:16:08 +0200] "GET /wp-content/plugins/elementskit-lite/widgets/init/assets/css/responsive.css?ver=3.5.2 HTTP/1.1" 200 30347 "https://drspos.com/?p=28808" "Mozilla/5.0 (Windows NT 10.0; Win64; x64) AppleWebKit/537.36 (KHTML, like Gecko) Chrome/143.0.0.0 Safari/537.36"
74.7.227.61 - - [21/Mar/2026:17:16:05 +0200] "GET /shop/goods/baseboard171657290894.phtml HTTP/1.1" 301 - "https://drspos.com/%3C![CDATA[https:/eminencegroup.net.au/post-sitemap9.xml]]%3E" "Mozilla/5.0 AppleWebKit/537.36 (KHTML, like Gecko; compatible; GPTBot/1.3; +https://openai.com/gptbot)"
159.26.104.38 - - [21/Mar/2026:17:16:08 +0200] "GET /wp-content/plugins/ele-custom-skin/assets/css/ecs-style.css?ver=3.1.9 HTTP/1.1" 200 9125 "https://drspos.com/?p=28808" "Mozilla/5.0 (Windows NT 10.0; Win64; x64) AppleWebKit/537.36 (KHTML, like Gecko) Chrome/143.0.0.0 Safari/537.36"
159.26.104.38 - - [21/Mar/2026:17:16:08 +0200] "GET /wp-content/uploads/elementor/google-fonts/css/poppins.css?ver=1747086541 HTTP/1.1" 200 22361 "https://drspos.com/?p=28808" "Mozilla/5.0 (Windows NT 10.0; Win64; x64) AppleWebKit/537.36 (KHTML, like Gecko) Chrome/143.0.0.0 Safari/537.36"
159.26.104.38 - - [21/Mar/2026:17:16:09 +0200] "GET /wp-content/uploads/elementor/google-fonts/css/roboto.css?ver=1747086522 HTTP/1.1" 200 102870 "https://drspos.com/?p=28808" "Mozilla/5.0 (Windows NT 10.0; Win64; x64) AppleWebKit/537.36 (KHTML, like Gecko) Chrome/143.0.0.0 Safari/537.36"
159.26.104.38 - - [21/Mar/2026:17:16:09 +0200] "GET /wp-content/uploads/elementor/google-fonts/css/playfairdisplay.css?ver=1747086558 HTTP/1.1" 200 20358 "https://drspos.com/?p=28808" "Mozilla/5.0 (Windows NT 10.0; Win64; x64) AppleWebKit/537.36 (KHTML, like Gecko) Chrome/143.0.0.0 Safari/537.36"
159.26.104.38 - - [21/Mar/2026:17:16:09 +0200] "GET /wp-content/plugins/elementor/assets/lib/font-awesome/css/fontawesome.min.css?ver=5.15.3 HTTP/1.1" 200 58071 "https://drspos.com/?p=28808" "Mozilla/5.0 (Windows NT 10.0; Win64; x64) AppleWebKit/537.36 (KHTML, like Gecko) Chrome/143.0.0.0 Safari/537.36"
159.26.104.38 - - [21/Mar/2026:17:16:10 +0200] "GET /wp-content/plugins/elementor/assets/lib/font-awesome/css/solid.min.css?ver=5.15.3 HTTP/1.1" 200 669 "https://drspos.com/?p=28808" "Mozilla/5.0 (Windows NT 10.0; Win64; x64) AppleWebKit/537.36 (KHTML, like Gecko) Chrome/143.0.0.0 Safari/537.36"
159.26.104.38 - - [21/Mar/2026:17:16:10 +0200] "GET /wp-content/plugins/elementor/assets/lib/font-awesome/css/brands.min.css?ver=5.15.3 HTTP/1.1" 200 675 "https://drspos.com/?p=28808" "Mozilla/5.0 (Windows NT 10.0; Win64; x64) AppleWebKit/537.36 (KHTML, like Gecko) Chrome/143.0.0.0 Safari/537.36"
159.26.104.38 - - [21/Mar/2026:17:16:10 +0200] "GET /wp-content/plugins/elementskit-lite/modules/elementskit-icon-pack/assets/css/ekiticons.css?ver=3.5.2 HTTP/1.1" 200 124992 "https://drspos.com/?p=28808" "Mozilla/5.0 (Windows NT 10.0; Win64; x64) AppleWebKit/537.36 (KHTML, like Gecko) Chrome/143.0.0.0 Safari/537.36"
74.7.227.61 - - [21/Mar/2026:17:16:08 +0200] "GET /shop/goods/baseboard171657290894.phtml/ HTTP/1.1" 200 150746 "https://drspos.com/shop/goods/baseboard171657290894.phtml" "Mozilla/5.0 AppleWebKit/537.36 (KHTML, like Gecko; compatible; GPTBot/1.3; +https://openai.com/gptbot)"
159.26.104.38 - - [21/Mar/2026:17:16:11 +0200] "POST /wp-comments-post.php HTTP/1.1" 302 - "https://drspos.com/?p=28808" "Mozilla/5.0 (Windows NT 6.3; Win64; x64) AppleWebKit/537.36 (KHTML, like Gecko) Chrome/103.0.0.0 Safari/537.36"
74.7.227.61 - - [21/Mar/2026:17:16:11 +0200] "GET /?p=48320 HTTP/1.1" 200 91383 "https://drspos.com/?p=48318" "Mozilla/5.0 AppleWebKit/537.36 (KHTML, like Gecko; compatible; GPTBot/1.3; +https://openai.com/gptbot)"
23.90.184.36 - - [21/Mar/2026:17:16:13 +0200] "GET /?p=55762 HTTP/1.1" 200 92301 "-" "Mozilla/5.0 (Windows NT 10.0; Win64; x64) AppleWebKit/537.36 (KHTML, like Gecko) Chrome/124.0.0.0 Safari/537.36"
213.209.159.254 - - [21/Mar/2026:17:16:14 +0200] "GET /wp-admin/themes.php HTTP/1.1" 200 201677 "-" "Mozilla/5.0 (Windows NT 10.0; Win64; x64) AppleWebKit/537.36 (KHTML, like Gecko) Chrome/124.0.6367.207 Safari/537.36"
159.26.104.38 - - [21/Mar/2026:17:16:14 +0200] "GET /?p=28808&unapproved=1299&moderation-hash=914b5d5d6fac83adf9d9803d3e6e42ad HTTP/1.1" 200 102948 "https://drspos.com/wp-comments-post.php" "Mozilla/5.0 (Windows NT 6.3; Win64; x64) AppleWebKit/537.36 (KHTML, like Gecko) Chrome/103.0.0.0 Safari/537.36"
74.7.227.61 - - [21/Mar/2026:17:16:15 +0200] "GET /shop/goods/whitewing173990285976.phtml HTTP/1.1" 301 - "https://drspos.com/%3C![CDATA[https:/eminencegroup.net.au/post-sitemap9.xml]]%3E" "Mozilla/5.0 AppleWebKit/537.36 (KHTML, like Gecko; compatible; GPTBot/1.3; +https://openai.com/gptbot)"
216.73.216.163 - - [21/Mar/2026:17:16:17 +0200] "GET /shop/goods/conidium13282794217.phtml HTTP/1.1" 301 - "-" "Mozilla/5.0 AppleWebKit/537.36 (KHTML, like Gecko; compatible; ClaudeBot/1.0; +claudebot@anthropic.com)"
159.26.104.38 - - [21/Mar/2026:17:16:18 +0200] "GET /?p=28808 HTTP/1.1" 200 102948 "-" "Mozilla/5.0 (Windows NT 6.3; Win64; x64) AppleWebKit/537.36 (KHTML, like Gecko) Chrome/103.0.0.0 Safari/537.36"
74.7.227.61 - - [21/Mar/2026:17:16:18 +0200] "GET /shop/goods/whitewing173990285976.phtml/ HTTP/1.1" 200 150746 "https://drspos.com/shop/goods/whitewing173990285976.phtml" "Mozilla/5.0 AppleWebKit/537.36 (KHTML, like Gecko; compatible; GPTBot/1.3; +https://openai.com/gptbot)"
216.73.216.163 - - [21/Mar/2026:17:16:20 +0200] "GET /shop/goods/conidium13282794217.phtml/ HTTP/1.1" 200 150746 "https://drspos.com/shop/goods/conidium13282794217.phtml" "Mozilla/5.0 AppleWebKit/537.36 (KHTML, like Gecko; compatible; ClaudeBot/1.0; +claudebot@anthropic.com)"
74.7.227.61 - - [21/Mar/2026:17:16:22 +0200] "GET /?p=46602 HTTP/1.1" 200 92397 "https://drspos.com/?p=46604" "Mozilla/5.0 AppleWebKit/537.36 (KHTML, like Gecko; compatible; GPTBot/1.3; +https://openai.com/gptbot)"
74.7.227.61 - - [21/Mar/2026:17:16:26 +0200] "GET /shop/goods/bitterful173324985212.phtml HTTP/1.1" 301 - "https://drspos.com/%3C![CDATA[https:/eminencegroup.net.au/post-sitemap9.xml]]%3E" "Mozilla/5.0 AppleWebKit/537.36 (KHTML, like Gecko; compatible; GPTBot/1.3; +https://openai.com/gptbot)"
74.7.227.61 - - [21/Mar/2026:17:16:28 +0200] "GET /shop/goods/bitterful173324985212.phtml/ HTTP/1.1" 200 150746 "https://drspos.com/shop/goods/bitterful173324985212.phtml" "Mozilla/5.0 AppleWebKit/537.36 (KHTML, like Gecko; compatible; GPTBot/1.3; +https://openai.com/gptbot)"
74.7.227.61 - - [21/Mar/2026:17:16:31 +0200] "GET /?p=30818 HTTP/1.1" 200 96697 "https://drspos.com/?p=30820" "Mozilla/5.0 AppleWebKit/537.36 (KHTML, like Gecko; compatible; GPTBot/1.3; +https://openai.com/gptbot)"
213.209.159.254 - - [21/Mar/2026:17:16:34 +0200] "GET /wp-admin/theme-install.php?browse=popular HTTP/1.1" 301 - "-" "Mozilla/5.0 (Windows NT 10.0; Win64; x64) AppleWebKit/537.36 (KHTML, like Gecko) Chrome/124.0.6367.207 Safari/537.36"
74.7.227.61 - - [21/Mar/2026:17:16:34 +0200] "GET /shop/goods/inquiries173352026691.phtml HTTP/1.1" 301 - "https://drspos.com/%3C![CDATA[https:/eminencegroup.net.au/post-sitemap9.xml]]%3E" "Mozilla/5.0 AppleWebKit/537.36 (KHTML, like Gecko; compatible; GPTBot/1.3; +https://openai.com/gptbot)"
216.73.216.163 - - [21/Mar/2026:17:16:36 +0200] "GET /shop/goods/setose121707511322.phtml HTTP/1.1" 301 - "-" "Mozilla/5.0 AppleWebKit/537.36 (KHTML, like Gecko; compatible; ClaudeBot/1.0; +claudebot@anthropic.com)"
74.7.227.61 - - [21/Mar/2026:17:16:37 +0200] "GET /shop/goods/inquiries173352026691.phtml/ HTTP/1.1" 200 150746 "https://drspos.com/shop/goods/inquiries173352026691.phtml" "Mozilla/5.0 AppleWebKit/537.36 (KHTML, like Gecko; compatible; GPTBot/1.3; +https://openai.com/gptbot)"
122.171.20.194 - - [21/Mar/2026:17:16:39 +0200] "POST /xmlrpc.php HTTP/1.1" 200 403 "-" "Mozilla/5.0 (Linux; Android 10; x86) AppleWebKit/537.36 (KHTML, like Gecko) Opera/66.0.0.0 Safari/537.36"
213.209.159.254 - - [21/Mar/2026:17:16:38 +0200] "GET /wp-admin/theme-install.php/?browse=popular HTTP/1.1" 403 185098 "-" "Mozilla/5.0 (Windows NT 10.0; Win64; x64) AppleWebKit/537.36 (KHTML, like Gecko) Chrome/124.0.6367.207 Safari/537.36"
216.73.216.163 - - [21/Mar/2026:17:16:39 +0200] "GET /shop/goods/setose121707511322.phtml/ HTTP/1.1" 200 150746 "https://drspos.com/shop/goods/setose121707511322.phtml" "Mozilla/5.0 AppleWebKit/537.36 (KHTML, like Gecko; compatible; ClaudeBot/1.0; +claudebot@anthropic.com)"
74.7.227.61 - - [21/Mar/2026:17:16:40 +0200] "GET /shop/goods/lycoridae172363543328.phtml HTTP/1.1" 301 - "https://drspos.com/%3C![CDATA[https:/eminencegroup.net.au/post-sitemap9.xml]]%3E" "Mozilla/5.0 AppleWebKit/537.36 (KHTML, like Gecko; compatible; GPTBot/1.3; +https://openai.com/gptbot)"
74.7.227.61 - - [21/Mar/2026:17:16:43 +0200] "GET /shop/goods/lycoridae172363543328.phtml/ HTTP/1.1" 200 150746 "https://drspos.com/shop/goods/lycoridae172363543328.phtml" "Mozilla/5.0 AppleWebKit/537.36 (KHTML, like Gecko; compatible; GPTBot/1.3; +https://openai.com/gptbot)"
74.7.227.61 - - [21/Mar/2026:17:16:46 +0200] "GET /?p=55762 HTTP/1.1" 200 92301 "https://drspos.com/?p=52854" "Mozilla/5.0 AppleWebKit/537.36 (KHTML, like Gecko; compatible; GPTBot/1.3; +https://openai.com/gptbot)"
74.7.227.61 - - [21/Mar/2026:17:16:49 +0200] "GET /?p=44270 HTTP/1.1" 200 90784 "https://drspos.com/?p=44268" "Mozilla/5.0 AppleWebKit/537.36 (KHTML, like Gecko; compatible; GPTBot/1.3; +https://openai.com/gptbot)"
74.7.227.61 - - [21/Mar/2026:17:16:53 +0200] "GET /?p=52852 HTTP/1.1" 200 98664 "https://drspos.com/?p=52854" "Mozilla/5.0 AppleWebKit/537.36 (KHTML, like Gecko; compatible; GPTBot/1.3; +https://openai.com/gptbot)"
74.7.227.61 - - [21/Mar/2026:17:16:57 +0200] "GET /shop/goods/bathybius171885691362.phtml HTTP/1.1" 301 - "https://drspos.com/%3C![CDATA[https:/eminencegroup.net.au/post-sitemap9.xml]]%3E" "Mozilla/5.0 AppleWebKit/537.36 (KHTML, like Gecko; compatible; GPTBot/1.3; +https://openai.com/gptbot)"
213.209.159.254 - - [21/Mar/2026:17:16:57 +0200] "GET /wp-admin/theme-install.php?browse=popular HTTP/1.1" 301 - "-" "Mozilla/5.0 (Windows NT 10.0; Win64; x64) AppleWebKit/537.36 (KHTML, like Gecko) Chrome/124.0.6367.207 Safari/537.36"
74.7.227.61 - - [21/Mar/2026:17:16:59 +0200] "GET /shop/goods/bathybius171885691362.phtml/ HTTP/1.1" 200 150746 "https://drspos.com/shop/goods/bathybius171885691362.phtml" "Mozilla/5.0 AppleWebKit/537.36 (KHTML, like Gecko; compatible; GPTBot/1.3; +https://openai.com/gptbot)"
213.209.159.254 - - [21/Mar/2026:17:17:00 +0200] "GET /wp-admin/theme-install.php/?browse=popular HTTP/1.1" 403 185098 "-" "Mozilla/5.0 (Windows NT 10.0; Win64; x64) AppleWebKit/537.36 (KHTML, like Gecko) Chrome/124.0.6367.207 Safari/537.36"
216.73.216.163 - - [21/Mar/2026:17:17:00 +0200] "GET /shop/goods/cotyliform163905670077.phtml HTTP/1.1" 301 - "-" "Mozilla/5.0 AppleWebKit/537.36 (KHTML, like Gecko; compatible; ClaudeBot/1.0; +claudebot@anthropic.com)"
74.7.227.61 - - [21/Mar/2026:17:17:02 +0200] "GET /?p=48323 HTTP/1.1" 200 94965 "https://drspos.com/?p=48320" "Mozilla/5.0 AppleWebKit/537.36 (KHTML, like Gecko; compatible; GPTBot/1.3; +https://openai.com/gptbot)"
216.73.216.163 - - [21/Mar/2026:17:17:03 +0200] "GET /shop/goods/cotyliform163905670077.phtml/ HTTP/1.1" 200 150746 "https://drspos.com/shop/goods/cotyliform163905670077.phtml" "Mozilla/5.0 AppleWebKit/537.36 (KHTML, like Gecko; compatible; ClaudeBot/1.0; +claudebot@anthropic.com)"
74.7.227.61 - - [21/Mar/2026:17:17:07 +0200] "GET /shop/goods/cornelian172166034836.phtml HTTP/1.1" 301 - "https://drspos.com/%3C![CDATA[https:/eminencegroup.net.au/post-sitemap9.xml]]%3E" "Mozilla/5.0 AppleWebKit/537.36 (KHTML, like Gecko; compatible; GPTBot/1.3; +https://openai.com/gptbot)"
216.73.216.163 - - [21/Mar/2026:17:17:07 +0200] "GET /shop/goods/disallowance13367366995.phtml HTTP/1.1" 301 - "-" "Mozilla/5.0 AppleWebKit/537.36 (KHTML, like Gecko; compatible; ClaudeBot/1.0; +claudebot@anthropic.com)"
74.7.227.61 - - [21/Mar/2026:17:17:09 +0200] "GET /shop/goods/cornelian172166034836.phtml/ HTTP/1.1" 200 150746 "https://drspos.com/shop/goods/cornelian172166034836.phtml" "Mozilla/5.0 AppleWebKit/537.36 (KHTML, like Gecko; compatible; GPTBot/1.3; +https://openai.com/gptbot)"
216.73.216.163 - - [21/Mar/2026:17:17:10 +0200] "GET /shop/goods/disallowance13367366995.phtml/ HTTP/1.1" 200 150746 "https://drspos.com/shop/goods/disallowance13367366995.phtml" "Mozilla/5.0 AppleWebKit/537.36 (KHTML, like Gecko; compatible; ClaudeBot/1.0; +claudebot@anthropic.com)"
213.209.159.254 - - [21/Mar/2026:17:17:12 +0200] "GET /wp-admin/theme-install.php?browse=popular HTTP/1.1" 301 - "-" "Mozilla/5.0 (Windows NT 10.0; Win64; x64) AppleWebKit/537.36 (KHTML, like Gecko) Chrome/124.0.6367.207 Safari/537.36"
74.7.227.61 - - [21/Mar/2026:17:17:13 +0200] "GET /?p=46600 HTTP/1.1" 200 91468 "https://drspos.com/?p=46602" "Mozilla/5.0 AppleWebKit/537.36 (KHTML, like Gecko; compatible; GPTBot/1.3; +https://openai.com/gptbot)"
213.209.159.254 - - [21/Mar/2026:17:17:15 +0200] "GET /wp-admin/theme-install.php/?browse=popular HTTP/1.1" 403 185098 "-" "Mozilla/5.0 (Windows NT 10.0; Win64; x64) AppleWebKit/537.36 (KHTML, like Gecko) Chrome/124.0.6367.207 Safari/537.36"
74.7.227.61 - - [21/Mar/2026:17:17:16 +0200] "GET /shop/goods/whincheck171534812393.phtml HTTP/1.1" 301 - "https://drspos.com/%3C![CDATA[https:/eminencegroup.net.au/post-sitemap9.xml]]%3E" "Mozilla/5.0 AppleWebKit/537.36 (KHTML, like Gecko; compatible; GPTBot/1.3; +https://openai.com/gptbot)"
74.7.227.61 - - [21/Mar/2026:17:17:19 +0200] "GET /shop/goods/whincheck171534812393.phtml/ HTTP/1.1" 200 150746 "https://drspos.com/shop/goods/whincheck171534812393.phtml" "Mozilla/5.0 AppleWebKit/537.36 (KHTML, like Gecko; compatible; GPTBot/1.3; +https://openai.com/gptbot)"
74.7.227.61 - - [21/Mar/2026:17:17:22 +0200] "GET /?p=30816 HTTP/1.1" 200 93607 "https://drspos.com/?p=30818" "Mozilla/5.0 AppleWebKit/537.36 (KHTML, like Gecko; compatible; GPTBot/1.3; +https://openai.com/gptbot)"
74.7.227.61 - - [21/Mar/2026:17:17:25 +0200] "GET /shop/goods/veneracea172581997731.phtml HTTP/1.1" 301 - "https://drspos.com/%3C![CDATA[https:/eminencegroup.net.au/post-sitemap9.xml]]%3E" "Mozilla/5.0 AppleWebKit/537.36 (KHTML, like Gecko; compatible; GPTBot/1.3; +https://openai.com/gptbot)"
213.209.159.254 - - [21/Mar/2026:17:17:26 +0200] "GET /wp-admin/theme-install.php?browse=popular HTTP/1.1" 301 - "-" "Mozilla/5.0 (Windows NT 10.0; Win64; x64) AppleWebKit/537.36 (KHTML, like Gecko) Chrome/124.0.6367.207 Safari/537.36"
74.7.227.61 - - [21/Mar/2026:17:17:28 +0200] "GET /shop/goods/veneracea172581997731.phtml/ HTTP/1.1" 200 150746 "https://drspos.com/shop/goods/veneracea172581997731.phtml" "Mozilla/5.0 AppleWebKit/537.36 (KHTML, like Gecko; compatible; GPTBot/1.3; +https://openai.com/gptbot)"
216.73.216.163 - - [21/Mar/2026:17:17:31 +0200] "GET /shop/goods/irrefrangibility17885709486.phtml HTTP/1.1" 301 - "-" "Mozilla/5.0 AppleWebKit/537.36 (KHTML, like Gecko; compatible; ClaudeBot/1.0; +claudebot@anthropic.com)"
74.7.227.61 - - [21/Mar/2026:17:17:32 +0200] "GET /shop/goods/refounder174006428931.phtml HTTP/1.1" 301 - "https://drspos.com/%3C![CDATA[https:/eminencegroup.net.au/post-sitemap9.xml]]%3E" "Mozilla/5.0 AppleWebKit/537.36 (KHTML, like Gecko; compatible; GPTBot/1.3; +https://openai.com/gptbot)"
213.209.159.254 - - [21/Mar/2026:17:17:31 +0200] "GET /wp-admin/theme-install.php/?browse=popular HTTP/1.1" 403 185098 "-" "Mozilla/5.0 (Windows NT 10.0; Win64; x64) AppleWebKit/537.36 (KHTML, like Gecko) Chrome/124.0.6367.207 Safari/537.36"
74.7.227.61 - - [21/Mar/2026:17:17:34 +0200] "GET /shop/goods/refounder174006428931.phtml/ HTTP/1.1" 200 150746 "https://drspos.com/shop/goods/refounder174006428931.phtml" "Mozilla/5.0 AppleWebKit/537.36 (KHTML, like Gecko; compatible; GPTBot/1.3; +https://openai.com/gptbot)"
216.73.216.163 - - [21/Mar/2026:17:17:34 +0200] "GET /shop/goods/irrefrangibility17885709486.phtml/ HTTP/1.1" 200 150746 "https://drspos.com/shop/goods/irrefrangibility17885709486.phtml" "Mozilla/5.0 AppleWebKit/537.36 (KHTML, like Gecko; compatible; ClaudeBot/1.0; +claudebot@anthropic.com)"
216.73.216.163 - - [21/Mar/2026:17:17:37 +0200] "GET /shop/goods/coplanar1359653895.phtml HTTP/1.1" 301 - "-" "Mozilla/5.0 AppleWebKit/537.36 (KHTML, like Gecko; compatible; ClaudeBot/1.0; +claudebot@anthropic.com)"
74.7.227.61 - - [21/Mar/2026:17:17:37 +0200] "GET /shop/goods/halfround173621447035.phtml HTTP/1.1" 301 - "https://drspos.com/%3C![CDATA[https:/eminencegroup.net.au/post-sitemap9.xml]]%3E" "Mozilla/5.0 AppleWebKit/537.36 (KHTML, like Gecko; compatible; GPTBot/1.3; +https://openai.com/gptbot)"
74.7.227.61 - - [21/Mar/2026:17:17:40 +0200] "GET /shop/goods/halfround173621447035.phtml/ HTTP/1.1" 200 150746 "https://drspos.com/shop/goods/halfround173621447035.phtml" "Mozilla/5.0 AppleWebKit/537.36 (KHTML, like Gecko; compatible; GPTBot/1.3; +https://openai.com/gptbot)"
216.73.216.163 - - [21/Mar/2026:17:17:40 +0200] "GET /shop/goods/coplanar1359653895.phtml/ HTTP/1.1" 200 150746 "https://drspos.com/shop/goods/coplanar1359653895.phtml" "Mozilla/5.0 AppleWebKit/537.36 (KHTML, like Gecko; compatible; ClaudeBot/1.0; +claudebot@anthropic.com)"
74.7.227.61 - - [21/Mar/2026:17:17:43 +0200] "GET /?p=44272 HTTP/1.1" 200 96304 "https://drspos.com/?p=44270" "Mozilla/5.0 AppleWebKit/537.36 (KHTML, like Gecko; compatible; GPTBot/1.3; +https://openai.com/gptbot)"
74.7.227.61 - - [21/Mar/2026:17:17:46 +0200] "GET /?p=52850 HTTP/1.1" 200 93168 "https://drspos.com/?p=52852" "Mozilla/5.0 AppleWebKit/537.36 (KHTML, like Gecko; compatible; GPTBot/1.3; +https://openai.com/gptbot)"
159.26.104.38 - - [21/Mar/2026:17:17:48 +0200] "GET /?p=28808 HTTP/1.1" 200 102948 "-" "Mozilla/5.0 (Windows NT 10.0; WOW64) AppleWebKit/537.36 (KHTML, like Gecko) Chrome/114.0.0.0 YaBrowser/22.7.0 Yowser/2.5 Safari/537.36"
74.7.227.61 - - [21/Mar/2026:17:17:50 +0200] "GET /shop/goods/prefident173257434905.phtml HTTP/1.1" 301 - "https://drspos.com/%3C![CDATA[https:/eminencegroup.net.au/post-sitemap9.xml]]%3E" "Mozilla/5.0 AppleWebKit/537.36 (KHTML, like Gecko; compatible; GPTBot/1.3; +https://openai.com/gptbot)"
74.7.227.61 - - [21/Mar/2026:17:17:53 +0200] "GET /shop/goods/prefident173257434905.phtml/ HTTP/1.1" 200 150746 "https://drspos.com/shop/goods/prefident173257434905.phtml" "Mozilla/5.0 AppleWebKit/537.36 (KHTML, like Gecko; compatible; GPTBot/1.3; +https://openai.com/gptbot)"
213.209.159.254 - - [21/Mar/2026:17:17:54 +0200] "GET /wp-admin/theme-install.php?browse=popular HTTP/1.1" 301 - "-" "Mozilla/5.0 (Windows NT 10.0; Win64; x64) AppleWebKit/537.36 (KHTML, like Gecko) Chrome/124.0.6367.207 Safari/537.36"
74.7.227.61 - - [21/Mar/2026:17:17:57 +0200] "GET /?p=48322 HTTP/1.1" 200 90985 "https://drspos.com/?p=48323" "Mozilla/5.0 AppleWebKit/537.36 (KHTML, like Gecko; compatible; GPTBot/1.3; +https://openai.com/gptbot)"
213.209.159.254 - - [21/Mar/2026:17:17:57 +0200] "GET /wp-admin/theme-install.php/?browse=popular HTTP/1.1" 403 185098 "-" "Mozilla/5.0 (Windows NT 10.0; Win64; x64) AppleWebKit/537.36 (KHTML, like Gecko) Chrome/124.0.6367.207 Safari/537.36"
74.7.227.61 - - [21/Mar/2026:17:18:00 +0200] "GET /shop/goods/bizantine172795345971.phtml HTTP/1.1" 301 - "https://drspos.com/%3C![CDATA[https:/eminencegroup.net.au/post-sitemap9.xml]]%3E" "Mozilla/5.0 AppleWebKit/537.36 (KHTML, like Gecko; compatible; GPTBot/1.3; +https://openai.com/gptbot)"
216.73.216.163 - - [21/Mar/2026:17:18:01 +0200] "GET /shop/goods/incarnation121619682317.phtml HTTP/1.1" 301 - "-" "Mozilla/5.0 AppleWebKit/537.36 (KHTML, like Gecko; compatible; ClaudeBot/1.0; +claudebot@anthropic.com)"
74.7.227.61 - - [21/Mar/2026:17:18:03 +0200] "GET /shop/goods/bizantine172795345971.phtml/ HTTP/1.1" 200 150746 "https://drspos.com/shop/goods/bizantine172795345971.phtml" "Mozilla/5.0 AppleWebKit/537.36 (KHTML, like Gecko; compatible; GPTBot/1.3; +https://openai.com/gptbot)"
216.73.216.163 - - [21/Mar/2026:17:18:04 +0200] "GET /shop/goods/incarnation121619682317.phtml/ HTTP/1.1" 200 150746 "https://drspos.com/shop/goods/incarnation121619682317.phtml" "Mozilla/5.0 AppleWebKit/537.36 (KHTML, like Gecko; compatible; ClaudeBot/1.0; +claudebot@anthropic.com)"
74.7.227.61 - - [21/Mar/2026:17:18:06 +0200] "GET /?p=46598 HTTP/1.1" 200 96733 "https://drspos.com/?p=46600" "Mozilla/5.0 AppleWebKit/537.36 (KHTML, like Gecko; compatible; GPTBot/1.3; +https://openai.com/gptbot)"
216.73.216.163 - - [21/Mar/2026:17:18:08 +0200] "GET /shop/goods/anglicizing122611056607.phtml HTTP/1.1" 301 - "-" "Mozilla/5.0 AppleWebKit/537.36 (KHTML, like Gecko; compatible; ClaudeBot/1.0; +claudebot@anthropic.com)"
52.167.144.162 - - [21/Mar/2026:17:18:10 +0200] "GET /shop/goods/anemographic15506715677.phtml HTTP/1.1" 200 201388 "-" "Mozilla/5.0 AppleWebKit/537.36 (KHTML, like Gecko; compatible; bingbot/2.0; +http://www.bing.com/bingbot.htm) Chrome/116.0.1938.76 Safari/537.36"
213.209.159.254 - - [21/Mar/2026:17:18:09 +0200] "GET /wp-admin/themes.php HTTP/1.1" 200 201677 "-" "Mozilla/5.0 (Windows NT 10.0; Win64; x64) AppleWebKit/537.36 (KHTML, like Gecko) Chrome/124.0.6367.207 Safari/537.36"
74.7.227.61 - - [21/Mar/2026:17:18:09 +0200] "GET /shop/goods/examplary172533241836.phtml HTTP/1.1" 301 - "https://drspos.com/%3C![CDATA[https:/eminencegroup.net.au/post-sitemap9.xml]]%3E" "Mozilla/5.0 AppleWebKit/537.36 (KHTML, like Gecko; compatible; GPTBot/1.3; +https://openai.com/gptbot)"
52.167.144.162 - - [21/Mar/2026:17:18:12 +0200] "GET /shop/goods/toftmen15490802175.phtml HTTP/1.1" 200 205863 "-" "Mozilla/5.0 AppleWebKit/537.36 (KHTML, like Gecko; compatible; bingbot/2.0; +http://www.bing.com/bingbot.htm) Chrome/116.0.1938.76 Safari/537.36"
216.73.216.163 - - [21/Mar/2026:17:18:11 +0200] "GET /shop/goods/anglicizing122611056607.phtml/ HTTP/1.1" 200 150746 "https://drspos.com/shop/goods/anglicizing122611056607.phtml" "Mozilla/5.0 AppleWebKit/537.36 (KHTML, like Gecko; compatible; ClaudeBot/1.0; +claudebot@anthropic.com)"
52.167.144.162 - - [21/Mar/2026:17:18:14 +0200] "GET /shop/goods/machaeranthera154026689950.phtml HTTP/1.1" 200 199464 "-" "Mozilla/5.0 AppleWebKit/537.36 (KHTML, like Gecko; compatible; bingbot/2.0; +http://www.bing.com/bingbot.htm) Chrome/116.0.1938.76 Safari/537.36"
74.7.227.61 - - [21/Mar/2026:17:18:13 +0200] "GET /shop/goods/examplary172533241836.phtml/ HTTP/1.1" 200 150746 "https://drspos.com/shop/goods/examplary172533241836.phtml" "Mozilla/5.0 AppleWebKit/537.36 (KHTML, like Gecko; compatible; GPTBot/1.3; +https://openai.com/gptbot)"
52.167.144.162 - - [21/Mar/2026:17:18:15 +0200] "GET /shop/goods/spacecraft10835536225.phtml HTTP/1.1" 200 218212 "-" "Mozilla/5.0 AppleWebKit/537.36 (KHTML, like Gecko; compatible; bingbot/2.0; +http://www.bing.com/bingbot.htm) Chrome/116.0.1938.76 Safari/537.36"
52.167.144.162 - - [21/Mar/2026:17:18:17 +0200] "GET /shop/goods/tracheate152717496327.phtml HTTP/1.1" 200 208304 "-" "Mozilla/5.0 AppleWebKit/537.36 (KHTML, like Gecko; compatible; bingbot/2.0; +http://www.bing.com/bingbot.htm) Chrome/116.0.1938.76 Safari/537.36"
74.7.227.61 - - [21/Mar/2026:17:18:16 +0200] "GET /?p=30812 HTTP/1.1" 200 91061 "https://drspos.com/?p=30816" "Mozilla/5.0 AppleWebKit/537.36 (KHTML, like Gecko; compatible; GPTBot/1.3; +https://openai.com/gptbot)"
52.167.144.162 - - [21/Mar/2026:17:18:20 +0200] "GET /shop/goods/manicdepressive154149697341.phtml HTTP/1.1" 200 200036 "-" "Mozilla/5.0 AppleWebKit/537.36 (KHTML, like Gecko; compatible; bingbot/2.0; +http://www.bing.com/bingbot.htm) Chrome/116.0.1938.76 Safari/537.36"
74.7.227.61 - - [21/Mar/2026:17:18:19 +0200] "GET /shop/goods/rectifier173869227463.phtml HTTP/1.1" 301 - "https://drspos.com/%3C![CDATA[https:/eminencegroup.net.au/post-sitemap9.xml]]%3E" "Mozilla/5.0 AppleWebKit/537.36 (KHTML, like Gecko; compatible; GPTBot/1.3; +https://openai.com/gptbot)"
52.167.144.162 - - [21/Mar/2026:17:18:23 +0200] "GET /shop/goods/succinctly14918300861.phtml HTTP/1.1" 200 194315 "-" "Mozilla/5.0 AppleWebKit/537.36 (KHTML, like Gecko; compatible; bingbot/2.0; +http://www.bing.com/bingbot.htm) Chrome/116.0.1938.76 Safari/537.36"
74.7.227.61 - - [21/Mar/2026:17:18:22 +0200] "GET /shop/goods/rectifier173869227463.phtml/ HTTP/1.1" 200 150746 "https://drspos.com/shop/goods/rectifier173869227463.phtml" "Mozilla/5.0 AppleWebKit/537.36 (KHTML, like Gecko; compatible; GPTBot/1.3; +https://openai.com/gptbot)"
192.178.6.36 - - [21/Mar/2026:17:18:25 +0200] "GET /?p=38119 HTTP/1.1" 200 210768 "-" "Mozilla/5.0 (Linux; Android 6.0.1; Nexus 5X Build/MMB29P) AppleWebKit/537.36 (KHTML, like Gecko) Chrome/145.0.7632.159 Mobile Safari/537.36 (compatible; Googlebot/2.1; +http://www.google.com/bot.html)"
213.209.159.254 - - [21/Mar/2026:17:18:24 +0200] "GET /wp-admin/theme-install.php?browse=popular HTTP/1.1" 301 - "-" "Mozilla/5.0 (Windows NT 10.0; Win64; x64) AppleWebKit/537.36 (KHTML, like Gecko) Chrome/124.0.6367.207 Safari/537.36"
52.167.144.162 - - [21/Mar/2026:17:18:26 +0200] "GET /shop/goods/hemal152314298559.phtml HTTP/1.1" 200 212322 "-" "Mozilla/5.0 AppleWebKit/537.36 (KHTML, like Gecko; compatible; bingbot/2.0; +http://www.bing.com/bingbot.htm) Chrome/116.0.1938.76 Safari/537.36"
74.7.227.61 - - [21/Mar/2026:17:18:25 +0200] "GET /shop/goods/orgiastic172834530486.phtml HTTP/1.1" 301 - "https://drspos.com/%3C![CDATA[https:/eminencegroup.net.au/post-sitemap9.xml]]%3E" "Mozilla/5.0 AppleWebKit/537.36 (KHTML, like Gecko; compatible; GPTBot/1.3; +https://openai.com/gptbot)"
52.167.144.162 - - [21/Mar/2026:17:18:29 +0200] "GET /shop/goods/electroballistics152097773040.phtml HTTP/1.1" 200 225370 "-" "Mozilla/5.0 AppleWebKit/537.36 (KHTML, like Gecko; compatible; bingbot/2.0; +http://www.bing.com/bingbot.htm) Chrome/116.0.1938.76 Safari/537.36"
147.92.55.109 - - [21/Mar/2026:17:18:29 +0200] "GET /?p=4098 HTTP/1.1" 200 208441 "-" "Mozilla/5.0 (compatible; Googlebot/2.1; +http://www.google.com/bot.html)"
192.178.6.35 - - [21/Mar/2026:17:18:30 +0200] "GET /?p=38098 HTTP/1.1" 200 215477 "-" "Mozilla/5.0 (Linux; Android 6.0.1; Nexus 5X Build/MMB29P) AppleWebKit/537.36 (KHTML, like Gecko) Chrome/145.0.7632.159 Mobile Safari/537.36 (compatible; Googlebot/2.1; +http://www.google.com/bot.html)"
213.209.159.254 - - [21/Mar/2026:17:18:28 +0200] "GET /wp-admin/theme-install.php/?browse=popular HTTP/1.1" 403 185098 "-" "Mozilla/5.0 (Windows NT 10.0; Win64; x64) AppleWebKit/537.36 (KHTML, like Gecko) Chrome/124.0.6367.207 Safari/537.36"
74.7.227.61 - - [21/Mar/2026:17:18:28 +0200] "GET /shop/goods/orgiastic172834530486.phtml/ HTTP/1.1" 200 150746 "https://drspos.com/shop/goods/orgiastic172834530486.phtml" "Mozilla/5.0 AppleWebKit/537.36 (KHTML, like Gecko; compatible; GPTBot/1.3; +https://openai.com/gptbot)"
216.73.216.163 - - [21/Mar/2026:17:18:32 +0200] "GET /shop/goods/mutterer121360386797.phtml HTTP/1.1" 301 - "-" "Mozilla/5.0 AppleWebKit/537.36 (KHTML, like Gecko; compatible; ClaudeBot/1.0; +claudebot@anthropic.com)"
74.7.227.61 - - [21/Mar/2026:17:18:32 +0200] "GET /shop/goods/disaffect171530223605.phtml HTTP/1.1" 301 - "https://drspos.com/%3C![CDATA[https:/eminencegroup.net.au/post-sitemap9.xml]]%3E" "Mozilla/5.0 AppleWebKit/537.36 (KHTML, like Gecko; compatible; GPTBot/1.3; +https://openai.com/gptbot)"
52.167.144.162 - - [21/Mar/2026:17:18:34 +0200] "GET /shop/goods/cacogastric153160364089.phtml HTTP/1.1" 200 208856 "-" "Mozilla/5.0 AppleWebKit/537.36 (KHTML, like Gecko; compatible; bingbot/2.0; +http://www.bing.com/bingbot.htm) Chrome/116.0.1938.76 Safari/537.36"
52.167.144.162 - - [21/Mar/2026:17:18:37 +0200] "GET /shop/goods/scopiped153411548721.phtml HTTP/1.1" 200 209754 "-" "Mozilla/5.0 AppleWebKit/537.36 (KHTML, like Gecko; compatible; bingbot/2.0; +http://www.bing.com/bingbot.htm) Chrome/116.0.1938.76 Safari/537.36"
74.7.227.61 - - [21/Mar/2026:17:18:35 +0200] "GET /shop/goods/disaffect171530223605.phtml/ HTTP/1.1" 200 150746 "https://drspos.com/shop/goods/disaffect171530223605.phtml" "Mozilla/5.0 AppleWebKit/537.36 (KHTML, like Gecko; compatible; GPTBot/1.3; +https://openai.com/gptbot)"
216.73.216.163 - - [21/Mar/2026:17:18:35 +0200] "GET /shop/goods/mutterer121360386797.phtml/ HTTP/1.1" 200 150746 "https://drspos.com/shop/goods/mutterer121360386797.phtml" "Mozilla/5.0 AppleWebKit/537.36 (KHTML, like Gecko; compatible; ClaudeBot/1.0; +claudebot@anthropic.com)"
213.209.159.254 - - [21/Mar/2026:17:18:36 +0200] "GET /wp-admin/theme-install.php?browse=popular HTTP/1.1" 301 - "-" "Mozilla/5.0 (Windows NT 10.0; Win64; x64) AppleWebKit/537.36 (KHTML, like Gecko) Chrome/124.0.6367.207 Safari/537.36"
122.171.20.194 - - [21/Mar/2026:17:18:39 +0200] "POST /xmlrpc.php HTTP/1.1" 200 403 "-" "Mozilla/5.0 (X11; Ubuntu; Linux x86_64; x64) AppleWebKit/537.36 (KHTML, like Gecko) Edge/81.0.0.0 Safari/537.36"
52.167.144.162 - - [21/Mar/2026:17:18:40 +0200] "GET /shop/goods/packway153803312038.phtml HTTP/1.1" 200 215675 "-" "Mozilla/5.0 AppleWebKit/537.36 (KHTML, like Gecko; compatible; bingbot/2.0; +http://www.bing.com/bingbot.htm) Chrome/116.0.1938.76 Safari/537.36"
74.7.227.61 - - [21/Mar/2026:17:18:39 +0200] "GET /?p=44274 HTTP/1.1" 200 103279 "https://drspos.com/?p=44272" "Mozilla/5.0 AppleWebKit/537.36 (KHTML, like Gecko; compatible; GPTBot/1.3; +https://openai.com/gptbot)"
216.73.216.163 - - [21/Mar/2026:17:18:41 +0200] "GET /shop/goods/rupturing17459314765.phtml HTTP/1.1" 301 - "-" "Mozilla/5.0 AppleWebKit/537.36 (KHTML, like Gecko; compatible; ClaudeBot/1.0; +claudebot@anthropic.com)"
52.167.144.162 - - [21/Mar/2026:17:18:43 +0200] "GET /shop/goods/slighter153586296810.phtml HTTP/1.1" 200 203784 "-" "Mozilla/5.0 AppleWebKit/537.36 (KHTML, like Gecko; compatible; bingbot/2.0; +http://www.bing.com/bingbot.htm) Chrome/116.0.1938.76 Safari/537.36"
213.209.159.254 - - [21/Mar/2026:17:18:42 +0200] "GET /wp-admin/theme-install.php/?browse=popular HTTP/1.1" 403 185098 "-" "Mozilla/5.0 (Windows NT 10.0; Win64; x64) AppleWebKit/537.36 (KHTML, like Gecko) Chrome/124.0.6367.207 Safari/537.36"
74.7.227.61 - - [21/Mar/2026:17:18:43 +0200] "GET /?p=52848 HTTP/1.1" 200 98406 "https://drspos.com/?p=52850" "Mozilla/5.0 AppleWebKit/537.36 (KHTML, like Gecko; compatible; GPTBot/1.3; +https://openai.com/gptbot)"
216.73.216.163 - - [21/Mar/2026:17:18:45 +0200] "GET /shop/goods/rupturing17459314765.phtml/ HTTP/1.1" 200 150746 "https://www.drspos.com/shop/goods/rupturing17459314765.phtml" "Mozilla/5.0 AppleWebKit/537.36 (KHTML, like Gecko; compatible; ClaudeBot/1.0; +claudebot@anthropic.com)"
52.167.144.162 - - [21/Mar/2026:17:18:46 +0200] "GET /shop/goods/sepawn15712399320.phtml HTTP/1.1" 200 213596 "-" "Mozilla/5.0 AppleWebKit/537.36 (KHTML, like Gecko; compatible; bingbot/2.0; +http://www.bing.com/bingbot.htm) Chrome/116.0.1938.76 Safari/537.36"
74.7.227.61 - - [21/Mar/2026:17:18:47 +0200] "GET /shop/goods/cornaceae172485045467.phtml HTTP/1.1" 301 - "https://drspos.com/%3C![CDATA[https:/eminencegroup.net.au/post-sitemap9.xml]]%3E" "Mozilla/5.0 AppleWebKit/537.36 (KHTML, like Gecko; compatible; GPTBot/1.3; +https://openai.com/gptbot)"
74.7.227.61 - - [21/Mar/2026:17:18:51 +0200] "GET /shop/goods/cornaceae172485045467.phtml/ HTTP/1.1" 200 150746 "https://drspos.com/shop/goods/cornaceae172485045467.phtml" "Mozilla/5.0 AppleWebKit/537.36 (KHTML, like Gecko; compatible; GPTBot/1.3; +https://openai.com/gptbot)"
74.7.227.61 - - [21/Mar/2026:17:18:55 +0200] "GET /?p=48326 HTTP/1.1" 200 95137 "https://drspos.com/?p=48322" "Mozilla/5.0 AppleWebKit/537.36 (KHTML, like Gecko; compatible; GPTBot/1.3; +https://openai.com/gptbot)"
213.209.159.254 - - [21/Mar/2026:17:18:58 +0200] "GET /wp-admin/theme-install.php?browse=popular HTTP/1.1" 301 - "-" "Mozilla/5.0 (Windows NT 10.0; Win64; x64) AppleWebKit/537.36 (KHTML, like Gecko) Chrome/124.0.6367.207 Safari/537.36"
74.7.227.61 - - [21/Mar/2026:17:18:58 +0200] "GET /shop/goods/excalibar172675195615.phtml HTTP/1.1" 301 - "https://drspos.com/%3C![CDATA[https:/eminencegroup.net.au/post-sitemap9.xml]]%3E" "Mozilla/5.0 AppleWebKit/537.36 (KHTML, like Gecko; compatible; GPTBot/1.3; +https://openai.com/gptbot)"
23.90.184.36 - - [21/Mar/2026:17:18:54 +0200] "POST /xmlrpc.php HTTP/1.1" 500 602 "-" "Mozilla/5.0 (Windows NT 10.0; Win64; x64) AppleWebKit/537.36 (KHTML, like Gecko) Chrome/114.0.0.0 Safari/537.36"
74.7.227.61 - - [21/Mar/2026:17:19:01 +0200] "GET /shop/goods/excalibar172675195615.phtml/ HTTP/1.1" 200 150746 "https://drspos.com/shop/goods/excalibar172675195615.phtml" "Mozilla/5.0 AppleWebKit/537.36 (KHTML, like Gecko; compatible; GPTBot/1.3; +https://openai.com/gptbot)"
213.209.159.254 - - [21/Mar/2026:17:19:03 +0200] "GET /wp-admin/theme-install.php/?browse=popular HTTP/1.1" 403 185098 "-" "Mozilla/5.0 (Windows NT 10.0; Win64; x64) AppleWebKit/537.36 (KHTML, like Gecko) Chrome/124.0.6367.207 Safari/537.36"
74.7.227.61 - - [21/Mar/2026:17:19:04 +0200] "GET /?p=46596 HTTP/1.1" 200 91881 "https://drspos.com/?p=46598" "Mozilla/5.0 AppleWebKit/537.36 (KHTML, like Gecko; compatible; GPTBot/1.3; +https://openai.com/gptbot)"
216.73.216.163 - - [21/Mar/2026:17:19:05 +0200] "GET /shop/goods/forpine17225765967.phtml HTTP/1.1" 301 - "-" "Mozilla/5.0 AppleWebKit/537.36 (KHTML, like Gecko; compatible; ClaudeBot/1.0; +claudebot@anthropic.com)"
74.7.227.61 - - [21/Mar/2026:17:19:07 +0200] "GET /shop/goods/coercible172753114028.phtml HTTP/1.1" 301 - "https://drspos.com/%3C![CDATA[https:/eminencegroup.net.au/post-sitemap9.xml]]%3E" "Mozilla/5.0 AppleWebKit/537.36 (KHTML, like Gecko; compatible; GPTBot/1.3; +https://openai.com/gptbot)"
216.73.216.163 - - [21/Mar/2026:17:19:08 +0200] "GET /shop/goods/forpine17225765967.phtml/ HTTP/1.1" 200 150746 "https://www.drspos.com/shop/goods/forpine17225765967.phtml" "Mozilla/5.0 AppleWebKit/537.36 (KHTML, like Gecko; compatible; ClaudeBot/1.0; +claudebot@anthropic.com)"
74.7.227.61 - - [21/Mar/2026:17:19:10 +0200] "GET /shop/goods/coercible172753114028.phtml/ HTTP/1.1" 200 150746 "https://drspos.com/shop/goods/coercible172753114028.phtml" "Mozilla/5.0 AppleWebKit/537.36 (KHTML, like Gecko; compatible; GPTBot/1.3; +https://openai.com/gptbot)"
172.30.5.1 - - [21/Mar/2026:17:19:12 +0200] "POST /wp-cron.php?doing_wp_cron=1774106352.8207790851593017578125 HTTP/1.1" 200 - "-" "WordPress/6.9.4; https://drspos.com"
216.73.216.163 - - [21/Mar/2026:17:19:13 +0200] "GET /shop/goods/rollerskate1669642253.phtml HTTP/1.1" 301 - "-" "Mozilla/5.0 AppleWebKit/537.36 (KHTML, like Gecko; compatible; ClaudeBot/1.0; +claudebot@anthropic.com)"
74.7.227.61 - - [21/Mar/2026:17:19:14 +0200] "GET /?p=30813 HTTP/1.1" 200 95664 "https://drspos.com/?p=30812" "Mozilla/5.0 AppleWebKit/537.36 (KHTML, like Gecko; compatible; GPTBot/1.3; +https://openai.com/gptbot)"
216.73.216.163 - - [21/Mar/2026:17:19:15 +0200] "GET /shop/goods/rollerskate1669642253.phtml/ HTTP/1.1" 200 150746 "https://www.drspos.com/shop/goods/rollerskate1669642253.phtml" "Mozilla/5.0 AppleWebKit/537.36 (KHTML, like Gecko; compatible; ClaudeBot/1.0; +claudebot@anthropic.com)"
74.7.227.61 - - [21/Mar/2026:17:19:17 +0200] "GET /shop/goods/literatus173968949283.phtml HTTP/1.1" 301 - "https://drspos.com/%3C![CDATA[https:/eminencegroup.net.au/post-sitemap9.xml]]%3E" "Mozilla/5.0 AppleWebKit/537.36 (KHTML, like Gecko; compatible; GPTBot/1.3; +https://openai.com/gptbot)"
74.7.227.61 - - [21/Mar/2026:17:19:19 +0200] "GET /shop/goods/literatus173968949283.phtml/ HTTP/1.1" 200 150746 "https://drspos.com/shop/goods/literatus173968949283.phtml" "Mozilla/5.0 AppleWebKit/537.36 (KHTML, like Gecko; compatible; GPTBot/1.3; +https://openai.com/gptbot)"
74.7.227.61 - - [21/Mar/2026:17:19:23 +0200] "GET /shop/goods/plebification171931299994.phtml HTTP/1.1" 301 - "https://drspos.com/%3C![CDATA[https:/eminencegroup.net.au/post-sitemap9.xml]]%3E" "Mozilla/5.0 AppleWebKit/537.36 (KHTML, like Gecko; compatible; GPTBot/1.3; +https://openai.com/gptbot)"
74.7.227.61 - - [21/Mar/2026:17:19:25 +0200] "GET /shop/goods/plebification171931299994.phtml/ HTTP/1.1" 200 150746 "https://drspos.com/shop/goods/plebification171931299994.phtml" "Mozilla/5.0 AppleWebKit/537.36 (KHTML, like Gecko; compatible; GPTBot/1.3; +https://openai.com/gptbot)"
213.209.159.254 - - [21/Mar/2026:17:19:27 +0200] "GET /wp-admin/theme-install.php?browse=popular HTTP/1.1" 301 - "-" "Mozilla/5.0 (Windows NT 10.0; Win64; x64) AppleWebKit/537.36 (KHTML, like Gecko) Chrome/124.0.6367.207 Safari/537.36"
74.7.227.61 - - [21/Mar/2026:17:19:28 +0200] "GET /?cat=38&paged=3 HTTP/1.1" 200 81204 "https://drspos.com/?cat=38" "Mozilla/5.0 AppleWebKit/537.36 (KHTML, like Gecko; compatible; GPTBot/1.3; +https://openai.com/gptbot)"
74.7.227.61 - - [21/Mar/2026:17:19:31 +0200] "GET /?p=44276 HTTP/1.1" 200 92315 "https://drspos.com/?p=44274" "Mozilla/5.0 AppleWebKit/537.36 (KHTML, like Gecko; compatible; GPTBot/1.3; +https://openai.com/gptbot)"
213.209.159.254 - - [21/Mar/2026:17:19:33 +0200] "GET /wp-admin/theme-install.php/?browse=popular HTTP/1.1" 403 185098 "-" "Mozilla/5.0 (Windows NT 10.0; Win64; x64) AppleWebKit/537.36 (KHTML, like Gecko) Chrome/124.0.6367.207 Safari/537.36"
74.7.227.61 - - [21/Mar/2026:17:19:35 +0200] "GET /?p=52846 HTTP/1.1" 200 91846 "https://drspos.com/?p=52848" "Mozilla/5.0 AppleWebKit/537.36 (KHTML, like Gecko; compatible; GPTBot/1.3; +https://openai.com/gptbot)"
74.7.227.61 - - [21/Mar/2026:17:19:39 +0200] "GET /?cat=20&paged=2 HTTP/1.1" 200 115472 "https://drspos.com/?cat=20" "Mozilla/5.0 AppleWebKit/537.36 (KHTML, like Gecko; compatible; GPTBot/1.3; +https://openai.com/gptbot)"
216.73.216.163 - - [21/Mar/2026:17:19:40 +0200] "GET /shop/goods/tipulas173718436689.phtml HTTP/1.1" 301 - "-" "Mozilla/5.0 AppleWebKit/537.36 (KHTML, like Gecko; compatible; ClaudeBot/1.0; +claudebot@anthropic.com)"
216.73.216.163 - - [21/Mar/2026:17:19:43 +0200] "GET /shop/goods/tipulas173718436689.phtml/ HTTP/1.1" 200 150746 "https://www.drspos.com/shop/goods/tipulas173718436689.phtml" "Mozilla/5.0 AppleWebKit/537.36 (KHTML, like Gecko; compatible; ClaudeBot/1.0; +claudebot@anthropic.com)"
74.7.227.61 - - [21/Mar/2026:17:19:43 +0200] "GET /?p=48328 HTTP/1.1" 200 92372 "https://drspos.com/?p=48326" "Mozilla/5.0 AppleWebKit/537.36 (KHTML, like Gecko; compatible; GPTBot/1.3; +https://openai.com/gptbot)"
216.244.66.234 - - [21/Mar/2026:17:19:42 +0200] "GET /?p=21092 HTTP/1.1" 200 91158 "-" "Mozilla/5.0 (compatible; DotBot/1.2; +https://opensiteexplorer.org/dotbot; help@moz.com)"
74.7.227.61 - - [21/Mar/2026:17:19:47 +0200] "GET /?cat=39&paged=3 HTTP/1.1" 200 101545 "https://drspos.com/?cat=39" "Mozilla/5.0 AppleWebKit/537.36 (KHTML, like Gecko; compatible; GPTBot/1.3; +https://openai.com/gptbot)"
213.209.159.254 - - [21/Mar/2026:17:19:48 +0200] "GET /wp-admin/theme-install.php?browse=popular HTTP/1.1" 301 - "-" "Mozilla/5.0 (Windows NT 10.0; Win64; x64) AppleWebKit/537.36 (KHTML, like Gecko) Chrome/124.0.6367.207 Safari/537.36"
74.7.227.61 - - [21/Mar/2026:17:19:50 +0200] "GET /?p=46594 HTTP/1.1" 200 95907 "https://drspos.com/?p=46596" "Mozilla/5.0 AppleWebKit/537.36 (KHTML, like Gecko; compatible; GPTBot/1.3; +https://openai.com/gptbot)"
213.209.159.254 - - [21/Mar/2026:17:19:51 +0200] "GET /wp-admin/theme-install.php/?browse=popular HTTP/1.1" 403 185098 "-" "Mozilla/5.0 (Windows NT 10.0; Win64; x64) AppleWebKit/537.36 (KHTML, like Gecko) Chrome/124.0.6367.207 Safari/537.36"
216.73.216.163 - - [21/Mar/2026:17:19:52 +0200] "GET /shop/goods/lentil144037202105.phtml HTTP/1.1" 301 - "-" "Mozilla/5.0 AppleWebKit/537.36 (KHTML, like Gecko; compatible; ClaudeBot/1.0; +claudebot@anthropic.com)"
74.7.227.61 - - [21/Mar/2026:17:19:53 +0200] "GET /?cat=62&paged=2 HTTP/1.1" 200 102034 "https://drspos.com/?cat=62" "Mozilla/5.0 AppleWebKit/537.36 (KHTML, like Gecko; compatible; GPTBot/1.3; +https://openai.com/gptbot)"
216.73.216.163 - - [21/Mar/2026:17:19:55 +0200] "GET /shop/goods/lentil144037202105.phtml/ HTTP/1.1" 200 150746 "https://drspos.com/shop/goods/lentil144037202105.phtml" "Mozilla/5.0 AppleWebKit/537.36 (KHTML, like Gecko; compatible; ClaudeBot/1.0; +claudebot@anthropic.com)"
74.7.227.61 - - [21/Mar/2026:17:19:56 +0200] "GET /?p=30810 HTTP/1.1" 200 94218 "https://drspos.com/?p=30813" "Mozilla/5.0 AppleWebKit/537.36 (KHTML, like Gecko; compatible; GPTBot/1.3; +https://openai.com/gptbot)"
74.7.227.61 - - [21/Mar/2026:17:20:00 +0200] "GET /?cat=37&paged=3 HTTP/1.1" 200 81189 "https://drspos.com/?cat=37" "Mozilla/5.0 AppleWebKit/537.36 (KHTML, like Gecko; compatible; GPTBot/1.3; +https://openai.com/gptbot)"
74.7.227.61 - - [21/Mar/2026:17:20:04 +0200] "GET /shop/goods/phycomycetes173383082222.phtml HTTP/1.1" 301 - "https://drspos.com/%3C![CDATA[https:/eminencegroup.net.au/post-sitemap9.xml]]%3E" "Mozilla/5.0 AppleWebKit/537.36 (KHTML, like Gecko; compatible; GPTBot/1.3; +https://openai.com/gptbot)"
213.209.159.254 - - [21/Mar/2026:17:20:05 +0200] "GET /wp-admin/themes.php HTTP/1.1" 200 201677 "-" "Mozilla/5.0 (Windows NT 10.0; Win64; x64) AppleWebKit/537.36 (KHTML, like Gecko) Chrome/124.0.6367.207 Safari/537.36"
74.7.227.61 - - [21/Mar/2026:17:20:06 +0200] "GET /shop/goods/phycomycetes173383082222.phtml/ HTTP/1.1" 200 150746 "https://drspos.com/shop/goods/phycomycetes173383082222.phtml" "Mozilla/5.0 AppleWebKit/537.36 (KHTML, like Gecko; compatible; GPTBot/1.3; +https://openai.com/gptbot)"
74.7.227.61 - - [21/Mar/2026:17:20:10 +0200] "GET /?p=44278 HTTP/1.1" 200 92464 "https://drspos.com/?p=44276" "Mozilla/5.0 AppleWebKit/537.36 (KHTML, like Gecko; compatible; GPTBot/1.3; +https://openai.com/gptbot)"
74.7.227.61 - - [21/Mar/2026:17:20:13 +0200] "GET /shop/goods/makeshift17738522396.phtml HTTP/1.1" 301 - "https://drspos.com/%3C![CDATA[https:/eminencegroup.net.au/post-sitemap9.xml]]%3E" "Mozilla/5.0 AppleWebKit/537.36 (KHTML, like Gecko; compatible; GPTBot/1.3; +https://openai.com/gptbot)"
74.7.227.61 - - [21/Mar/2026:17:20:16 +0200] "GET /shop/goods/makeshift17738522396.phtml/ HTTP/1.1" 200 150746 "https://drspos.com/shop/goods/makeshift17738522396.phtml" "Mozilla/5.0 AppleWebKit/537.36 (KHTML, like Gecko; compatible; GPTBot/1.3; +https://openai.com/gptbot)"
216.244.66.234 - - [21/Mar/2026:17:20:16 +0200] "GET /?p=23025 HTTP/1.1" 200 95354 "-" "Mozilla/5.0 (compatible; DotBot/1.2; +https://opensiteexplorer.org/dotbot; help@moz.com)"
74.7.227.61 - - [21/Mar/2026:17:20:20 +0200] "GET /?p=52843 HTTP/1.1" 200 92366 "https://drspos.com/?p=52846" "Mozilla/5.0 AppleWebKit/537.36 (KHTML, like Gecko; compatible; GPTBot/1.3; +https://openai.com/gptbot)"
216.73.216.163 - - [21/Mar/2026:17:20:22 +0200] "GET /shop/goods/pneumonitis172260040766.phtml HTTP/1.1" 301 - "-" "Mozilla/5.0 AppleWebKit/537.36 (KHTML, like Gecko; compatible; ClaudeBot/1.0; +claudebot@anthropic.com)"
74.7.227.61 - - [21/Mar/2026:17:20:23 +0200] "GET /shop/goods/spearmint17890865834.phtml HTTP/1.1" 301 - "https://drspos.com/%3C![CDATA[https:/eminencegroup.net.au/post-sitemap9.xml]]%3E" "Mozilla/5.0 AppleWebKit/537.36 (KHTML, like Gecko; compatible; GPTBot/1.3; +https://openai.com/gptbot)"
213.209.159.254 - - [21/Mar/2026:17:20:26 +0200] "GET /wp-admin/theme-install.php?browse=popular HTTP/1.1" 301 - "-" "Mozilla/5.0 (Windows NT 10.0; Win64; x64) AppleWebKit/537.36 (KHTML, like Gecko) Chrome/124.0.6367.207 Safari/537.36"
216.73.216.163 - - [21/Mar/2026:17:20:25 +0200] "GET /shop/goods/pneumonitis172260040766.phtml/ HTTP/1.1" 200 150746 "https://drspos.com/shop/goods/pneumonitis172260040766.phtml" "Mozilla/5.0 AppleWebKit/537.36 (KHTML, like Gecko; compatible; ClaudeBot/1.0; +claudebot@anthropic.com)"
74.7.227.61 - - [21/Mar/2026:17:20:26 +0200] "GET /shop/goods/spearmint17890865834.phtml/ HTTP/1.1" 200 150746 "https://drspos.com/shop/goods/spearmint17890865834.phtml" "Mozilla/5.0 AppleWebKit/537.36 (KHTML, like Gecko; compatible; GPTBot/1.3; +https://openai.com/gptbot)"
74.7.227.61 - - [21/Mar/2026:17:20:29 +0200] "GET /?p=48330 HTTP/1.1" 200 91951 "https://drspos.com/?p=48328" "Mozilla/5.0 AppleWebKit/537.36 (KHTML, like Gecko; compatible; GPTBot/1.3; +https://openai.com/gptbot)"
213.209.159.254 - - [21/Mar/2026:17:20:30 +0200] "GET /wp-admin/theme-install.php/?browse=popular HTTP/1.1" 403 185098 "-" "Mozilla/5.0 (Windows NT 10.0; Win64; x64) AppleWebKit/537.36 (KHTML, like Gecko) Chrome/124.0.6367.207 Safari/537.36"
74.7.227.61 - - [21/Mar/2026:17:20:33 +0200] "GET /shop/goods/unsheriff17178302896.phtml HTTP/1.1" 301 - "https://drspos.com/%3C![CDATA[https:/eminencegroup.net.au/post-sitemap9.xml]]%3E" "Mozilla/5.0 AppleWebKit/537.36 (KHTML, like Gecko; compatible; GPTBot/1.3; +https://openai.com/gptbot)"
216.73.216.163 - - [21/Mar/2026:17:20:37 +0200] "GET /robots.txt HTTP/1.1" 200 80 "-" "Mozilla/5.0 AppleWebKit/537.36 (KHTML, like Gecko; compatible; ClaudeBot/1.0; +claudebot@anthropic.com)"
