84.233.216.173 - - [21/Mar/2026:16:16:15 +0200] "GET /index.php?rest_route=/ HTTP/1.1" 200 287431 "https://drspos.com/" "Mozilla/5.0 (Windows NT 10.0; WOW64) AppleWebKit/537.36 (KHTML, like Gecko) Chrome/114.0.0.0 YaBrowser/22.7.0 Yowser/2.5 Safari/537.36"
74.7.227.61 - - [21/Mar/2026:16:16:17 +0200] "GET /index.php?rest_route=/wp/v2/posts/46754 HTTP/1.1" 200 10231 "https://drspos.com/?p=46754" "Mozilla/5.0 AppleWebKit/537.36 (KHTML, like Gecko; compatible; GPTBot/1.3; +https://openai.com/gptbot)"
74.7.227.61 - - [21/Mar/2026:16:16:20 +0200] "GET /shop/goods/selfconsistent17422075647.phtml HTTP/1.1" 301 - "https://drspos.com/%3C![CDATA[https:/eminencegroup.net.au/post-sitemap9.xml]]%3E" "Mozilla/5.0 AppleWebKit/537.36 (KHTML, like Gecko; compatible; GPTBot/1.3; +https://openai.com/gptbot)"
74.7.227.61 - - [21/Mar/2026:16:16:22 +0200] "GET /shop/goods/selfconsistent17422075647.phtml/ HTTP/1.1" 200 150752 "https://drspos.com/shop/goods/selfconsistent17422075647.phtml" "Mozilla/5.0 AppleWebKit/537.36 (KHTML, like Gecko; compatible; GPTBot/1.3; +https://openai.com/gptbot)"
74.7.227.61 - - [21/Mar/2026:16:16:26 +0200] "GET /shop/goods/distinguishment17956976815.phtml HTTP/1.1" 301 - "https://drspos.com/%3C![CDATA[https:/eminencegroup.net.au/post-sitemap9.xml]]%3E" "Mozilla/5.0 AppleWebKit/537.36 (KHTML, like Gecko; compatible; GPTBot/1.3; +https://openai.com/gptbot)"
74.7.227.61 - - [21/Mar/2026:16:16:28 +0200] "GET /shop/goods/distinguishment17956976815.phtml/ HTTP/1.1" 200 150752 "https://drspos.com/shop/goods/distinguishment17956976815.phtml" "Mozilla/5.0 AppleWebKit/537.36 (KHTML, like Gecko; compatible; GPTBot/1.3; +https://openai.com/gptbot)"
74.7.227.61 - - [21/Mar/2026:16:16:31 +0200] "GET /shop/goods/electrolytically17851617631.phtml HTTP/1.1" 301 - "https://drspos.com/%3C![CDATA[https:/eminencegroup.net.au/post-sitemap9.xml]]%3E" "Mozilla/5.0 AppleWebKit/537.36 (KHTML, like Gecko; compatible; GPTBot/1.3; +https://openai.com/gptbot)"
216.73.216.163 - - [21/Mar/2026:16:16:32 +0200] "GET /shop/goods/marchet162041257309.phtml HTTP/1.1" 301 - "-" "Mozilla/5.0 AppleWebKit/537.36 (KHTML, like Gecko; compatible; ClaudeBot/1.0; +claudebot@anthropic.com)"
74.7.227.61 - - [21/Mar/2026:16:16:34 +0200] "GET /shop/goods/electrolytically17851617631.phtml/ HTTP/1.1" 200 150752 "https://drspos.com/shop/goods/electrolytically17851617631.phtml" "Mozilla/5.0 AppleWebKit/537.36 (KHTML, like Gecko; compatible; GPTBot/1.3; +https://openai.com/gptbot)"
216.73.216.163 - - [21/Mar/2026:16:16:35 +0200] "GET /shop/goods/marchet162041257309.phtml/ HTTP/1.1" 200 150752 "https://drspos.com/shop/goods/marchet162041257309.phtml" "Mozilla/5.0 AppleWebKit/537.36 (KHTML, like Gecko; compatible; ClaudeBot/1.0; +claudebot@anthropic.com)"
74.7.227.61 - - [21/Mar/2026:16:16:36 +0200] "GET /?p=30968 HTTP/1.1" 200 94553 "https://drspos.com/?p=30970" "Mozilla/5.0 AppleWebKit/537.36 (KHTML, like Gecko; compatible; GPTBot/1.3; +https://openai.com/gptbot)"
74.7.227.61 - - [21/Mar/2026:16:16:40 +0200] "GET /shop/goods/troublesomely17502507249.phtml HTTP/1.1" 301 - "https://drspos.com/%3C![CDATA[https:/eminencegroup.net.au/post-sitemap9.xml]]%3E" "Mozilla/5.0 AppleWebKit/537.36 (KHTML, like Gecko; compatible; GPTBot/1.3; +https://openai.com/gptbot)"
74.7.227.61 - - [21/Mar/2026:16:16:42 +0200] "GET /shop/goods/troublesomely17502507249.phtml/ HTTP/1.1" 200 150752 "https://drspos.com/shop/goods/troublesomely17502507249.phtml" "Mozilla/5.0 AppleWebKit/537.36 (KHTML, like Gecko; compatible; GPTBot/1.3; +https://openai.com/gptbot)"
216.73.216.163 - - [21/Mar/2026:16:16:43 +0200] "GET /shop/goods/limen123785722585.phtml HTTP/1.1" 301 - "-" "Mozilla/5.0 AppleWebKit/537.36 (KHTML, like Gecko; compatible; ClaudeBot/1.0; +claudebot@anthropic.com)"
74.7.227.61 - - [21/Mar/2026:16:16:45 +0200] "GET /?p=44130 HTTP/1.1" 200 93194 "https://drspos.com/?p=44128" "Mozilla/5.0 AppleWebKit/537.36 (KHTML, like Gecko; compatible; GPTBot/1.3; +https://openai.com/gptbot)"
84.233.216.239 - - [21/Mar/2026:16:16:48 +0200] "GET /wp-content/themes/twentytwentyfive/assets/fonts/fira-code/FiraCode-VariableFont_wght.woff2 HTTP/1.1" 200 106112 "https://drspos.com/" "Mozilla/5.0 (Windows NT 10.0; WOW64) AppleWebKit/537.36 (KHTML, like Gecko) Chrome/114.0.0.0 YaBrowser/22.7.0 Yowser/2.5 Safari/537.36"
216.73.216.163 - - [21/Mar/2026:16:16:46 +0200] "GET /shop/goods/limen123785722585.phtml/ HTTP/1.1" 200 150752 "https://www.drspos.com/shop/goods/limen123785722585.phtml" "Mozilla/5.0 AppleWebKit/537.36 (KHTML, like Gecko; compatible; ClaudeBot/1.0; +claudebot@anthropic.com)"
84.233.216.239 - - [21/Mar/2026:16:16:48 +0200] "GET /index.php?rest_route=/wp/v2/pages/7 HTTP/1.1" 200 79258 "https://drspos.com/" "Mozilla/5.0 (Windows NT 10.0; WOW64) AppleWebKit/537.36 (KHTML, like Gecko) Chrome/114.0.0.0 YaBrowser/22.7.0 Yowser/2.5 Safari/537.36"
74.7.227.61 - - [21/Mar/2026:16:16:48 +0200] "GET /?p=52989 HTTP/1.1" 200 93389 "https://drspos.com/?p=52992" "Mozilla/5.0 AppleWebKit/537.36 (KHTML, like Gecko; compatible; GPTBot/1.3; +https://openai.com/gptbot)"
74.7.227.61 - - [21/Mar/2026:16:16:51 +0200] "GET /shop/goods/highlydeveloped17787930864.phtml HTTP/1.1" 301 - "https://drspos.com/%3C![CDATA[https:/eminencegroup.net.au/post-sitemap9.xml]]%3E" "Mozilla/5.0 AppleWebKit/537.36 (KHTML, like Gecko; compatible; GPTBot/1.3; +https://openai.com/gptbot)"
84.233.216.239 - - [21/Mar/2026:16:16:53 +0200] "GET /wp-admin/admin-ajax.php HTTP/1.1" 400 1 "https://drspos.com/" "Mozilla/5.0 (Windows NT 10.0; WOW64) AppleWebKit/537.36 (KHTML, like Gecko) Chrome/114.0.0.0 YaBrowser/22.7.0 Yowser/2.5 Safari/537.36"
84.233.216.173 - - [21/Mar/2026:16:16:55 +0200] "GET /wp-content/plugins/contact-form-7/includes/js/index.js?ver=6.1.5 HTTP/1.1" 200 13452 "https://drspos.com/" "Mozilla/5.0 (Windows NT 10.0; WOW64) AppleWebKit/537.36 (KHTML, like Gecko) Chrome/114.0.0.0 YaBrowser/22.7.0 Yowser/2.5 Safari/537.36"
74.7.227.61 - - [21/Mar/2026:16:16:54 +0200] "GET /shop/goods/highlydeveloped17787930864.phtml/ HTTP/1.1" 200 150752 "https://drspos.com/shop/goods/highlydeveloped17787930864.phtml" "Mozilla/5.0 AppleWebKit/537.36 (KHTML, like Gecko; compatible; GPTBot/1.3; +https://openai.com/gptbot)"
84.233.216.138 - - [21/Mar/2026:16:16:55 +0200] "POST /wp-admin/admin-ajax.php HTTP/1.1" 200 79 "https://drspos.com/" "Mozilla/5.0 (Windows NT 10.0; WOW64) AppleWebKit/537.36 (KHTML, like Gecko) Chrome/114.0.0.0 YaBrowser/22.7.0 Yowser/2.5 Safari/537.36"
74.7.227.61 - - [21/Mar/2026:16:16:57 +0200] "GET /?p=48180 HTTP/1.1" 200 91422 "https://drspos.com/?p=48178" "Mozilla/5.0 AppleWebKit/537.36 (KHTML, like Gecko; compatible; GPTBot/1.3; +https://openai.com/gptbot)"
74.7.227.61 - - [21/Mar/2026:16:17:00 +0200] "GET /?p=46752 HTTP/1.1" 200 94580 "https://drspos.com/?p=46756" "Mozilla/5.0 AppleWebKit/537.36 (KHTML, like Gecko; compatible; GPTBot/1.3; +https://openai.com/gptbot)"
74.7.227.61 - - [21/Mar/2026:16:17:03 +0200] "GET /?feed=rss2&p=46752 HTTP/1.1" 200 831 "https://drspos.com/?p=46752" "Mozilla/5.0 AppleWebKit/537.36 (KHTML, like Gecko; compatible; GPTBot/1.3; +https://openai.com/gptbot)"
216.73.216.163 - - [21/Mar/2026:16:17:07 +0200] "GET /shop/goods/ergal121761789870.phtml HTTP/1.1" 301 - "-" "Mozilla/5.0 AppleWebKit/537.36 (KHTML, like Gecko; compatible; ClaudeBot/1.0; +claudebot@anthropic.com)"
74.7.227.61 - - [21/Mar/2026:16:17:07 +0200] "GET /shop/goods/unexpectedness17473041540.phtml HTTP/1.1" 301 - "https://drspos.com/%3C![CDATA[https:/eminencegroup.net.au/post-sitemap9.xml]]%3E" "Mozilla/5.0 AppleWebKit/537.36 (KHTML, like Gecko; compatible; GPTBot/1.3; +https://openai.com/gptbot)"
216.73.216.163 - - [21/Mar/2026:16:17:09 +0200] "GET /shop/goods/ergal121761789870.phtml/ HTTP/1.1" 200 150752 "https://www.drspos.com/shop/goods/ergal121761789870.phtml" "Mozilla/5.0 AppleWebKit/537.36 (KHTML, like Gecko; compatible; ClaudeBot/1.0; +claudebot@anthropic.com)"
74.7.227.61 - - [21/Mar/2026:16:17:10 +0200] "GET /shop/goods/unexpectedness17473041540.phtml/ HTTP/1.1" 200 150752 "https://drspos.com/shop/goods/unexpectedness17473041540.phtml" "Mozilla/5.0 AppleWebKit/537.36 (KHTML, like Gecko; compatible; GPTBot/1.3; +https://openai.com/gptbot)"
74.7.227.61 - - [21/Mar/2026:16:17:13 +0200] "GET /index.php?rest_route=%2Foembed%2F1.0%2Fembed&url=https%3A%2F%2Fdrspos.com%2F%3Fp%3D46752 HTTP/1.1" 200 2385 "https://drspos.com/?p=46752" "Mozilla/5.0 AppleWebKit/537.36 (KHTML, like Gecko; compatible; GPTBot/1.3; +https://openai.com/gptbot)"
74.7.227.61 - - [21/Mar/2026:16:17:16 +0200] "GET /wp-content/uploads/essential-addons-elementor/eael-47.css?ver=1773928166 HTTP/1.1" 200 16146 "https://drspos.com/?p=46752" "Mozilla/5.0 AppleWebKit/537.36 (KHTML, like Gecko; compatible; GPTBot/1.3; +https://openai.com/gptbot)"
216.73.216.163 - - [21/Mar/2026:16:17:16 +0200] "GET /shop/goods/dallier133947859743.phtml HTTP/1.1" 301 - "-" "Mozilla/5.0 AppleWebKit/537.36 (KHTML, like Gecko; compatible; ClaudeBot/1.0; +claudebot@anthropic.com)"
216.73.216.163 - - [21/Mar/2026:16:17:18 +0200] "GET /shop/goods/dallier133947859743.phtml/ HTTP/1.1" 200 150752 "https://www.drspos.com/shop/goods/dallier133947859743.phtml" "Mozilla/5.0 AppleWebKit/537.36 (KHTML, like Gecko; compatible; ClaudeBot/1.0; +claudebot@anthropic.com)"
74.7.227.61 - - [21/Mar/2026:16:17:19 +0200] "GET /index.php?rest_route=/wp/v2/posts/46752 HTTP/1.1" 200 10960 "https://drspos.com/?p=46752" "Mozilla/5.0 AppleWebKit/537.36 (KHTML, like Gecko; compatible; GPTBot/1.3; +https://openai.com/gptbot)"
74.7.227.61 - - [21/Mar/2026:16:17:22 +0200] "GET /index.php?format=xml&rest_route=%2Foembed%2F1.0%2Fembed&url=https%3A%2F%2Fdrspos.com%2F%3Fp%3D46752 HTTP/1.1" 200 2541 "https://drspos.com/?p=46752" "Mozilla/5.0 AppleWebKit/537.36 (KHTML, like Gecko; compatible; GPTBot/1.3; +https://openai.com/gptbot)"
74.7.227.61 - - [21/Mar/2026:16:17:25 +0200] "GET /wp-content/uploads/essential-addons-elementor/eael-47.js?ver=1773928166 HTTP/1.1" 200 1328 "https://drspos.com/?p=46752" "Mozilla/5.0 AppleWebKit/537.36 (KHTML, like Gecko; compatible; GPTBot/1.3; +https://openai.com/gptbot)"
74.7.227.61 - - [21/Mar/2026:16:17:29 +0200] "GET /shop/goods/enteradenology17310752037.phtml HTTP/1.1" 301 - "https://drspos.com/%3C![CDATA[https:/eminencegroup.net.au/post-sitemap9.xml]]%3E" "Mozilla/5.0 AppleWebKit/537.36 (KHTML, like Gecko; compatible; GPTBot/1.3; +https://openai.com/gptbot)"
74.7.227.61 - - [21/Mar/2026:16:17:31 +0200] "GET /shop/goods/enteradenology17310752037.phtml/ HTTP/1.1" 200 150752 "https://drspos.com/shop/goods/enteradenology17310752037.phtml" "Mozilla/5.0 AppleWebKit/537.36 (KHTML, like Gecko; compatible; GPTBot/1.3; +https://openai.com/gptbot)"
216.73.216.163 - - [21/Mar/2026:16:17:32 +0200] "GET /shop/goods/sectorial122635068927.phtml HTTP/1.1" 301 - "-" "Mozilla/5.0 AppleWebKit/537.36 (KHTML, like Gecko; compatible; ClaudeBot/1.0; +claudebot@anthropic.com)"
74.7.227.61 - - [21/Mar/2026:16:17:34 +0200] "GET /shop/goods/bibliographic17197215391.phtml HTTP/1.1" 301 - "https://drspos.com/%3C![CDATA[https:/eminencegroup.net.au/post-sitemap9.xml]]%3E" "Mozilla/5.0 AppleWebKit/537.36 (KHTML, like Gecko; compatible; GPTBot/1.3; +https://openai.com/gptbot)"
216.73.216.163 - - [21/Mar/2026:16:17:35 +0200] "GET /shop/goods/sectorial122635068927.phtml/ HTTP/1.1" 200 150752 "https://www.drspos.com/shop/goods/sectorial122635068927.phtml" "Mozilla/5.0 AppleWebKit/537.36 (KHTML, like Gecko; compatible; ClaudeBot/1.0; +claudebot@anthropic.com)"
74.7.227.61 - - [21/Mar/2026:16:17:36 +0200] "GET /shop/goods/bibliographic17197215391.phtml/ HTTP/1.1" 200 150752 "https://drspos.com/shop/goods/bibliographic17197215391.phtml" "Mozilla/5.0 AppleWebKit/537.36 (KHTML, like Gecko; compatible; GPTBot/1.3; +https://openai.com/gptbot)"
74.7.227.61 - - [21/Mar/2026:16:17:39 +0200] "GET /shop/goods/abstractitious17764611384.phtml HTTP/1.1" 301 - "https://drspos.com/%3C![CDATA[https:/eminencegroup.net.au/post-sitemap9.xml]]%3E" "Mozilla/5.0 AppleWebKit/537.36 (KHTML, like Gecko; compatible; GPTBot/1.3; +https://openai.com/gptbot)"
74.7.227.61 - - [21/Mar/2026:16:17:41 +0200] "GET /shop/goods/abstractitious17764611384.phtml/ HTTP/1.1" 200 150752 "https://drspos.com/shop/goods/abstractitious17764611384.phtml" "Mozilla/5.0 AppleWebKit/537.36 (KHTML, like Gecko; compatible; GPTBot/1.3; +https://openai.com/gptbot)"
74.7.227.61 - - [21/Mar/2026:16:17:44 +0200] "GET /?p=30966 HTTP/1.1" 200 96033 "https://drspos.com/?p=30968" "Mozilla/5.0 AppleWebKit/537.36 (KHTML, like Gecko; compatible; GPTBot/1.3; +https://openai.com/gptbot)"
74.7.227.61 - - [21/Mar/2026:16:17:48 +0200] "GET /shop/goods/galactophagous17472878033.phtml HTTP/1.1" 301 - "https://drspos.com/%3C![CDATA[https:/eminencegroup.net.au/post-sitemap9.xml]]%3E" "Mozilla/5.0 AppleWebKit/537.36 (KHTML, like Gecko; compatible; GPTBot/1.3; +https://openai.com/gptbot)"
74.7.227.61 - - [21/Mar/2026:16:17:50 +0200] "GET /shop/goods/galactophagous17472878033.phtml/ HTTP/1.1" 200 150752 "https://drspos.com/shop/goods/galactophagous17472878033.phtml" "Mozilla/5.0 AppleWebKit/537.36 (KHTML, like Gecko; compatible; GPTBot/1.3; +https://openai.com/gptbot)"
74.7.227.61 - - [21/Mar/2026:16:17:53 +0200] "GET /?p=44132 HTTP/1.1" 200 91226 "https://drspos.com/?p=44130" "Mozilla/5.0 AppleWebKit/537.36 (KHTML, like Gecko; compatible; GPTBot/1.3; +https://openai.com/gptbot)"
216.73.216.163 - - [21/Mar/2026:16:17:56 +0200] "GET /shop/goods/enlock132895523118.phtml HTTP/1.1" 301 - "-" "Mozilla/5.0 AppleWebKit/537.36 (KHTML, like Gecko; compatible; ClaudeBot/1.0; +claudebot@anthropic.com)"
74.7.227.61 - - [21/Mar/2026:16:17:56 +0200] "GET /?p=52988 HTTP/1.1" 200 97370 "https://drspos.com/?p=52989" "Mozilla/5.0 AppleWebKit/537.36 (KHTML, like Gecko; compatible; GPTBot/1.3; +https://openai.com/gptbot)"
216.73.216.163 - - [21/Mar/2026:16:17:59 +0200] "GET /shop/goods/enlock132895523118.phtml/ HTTP/1.1" 200 150752 "https://www.drspos.com/shop/goods/enlock132895523118.phtml" "Mozilla/5.0 AppleWebKit/537.36 (KHTML, like Gecko; compatible; ClaudeBot/1.0; +claudebot@anthropic.com)"
74.7.227.61 - - [21/Mar/2026:16:18:00 +0200] "GET /shop/goods/gasteropodous17102850832.phtml HTTP/1.1" 301 - "https://drspos.com/%3C![CDATA[https:/eminencegroup.net.au/post-sitemap9.xml]]%3E" "Mozilla/5.0 AppleWebKit/537.36 (KHTML, like Gecko; compatible; GPTBot/1.3; +https://openai.com/gptbot)"
74.7.227.61 - - [21/Mar/2026:16:18:02 +0200] "GET /shop/goods/gasteropodous17102850832.phtml/ HTTP/1.1" 200 150752 "https://drspos.com/shop/goods/gasteropodous17102850832.phtml" "Mozilla/5.0 AppleWebKit/537.36 (KHTML, like Gecko; compatible; GPTBot/1.3; +https://openai.com/gptbot)"
216.73.216.163 - - [21/Mar/2026:16:18:03 +0200] "GET /shop/goods/infringe133187399093.phtml HTTP/1.1" 301 - "-" "Mozilla/5.0 AppleWebKit/537.36 (KHTML, like Gecko; compatible; ClaudeBot/1.0; +claudebot@anthropic.com)"
74.7.227.61 - - [21/Mar/2026:16:18:05 +0200] "GET /?p=48182 HTTP/1.1" 200 91516 "https://drspos.com/?p=48180" "Mozilla/5.0 AppleWebKit/537.36 (KHTML, like Gecko; compatible; GPTBot/1.3; +https://openai.com/gptbot)"
216.73.216.163 - - [21/Mar/2026:16:18:06 +0200] "GET /shop/goods/infringe133187399093.phtml/ HTTP/1.1" 200 150752 "https://www.drspos.com/shop/goods/infringe133187399093.phtml" "Mozilla/5.0 AppleWebKit/537.36 (KHTML, like Gecko; compatible; ClaudeBot/1.0; +claudebot@anthropic.com)"
74.7.227.61 - - [21/Mar/2026:16:18:08 +0200] "GET /?p=46750 HTTP/1.1" 200 91384 "https://drspos.com/?p=46752" "Mozilla/5.0 AppleWebKit/537.36 (KHTML, like Gecko; compatible; GPTBot/1.3; +https://openai.com/gptbot)"
74.7.227.61 - - [21/Mar/2026:16:18:12 +0200] "GET /shop/goods/stichometrical17929721120.phtml HTTP/1.1" 301 - "https://drspos.com/%3C![CDATA[https:/eminencegroup.net.au/post-sitemap9.xml]]%3E" "Mozilla/5.0 AppleWebKit/537.36 (KHTML, like Gecko; compatible; GPTBot/1.3; +https://openai.com/gptbot)"
216.73.216.163 - - [21/Mar/2026:16:18:13 +0200] "GET /shop/goods/palmiferous124138672998.phtml HTTP/1.1" 301 - "-" "Mozilla/5.0 AppleWebKit/537.36 (KHTML, like Gecko; compatible; ClaudeBot/1.0; +claudebot@anthropic.com)"
40.77.167.70 - - [21/Mar/2026:16:18:15 +0200] "GET /shop/goods/stomping15607749176.phtml HTTP/1.1" 200 196850 "-" "Mozilla/5.0 AppleWebKit/537.36 (KHTML, like Gecko; compatible; bingbot/2.0; +http://www.bing.com/bingbot.htm) Chrome/116.0.1938.76 Safari/537.36"
74.7.227.61 - - [21/Mar/2026:16:18:14 +0200] "GET /shop/goods/stichometrical17929721120.phtml/ HTTP/1.1" 200 150752 "https://drspos.com/shop/goods/stichometrical17929721120.phtml" "Mozilla/5.0 AppleWebKit/537.36 (KHTML, like Gecko; compatible; GPTBot/1.3; +https://openai.com/gptbot)"
216.73.216.163 - - [21/Mar/2026:16:18:15 +0200] "GET /shop/goods/palmiferous124138672998.phtml/ HTTP/1.1" 200 150752 "https://www.drspos.com/shop/goods/palmiferous124138672998.phtml" "Mozilla/5.0 AppleWebKit/537.36 (KHTML, like Gecko; compatible; ClaudeBot/1.0; +claudebot@anthropic.com)"
74.7.227.61 - - [21/Mar/2026:16:18:18 +0200] "GET /shop/goods/liturgiologist17155079517.phtml HTTP/1.1" 301 - "https://drspos.com/%3C![CDATA[https:/eminencegroup.net.au/post-sitemap9.xml]]%3E" "Mozilla/5.0 AppleWebKit/537.36 (KHTML, like Gecko; compatible; GPTBot/1.3; +https://openai.com/gptbot)"
74.7.227.61 - - [21/Mar/2026:16:18:20 +0200] "GET /shop/goods/liturgiologist17155079517.phtml/ HTTP/1.1" 200 150752 "https://drspos.com/shop/goods/liturgiologist17155079517.phtml" "Mozilla/5.0 AppleWebKit/537.36 (KHTML, like Gecko; compatible; GPTBot/1.3; +https://openai.com/gptbot)"
216.73.216.163 - - [21/Mar/2026:16:18:21 +0200] "GET /shop/goods/balopticon121885725940.phtml HTTP/1.1" 301 - "-" "Mozilla/5.0 AppleWebKit/537.36 (KHTML, like Gecko; compatible; ClaudeBot/1.0; +claudebot@anthropic.com)"
74.7.227.61 - - [21/Mar/2026:16:18:23 +0200] "GET /shop/goods/selfconscious17930933203.phtml HTTP/1.1" 301 - "https://drspos.com/%3C![CDATA[https:/eminencegroup.net.au/post-sitemap9.xml]]%3E" "Mozilla/5.0 AppleWebKit/537.36 (KHTML, like Gecko; compatible; GPTBot/1.3; +https://openai.com/gptbot)"
216.73.216.163 - - [21/Mar/2026:16:18:23 +0200] "GET /shop/goods/balopticon121885725940.phtml/ HTTP/1.1" 200 150752 "https://www.drspos.com/shop/goods/balopticon121885725940.phtml" "Mozilla/5.0 AppleWebKit/537.36 (KHTML, like Gecko; compatible; ClaudeBot/1.0; +claudebot@anthropic.com)"
74.7.227.61 - - [21/Mar/2026:16:18:26 +0200] "GET /shop/goods/selfconscious17930933203.phtml/ HTTP/1.1" 200 150752 "https://drspos.com/shop/goods/selfconscious17930933203.phtml" "Mozilla/5.0 AppleWebKit/537.36 (KHTML, like Gecko; compatible; GPTBot/1.3; +https://openai.com/gptbot)"
74.7.227.61 - - [21/Mar/2026:16:18:29 +0200] "GET /shop/goods/lithologically17745535366.phtml HTTP/1.1" 301 - "https://drspos.com/%3C![CDATA[https:/eminencegroup.net.au/post-sitemap9.xml]]%3E" "Mozilla/5.0 AppleWebKit/537.36 (KHTML, like Gecko; compatible; GPTBot/1.3; +https://openai.com/gptbot)"
74.7.227.61 - - [21/Mar/2026:16:18:31 +0200] "GET /shop/goods/lithologically17745535366.phtml/ HTTP/1.1" 200 150752 "https://drspos.com/shop/goods/lithologically17745535366.phtml" "Mozilla/5.0 AppleWebKit/537.36 (KHTML, like Gecko; compatible; GPTBot/1.3; +https://openai.com/gptbot)"
74.7.227.61 - - [21/Mar/2026:16:18:34 +0200] "GET /?p=30964 HTTP/1.1" 200 93830 "https://drspos.com/?p=30966" "Mozilla/5.0 AppleWebKit/537.36 (KHTML, like Gecko; compatible; GPTBot/1.3; +https://openai.com/gptbot)"
74.7.227.61 - - [21/Mar/2026:16:18:38 +0200] "GET /shop/goods/dermatologist17665053103.phtml HTTP/1.1" 301 - "https://drspos.com/%3C![CDATA[https:/eminencegroup.net.au/post-sitemap9.xml]]%3E" "Mozilla/5.0 AppleWebKit/537.36 (KHTML, like Gecko; compatible; GPTBot/1.3; +https://openai.com/gptbot)"
74.7.227.61 - - [21/Mar/2026:16:18:40 +0200] "GET /shop/goods/dermatologist17665053103.phtml/ HTTP/1.1" 200 150752 "https://drspos.com/shop/goods/dermatologist17665053103.phtml" "Mozilla/5.0 AppleWebKit/537.36 (KHTML, like Gecko; compatible; GPTBot/1.3; +https://openai.com/gptbot)"
74.7.227.61 - - [21/Mar/2026:16:18:43 +0200] "GET /?p=44134 HTTP/1.1" 200 103559 "https://drspos.com/?p=44132" "Mozilla/5.0 AppleWebKit/537.36 (KHTML, like Gecko; compatible; GPTBot/1.3; +https://openai.com/gptbot)"
216.73.216.163 - - [21/Mar/2026:16:18:44 +0200] "GET /shop/goods/crazemill133276802711.phtml HTTP/1.1" 301 - "-" "Mozilla/5.0 AppleWebKit/537.36 (KHTML, like Gecko; compatible; ClaudeBot/1.0; +claudebot@anthropic.com)"
74.7.227.61 - - [21/Mar/2026:16:18:46 +0200] "GET /?p=52986 HTTP/1.1" 200 96907 "https://drspos.com/?p=52988" "Mozilla/5.0 AppleWebKit/537.36 (KHTML, like Gecko; compatible; GPTBot/1.3; +https://openai.com/gptbot)"
216.73.216.163 - - [21/Mar/2026:16:18:47 +0200] "GET /shop/goods/crazemill133276802711.phtml/ HTTP/1.1" 200 150752 "https://www.drspos.com/shop/goods/crazemill133276802711.phtml" "Mozilla/5.0 AppleWebKit/537.36 (KHTML, like Gecko; compatible; ClaudeBot/1.0; +claudebot@anthropic.com)"
74.7.227.61 - - [21/Mar/2026:16:18:49 +0200] "GET /shop/goods/aspidophoroides17599763487.phtml HTTP/1.1" 301 - "https://drspos.com/%3C![CDATA[https:/eminencegroup.net.au/post-sitemap9.xml]]%3E" "Mozilla/5.0 AppleWebKit/537.36 (KHTML, like Gecko; compatible; GPTBot/1.3; +https://openai.com/gptbot)"
216.73.216.163 - - [21/Mar/2026:16:18:51 +0200] "GET /shop/goods/complaisantly12574825075.phtml HTTP/1.1" 301 - "-" "Mozilla/5.0 AppleWebKit/537.36 (KHTML, like Gecko; compatible; ClaudeBot/1.0; +claudebot@anthropic.com)"
74.7.227.61 - - [21/Mar/2026:16:18:52 +0200] "GET /shop/goods/aspidophoroides17599763487.phtml/ HTTP/1.1" 200 150752 "https://drspos.com/shop/goods/aspidophoroides17599763487.phtml" "Mozilla/5.0 AppleWebKit/537.36 (KHTML, like Gecko; compatible; GPTBot/1.3; +https://openai.com/gptbot)"
216.73.216.163 - - [21/Mar/2026:16:18:53 +0200] "GET /shop/goods/complaisantly12574825075.phtml/ HTTP/1.1" 200 150752 "https://www.drspos.com/shop/goods/complaisantly12574825075.phtml" "Mozilla/5.0 AppleWebKit/537.36 (KHTML, like Gecko; compatible; ClaudeBot/1.0; +claudebot@anthropic.com)"
74.7.227.61 - - [21/Mar/2026:16:18:55 +0200] "GET /?p=48184 HTTP/1.1" 200 94400 "https://drspos.com/?p=48182" "Mozilla/5.0 AppleWebKit/537.36 (KHTML, like Gecko; compatible; GPTBot/1.3; +https://openai.com/gptbot)"
74.7.227.61 - - [21/Mar/2026:16:18:58 +0200] "GET /?p=46748 HTTP/1.1" 200 96930 "https://drspos.com/?p=46750" "Mozilla/5.0 AppleWebKit/537.36 (KHTML, like Gecko; compatible; GPTBot/1.3; +https://openai.com/gptbot)"
74.7.227.61 - - [21/Mar/2026:16:19:01 +0200] "GET /shop/goods/antimephitic17223745822.phtml HTTP/1.1" 301 - "https://drspos.com/%3C![CDATA[https:/eminencegroup.net.au/post-sitemap9.xml]]%3E" "Mozilla/5.0 AppleWebKit/537.36 (KHTML, like Gecko; compatible; GPTBot/1.3; +https://openai.com/gptbot)"
74.7.227.61 - - [21/Mar/2026:16:19:03 +0200] "GET /shop/goods/antimephitic17223745822.phtml/ HTTP/1.1" 200 150752 "https://drspos.com/shop/goods/antimephitic17223745822.phtml" "Mozilla/5.0 AppleWebKit/537.36 (KHTML, like Gecko; compatible; GPTBot/1.3; +https://openai.com/gptbot)"
74.7.227.61 - - [21/Mar/2026:16:19:06 +0200] "GET /shop/goods/dilettantism17587998190.phtml HTTP/1.1" 301 - "https://drspos.com/%3C![CDATA[https:/eminencegroup.net.au/post-sitemap9.xml]]%3E" "Mozilla/5.0 AppleWebKit/537.36 (KHTML, like Gecko; compatible; GPTBot/1.3; +https://openai.com/gptbot)"
74.7.227.61 - - [21/Mar/2026:16:19:08 +0200] "GET /shop/goods/dilettantism17587998190.phtml/ HTTP/1.1" 200 150752 "https://drspos.com/shop/goods/dilettantism17587998190.phtml" "Mozilla/5.0 AppleWebKit/537.36 (KHTML, like Gecko; compatible; GPTBot/1.3; +https://openai.com/gptbot)"
74.7.227.61 - - [21/Mar/2026:16:19:11 +0200] "GET /shop/goods/navigational17810434232.phtml HTTP/1.1" 301 - "https://drspos.com/%3C![CDATA[https:/eminencegroup.net.au/post-sitemap9.xml]]%3E" "Mozilla/5.0 AppleWebKit/537.36 (KHTML, like Gecko; compatible; GPTBot/1.3; +https://openai.com/gptbot)"
172.30.5.1 - - [21/Mar/2026:16:19:13 +0200] "POST /wp-cron.php?doing_wp_cron=1774102753.8354508876800537109375 HTTP/1.1" 200 - "-" "WordPress/6.9.4; https://drspos.com"
216.73.216.163 - - [21/Mar/2026:16:19:15 +0200] "GET /shop/goods/clutching13526419176.phtml HTTP/1.1" 301 - "-" "Mozilla/5.0 AppleWebKit/537.36 (KHTML, like Gecko; compatible; ClaudeBot/1.0; +claudebot@anthropic.com)"
74.7.227.61 - - [21/Mar/2026:16:19:15 +0200] "GET /shop/goods/navigational17810434232.phtml/ HTTP/1.1" 200 150752 "https://drspos.com/shop/goods/navigational17810434232.phtml" "Mozilla/5.0 AppleWebKit/537.36 (KHTML, like Gecko; compatible; GPTBot/1.3; +https://openai.com/gptbot)"
20.15.133.175 - - [21/Mar/2026:16:19:16 +0200] "GET /shop/goods/galeocerdo15655171323.phtml HTTP/1.1" 200 207730 "-" "Mozilla/5.0 AppleWebKit/537.36 (KHTML, like Gecko; compatible; bingbot/2.0; +http://www.bing.com/bingbot.htm) Chrome/116.0.1938.76 Safari/537.36"
74.7.227.61 - - [21/Mar/2026:16:19:18 +0200] "GET /shop/goods/immethodical17491954035.phtml HTTP/1.1" 301 - "https://drspos.com/%3C![CDATA[https:/eminencegroup.net.au/post-sitemap9.xml]]%3E" "Mozilla/5.0 AppleWebKit/537.36 (KHTML, like Gecko; compatible; GPTBot/1.3; +https://openai.com/gptbot)"
216.73.216.163 - - [21/Mar/2026:16:19:17 +0200] "GET /shop/goods/clutching13526419176.phtml/ HTTP/1.1" 200 150752 "https://www.drspos.com/shop/goods/clutching13526419176.phtml" "Mozilla/5.0 AppleWebKit/537.36 (KHTML, like Gecko; compatible; ClaudeBot/1.0; +claudebot@anthropic.com)"
74.7.227.61 - - [21/Mar/2026:16:19:20 +0200] "GET /shop/goods/immethodical17491954035.phtml/ HTTP/1.1" 200 150752 "https://drspos.com/shop/goods/immethodical17491954035.phtml" "Mozilla/5.0 AppleWebKit/537.36 (KHTML, like Gecko; compatible; GPTBot/1.3; +https://openai.com/gptbot)"
216.73.216.163 - - [21/Mar/2026:16:19:21 +0200] "GET /shop/goods/dissyllabic123792361296.phtml HTTP/1.1" 301 - "-" "Mozilla/5.0 AppleWebKit/537.36 (KHTML, like Gecko; compatible; ClaudeBot/1.0; +claudebot@anthropic.com)"
74.7.227.61 - - [21/Mar/2026:16:19:23 +0200] "GET /?p=30962 HTTP/1.1" 200 93506 "https://drspos.com/?p=30964" "Mozilla/5.0 AppleWebKit/537.36 (KHTML, like Gecko; compatible; GPTBot/1.3; +https://openai.com/gptbot)"
216.73.216.163 - - [21/Mar/2026:16:19:24 +0200] "GET /shop/goods/dissyllabic123792361296.phtml/ HTTP/1.1" 200 150752 "https://www.drspos.com/shop/goods/dissyllabic123792361296.phtml" "Mozilla/5.0 AppleWebKit/537.36 (KHTML, like Gecko; compatible; ClaudeBot/1.0; +claudebot@anthropic.com)"
74.7.227.61 - - [21/Mar/2026:16:19:27 +0200] "GET /shop/goods/preconcerted17196262884.phtml HTTP/1.1" 301 - "https://drspos.com/%3C![CDATA[https:/eminencegroup.net.au/post-sitemap9.xml]]%3E" "Mozilla/5.0 AppleWebKit/537.36 (KHTML, like Gecko; compatible; GPTBot/1.3; +https://openai.com/gptbot)"
74.7.227.61 - - [21/Mar/2026:16:19:29 +0200] "GET /shop/goods/preconcerted17196262884.phtml/ HTTP/1.1" 200 150752 "https://drspos.com/shop/goods/preconcerted17196262884.phtml" "Mozilla/5.0 AppleWebKit/537.36 (KHTML, like Gecko; compatible; GPTBot/1.3; +https://openai.com/gptbot)"
216.73.216.163 - - [21/Mar/2026:16:19:30 +0200] "GET /shop/goods/scopulas121215857520.phtml HTTP/1.1" 301 - "-" "Mozilla/5.0 AppleWebKit/537.36 (KHTML, like Gecko; compatible; ClaudeBot/1.0; +claudebot@anthropic.com)"
74.7.227.61 - - [21/Mar/2026:16:19:32 +0200] "GET /?p=44136 HTTP/1.1" 200 91156 "https://drspos.com/?p=44134" "Mozilla/5.0 AppleWebKit/537.36 (KHTML, like Gecko; compatible; GPTBot/1.3; +https://openai.com/gptbot)"
216.73.216.163 - - [21/Mar/2026:16:19:33 +0200] "GET /shop/goods/scopulas121215857520.phtml/ HTTP/1.1" 200 150752 "https://www.drspos.com/shop/goods/scopulas121215857520.phtml" "Mozilla/5.0 AppleWebKit/537.36 (KHTML, like Gecko; compatible; ClaudeBot/1.0; +claudebot@anthropic.com)"
74.7.227.61 - - [21/Mar/2026:16:19:35 +0200] "GET /?p=52984 HTTP/1.1" 200 93122 "https://drspos.com/?p=52986" "Mozilla/5.0 AppleWebKit/537.36 (KHTML, like Gecko; compatible; GPTBot/1.3; +https://openai.com/gptbot)"
74.7.227.61 - - [21/Mar/2026:16:19:39 +0200] "GET /shop/goods/beauxesprits17121763327.phtml HTTP/1.1" 301 - "https://drspos.com/%3C![CDATA[https:/eminencegroup.net.au/post-sitemap9.xml]]%3E" "Mozilla/5.0 AppleWebKit/537.36 (KHTML, like Gecko; compatible; GPTBot/1.3; +https://openai.com/gptbot)"
216.73.216.163 - - [21/Mar/2026:16:19:39 +0200] "GET /shop/goods/belike131481270464.phtml HTTP/1.1" 301 - "-" "Mozilla/5.0 AppleWebKit/537.36 (KHTML, like Gecko; compatible; ClaudeBot/1.0; +claudebot@anthropic.com)"
74.7.227.61 - - [21/Mar/2026:16:19:41 +0200] "GET /shop/goods/beauxesprits17121763327.phtml/ HTTP/1.1" 200 150752 "https://drspos.com/shop/goods/beauxesprits17121763327.phtml" "Mozilla/5.0 AppleWebKit/537.36 (KHTML, like Gecko; compatible; GPTBot/1.3; +https://openai.com/gptbot)"
216.73.216.163 - - [21/Mar/2026:16:19:42 +0200] "GET /shop/goods/belike131481270464.phtml/ HTTP/1.1" 200 150752 "https://www.drspos.com/shop/goods/belike131481270464.phtml" "Mozilla/5.0 AppleWebKit/537.36 (KHTML, like Gecko; compatible; ClaudeBot/1.0; +claudebot@anthropic.com)"
74.7.227.61 - - [21/Mar/2026:16:19:45 +0200] "GET /?p=48186 HTTP/1.1" 200 90828 "https://drspos.com/?p=48184" "Mozilla/5.0 AppleWebKit/537.36 (KHTML, like Gecko; compatible; GPTBot/1.3; +https://openai.com/gptbot)"
74.7.227.61 - - [21/Mar/2026:16:19:48 +0200] "GET /?p=46746 HTTP/1.1" 200 91258 "https://drspos.com/?p=46748" "Mozilla/5.0 AppleWebKit/537.36 (KHTML, like Gecko; compatible; GPTBot/1.3; +https://openai.com/gptbot)"
216.73.216.163 - - [21/Mar/2026:16:19:48 +0200] "GET /shop/goods/ripidolite124111976861.phtml HTTP/1.1" 301 - "-" "Mozilla/5.0 AppleWebKit/537.36 (KHTML, like Gecko; compatible; ClaudeBot/1.0; +claudebot@anthropic.com)"
74.7.227.61 - - [21/Mar/2026:16:19:51 +0200] "GET /shop/goods/encephalitic17138331612.phtml HTTP/1.1" 301 - "https://drspos.com/%3C![CDATA[https:/eminencegroup.net.au/post-sitemap9.xml]]%3E" "Mozilla/5.0 AppleWebKit/537.36 (KHTML, like Gecko; compatible; GPTBot/1.3; +https://openai.com/gptbot)"
216.73.216.163 - - [21/Mar/2026:16:19:51 +0200] "GET /shop/goods/ripidolite124111976861.phtml/ HTTP/1.1" 200 150752 "https://www.drspos.com/shop/goods/ripidolite124111976861.phtml" "Mozilla/5.0 AppleWebKit/537.36 (KHTML, like Gecko; compatible; ClaudeBot/1.0; +claudebot@anthropic.com)"
216.73.216.163 - - [21/Mar/2026:16:19:52 +0200] "GET /shop/goods/forte142697276990.phtml HTTP/1.1" 301 - "-" "Mozilla/5.0 AppleWebKit/537.36 (KHTML, like Gecko; compatible; ClaudeBot/1.0; +claudebot@anthropic.com)"
74.7.227.61 - - [21/Mar/2026:16:19:53 +0200] "GET /shop/goods/encephalitic17138331612.phtml/ HTTP/1.1" 200 150752 "https://drspos.com/shop/goods/encephalitic17138331612.phtml" "Mozilla/5.0 AppleWebKit/537.36 (KHTML, like Gecko; compatible; GPTBot/1.3; +https://openai.com/gptbot)"
216.73.216.163 - - [21/Mar/2026:16:19:55 +0200] "GET /shop/goods/forte142697276990.phtml/ HTTP/1.1" 200 150752 "https://www.drspos.com/shop/goods/forte142697276990.phtml" "Mozilla/5.0 AppleWebKit/537.36 (KHTML, like Gecko; compatible; ClaudeBot/1.0; +claudebot@anthropic.com)"
74.7.227.61 - - [21/Mar/2026:16:19:57 +0200] "GET /shop/goods/affluentness17441758814.phtml HTTP/1.1" 301 - "https://drspos.com/%3C![CDATA[https:/eminencegroup.net.au/post-sitemap9.xml]]%3E" "Mozilla/5.0 AppleWebKit/537.36 (KHTML, like Gecko; compatible; GPTBot/1.3; +https://openai.com/gptbot)"
74.7.227.61 - - [21/Mar/2026:16:19:59 +0200] "GET /shop/goods/affluentness17441758814.phtml/ HTTP/1.1" 200 150752 "https://drspos.com/shop/goods/affluentness17441758814.phtml" "Mozilla/5.0 AppleWebKit/537.36 (KHTML, like Gecko; compatible; GPTBot/1.3; +https://openai.com/gptbot)"
216.73.216.163 - - [21/Mar/2026:16:20:01 +0200] "GET /shop/goods/kenspeckle1372976633.phtml HTTP/1.1" 301 - "-" "Mozilla/5.0 AppleWebKit/537.36 (KHTML, like Gecko; compatible; ClaudeBot/1.0; +claudebot@anthropic.com)"
74.7.227.61 - - [21/Mar/2026:16:20:02 +0200] "GET /shop/goods/splendidness17836523236.phtml HTTP/1.1" 301 - "https://drspos.com/%3C![CDATA[https:/eminencegroup.net.au/post-sitemap9.xml]]%3E" "Mozilla/5.0 AppleWebKit/537.36 (KHTML, like Gecko; compatible; GPTBot/1.3; +https://openai.com/gptbot)"
74.7.227.61 - - [21/Mar/2026:16:20:04 +0200] "GET /shop/goods/splendidness17836523236.phtml/ HTTP/1.1" 200 150752 "https://drspos.com/shop/goods/splendidness17836523236.phtml" "Mozilla/5.0 AppleWebKit/537.36 (KHTML, like Gecko; compatible; GPTBot/1.3; +https://openai.com/gptbot)"
216.73.216.163 - - [21/Mar/2026:16:20:04 +0200] "GET /shop/goods/kenspeckle1372976633.phtml/ HTTP/1.1" 200 150752 "https://www.drspos.com/shop/goods/kenspeckle1372976633.phtml" "Mozilla/5.0 AppleWebKit/537.36 (KHTML, like Gecko; compatible; ClaudeBot/1.0; +claudebot@anthropic.com)"
74.7.227.61 - - [21/Mar/2026:16:20:07 +0200] "GET /shop/goods/monitorially17551567118.phtml HTTP/1.1" 301 - "https://drspos.com/%3C![CDATA[https:/eminencegroup.net.au/post-sitemap9.xml]]%3E" "Mozilla/5.0 AppleWebKit/537.36 (KHTML, like Gecko; compatible; GPTBot/1.3; +https://openai.com/gptbot)"
74.7.227.61 - - [21/Mar/2026:16:20:09 +0200] "GET /shop/goods/monitorially17551567118.phtml/ HTTP/1.1" 200 150752 "https://drspos.com/shop/goods/monitorially17551567118.phtml" "Mozilla/5.0 AppleWebKit/537.36 (KHTML, like Gecko; compatible; GPTBot/1.3; +https://openai.com/gptbot)"
216.73.216.163 - - [21/Mar/2026:16:20:10 +0200] "GET /shop/goods/untangibly142048094543.phtml HTTP/1.1" 301 - "-" "Mozilla/5.0 AppleWebKit/537.36 (KHTML, like Gecko; compatible; ClaudeBot/1.0; +claudebot@anthropic.com)"
216.73.216.163 - - [21/Mar/2026:16:20:14 +0200] "GET /robots.txt HTTP/1.1" 200 80 "-" "Mozilla/5.0 AppleWebKit/537.36 (KHTML, like Gecko; compatible; ClaudeBot/1.0; +claudebot@anthropic.com)"
74.7.227.61 - - [21/Mar/2026:16:20:12 +0200] "GET /?p=30960 HTTP/1.1" 200 93429 "https://drspos.com/?p=30962" "Mozilla/5.0 AppleWebKit/537.36 (KHTML, like Gecko; compatible; GPTBot/1.3; +https://openai.com/gptbot)"
216.73.216.163 - - [21/Mar/2026:16:20:13 +0200] "GET /shop/goods/untangibly142048094543.phtml/ HTTP/1.1" 200 150752 "https://www.drspos.com/shop/goods/untangibly142048094543.phtml" "Mozilla/5.0 AppleWebKit/537.36 (KHTML, like Gecko; compatible; ClaudeBot/1.0; +claudebot@anthropic.com)"
74.7.227.61 - - [21/Mar/2026:16:20:15 +0200] "GET /shop/goods/detribalize1781955566.phtml HTTP/1.1" 301 - "https://drspos.com/%3C![CDATA[https:/eminencegroup.net.au/post-sitemap9.xml]]%3E" "Mozilla/5.0 AppleWebKit/537.36 (KHTML, like Gecko; compatible; GPTBot/1.3; +https://openai.com/gptbot)"
216.73.216.163 - - [21/Mar/2026:16:20:16 +0200] "GET /shop/goods/bistro123923982378.phtml HTTP/1.1" 301 - "-" "Mozilla/5.0 AppleWebKit/537.36 (KHTML, like Gecko; compatible; ClaudeBot/1.0; +claudebot@anthropic.com)"
74.7.227.61 - - [21/Mar/2026:16:20:18 +0200] "GET /shop/goods/detribalize1781955566.phtml/ HTTP/1.1" 200 150752 "https://drspos.com/shop/goods/detribalize1781955566.phtml" "Mozilla/5.0 AppleWebKit/537.36 (KHTML, like Gecko; compatible; GPTBot/1.3; +https://openai.com/gptbot)"
157.55.39.59 - - [21/Mar/2026:16:20:19 +0200] "GET /shop/goods/pterocladia151189828958.phtml HTTP/1.1" 200 226806 "-" "Mozilla/5.0 AppleWebKit/537.36 (KHTML, like Gecko; compatible; bingbot/2.0; +http://www.bing.com/bingbot.htm) Chrome/116.0.1938.76 Safari/537.36"
216.73.216.163 - - [21/Mar/2026:16:20:19 +0200] "GET /shop/goods/bistro123923982378.phtml/ HTTP/1.1" 200 150752 "https://www.drspos.com/shop/goods/bistro123923982378.phtml" "Mozilla/5.0 AppleWebKit/537.36 (KHTML, like Gecko; compatible; ClaudeBot/1.0; +claudebot@anthropic.com)"
74.7.227.61 - - [21/Mar/2026:16:20:21 +0200] "GET /?p=44138 HTTP/1.1" 200 92797 "https://drspos.com/?p=44136" "Mozilla/5.0 AppleWebKit/537.36 (KHTML, like Gecko; compatible; GPTBot/1.3; +https://openai.com/gptbot)"
216.73.216.163 - - [21/Mar/2026:16:20:22 +0200] "GET /shop/goods/creaght1389216719.phtml HTTP/1.1" 301 - "-" "Mozilla/5.0 AppleWebKit/537.36 (KHTML, like Gecko; compatible; ClaudeBot/1.0; +claudebot@anthropic.com)"
74.7.227.61 - - [21/Mar/2026:16:20:24 +0200] "GET /?p=52982 HTTP/1.1" 200 97162 "https://drspos.com/?p=52984" "Mozilla/5.0 AppleWebKit/537.36 (KHTML, like Gecko; compatible; GPTBot/1.3; +https://openai.com/gptbot)"
216.73.216.163 - - [21/Mar/2026:16:20:25 +0200] "GET /shop/goods/creaght1389216719.phtml/ HTTP/1.1" 200 150752 "https://www.drspos.com/shop/goods/creaght1389216719.phtml" "Mozilla/5.0 AppleWebKit/537.36 (KHTML, like Gecko; compatible; ClaudeBot/1.0; +claudebot@anthropic.com)"
74.7.227.61 - - [21/Mar/2026:16:20:28 +0200] "GET /shop/goods/acetylcholine17770412287.phtml HTTP/1.1" 301 - "https://drspos.com/%3C![CDATA[https:/eminencegroup.net.au/post-sitemap9.xml]]%3E" "Mozilla/5.0 AppleWebKit/537.36 (KHTML, like Gecko; compatible; GPTBot/1.3; +https://openai.com/gptbot)"
216.73.216.163 - - [21/Mar/2026:16:20:28 +0200] "GET /shop/goods/nonobservance124195031956.phtml HTTP/1.1" 301 - "-" "Mozilla/5.0 AppleWebKit/537.36 (KHTML, like Gecko; compatible; ClaudeBot/1.0; +claudebot@anthropic.com)"
74.7.227.61 - - [21/Mar/2026:16:20:30 +0200] "GET /shop/goods/acetylcholine17770412287.phtml/ HTTP/1.1" 200 150752 "https://drspos.com/shop/goods/acetylcholine17770412287.phtml" "Mozilla/5.0 AppleWebKit/537.36 (KHTML, like Gecko; compatible; GPTBot/1.3; +https://openai.com/gptbot)"
216.73.216.163 - - [21/Mar/2026:16:20:31 +0200] "GET /shop/goods/nonobservance124195031956.phtml/ HTTP/1.1" 200 150752 "https://www.drspos.com/shop/goods/nonobservance124195031956.phtml" "Mozilla/5.0 AppleWebKit/537.36 (KHTML, like Gecko; compatible; ClaudeBot/1.0; +claudebot@anthropic.com)"
74.7.227.61 - - [21/Mar/2026:16:20:33 +0200] "GET /?p=48188 HTTP/1.1" 200 94508 "https://drspos.com/?p=48186" "Mozilla/5.0 AppleWebKit/537.36 (KHTML, like Gecko; compatible; GPTBot/1.3; +https://openai.com/gptbot)"
216.73.216.163 - - [21/Mar/2026:16:20:34 +0200] "GET /shop/goods/bibasic134056759123.phtml HTTP/1.1" 301 - "-" "Mozilla/5.0 AppleWebKit/537.36 (KHTML, like Gecko; compatible; ClaudeBot/1.0; +claudebot@anthropic.com)"
74.7.227.61 - - [21/Mar/2026:16:20:36 +0200] "GET /?p=46741 HTTP/1.1" 200 204093 "https://drspos.com/?p=46746" "Mozilla/5.0 AppleWebKit/537.36 (KHTML, like Gecko; compatible; GPTBot/1.3; +https://openai.com/gptbot)"
216.73.216.163 - - [21/Mar/2026:16:20:37 +0200] "GET /shop/goods/bibasic134056759123.phtml/ HTTP/1.1" 200 150752 "https://www.drspos.com/shop/goods/bibasic134056759123.phtml" "Mozilla/5.0 AppleWebKit/537.36 (KHTML, like Gecko; compatible; ClaudeBot/1.0; +claudebot@anthropic.com)"
74.7.227.61 - - [21/Mar/2026:16:20:40 +0200] "GET /wp-content/uploads/essential-addons-elementor/eael-47.css?ver=1773945178 HTTP/1.1" 200 16146 "https://drspos.com/?p=48186" "Mozilla/5.0 AppleWebKit/537.36 (KHTML, like Gecko; compatible; GPTBot/1.3; +https://openai.com/gptbot)"
74.7.227.61 - - [21/Mar/2026:16:20:43 +0200] "GET /shop/goods/grotesqueness17294445559.phtml HTTP/1.1" 301 - "https://drspos.com/%3C![CDATA[https:/eminencegroup.net.au/post-sitemap9.xml]]%3E" "Mozilla/5.0 AppleWebKit/537.36 (KHTML, like Gecko; compatible; GPTBot/1.3; +https://openai.com/gptbot)"
216.73.216.163 - - [21/Mar/2026:16:20:43 +0200] "GET /shop/goods/quahog142293382567.phtml HTTP/1.1" 301 - "-" "Mozilla/5.0 AppleWebKit/537.36 (KHTML, like Gecko; compatible; ClaudeBot/1.0; +claudebot@anthropic.com)"
74.7.227.61 - - [21/Mar/2026:16:20:45 +0200] "GET /shop/goods/grotesqueness17294445559.phtml/ HTTP/1.1" 200 150752 "https://drspos.com/shop/goods/grotesqueness17294445559.phtml" "Mozilla/5.0 AppleWebKit/537.36 (KHTML, like Gecko; compatible; GPTBot/1.3; +https://openai.com/gptbot)"
216.73.216.163 - - [21/Mar/2026:16:20:47 +0200] "GET /shop/goods/quahog142293382567.phtml/ HTTP/1.1" 200 150752 "https://www.drspos.com/shop/goods/quahog142293382567.phtml" "Mozilla/5.0 AppleWebKit/537.36 (KHTML, like Gecko; compatible; ClaudeBot/1.0; +claudebot@anthropic.com)"
74.7.227.61 - - [21/Mar/2026:16:20:48 +0200] "GET /shop/goods/incrassating172902080777.phtml HTTP/1.1" 301 - "https://drspos.com/%3C![CDATA[https:/eminencegroup.net.au/post-sitemap9.xml]]%3E" "Mozilla/5.0 AppleWebKit/537.36 (KHTML, like Gecko; compatible; GPTBot/1.3; +https://openai.com/gptbot)"
74.7.227.61 - - [21/Mar/2026:16:20:51 +0200] "GET /shop/goods/incrassating172902080777.phtml/ HTTP/1.1" 200 150752 "https://drspos.com/shop/goods/incrassating172902080777.phtml" "Mozilla/5.0 AppleWebKit/537.36 (KHTML, like Gecko; compatible; GPTBot/1.3; +https://openai.com/gptbot)"
216.73.216.163 - - [21/Mar/2026:16:20:52 +0200] "GET /shop/goods/polysyntheticism133768426316.phtml HTTP/1.1" 301 - "-" "Mozilla/5.0 AppleWebKit/537.36 (KHTML, like Gecko; compatible; ClaudeBot/1.0; +claudebot@anthropic.com)"
74.7.227.61 - - [21/Mar/2026:16:20:55 +0200] "GET /shop/goods/postdiluvian172800098282.phtml HTTP/1.1" 301 - "https://drspos.com/%3C![CDATA[https:/eminencegroup.net.au/post-sitemap9.xml]]%3E" "Mozilla/5.0 AppleWebKit/537.36 (KHTML, like Gecko; compatible; GPTBot/1.3; +https://openai.com/gptbot)"
216.73.216.163 - - [21/Mar/2026:16:20:56 +0200] "GET /shop/goods/polysyntheticism133768426316.phtml/ HTTP/1.1" 200 150752 "https://www.drspos.com/shop/goods/polysyntheticism133768426316.phtml" "Mozilla/5.0 AppleWebKit/537.36 (KHTML, like Gecko; compatible; ClaudeBot/1.0; +claudebot@anthropic.com)"
74.7.227.61 - - [21/Mar/2026:16:20:58 +0200] "GET /shop/goods/postdiluvian172800098282.phtml/ HTTP/1.1" 200 150752 "https://drspos.com/shop/goods/postdiluvian172800098282.phtml" "Mozilla/5.0 AppleWebKit/537.36 (KHTML, like Gecko; compatible; GPTBot/1.3; +https://openai.com/gptbot)"
74.7.227.61 - - [21/Mar/2026:16:21:01 +0200] "GET /?p=30958 HTTP/1.1" 200 95565 "https://drspos.com/?p=30960" "Mozilla/5.0 AppleWebKit/537.36 (KHTML, like Gecko; compatible; GPTBot/1.3; +https://openai.com/gptbot)"
216.73.216.163 - - [21/Mar/2026:16:21:01 +0200] "GET /shop/goods/nervimotor12283850448.phtml HTTP/1.1" 301 - "-" "Mozilla/5.0 AppleWebKit/537.36 (KHTML, like Gecko; compatible; ClaudeBot/1.0; +claudebot@anthropic.com)"
74.7.227.61 - - [21/Mar/2026:16:21:04 +0200] "GET /shop/goods/anthropologic171489992713.phtml HTTP/1.1" 301 - "https://drspos.com/%3C![CDATA[https:/eminencegroup.net.au/post-sitemap9.xml]]%3E" "Mozilla/5.0 AppleWebKit/537.36 (KHTML, like Gecko; compatible; GPTBot/1.3; +https://openai.com/gptbot)"
216.73.216.163 - - [21/Mar/2026:16:21:04 +0200] "GET /shop/goods/nervimotor12283850448.phtml/ HTTP/1.1" 200 150752 "https://www.drspos.com/shop/goods/nervimotor12283850448.phtml" "Mozilla/5.0 AppleWebKit/537.36 (KHTML, like Gecko; compatible; ClaudeBot/1.0; +claudebot@anthropic.com)"
216.73.216.163 - - [21/Mar/2026:16:21:06 +0200] "GET /shop/goods/guirland12345436675.phtml HTTP/1.1" 301 - "-" "Mozilla/5.0 AppleWebKit/537.36 (KHTML, like Gecko; compatible; ClaudeBot/1.0; +claudebot@anthropic.com)"
74.7.227.61 - - [21/Mar/2026:16:21:06 +0200] "GET /shop/goods/anthropologic171489992713.phtml/ HTTP/1.1" 200 150752 "https://drspos.com/shop/goods/anthropologic171489992713.phtml" "Mozilla/5.0 AppleWebKit/537.36 (KHTML, like Gecko; compatible; GPTBot/1.3; +https://openai.com/gptbot)"
216.73.216.163 - - [21/Mar/2026:16:21:09 +0200] "GET /shop/goods/guirland12345436675.phtml/ HTTP/1.1" 200 150752 "https://www.drspos.com/shop/goods/guirland12345436675.phtml" "Mozilla/5.0 AppleWebKit/537.36 (KHTML, like Gecko; compatible; ClaudeBot/1.0; +claudebot@anthropic.com)"
74.7.227.61 - - [21/Mar/2026:16:21:10 +0200] "GET /?p=44140 HTTP/1.1" 200 91026 "https://drspos.com/?p=44138" "Mozilla/5.0 AppleWebKit/537.36 (KHTML, like Gecko; compatible; GPTBot/1.3; +https://openai.com/gptbot)"
74.7.227.61 - - [21/Mar/2026:16:21:13 +0200] "GET /?p=52980 HTTP/1.1" 200 93773 "https://drspos.com/?p=52982" "Mozilla/5.0 AppleWebKit/537.36 (KHTML, like Gecko; compatible; GPTBot/1.3; +https://openai.com/gptbot)"
216.73.216.163 - - [21/Mar/2026:16:21:15 +0200] "GET /shop/goods/masseuses122898469687.phtml HTTP/1.1" 301 - "-" "Mozilla/5.0 AppleWebKit/537.36 (KHTML, like Gecko; compatible; ClaudeBot/1.0; +claudebot@anthropic.com)"
74.7.227.61 - - [21/Mar/2026:16:21:17 +0200] "GET /shop/goods/cacochymical171118849498.phtml HTTP/1.1" 301 - "https://drspos.com/%3C![CDATA[https:/eminencegroup.net.au/post-sitemap9.xml]]%3E" "Mozilla/5.0 AppleWebKit/537.36 (KHTML, like Gecko; compatible; GPTBot/1.3; +https://openai.com/gptbot)"
98.98.9.59 - - [21/Mar/2026:16:21:14 +0200] "POST /xmlrpc.php HTTP/1.1" 200 180 "-" "Mozilla/5.0 (Windows NT 10.0; Win64; x64) AppleWebKit/537.36 (KHTML, like Gecko) Chrome/114.0.0.0 Safari/537.36"
216.73.216.163 - - [21/Mar/2026:16:21:18 +0200] "GET /shop/goods/masseuses122898469687.phtml/ HTTP/1.1" 200 150752 "https://www.drspos.com/shop/goods/masseuses122898469687.phtml" "Mozilla/5.0 AppleWebKit/537.36 (KHTML, like Gecko; compatible; ClaudeBot/1.0; +claudebot@anthropic.com)"
74.7.227.61 - - [21/Mar/2026:16:21:19 +0200] "GET /shop/goods/cacochymical171118849498.phtml/ HTTP/1.1" 200 150752 "https://drspos.com/shop/goods/cacochymical171118849498.phtml" "Mozilla/5.0 AppleWebKit/537.36 (KHTML, like Gecko; compatible; GPTBot/1.3; +https://openai.com/gptbot)"
172.30.5.1 - - [21/Mar/2026:16:21:19 +0200] "POST /wp-cron.php?doing_wp_cron=1774102879.0353400707244873046875 HTTP/1.1" 200 - "-" "WordPress/6.9.4; https://drspos.com"
74.7.227.61 - - [21/Mar/2026:16:21:22 +0200] "GET /?p=48190 HTTP/1.1" 200 93245 "https://drspos.com/?p=48188" "Mozilla/5.0 AppleWebKit/537.36 (KHTML, like Gecko; compatible; GPTBot/1.3; +https://openai.com/gptbot)"
216.73.216.163 - - [21/Mar/2026:16:21:24 +0200] "GET /shop/goods/leontopodium121758086497.phtml HTTP/1.1" 301 - "-" "Mozilla/5.0 AppleWebKit/537.36 (KHTML, like Gecko; compatible; ClaudeBot/1.0; +claudebot@anthropic.com)"
98.98.9.59 - - [21/Mar/2026:16:21:27 +0200] "POST /xmlrpc.php HTTP/1.1" 200 13773 "-" "Mozilla/5.0 (Windows NT 10.0; Win64; x64) AppleWebKit/537.36 (KHTML, like Gecko) Chrome/114.0.0.0 Safari/537.36"
74.7.227.61 - - [21/Mar/2026:16:21:26 +0200] "GET /?p=46744 HTTP/1.1" 200 94319 "https://drspos.com/?p=46741" "Mozilla/5.0 AppleWebKit/537.36 (KHTML, like Gecko; compatible; GPTBot/1.3; +https://openai.com/gptbot)"
216.73.216.163 - - [21/Mar/2026:16:21:27 +0200] "GET /shop/goods/leontopodium121758086497.phtml/ HTTP/1.1" 200 150752 "https://www.drspos.com/shop/goods/leontopodium121758086497.phtml" "Mozilla/5.0 AppleWebKit/537.36 (KHTML, like Gecko; compatible; ClaudeBot/1.0; +claudebot@anthropic.com)"
74.7.227.61 - - [21/Mar/2026:16:21:29 +0200] "GET /shop/goods/catharanthus171312817778.phtml HTTP/1.1" 301 - "https://drspos.com/%3C![CDATA[https:/eminencegroup.net.au/post-sitemap9.xml]]%3E" "Mozilla/5.0 AppleWebKit/537.36 (KHTML, like Gecko; compatible; GPTBot/1.3; +https://openai.com/gptbot)"
98.98.9.59 - - [21/Mar/2026:16:21:30 +0200] "GET /?p=55740 HTTP/1.1" 200 96270 "-" "Mozilla/5.0 (Windows NT 10.0; Win64; x64) AppleWebKit/537.36 (KHTML, like Gecko) Chrome/109.0.0.0 Safari/537.36"
74.7.227.61 - - [21/Mar/2026:16:21:32 +0200] "GET /shop/goods/catharanthus171312817778.phtml/ HTTP/1.1" 200 150752 "https://drspos.com/shop/goods/catharanthus171312817778.phtml" "Mozilla/5.0 AppleWebKit/537.36 (KHTML, like Gecko; compatible; GPTBot/1.3; +https://openai.com/gptbot)"
216.73.216.163 - - [21/Mar/2026:16:21:33 +0200] "GET /shop/goods/triteness123419538485.phtml HTTP/1.1" 301 - "-" "Mozilla/5.0 AppleWebKit/537.36 (KHTML, like Gecko; compatible; ClaudeBot/1.0; +claudebot@anthropic.com)"
74.7.227.61 - - [21/Mar/2026:16:21:35 +0200] "GET /shop/goods/infinitesimal1784120156.phtml HTTP/1.1" 301 - "https://drspos.com/%3C![CDATA[https:/eminencegroup.net.au/post-sitemap9.xml]]%3E" "Mozilla/5.0 AppleWebKit/537.36 (KHTML, like Gecko; compatible; GPTBot/1.3; +https://openai.com/gptbot)"
216.73.216.163 - - [21/Mar/2026:16:21:36 +0200] "GET /shop/goods/triteness123419538485.phtml/ HTTP/1.1" 200 150752 "https://www.drspos.com/shop/goods/triteness123419538485.phtml" "Mozilla/5.0 AppleWebKit/537.36 (KHTML, like Gecko; compatible; ClaudeBot/1.0; +claudebot@anthropic.com)"
74.7.227.61 - - [21/Mar/2026:16:21:38 +0200] "GET /shop/goods/infinitesimal1784120156.phtml/ HTTP/1.1" 200 150752 "https://drspos.com/shop/goods/infinitesimal1784120156.phtml" "Mozilla/5.0 AppleWebKit/537.36 (KHTML, like Gecko; compatible; GPTBot/1.3; +https://openai.com/gptbot)"
216.73.216.163 - - [21/Mar/2026:16:21:38 +0200] "GET /shop/goods/bulking142027199277.phtml HTTP/1.1" 301 - "-" "Mozilla/5.0 AppleWebKit/537.36 (KHTML, like Gecko; compatible; ClaudeBot/1.0; +claudebot@anthropic.com)"
74.7.227.61 - - [21/Mar/2026:16:21:41 +0200] "GET /shop/goods/cavilously17673396303.phtml HTTP/1.1" 301 - "https://drspos.com/%3C![CDATA[https:/eminencegroup.net.au/post-sitemap9.xml]]%3E" "Mozilla/5.0 AppleWebKit/537.36 (KHTML, like Gecko; compatible; GPTBot/1.3; +https://openai.com/gptbot)"
216.244.66.234 - - [21/Mar/2026:16:21:43 +0200] "GET /robots.txt HTTP/1.1" 200 80 "-" "Mozilla/5.0 (compatible; DotBot/1.2; +https://opensiteexplorer.org/dotbot; help@moz.com)"
216.73.216.163 - - [21/Mar/2026:16:21:41 +0200] "GET /shop/goods/bulking142027199277.phtml/ HTTP/1.1" 200 150752 "https://www.drspos.com/shop/goods/bulking142027199277.phtml" "Mozilla/5.0 AppleWebKit/537.36 (KHTML, like Gecko; compatible; ClaudeBot/1.0; +claudebot@anthropic.com)"
74.7.227.61 - - [21/Mar/2026:16:21:43 +0200] "GET /shop/goods/cavilously17673396303.phtml/ HTTP/1.1" 200 150752 "https://drspos.com/shop/goods/cavilously17673396303.phtml" "Mozilla/5.0 AppleWebKit/537.36 (KHTML, like Gecko; compatible; GPTBot/1.3; +https://openai.com/gptbot)"
216.73.216.163 - - [21/Mar/2026:16:21:45 +0200] "GET /shop/goods/furile121117826145.phtml HTTP/1.1" 301 - "-" "Mozilla/5.0 AppleWebKit/537.36 (KHTML, like Gecko; compatible; ClaudeBot/1.0; +claudebot@anthropic.com)"
74.7.227.61 - - [21/Mar/2026:16:21:46 +0200] "GET /shop/goods/litherness17532973895.phtml HTTP/1.1" 301 - "https://drspos.com/%3C![CDATA[https:/eminencegroup.net.au/post-sitemap9.xml]]%3E" "Mozilla/5.0 AppleWebKit/537.36 (KHTML, like Gecko; compatible; GPTBot/1.3; +https://openai.com/gptbot)"
