216.73.216.163 - - [21/Mar/2026:15:19:47 +0200] "GET /shop/goods/fatted1358193585.phtml HTTP/1.1" 301 - "-" "Mozilla/5.0 AppleWebKit/537.36 (KHTML, like Gecko; compatible; ClaudeBot/1.0; +claudebot@anthropic.com)"
216.73.216.163 - - [21/Mar/2026:15:19:49 +0200] "GET /shop/goods/fatted1358193585.phtml/ HTTP/1.1" 200 150752 "https://www.drspos.com/shop/goods/fatted1358193585.phtml" "Mozilla/5.0 AppleWebKit/537.36 (KHTML, like Gecko; compatible; ClaudeBot/1.0; +claudebot@anthropic.com)"
74.7.227.61 - - [21/Mar/2026:15:19:59 +0200] "GET /?p=31123 HTTP/1.1" 200 94251 "https://drspos.com/?p=31125" "Mozilla/5.0 AppleWebKit/537.36 (KHTML, like Gecko; compatible; GPTBot/1.3; +https://openai.com/gptbot)"
74.7.227.61 - - [21/Mar/2026:15:20:02 +0200] "GET /?p=40091 HTTP/1.1" 200 95399 "https://drspos.com/?p=40093" "Mozilla/5.0 AppleWebKit/537.36 (KHTML, like Gecko; compatible; GPTBot/1.3; +https://openai.com/gptbot)"
216.73.216.163 - - [21/Mar/2026:15:20:05 +0200] "GET /shop/goods/polysaccharide162563720008.phtml HTTP/1.1" 301 - "-" "Mozilla/5.0 AppleWebKit/537.36 (KHTML, like Gecko; compatible; ClaudeBot/1.0; +claudebot@anthropic.com)"
74.7.227.61 - - [21/Mar/2026:15:20:05 +0200] "GET /?p=43994 HTTP/1.1" 200 91192 "https://drspos.com/?p=43992" "Mozilla/5.0 AppleWebKit/537.36 (KHTML, like Gecko; compatible; GPTBot/1.3; +https://openai.com/gptbot)"
216.73.216.163 - - [21/Mar/2026:15:20:07 +0200] "GET /shop/goods/polysaccharide162563720008.phtml/ HTTP/1.1" 200 150752 "https://drspos.com/shop/goods/polysaccharide162563720008.phtml" "Mozilla/5.0 AppleWebKit/537.36 (KHTML, like Gecko; compatible; ClaudeBot/1.0; +claudebot@anthropic.com)"
74.7.227.61 - - [21/Mar/2026:15:20:08 +0200] "GET /shop/goods/fluctuated174154183613.phtml HTTP/1.1" 301 - "https://drspos.com/%3C![CDATA[https:/eminencegroup.net.au/post-sitemap9.xml]]%3E" "Mozilla/5.0 AppleWebKit/537.36 (KHTML, like Gecko; compatible; GPTBot/1.3; +https://openai.com/gptbot)"
74.7.227.61 - - [21/Mar/2026:15:20:10 +0200] "GET /shop/goods/fluctuated174154183613.phtml/ HTTP/1.1" 200 150752 "https://drspos.com/shop/goods/fluctuated174154183613.phtml" "Mozilla/5.0 AppleWebKit/537.36 (KHTML, like Gecko; compatible; GPTBot/1.3; +https://openai.com/gptbot)"
94.187.171.125 - - [21/Mar/2026:15:20:13 +0200] "POST /xmlrpc.php HTTP/1.1" 200 403 "-" "Mozilla/5.0 (Linux; Android 10; x64) AppleWebKit/537.36 (KHTML, like Gecko) Safari/13.0.0.0 Safari/537.36"
74.7.227.61 - - [21/Mar/2026:15:20:13 +0200] "GET /shop/goods/rocksucker172263821492.phtml HTTP/1.1" 301 - "https://drspos.com/%3C![CDATA[https:/eminencegroup.net.au/post-sitemap9.xml]]%3E" "Mozilla/5.0 AppleWebKit/537.36 (KHTML, like Gecko; compatible; GPTBot/1.3; +https://openai.com/gptbot)"
74.7.227.61 - - [21/Mar/2026:15:20:16 +0200] "GET /shop/goods/rocksucker172263821492.phtml/ HTTP/1.1" 200 150752 "https://drspos.com/shop/goods/rocksucker172263821492.phtml" "Mozilla/5.0 AppleWebKit/537.36 (KHTML, like Gecko; compatible; GPTBot/1.3; +https://openai.com/gptbot)"
74.7.227.61 - - [21/Mar/2026:15:20:19 +0200] "GET /shop/goods/canonicate173271758612.phtml HTTP/1.1" 301 - "https://drspos.com/%3C![CDATA[https:/eminencegroup.net.au/post-sitemap9.xml]]%3E" "Mozilla/5.0 AppleWebKit/537.36 (KHTML, like Gecko; compatible; GPTBot/1.3; +https://openai.com/gptbot)"
74.7.227.61 - - [21/Mar/2026:15:20:21 +0200] "GET /shop/goods/canonicate173271758612.phtml/ HTTP/1.1" 200 150752 "https://drspos.com/shop/goods/canonicate173271758612.phtml" "Mozilla/5.0 AppleWebKit/537.36 (KHTML, like Gecko; compatible; GPTBot/1.3; +https://openai.com/gptbot)"
74.7.227.61 - - [21/Mar/2026:15:20:24 +0200] "GET /?p=53124 HTTP/1.1" 200 94019 "https://drspos.com/?p=53122" "Mozilla/5.0 AppleWebKit/537.36 (KHTML, like Gecko; compatible; GPTBot/1.3; +https://openai.com/gptbot)"
216.73.216.163 - - [21/Mar/2026:15:20:26 +0200] "GET /shop/goods/druery161022930514.phtml HTTP/1.1" 301 - "-" "Mozilla/5.0 AppleWebKit/537.36 (KHTML, like Gecko; compatible; ClaudeBot/1.0; +claudebot@anthropic.com)"
74.7.227.61 - - [21/Mar/2026:15:20:27 +0200] "GET /shop/goods/devitation171730805595.phtml HTTP/1.1" 301 - "https://drspos.com/%3C![CDATA[https:/eminencegroup.net.au/post-sitemap9.xml]]%3E" "Mozilla/5.0 AppleWebKit/537.36 (KHTML, like Gecko; compatible; GPTBot/1.3; +https://openai.com/gptbot)"
216.73.216.163 - - [21/Mar/2026:15:20:29 +0200] "GET /shop/goods/druery161022930514.phtml/ HTTP/1.1" 200 150752 "https://drspos.com/shop/goods/druery161022930514.phtml" "Mozilla/5.0 AppleWebKit/537.36 (KHTML, like Gecko; compatible; ClaudeBot/1.0; +claudebot@anthropic.com)"
74.7.227.61 - - [21/Mar/2026:15:20:30 +0200] "GET /shop/goods/devitation171730805595.phtml/ HTTP/1.1" 200 150752 "https://drspos.com/shop/goods/devitation171730805595.phtml" "Mozilla/5.0 AppleWebKit/537.36 (KHTML, like Gecko; compatible; GPTBot/1.3; +https://openai.com/gptbot)"
74.7.227.61 - - [21/Mar/2026:15:20:33 +0200] "GET /shop/goods/fightingly172487373580.phtml HTTP/1.1" 301 - "https://drspos.com/%3C![CDATA[https:/eminencegroup.net.au/post-sitemap9.xml]]%3E" "Mozilla/5.0 AppleWebKit/537.36 (KHTML, like Gecko; compatible; GPTBot/1.3; +https://openai.com/gptbot)"
74.7.227.61 - - [21/Mar/2026:15:20:35 +0200] "GET /shop/goods/fightingly172487373580.phtml/ HTTP/1.1" 200 150752 "https://drspos.com/shop/goods/fightingly172487373580.phtml" "Mozilla/5.0 AppleWebKit/537.36 (KHTML, like Gecko; compatible; GPTBot/1.3; +https://openai.com/gptbot)"
74.7.227.61 - - [21/Mar/2026:15:20:38 +0200] "GET /shop/goods/camelopard171054926994.phtml HTTP/1.1" 301 - "https://drspos.com/%3C![CDATA[https:/eminencegroup.net.au/post-sitemap9.xml]]%3E" "Mozilla/5.0 AppleWebKit/537.36 (KHTML, like Gecko; compatible; GPTBot/1.3; +https://openai.com/gptbot)"
74.7.227.61 - - [21/Mar/2026:15:20:40 +0200] "GET /shop/goods/camelopard171054926994.phtml/ HTTP/1.1" 200 150752 "https://drspos.com/shop/goods/camelopard171054926994.phtml" "Mozilla/5.0 AppleWebKit/537.36 (KHTML, like Gecko; compatible; GPTBot/1.3; +https://openai.com/gptbot)"
74.7.227.61 - - [21/Mar/2026:15:20:44 +0200] "GET /shop/goods/argillacea173393424290.phtml HTTP/1.1" 301 - "https://drspos.com/%3C![CDATA[https:/eminencegroup.net.au/post-sitemap9.xml]]%3E" "Mozilla/5.0 AppleWebKit/537.36 (KHTML, like Gecko; compatible; GPTBot/1.3; +https://openai.com/gptbot)"
74.7.227.61 - - [21/Mar/2026:15:20:46 +0200] "GET /shop/goods/argillacea173393424290.phtml/ HTTP/1.1" 200 150752 "https://drspos.com/shop/goods/argillacea173393424290.phtml" "Mozilla/5.0 AppleWebKit/537.36 (KHTML, like Gecko; compatible; GPTBot/1.3; +https://openai.com/gptbot)"
74.7.227.61 - - [21/Mar/2026:15:20:49 +0200] "GET /?p=39981 HTTP/1.1" 200 93034 "https://drspos.com/?p=39979" "Mozilla/5.0 AppleWebKit/537.36 (KHTML, like Gecko; compatible; GPTBot/1.3; +https://openai.com/gptbot)"
216.73.216.163 - - [21/Mar/2026:15:20:51 +0200] "GET /shop/goods/lanterloo12444217590.phtml HTTP/1.1" 301 - "-" "Mozilla/5.0 AppleWebKit/537.36 (KHTML, like Gecko; compatible; ClaudeBot/1.0; +claudebot@anthropic.com)"
216.73.216.163 - - [21/Mar/2026:15:20:54 +0200] "GET /shop/goods/lanterloo12444217590.phtml/ HTTP/1.1" 200 150752 "https://www.drspos.com/shop/goods/lanterloo12444217590.phtml" "Mozilla/5.0 AppleWebKit/537.36 (KHTML, like Gecko; compatible; ClaudeBot/1.0; +claudebot@anthropic.com)"
74.7.227.61 - - [21/Mar/2026:15:21:05 +0200] "GET /?p=46904 HTTP/1.1" 200 94589 "https://drspos.com/?p=46906" "Mozilla/5.0 AppleWebKit/537.36 (KHTML, like Gecko; compatible; GPTBot/1.3; +https://openai.com/gptbot)"
216.73.216.163 - - [21/Mar/2026:15:21:15 +0200] "GET /shop/goods/spectroscope143864356350.phtml HTTP/1.1" 301 - "-" "Mozilla/5.0 AppleWebKit/537.36 (KHTML, like Gecko; compatible; ClaudeBot/1.0; +claudebot@anthropic.com)"
216.73.216.163 - - [21/Mar/2026:15:21:16 +0200] "GET /shop/goods/assentingly133536952350.phtml HTTP/1.1" 301 - "-" "Mozilla/5.0 AppleWebKit/537.36 (KHTML, like Gecko; compatible; ClaudeBot/1.0; +claudebot@anthropic.com)"
94.187.171.125 - - [21/Mar/2026:15:21:18 +0200] "POST /xmlrpc.php HTTP/1.1" 200 403 "-" "Mozilla/5.0 (Linux; Android 10; arm64) AppleWebKit/537.36 (KHTML, like Gecko) Firefox/94.0.0.0 Safari/537.36"
74.7.227.61 - - [21/Mar/2026:15:21:16 +0200] "GET /?p=43996 HTTP/1.1" 200 91294 "https://drspos.com/?p=43994" "Mozilla/5.0 AppleWebKit/537.36 (KHTML, like Gecko; compatible; GPTBot/1.3; +https://openai.com/gptbot)"
216.73.216.163 - - [21/Mar/2026:15:21:18 +0200] "GET /shop/goods/spectroscope143864356350.phtml/ HTTP/1.1" 200 150752 "https://www.drspos.com/shop/goods/spectroscope143864356350.phtml" "Mozilla/5.0 AppleWebKit/537.36 (KHTML, like Gecko; compatible; ClaudeBot/1.0; +claudebot@anthropic.com)"
216.73.216.163 - - [21/Mar/2026:15:21:20 +0200] "GET /shop/goods/assentingly133536952350.phtml/ HTTP/1.1" 200 150752 "https://www.drspos.com/shop/goods/assentingly133536952350.phtml" "Mozilla/5.0 AppleWebKit/537.36 (KHTML, like Gecko; compatible; ClaudeBot/1.0; +claudebot@anthropic.com)"
74.7.227.61 - - [21/Mar/2026:15:21:20 +0200] "GET /?p=48050 HTTP/1.1" 200 94657 "https://drspos.com/?p=48048" "Mozilla/5.0 AppleWebKit/537.36 (KHTML, like Gecko; compatible; GPTBot/1.3; +https://openai.com/gptbot)"
74.7.227.61 - - [21/Mar/2026:15:21:23 +0200] "GET /?p=40089 HTTP/1.1" 200 93371 "https://drspos.com/?p=40091" "Mozilla/5.0 AppleWebKit/537.36 (KHTML, like Gecko; compatible; GPTBot/1.3; +https://openai.com/gptbot)"
74.7.227.61 - - [21/Mar/2026:15:21:26 +0200] "GET /?p=31121 HTTP/1.1" 200 95697 "https://drspos.com/?p=31123" "Mozilla/5.0 AppleWebKit/537.36 (KHTML, like Gecko; compatible; GPTBot/1.3; +https://openai.com/gptbot)"
74.7.227.61 - - [21/Mar/2026:15:21:30 +0200] "GET /?p=53120 HTTP/1.1" 200 93022 "https://drspos.com/?p=53124" "Mozilla/5.0 AppleWebKit/537.36 (KHTML, like Gecko; compatible; GPTBot/1.3; +https://openai.com/gptbot)"
74.7.227.61 - - [21/Mar/2026:15:21:39 +0200] "GET /shop/goods/statecraft172848690686.phtml HTTP/1.1" 301 - "https://drspos.com/%3C![CDATA[https:/eminencegroup.net.au/post-sitemap9.xml]]%3E" "Mozilla/5.0 AppleWebKit/537.36 (KHTML, like Gecko; compatible; GPTBot/1.3; +https://openai.com/gptbot)"
216.73.216.163 - - [21/Mar/2026:15:21:40 +0200] "GET /shop/goods/resigning121466465614.phtml HTTP/1.1" 301 - "-" "Mozilla/5.0 AppleWebKit/537.36 (KHTML, like Gecko; compatible; ClaudeBot/1.0; +claudebot@anthropic.com)"
74.7.227.61 - - [21/Mar/2026:15:21:42 +0200] "GET /shop/goods/statecraft172848690686.phtml/ HTTP/1.1" 200 150752 "https://drspos.com/shop/goods/statecraft172848690686.phtml" "Mozilla/5.0 AppleWebKit/537.36 (KHTML, like Gecko; compatible; GPTBot/1.3; +https://openai.com/gptbot)"
216.73.216.163 - - [21/Mar/2026:15:21:43 +0200] "GET /shop/goods/resigning121466465614.phtml/ HTTP/1.1" 200 150752 "https://www.drspos.com/shop/goods/resigning121466465614.phtml" "Mozilla/5.0 AppleWebKit/537.36 (KHTML, like Gecko; compatible; ClaudeBot/1.0; +claudebot@anthropic.com)"
74.7.227.61 - - [21/Mar/2026:15:21:49 +0200] "GET /shop/goods/algonquian171982265919.phtml HTTP/1.1" 301 - "https://drspos.com/%3C![CDATA[https:/eminencegroup.net.au/post-sitemap9.xml]]%3E" "Mozilla/5.0 AppleWebKit/537.36 (KHTML, like Gecko; compatible; GPTBot/1.3; +https://openai.com/gptbot)"
216.73.216.163 - - [21/Mar/2026:15:21:50 +0200] "GET /shop/goods/subtruding133640146944.phtml HTTP/1.1" 301 - "-" "Mozilla/5.0 AppleWebKit/537.36 (KHTML, like Gecko; compatible; ClaudeBot/1.0; +claudebot@anthropic.com)"
74.7.227.61 - - [21/Mar/2026:15:21:51 +0200] "GET /shop/goods/algonquian171982265919.phtml/ HTTP/1.1" 200 150752 "https://drspos.com/shop/goods/algonquian171982265919.phtml" "Mozilla/5.0 AppleWebKit/537.36 (KHTML, like Gecko; compatible; GPTBot/1.3; +https://openai.com/gptbot)"
207.46.13.154 - - [21/Mar/2026:15:21:52 +0200] "GET /shop/goods/exaggeratively983220081983.phtml HTTP/1.1" 200 199573 "-" "Mozilla/5.0 AppleWebKit/537.36 (KHTML, like Gecko; compatible; bingbot/2.0; +http://www.bing.com/bingbot.htm) Chrome/116.0.1938.76 Safari/537.36"
216.73.216.163 - - [21/Mar/2026:15:21:53 +0200] "GET /shop/goods/subtruding133640146944.phtml/ HTTP/1.1" 200 150752 "https://www.drspos.com/shop/goods/subtruding133640146944.phtml" "Mozilla/5.0 AppleWebKit/537.36 (KHTML, like Gecko; compatible; ClaudeBot/1.0; +claudebot@anthropic.com)"
74.7.227.61 - - [21/Mar/2026:15:21:54 +0200] "GET /shop/goods/prettiness173526855249.phtml HTTP/1.1" 301 - "https://drspos.com/%3C![CDATA[https:/eminencegroup.net.au/post-sitemap9.xml]]%3E" "Mozilla/5.0 AppleWebKit/537.36 (KHTML, like Gecko; compatible; GPTBot/1.3; +https://openai.com/gptbot)"
74.7.227.61 - - [21/Mar/2026:15:21:56 +0200] "GET /shop/goods/prettiness173526855249.phtml/ HTTP/1.1" 200 150752 "https://drspos.com/shop/goods/prettiness173526855249.phtml" "Mozilla/5.0 AppleWebKit/537.36 (KHTML, like Gecko; compatible; GPTBot/1.3; +https://openai.com/gptbot)"
74.7.227.61 - - [21/Mar/2026:15:22:09 +0200] "GET /shop/goods/conhydrine174258494221.phtml HTTP/1.1" 301 - "https://drspos.com/%3C![CDATA[https:/eminencegroup.net.au/post-sitemap9.xml]]%3E" "Mozilla/5.0 AppleWebKit/537.36 (KHTML, like Gecko; compatible; GPTBot/1.3; +https://openai.com/gptbot)"
94.187.171.125 - - [21/Mar/2026:15:22:10 +0200] "POST /xmlrpc.php HTTP/1.1" 200 403 "-" "Mozilla/5.0 (Windows NT 6.2; x64) AppleWebKit/537.36 (KHTML, like Gecko) Safari/11.0.0.0 Safari/537.36"
74.7.227.61 - - [21/Mar/2026:15:22:11 +0200] "GET /shop/goods/conhydrine174258494221.phtml/ HTTP/1.1" 200 150752 "https://drspos.com/shop/goods/conhydrine174258494221.phtml" "Mozilla/5.0 AppleWebKit/537.36 (KHTML, like Gecko; compatible; GPTBot/1.3; +https://openai.com/gptbot)"
216.73.216.163 - - [21/Mar/2026:15:22:14 +0200] "GET /shop/goods/kipskin142789262743.phtml HTTP/1.1" 301 - "-" "Mozilla/5.0 AppleWebKit/537.36 (KHTML, like Gecko; compatible; ClaudeBot/1.0; +claudebot@anthropic.com)"
74.7.227.61 - - [21/Mar/2026:15:22:16 +0200] "GET /shop/goods/rottenness173430507919.phtml HTTP/1.1" 301 - "https://drspos.com/%3C![CDATA[https:/eminencegroup.net.au/post-sitemap9.xml]]%3E" "Mozilla/5.0 AppleWebKit/537.36 (KHTML, like Gecko; compatible; GPTBot/1.3; +https://openai.com/gptbot)"
216.73.216.163 - - [21/Mar/2026:15:22:17 +0200] "GET /shop/goods/kipskin142789262743.phtml/ HTTP/1.1" 200 150752 "https://www.drspos.com/shop/goods/kipskin142789262743.phtml" "Mozilla/5.0 AppleWebKit/537.36 (KHTML, like Gecko; compatible; ClaudeBot/1.0; +claudebot@anthropic.com)"
74.7.227.61 - - [21/Mar/2026:15:22:18 +0200] "GET /shop/goods/rottenness173430507919.phtml/ HTTP/1.1" 200 150752 "https://drspos.com/shop/goods/rottenness173430507919.phtml" "Mozilla/5.0 AppleWebKit/537.36 (KHTML, like Gecko; compatible; GPTBot/1.3; +https://openai.com/gptbot)"
74.7.227.61 - - [21/Mar/2026:15:22:21 +0200] "GET /shop/goods/asystolism173648962338.phtml HTTP/1.1" 301 - "https://drspos.com/%3C![CDATA[https:/eminencegroup.net.au/post-sitemap9.xml]]%3E" "Mozilla/5.0 AppleWebKit/537.36 (KHTML, like Gecko; compatible; GPTBot/1.3; +https://openai.com/gptbot)"
216.73.216.163 - - [21/Mar/2026:15:22:23 +0200] "GET /shop/goods/platonize121011353991.phtml HTTP/1.1" 301 - "-" "Mozilla/5.0 AppleWebKit/537.36 (KHTML, like Gecko; compatible; ClaudeBot/1.0; +claudebot@anthropic.com)"
74.7.227.61 - - [21/Mar/2026:15:22:24 +0200] "GET /shop/goods/asystolism173648962338.phtml/ HTTP/1.1" 200 150752 "https://drspos.com/shop/goods/asystolism173648962338.phtml" "Mozilla/5.0 AppleWebKit/537.36 (KHTML, like Gecko; compatible; GPTBot/1.3; +https://openai.com/gptbot)"
216.73.216.163 - - [21/Mar/2026:15:22:26 +0200] "GET /shop/goods/platonize121011353991.phtml/ HTTP/1.1" 200 150752 "https://drspos.com/shop/goods/platonize121011353991.phtml" "Mozilla/5.0 AppleWebKit/537.36 (KHTML, like Gecko; compatible; ClaudeBot/1.0; +claudebot@anthropic.com)"
74.7.227.61 - - [21/Mar/2026:15:22:27 +0200] "GET /shop/goods/treasonous173193348878.phtml HTTP/1.1" 301 - "https://drspos.com/%3C![CDATA[https:/eminencegroup.net.au/post-sitemap9.xml]]%3E" "Mozilla/5.0 AppleWebKit/537.36 (KHTML, like Gecko; compatible; GPTBot/1.3; +https://openai.com/gptbot)"
74.7.227.61 - - [21/Mar/2026:15:22:29 +0200] "GET /shop/goods/treasonous173193348878.phtml/ HTTP/1.1" 200 150752 "https://drspos.com/shop/goods/treasonous173193348878.phtml" "Mozilla/5.0 AppleWebKit/537.36 (KHTML, like Gecko; compatible; GPTBot/1.3; +https://openai.com/gptbot)"
74.7.227.61 - - [21/Mar/2026:15:22:32 +0200] "GET /?p=46902 HTTP/1.1" 200 91012 "https://drspos.com/?p=46904" "Mozilla/5.0 AppleWebKit/537.36 (KHTML, like Gecko; compatible; GPTBot/1.3; +https://openai.com/gptbot)"
74.7.227.61 - - [21/Mar/2026:15:22:35 +0200] "GET /?p=43998 HTTP/1.1" 200 93088 "https://drspos.com/?p=43996" "Mozilla/5.0 AppleWebKit/537.36 (KHTML, like Gecko; compatible; GPTBot/1.3; +https://openai.com/gptbot)"
74.7.227.61 - - [21/Mar/2026:15:22:38 +0200] "GET /shop/goods/runologist173797088400.phtml HTTP/1.1" 301 - "https://drspos.com/%3C![CDATA[https:/eminencegroup.net.au/post-sitemap9.xml]]%3E" "Mozilla/5.0 AppleWebKit/537.36 (KHTML, like Gecko; compatible; GPTBot/1.3; +https://openai.com/gptbot)"
74.7.227.61 - - [21/Mar/2026:15:22:40 +0200] "GET /shop/goods/runologist173797088400.phtml/ HTTP/1.1" 200 150752 "https://drspos.com/shop/goods/runologist173797088400.phtml" "Mozilla/5.0 AppleWebKit/537.36 (KHTML, like Gecko; compatible; GPTBot/1.3; +https://openai.com/gptbot)"
74.7.227.61 - - [21/Mar/2026:15:22:43 +0200] "GET /shop/goods/founderies173823013865.phtml HTTP/1.1" 301 - "https://drspos.com/%3C![CDATA[https:/eminencegroup.net.au/post-sitemap9.xml]]%3E" "Mozilla/5.0 AppleWebKit/537.36 (KHTML, like Gecko; compatible; GPTBot/1.3; +https://openai.com/gptbot)"
74.7.227.61 - - [21/Mar/2026:15:22:45 +0200] "GET /shop/goods/founderies173823013865.phtml/ HTTP/1.1" 200 150752 "https://drspos.com/shop/goods/founderies173823013865.phtml" "Mozilla/5.0 AppleWebKit/537.36 (KHTML, like Gecko; compatible; GPTBot/1.3; +https://openai.com/gptbot)"
216.73.216.163 - - [21/Mar/2026:15:22:47 +0200] "GET /shop/goods/algebraic12770600655.phtml HTTP/1.1" 301 - "-" "Mozilla/5.0 AppleWebKit/537.36 (KHTML, like Gecko; compatible; ClaudeBot/1.0; +claudebot@anthropic.com)"
74.7.227.61 - - [21/Mar/2026:15:22:48 +0200] "GET /?p=48052 HTTP/1.1" 200 91027 "https://drspos.com/?p=48050" "Mozilla/5.0 AppleWebKit/537.36 (KHTML, like Gecko; compatible; GPTBot/1.3; +https://openai.com/gptbot)"
216.73.216.163 - - [21/Mar/2026:15:22:49 +0200] "GET /shop/goods/algebraic12770600655.phtml/ HTTP/1.1" 200 150752 "https://drspos.com/shop/goods/algebraic12770600655.phtml" "Mozilla/5.0 AppleWebKit/537.36 (KHTML, like Gecko; compatible; ClaudeBot/1.0; +claudebot@anthropic.com)"
74.7.227.61 - - [21/Mar/2026:15:22:52 +0200] "GET /?p=39983 HTTP/1.1" 200 92491 "https://drspos.com/?p=39981" "Mozilla/5.0 AppleWebKit/537.36 (KHTML, like Gecko; compatible; GPTBot/1.3; +https://openai.com/gptbot)"
216.73.216.163 - - [21/Mar/2026:15:22:55 +0200] "GET /shop/goods/catabiotic12184138361.phtml HTTP/1.1" 301 - "-" "Mozilla/5.0 AppleWebKit/537.36 (KHTML, like Gecko; compatible; ClaudeBot/1.0; +claudebot@anthropic.com)"
74.7.227.61 - - [21/Mar/2026:15:22:55 +0200] "GET /?p=53116 HTTP/1.1" 200 93323 "https://drspos.com/?p=53120" "Mozilla/5.0 AppleWebKit/537.36 (KHTML, like Gecko; compatible; GPTBot/1.3; +https://openai.com/gptbot)"
216.73.216.163 - - [21/Mar/2026:15:22:57 +0200] "GET /shop/goods/catabiotic12184138361.phtml/ HTTP/1.1" 200 150752 "https://www.drspos.com/shop/goods/catabiotic12184138361.phtml" "Mozilla/5.0 AppleWebKit/537.36 (KHTML, like Gecko; compatible; ClaudeBot/1.0; +claudebot@anthropic.com)"
216.73.216.163 - - [21/Mar/2026:15:23:04 +0200] "GET /shop/goods/leirus121646611587.phtml HTTP/1.1" 301 - "-" "Mozilla/5.0 AppleWebKit/537.36 (KHTML, like Gecko; compatible; ClaudeBot/1.0; +claudebot@anthropic.com)"
216.73.216.163 - - [21/Mar/2026:15:23:06 +0200] "GET /shop/goods/leirus121646611587.phtml/ HTTP/1.1" 200 150752 "https://drspos.com/shop/goods/leirus121646611587.phtml" "Mozilla/5.0 AppleWebKit/537.36 (KHTML, like Gecko; compatible; ClaudeBot/1.0; +claudebot@anthropic.com)"
74.7.227.61 - - [21/Mar/2026:15:23:11 +0200] "GET /?p=40087 HTTP/1.1" 200 93177 "https://drspos.com/?p=40089" "Mozilla/5.0 AppleWebKit/537.36 (KHTML, like Gecko; compatible; GPTBot/1.3; +https://openai.com/gptbot)"
94.187.171.125 - - [21/Mar/2026:15:23:19 +0200] "POST /xmlrpc.php HTTP/1.1" 200 403 "-" "Mozilla/5.0 (Windows NT 6.3; arm64) AppleWebKit/537.36 (KHTML, like Gecko) Opera/75.0.0.0 Safari/537.36"
98.98.9.59 - - [21/Mar/2026:15:23:16 +0200] "POST /xmlrpc.php HTTP/1.1" 200 180 "-" "Mozilla/5.0 (Windows NT 10.0; Win64; x64) AppleWebKit/537.36 (KHTML, like Gecko) Chrome/114.0.0.0 Safari/537.36"
74.7.227.61 - - [21/Mar/2026:15:23:21 +0200] "GET /?p=31119 HTTP/1.1" 200 94701 "https://drspos.com/?p=31121" "Mozilla/5.0 AppleWebKit/537.36 (KHTML, like Gecko; compatible; GPTBot/1.3; +https://openai.com/gptbot)"
172.30.5.1 - - [21/Mar/2026:15:23:20 +0200] "POST /wp-cron.php?doing_wp_cron=1774099400.1626269817352294921875 HTTP/1.1" 200 - "-" "WordPress/6.9.4; https://drspos.com"
74.7.227.61 - - [21/Mar/2026:15:23:26 +0200] "GET /shop/goods/exscinding172554696628.phtml HTTP/1.1" 301 - "https://drspos.com/%3C![CDATA[https:/eminencegroup.net.au/post-sitemap9.xml]]%3E" "Mozilla/5.0 AppleWebKit/537.36 (KHTML, like Gecko; compatible; GPTBot/1.3; +https://openai.com/gptbot)"
98.98.9.59 - - [21/Mar/2026:15:23:28 +0200] "POST /xmlrpc.php HTTP/1.1" 200 13560 "-" "Mozilla/5.0 (Windows NT 10.0; Win64; x64) AppleWebKit/537.36 (KHTML, like Gecko) Chrome/114.0.0.0 Safari/537.36"
216.73.216.163 - - [21/Mar/2026:15:23:28 +0200] "GET /shop/goods/gerea122491044455.phtml HTTP/1.1" 301 - "-" "Mozilla/5.0 AppleWebKit/537.36 (KHTML, like Gecko; compatible; ClaudeBot/1.0; +claudebot@anthropic.com)"
74.7.227.61 - - [21/Mar/2026:15:23:28 +0200] "GET /shop/goods/exscinding172554696628.phtml/ HTTP/1.1" 200 150752 "https://drspos.com/shop/goods/exscinding172554696628.phtml" "Mozilla/5.0 AppleWebKit/537.36 (KHTML, like Gecko; compatible; GPTBot/1.3; +https://openai.com/gptbot)"
216.73.216.163 - - [21/Mar/2026:15:23:30 +0200] "GET /shop/goods/gerea122491044455.phtml/ HTTP/1.1" 200 150752 "https://drspos.com/shop/goods/gerea122491044455.phtml" "Mozilla/5.0 AppleWebKit/537.36 (KHTML, like Gecko; compatible; ClaudeBot/1.0; +claudebot@anthropic.com)"
98.98.9.59 - - [21/Mar/2026:15:23:31 +0200] "GET /?p=55726 HTTP/1.1" 200 96015 "-" "Mozilla/5.0 (Windows NT 10.0; Win64; x64) AppleWebKit/537.36 (KHTML, like Gecko) Chrome/109.0.0.0 Safari/537.36"
216.73.216.163 - - [21/Mar/2026:15:23:36 +0200] "GET /shop/goods/lesson122225318129.phtml HTTP/1.1" 301 - "-" "Mozilla/5.0 AppleWebKit/537.36 (KHTML, like Gecko; compatible; ClaudeBot/1.0; +claudebot@anthropic.com)"
216.73.216.163 - - [21/Mar/2026:15:23:39 +0200] "GET /shop/goods/lesson122225318129.phtml/ HTTP/1.1" 200 150752 "https://drspos.com/shop/goods/lesson122225318129.phtml" "Mozilla/5.0 AppleWebKit/537.36 (KHTML, like Gecko; compatible; ClaudeBot/1.0; +claudebot@anthropic.com)"
74.7.227.61 - - [21/Mar/2026:15:23:40 +0200] "GET /shop/goods/quadrantes171950817455.phtml HTTP/1.1" 301 - "https://drspos.com/%3C![CDATA[https:/eminencegroup.net.au/post-sitemap9.xml]]%3E" "Mozilla/5.0 AppleWebKit/537.36 (KHTML, like Gecko; compatible; GPTBot/1.3; +https://openai.com/gptbot)"
74.7.227.61 - - [21/Mar/2026:15:23:42 +0200] "GET /shop/goods/quadrantes171950817455.phtml/ HTTP/1.1" 200 150752 "https://drspos.com/shop/goods/quadrantes171950817455.phtml" "Mozilla/5.0 AppleWebKit/537.36 (KHTML, like Gecko; compatible; GPTBot/1.3; +https://openai.com/gptbot)"
74.7.227.61 - - [21/Mar/2026:15:23:45 +0200] "GET /?p=46898 HTTP/1.1" 200 96520 "https://drspos.com/?p=46902" "Mozilla/5.0 AppleWebKit/537.36 (KHTML, like Gecko; compatible; GPTBot/1.3; +https://openai.com/gptbot)"
74.7.227.61 - - [21/Mar/2026:15:23:49 +0200] "GET /?p=44000 HTTP/1.1" 200 91394 "https://drspos.com/?p=43998" "Mozilla/5.0 AppleWebKit/537.36 (KHTML, like Gecko; compatible; GPTBot/1.3; +https://openai.com/gptbot)"
74.7.227.61 - - [21/Mar/2026:15:23:52 +0200] "GET /shop/goods/sufficient173262023709.phtml HTTP/1.1" 301 - "https://drspos.com/%3C![CDATA[https:/eminencegroup.net.au/post-sitemap9.xml]]%3E" "Mozilla/5.0 AppleWebKit/537.36 (KHTML, like Gecko; compatible; GPTBot/1.3; +https://openai.com/gptbot)"
74.7.227.61 - - [21/Mar/2026:15:23:54 +0200] "GET /shop/goods/sufficient173262023709.phtml/ HTTP/1.1" 200 150752 "https://drspos.com/shop/goods/sufficient173262023709.phtml" "Mozilla/5.0 AppleWebKit/537.36 (KHTML, like Gecko; compatible; GPTBot/1.3; +https://openai.com/gptbot)"
216.73.216.163 - - [21/Mar/2026:15:23:56 +0200] "GET /shop/goods/stripmined131546055201.phtml HTTP/1.1" 301 - "-" "Mozilla/5.0 AppleWebKit/537.36 (KHTML, like Gecko; compatible; ClaudeBot/1.0; +claudebot@anthropic.com)"
216.73.216.163 - - [21/Mar/2026:15:23:59 +0200] "GET /shop/goods/stripmined131546055201.phtml/ HTTP/1.1" 200 150752 "https://www.drspos.com/shop/goods/stripmined131546055201.phtml" "Mozilla/5.0 AppleWebKit/537.36 (KHTML, like Gecko; compatible; ClaudeBot/1.0; +claudebot@anthropic.com)"
74.7.227.61 - - [21/Mar/2026:15:24:01 +0200] "GET /shop/goods/reverendly174157560302.phtml HTTP/1.1" 301 - "https://drspos.com/%3C![CDATA[https:/eminencegroup.net.au/post-sitemap9.xml]]%3E" "Mozilla/5.0 AppleWebKit/537.36 (KHTML, like Gecko; compatible; GPTBot/1.3; +https://openai.com/gptbot)"
74.7.227.61 - - [21/Mar/2026:15:24:04 +0200] "GET /shop/goods/reverendly174157560302.phtml/ HTTP/1.1" 200 150752 "https://drspos.com/shop/goods/reverendly174157560302.phtml" "Mozilla/5.0 AppleWebKit/537.36 (KHTML, like Gecko; compatible; GPTBot/1.3; +https://openai.com/gptbot)"
94.187.171.125 - - [21/Mar/2026:15:24:10 +0200] "POST /xmlrpc.php HTTP/1.1" 200 403 "-" "Mozilla/5.0 (Windows NT 6.3; x86) AppleWebKit/537.36 (KHTML, like Gecko) Edge/86.0.0.0 Safari/537.36"
74.7.227.61 - - [21/Mar/2026:15:24:19 +0200] "GET /shop/goods/contrarily172751901913.phtml HTTP/1.1" 301 - "https://drspos.com/%3C![CDATA[https:/eminencegroup.net.au/post-sitemap9.xml]]%3E" "Mozilla/5.0 AppleWebKit/537.36 (KHTML, like Gecko; compatible; GPTBot/1.3; +https://openai.com/gptbot)"
216.73.216.163 - - [21/Mar/2026:15:24:20 +0200] "GET /shop/goods/astuta172364187851.phtml HTTP/1.1" 301 - "-" "Mozilla/5.0 AppleWebKit/537.36 (KHTML, like Gecko; compatible; ClaudeBot/1.0; +claudebot@anthropic.com)"
74.7.227.61 - - [21/Mar/2026:15:24:21 +0200] "GET /shop/goods/contrarily172751901913.phtml/ HTTP/1.1" 200 150752 "https://drspos.com/shop/goods/contrarily172751901913.phtml" "Mozilla/5.0 AppleWebKit/537.36 (KHTML, like Gecko; compatible; GPTBot/1.3; +https://openai.com/gptbot)"
216.73.216.163 - - [21/Mar/2026:15:24:23 +0200] "GET /shop/goods/astuta172364187851.phtml/ HTTP/1.1" 200 150752 "https://www.drspos.com/shop/goods/astuta172364187851.phtml" "Mozilla/5.0 AppleWebKit/537.36 (KHTML, like Gecko; compatible; ClaudeBot/1.0; +claudebot@anthropic.com)"
74.7.227.61 - - [21/Mar/2026:15:24:25 +0200] "GET /shop/goods/subterrany171854635831.phtml HTTP/1.1" 301 - "https://drspos.com/%3C![CDATA[https:/eminencegroup.net.au/post-sitemap9.xml]]%3E" "Mozilla/5.0 AppleWebKit/537.36 (KHTML, like Gecko; compatible; GPTBot/1.3; +https://openai.com/gptbot)"
216.73.216.163 - - [21/Mar/2026:15:24:26 +0200] "GET /shop/goods/desynchronization172596524534.phtml HTTP/1.1" 301 - "-" "Mozilla/5.0 AppleWebKit/537.36 (KHTML, like Gecko; compatible; ClaudeBot/1.0; +claudebot@anthropic.com)"
74.7.227.61 - - [21/Mar/2026:15:24:28 +0200] "GET /shop/goods/subterrany171854635831.phtml/ HTTP/1.1" 200 150752 "https://drspos.com/shop/goods/subterrany171854635831.phtml" "Mozilla/5.0 AppleWebKit/537.36 (KHTML, like Gecko; compatible; GPTBot/1.3; +https://openai.com/gptbot)"
216.73.216.163 - - [21/Mar/2026:15:24:28 +0200] "GET /shop/goods/desynchronization172596524534.phtml/ HTTP/1.1" 200 150752 "https://www.drspos.com/shop/goods/desynchronization172596524534.phtml" "Mozilla/5.0 AppleWebKit/537.36 (KHTML, like Gecko; compatible; ClaudeBot/1.0; +claudebot@anthropic.com)"
74.7.227.61 - - [21/Mar/2026:15:24:31 +0200] "GET /shop/goods/grinningly172973896560.phtml HTTP/1.1" 301 - "https://drspos.com/%3C![CDATA[https:/eminencegroup.net.au/post-sitemap9.xml]]%3E" "Mozilla/5.0 AppleWebKit/537.36 (KHTML, like Gecko; compatible; GPTBot/1.3; +https://openai.com/gptbot)"
74.7.227.61 - - [21/Mar/2026:15:24:33 +0200] "GET /shop/goods/grinningly172973896560.phtml/ HTTP/1.1" 200 150752 "https://drspos.com/shop/goods/grinningly172973896560.phtml" "Mozilla/5.0 AppleWebKit/537.36 (KHTML, like Gecko; compatible; GPTBot/1.3; +https://openai.com/gptbot)"
74.7.227.61 - - [21/Mar/2026:15:24:41 +0200] "GET /shop/goods/chaffering173093234109.phtml HTTP/1.1" 301 - "https://drspos.com/%3C![CDATA[https:/eminencegroup.net.au/post-sitemap9.xml]]%3E" "Mozilla/5.0 AppleWebKit/537.36 (KHTML, like Gecko; compatible; GPTBot/1.3; +https://openai.com/gptbot)"
74.7.227.61 - - [21/Mar/2026:15:24:43 +0200] "GET /shop/goods/chaffering173093234109.phtml/ HTTP/1.1" 200 150752 "https://drspos.com/shop/goods/chaffering173093234109.phtml" "Mozilla/5.0 AppleWebKit/537.36 (KHTML, like Gecko; compatible; GPTBot/1.3; +https://openai.com/gptbot)"
74.7.227.61 - - [21/Mar/2026:15:24:51 +0200] "GET /?p=39985 HTTP/1.1" 200 93386 "https://drspos.com/?p=39983" "Mozilla/5.0 AppleWebKit/537.36 (KHTML, like Gecko; compatible; GPTBot/1.3; +https://openai.com/gptbot)"
216.73.216.163 - - [21/Mar/2026:15:24:54 +0200] "GET /shop/goods/towards143059895186.phtml HTTP/1.1" 301 - "-" "Mozilla/5.0 AppleWebKit/537.36 (KHTML, like Gecko; compatible; ClaudeBot/1.0; +claudebot@anthropic.com)"
74.7.227.61 - - [21/Mar/2026:15:24:54 +0200] "GET /?p=40085 HTTP/1.1" 200 93326 "https://drspos.com/?p=40087" "Mozilla/5.0 AppleWebKit/537.36 (KHTML, like Gecko; compatible; GPTBot/1.3; +https://openai.com/gptbot)"
216.73.216.163 - - [21/Mar/2026:15:24:56 +0200] "GET /shop/goods/towards143059895186.phtml/ HTTP/1.1" 200 150752 "https://drspos.com/shop/goods/towards143059895186.phtml" "Mozilla/5.0 AppleWebKit/537.36 (KHTML, like Gecko; compatible; ClaudeBot/1.0; +claudebot@anthropic.com)"
74.7.227.61 - - [21/Mar/2026:15:24:57 +0200] "GET /?p=55726 HTTP/1.1" 200 96015 "https://drspos.com/?p=31119" "Mozilla/5.0 AppleWebKit/537.36 (KHTML, like Gecko; compatible; GPTBot/1.3; +https://openai.com/gptbot)"
74.7.227.61 - - [21/Mar/2026:15:25:00 +0200] "GET /?p=46896 HTTP/1.1" 200 91148 "https://drspos.com/?p=46898" "Mozilla/5.0 AppleWebKit/537.36 (KHTML, like Gecko; compatible; GPTBot/1.3; +https://openai.com/gptbot)"
74.7.227.61 - - [21/Mar/2026:15:25:04 +0200] "GET /?p=44002 HTTP/1.1" 200 92549 "https://drspos.com/?p=44000" "Mozilla/5.0 AppleWebKit/537.36 (KHTML, like Gecko; compatible; GPTBot/1.3; +https://openai.com/gptbot)"
74.7.227.61 - - [21/Mar/2026:15:25:07 +0200] "GET /?p=53117 HTTP/1.1" 200 94203 "https://drspos.com/?p=53116" "Mozilla/5.0 AppleWebKit/537.36 (KHTML, like Gecko; compatible; GPTBot/1.3; +https://openai.com/gptbot)"
74.7.227.61 - - [21/Mar/2026:15:25:10 +0200] "GET /?p=48054 HTTP/1.1" 200 96135 "https://drspos.com/?p=48052" "Mozilla/5.0 AppleWebKit/537.36 (KHTML, like Gecko; compatible; GPTBot/1.3; +https://openai.com/gptbot)"
74.7.227.61 - - [21/Mar/2026:15:25:13 +0200] "GET /?p=31117 HTTP/1.1" 200 95303 "https://drspos.com/?p=31119" "Mozilla/5.0 AppleWebKit/537.36 (KHTML, like Gecko; compatible; GPTBot/1.3; +https://openai.com/gptbot)"
216.73.216.163 - - [21/Mar/2026:15:25:16 +0200] "GET /shop/goods/touser122413775358.phtml HTTP/1.1" 301 - "-" "Mozilla/5.0 AppleWebKit/537.36 (KHTML, like Gecko; compatible; ClaudeBot/1.0; +claudebot@anthropic.com)"
74.7.227.61 - - [21/Mar/2026:15:25:16 +0200] "GET /index.php?rest_route=%2Foembed%2F1.0%2Fembed&url=https%3A%2F%2Fdrspos.com%2F%3Fp%3D40087 HTTP/1.1" 200 2424 "https://drspos.com/?p=40087" "Mozilla/5.0 AppleWebKit/537.36 (KHTML, like Gecko; compatible; GPTBot/1.3; +https://openai.com/gptbot)"
94.187.171.125 - - [21/Mar/2026:15:25:17 +0200] "POST /xmlrpc.php HTTP/1.1" 200 403 "-" "Mozilla/5.0 (X11; Ubuntu; Linux x86_64; x64) AppleWebKit/537.36 (KHTML, like Gecko) Safari/13.0.0.0 Safari/537.36"
216.73.216.163 - - [21/Mar/2026:15:25:19 +0200] "GET /shop/goods/touser122413775358.phtml/ HTTP/1.1" 200 150752 "https://drspos.com/shop/goods/touser122413775358.phtml" "Mozilla/5.0 AppleWebKit/537.36 (KHTML, like Gecko; compatible; ClaudeBot/1.0; +claudebot@anthropic.com)"
74.7.227.61 - - [21/Mar/2026:15:25:20 +0200] "GET /shop/goods/depatriate173902447584.phtml HTTP/1.1" 301 - "https://drspos.com/%3C![CDATA[https:/eminencegroup.net.au/post-sitemap9.xml]]%3E" "Mozilla/5.0 AppleWebKit/537.36 (KHTML, like Gecko; compatible; GPTBot/1.3; +https://openai.com/gptbot)"
74.7.227.61 - - [21/Mar/2026:15:25:22 +0200] "GET /shop/goods/depatriate173902447584.phtml/ HTTP/1.1" 200 150752 "https://drspos.com/shop/goods/depatriate173902447584.phtml" "Mozilla/5.0 AppleWebKit/537.36 (KHTML, like Gecko; compatible; GPTBot/1.3; +https://openai.com/gptbot)"
74.7.227.61 - - [21/Mar/2026:15:25:25 +0200] "GET /shop/goods/scombridae173046199146.phtml HTTP/1.1" 301 - "https://drspos.com/%3C![CDATA[https:/eminencegroup.net.au/post-sitemap9.xml]]%3E" "Mozilla/5.0 AppleWebKit/537.36 (KHTML, like Gecko; compatible; GPTBot/1.3; +https://openai.com/gptbot)"
74.7.227.61 - - [21/Mar/2026:15:25:27 +0200] "GET /shop/goods/scombridae173046199146.phtml/ HTTP/1.1" 200 150752 "https://drspos.com/shop/goods/scombridae173046199146.phtml" "Mozilla/5.0 AppleWebKit/537.36 (KHTML, like Gecko; compatible; GPTBot/1.3; +https://openai.com/gptbot)"
74.7.227.61 - - [21/Mar/2026:15:25:30 +0200] "GET /shop/goods/flippantly171784920950.phtml HTTP/1.1" 301 - "https://drspos.com/%3C![CDATA[https:/eminencegroup.net.au/post-sitemap9.xml]]%3E" "Mozilla/5.0 AppleWebKit/537.36 (KHTML, like Gecko; compatible; GPTBot/1.3; +https://openai.com/gptbot)"
74.7.227.61 - - [21/Mar/2026:15:25:32 +0200] "GET /shop/goods/flippantly171784920950.phtml/ HTTP/1.1" 200 150752 "https://drspos.com/shop/goods/flippantly171784920950.phtml" "Mozilla/5.0 AppleWebKit/537.36 (KHTML, like Gecko; compatible; GPTBot/1.3; +https://openai.com/gptbot)"
216.73.216.163 - - [21/Mar/2026:15:25:40 +0200] "GET /shop/goods/drainboard132610154150.phtml HTTP/1.1" 301 - "-" "Mozilla/5.0 AppleWebKit/537.36 (KHTML, like Gecko; compatible; ClaudeBot/1.0; +claudebot@anthropic.com)"
216.73.216.163 - - [21/Mar/2026:15:25:43 +0200] "GET /shop/goods/drainboard132610154150.phtml/ HTTP/1.1" 200 150752 "https://drspos.com/shop/goods/drainboard132610154150.phtml" "Mozilla/5.0 AppleWebKit/537.36 (KHTML, like Gecko; compatible; ClaudeBot/1.0; +claudebot@anthropic.com)"
74.7.227.61 - - [21/Mar/2026:15:25:45 +0200] "GET /?p=40083 HTTP/1.1" 200 93530 "https://drspos.com/?p=40085" "Mozilla/5.0 AppleWebKit/537.36 (KHTML, like Gecko; compatible; GPTBot/1.3; +https://openai.com/gptbot)"
74.7.227.61 - - [21/Mar/2026:15:25:57 +0200] "GET /?p=39987 HTTP/1.1" 200 93664 "https://drspos.com/?p=39985" "Mozilla/5.0 AppleWebKit/537.36 (KHTML, like Gecko; compatible; GPTBot/1.3; +https://openai.com/gptbot)"
74.7.227.61 - - [21/Mar/2026:15:26:01 +0200] "GET /?p=46894 HTTP/1.1" 200 93801 "https://drspos.com/?p=46896" "Mozilla/5.0 AppleWebKit/537.36 (KHTML, like Gecko; compatible; GPTBot/1.3; +https://openai.com/gptbot)"
74.7.227.61 - - [21/Mar/2026:15:26:04 +0200] "GET /?p=44004 HTTP/1.1" 200 106671 "https://drspos.com/?p=44002" "Mozilla/5.0 AppleWebKit/537.36 (KHTML, like Gecko; compatible; GPTBot/1.3; +https://openai.com/gptbot)"
216.73.216.163 - - [21/Mar/2026:15:26:04 +0200] "GET /shop/goods/imprint132640061270.phtml HTTP/1.1" 301 - "-" "Mozilla/5.0 AppleWebKit/537.36 (KHTML, like Gecko; compatible; ClaudeBot/1.0; +claudebot@anthropic.com)"
216.73.216.163 - - [21/Mar/2026:15:26:07 +0200] "GET /shop/goods/imprint132640061270.phtml/ HTTP/1.1" 200 150752 "https://drspos.com/shop/goods/imprint132640061270.phtml" "Mozilla/5.0 AppleWebKit/537.36 (KHTML, like Gecko; compatible; ClaudeBot/1.0; +claudebot@anthropic.com)"
74.7.227.61 - - [21/Mar/2026:15:26:07 +0200] "GET /?p=53114 HTTP/1.1" 200 93582 "https://drspos.com/?p=53117" "Mozilla/5.0 AppleWebKit/537.36 (KHTML, like Gecko; compatible; GPTBot/1.3; +https://openai.com/gptbot)"
74.7.227.61 - - [21/Mar/2026:15:26:10 +0200] "GET /?p=48056 HTTP/1.1" 200 91442 "https://drspos.com/?p=48054" "Mozilla/5.0 AppleWebKit/537.36 (KHTML, like Gecko; compatible; GPTBot/1.3; +https://openai.com/gptbot)"
94.187.171.125 - - [21/Mar/2026:15:26:12 +0200] "POST /xmlrpc.php HTTP/1.1" 200 403 "-" "Mozilla/5.0 (Windows NT 10.0; x64) AppleWebKit/537.36 (KHTML, like Gecko) Chrome/90.0.0.0 Safari/537.36"
74.7.227.61 - - [21/Mar/2026:15:26:13 +0200] "GET /?p=31115 HTTP/1.1" 200 94946 "https://drspos.com/?p=31117" "Mozilla/5.0 AppleWebKit/537.36 (KHTML, like Gecko; compatible; GPTBot/1.3; +https://openai.com/gptbot)"
216.73.216.163 - - [21/Mar/2026:15:26:14 +0200] "GET /shop/goods/visualise132769716264.phtml HTTP/1.1" 301 - "-" "Mozilla/5.0 AppleWebKit/537.36 (KHTML, like Gecko; compatible; ClaudeBot/1.0; +claudebot@anthropic.com)"
74.7.227.61 - - [21/Mar/2026:15:26:17 +0200] "GET /shop/goods/occasioner172903033268.phtml HTTP/1.1" 301 - "https://drspos.com/%3C![CDATA[https:/eminencegroup.net.au/post-sitemap9.xml]]%3E" "Mozilla/5.0 AppleWebKit/537.36 (KHTML, like Gecko; compatible; GPTBot/1.3; +https://openai.com/gptbot)"
216.73.216.163 - - [21/Mar/2026:15:26:17 +0200] "GET /shop/goods/visualise132769716264.phtml/ HTTP/1.1" 200 150752 "https://www.drspos.com/shop/goods/visualise132769716264.phtml" "Mozilla/5.0 AppleWebKit/537.36 (KHTML, like Gecko; compatible; ClaudeBot/1.0; +claudebot@anthropic.com)"
36.68.134.13 - - [21/Mar/2026:15:26:17 +0200] "GET / HTTP/1.1" 301 - "-" "Mozilla/5.0 (Windows NT 10.0; Win64; x64) AppleWebKit/537.36 (KHTML, like Gecko) Chrome/120.0.0.0 Safari/537.36"
74.7.227.61 - - [21/Mar/2026:15:26:19 +0200] "GET /shop/goods/occasioner172903033268.phtml/ HTTP/1.1" 200 150752 "https://drspos.com/shop/goods/occasioner172903033268.phtml" "Mozilla/5.0 AppleWebKit/537.36 (KHTML, like Gecko; compatible; GPTBot/1.3; +https://openai.com/gptbot)"
157.55.39.62 - - [21/Mar/2026:15:26:21 +0200] "GET /shop/goods/ticklenburg152555368062.phtml HTTP/1.1" 200 209318 "-" "Mozilla/5.0 AppleWebKit/537.36 (KHTML, like Gecko; compatible; bingbot/2.0; +http://www.bing.com/bingbot.htm) Chrome/116.0.1938.76 Safari/537.36"
36.68.134.13 - - [21/Mar/2026:15:26:22 +0200] "GET / HTTP/1.1" 200 150752 "https://www.drspos.com" "Mozilla/5.0 (Windows NT 10.0; Win64; x64) AppleWebKit/537.36 (KHTML, like Gecko) Chrome/120.0.0.0 Safari/537.36"
74.7.227.61 - - [21/Mar/2026:15:26:22 +0200] "GET /shop/goods/adventured172026269519.phtml HTTP/1.1" 301 - "https://drspos.com/%3C![CDATA[https:/eminencegroup.net.au/post-sitemap9.xml]]%3E" "Mozilla/5.0 AppleWebKit/537.36 (KHTML, like Gecko; compatible; GPTBot/1.3; +https://openai.com/gptbot)"
209.141.57.163 - - [21/Mar/2026:15:26:24 +0200] "GET /wp-login.php HTTP/1.1" 200 6336 "-" "Mozilla/5.0 (compatible; MSIE 10.0; Windows NT 6.1; WOW64; Trident/6.0)"
74.7.227.61 - - [21/Mar/2026:15:26:25 +0200] "GET /shop/goods/adventured172026269519.phtml/ HTTP/1.1" 200 150752 "https://drspos.com/shop/goods/adventured172026269519.phtml" "Mozilla/5.0 AppleWebKit/537.36 (KHTML, like Gecko; compatible; GPTBot/1.3; +https://openai.com/gptbot)"
209.141.57.163 - - [21/Mar/2026:15:26:27 +0200] "POST /wp-login.php HTTP/1.1" 200 6757 "-" "Mozilla/5.0 (compatible; MSIE 10.0; Windows NT 6.1; WOW64; Trident/6.0)"
45.227.253.15 - - [21/Mar/2026:15:26:36 +0200] "GET /index.php/jk HTTP/1.1" 200 43 "-" "Mozilla/5.0 (Windows NT 6.1; Win64; x64) AppleWebKit/537.36 (KHTML, like Gecko) Chrome/86.0.4240.111 Safari/537.36"
216.73.216.163 - - [21/Mar/2026:15:26:37 +0200] "GET /shop/goods/interstellar131654276371.phtml HTTP/1.1" 301 - "-" "Mozilla/5.0 AppleWebKit/537.36 (KHTML, like Gecko; compatible; ClaudeBot/1.0; +claudebot@anthropic.com)"
74.7.227.61 - - [21/Mar/2026:15:26:39 +0200] "GET /shop/goods/chalybeate172383062972.phtml HTTP/1.1" 301 - "https://drspos.com/%3C![CDATA[https:/eminencegroup.net.au/post-sitemap9.xml]]%3E" "Mozilla/5.0 AppleWebKit/537.36 (KHTML, like Gecko; compatible; GPTBot/1.3; +https://openai.com/gptbot)"
216.73.216.163 - - [21/Mar/2026:15:26:40 +0200] "GET /shop/goods/interstellar131654276371.phtml/ HTTP/1.1" 200 150752 "https://www.drspos.com/shop/goods/interstellar131654276371.phtml" "Mozilla/5.0 AppleWebKit/537.36 (KHTML, like Gecko; compatible; ClaudeBot/1.0; +claudebot@anthropic.com)"
74.7.227.61 - - [21/Mar/2026:15:26:42 +0200] "GET /shop/goods/chalybeate172383062972.phtml/ HTTP/1.1" 200 150752 "https://drspos.com/shop/goods/chalybeate172383062972.phtml" "Mozilla/5.0 AppleWebKit/537.36 (KHTML, like Gecko; compatible; GPTBot/1.3; +https://openai.com/gptbot)"
216.73.216.163 - - [21/Mar/2026:15:26:45 +0200] "GET /shop/goods/nominatival172257453029.phtml HTTP/1.1" 301 - "-" "Mozilla/5.0 AppleWebKit/537.36 (KHTML, like Gecko; compatible; ClaudeBot/1.0; +claudebot@anthropic.com)"
216.73.216.163 - - [21/Mar/2026:15:26:48 +0200] "GET /shop/goods/nominatival172257453029.phtml/ HTTP/1.1" 200 150752 "https://drspos.com/shop/goods/nominatival172257453029.phtml" "Mozilla/5.0 AppleWebKit/537.36 (KHTML, like Gecko; compatible; ClaudeBot/1.0; +claudebot@anthropic.com)"
20.15.133.191 - - [21/Mar/2026:15:26:51 +0200] "GET /shop/goods/combining154171559082.phtml HTTP/1.1" 200 210996 "-" "Mozilla/5.0 AppleWebKit/537.36 (KHTML, like Gecko; compatible; bingbot/2.0; +http://www.bing.com/bingbot.htm) Chrome/116.0.1938.76 Safari/537.36"
74.7.227.61 - - [21/Mar/2026:15:26:53 +0200] "GET /shop/goods/tardigrade173305205944.phtml HTTP/1.1" 301 - "https://drspos.com/%3C![CDATA[https:/eminencegroup.net.au/post-sitemap9.xml]]%3E" "Mozilla/5.0 AppleWebKit/537.36 (KHTML, like Gecko; compatible; GPTBot/1.3; +https://openai.com/gptbot)"
216.73.216.163 - - [21/Mar/2026:15:26:53 +0200] "GET /shop/goods/retistene141731735337.phtml HTTP/1.1" 301 - "-" "Mozilla/5.0 AppleWebKit/537.36 (KHTML, like Gecko; compatible; ClaudeBot/1.0; +claudebot@anthropic.com)"
40.77.167.1 - - [21/Mar/2026:15:26:56 +0200] "GET /shop/goods/steadfast15746799143.phtml HTTP/1.1" 200 210763 "-" "Mozilla/5.0 AppleWebKit/537.36 (KHTML, like Gecko; compatible; bingbot/2.0; +http://www.bing.com/bingbot.htm) Chrome/116.0.1938.76 Safari/537.36"
74.7.227.61 - - [21/Mar/2026:15:26:55 +0200] "GET /shop/goods/tardigrade173305205944.phtml/ HTTP/1.1" 200 150752 "https://drspos.com/shop/goods/tardigrade173305205944.phtml" "Mozilla/5.0 AppleWebKit/537.36 (KHTML, like Gecko; compatible; GPTBot/1.3; +https://openai.com/gptbot)"
216.73.216.163 - - [21/Mar/2026:15:26:56 +0200] "GET /shop/goods/retistene141731735337.phtml/ HTTP/1.1" 200 150752 "https://www.drspos.com/shop/goods/retistene141731735337.phtml" "Mozilla/5.0 AppleWebKit/537.36 (KHTML, like Gecko; compatible; ClaudeBot/1.0; +claudebot@anthropic.com)"
74.7.227.61 - - [21/Mar/2026:15:26:58 +0200] "GET /shop/goods/intercalar171769826587.phtml HTTP/1.1" 301 - "https://drspos.com/%3C![CDATA[https:/eminencegroup.net.au/post-sitemap9.xml]]%3E" "Mozilla/5.0 AppleWebKit/537.36 (KHTML, like Gecko; compatible; GPTBot/1.3; +https://openai.com/gptbot)"
74.7.227.61 - - [21/Mar/2026:15:27:00 +0200] "GET /shop/goods/intercalar171769826587.phtml/ HTTP/1.1" 200 150752 "https://drspos.com/shop/goods/intercalar171769826587.phtml" "Mozilla/5.0 AppleWebKit/537.36 (KHTML, like Gecko; compatible; GPTBot/1.3; +https://openai.com/gptbot)"
74.7.227.61 - - [21/Mar/2026:15:27:04 +0200] "GET /?p=40081 HTTP/1.1" 200 93848 "https://drspos.com/?p=40083" "Mozilla/5.0 AppleWebKit/537.36 (KHTML, like Gecko; compatible; GPTBot/1.3; +https://openai.com/gptbot)"
94.187.171.125 - - [21/Mar/2026:15:27:09 +0200] "POST /xmlrpc.php HTTP/1.1" 200 403 "-" "Mozilla/5.0 (X11; Ubuntu; Linux x86_64; x86) AppleWebKit/537.36 (KHTML, like Gecko) Safari/12.0.0.0 Safari/537.36"
74.7.227.61 - - [21/Mar/2026:15:27:15 +0200] "GET /?p=46892 HTTP/1.1" 200 96152 "https://drspos.com/?p=46894" "Mozilla/5.0 AppleWebKit/537.36 (KHTML, like Gecko; compatible; GPTBot/1.3; +https://openai.com/gptbot)"
216.73.216.163 - - [21/Mar/2026:15:27:17 +0200] "GET /shop/goods/neuropathic161818050563.phtml HTTP/1.1" 301 - "-" "Mozilla/5.0 AppleWebKit/537.36 (KHTML, like Gecko; compatible; ClaudeBot/1.0; +claudebot@anthropic.com)"
74.7.227.61 - - [21/Mar/2026:15:27:20 +0200] "GET /?p=44006 HTTP/1.1" 200 91785 "https://drspos.com/?p=44004" "Mozilla/5.0 AppleWebKit/537.36 (KHTML, like Gecko; compatible; GPTBot/1.3; +https://openai.com/gptbot)"
216.73.216.163 - - [21/Mar/2026:15:27:20 +0200] "GET /shop/goods/neuropathic161818050563.phtml/ HTTP/1.1" 200 150752 "https://www.drspos.com/shop/goods/neuropathic161818050563.phtml" "Mozilla/5.0 AppleWebKit/537.36 (KHTML, like Gecko; compatible; ClaudeBot/1.0; +claudebot@anthropic.com)"
74.7.227.61 - - [21/Mar/2026:15:27:23 +0200] "GET /?p=53112 HTTP/1.1" 200 94598 "https://drspos.com/?p=53114" "Mozilla/5.0 AppleWebKit/537.36 (KHTML, like Gecko; compatible; GPTBot/1.3; +https://openai.com/gptbot)"
216.73.216.163 - - [21/Mar/2026:15:27:24 +0200] "GET /shop/goods/synovia172629019391.phtml HTTP/1.1" 301 - "-" "Mozilla/5.0 AppleWebKit/537.36 (KHTML, like Gecko; compatible; ClaudeBot/1.0; +claudebot@anthropic.com)"
74.7.227.61 - - [21/Mar/2026:15:27:26 +0200] "GET /?p=48058 HTTP/1.1" 200 91744 "https://drspos.com/?p=48056" "Mozilla/5.0 AppleWebKit/537.36 (KHTML, like Gecko; compatible; GPTBot/1.3; +https://openai.com/gptbot)"
216.73.216.163 - - [21/Mar/2026:15:27:27 +0200] "GET /shop/goods/synovia172629019391.phtml/ HTTP/1.1" 200 150752 "https://www.drspos.com/shop/goods/synovia172629019391.phtml" "Mozilla/5.0 AppleWebKit/537.36 (KHTML, like Gecko; compatible; ClaudeBot/1.0; +claudebot@anthropic.com)"
74.7.227.61 - - [21/Mar/2026:15:27:29 +0200] "GET /?p=39989 HTTP/1.1" 200 93315 "https://drspos.com/?p=39987" "Mozilla/5.0 AppleWebKit/537.36 (KHTML, like Gecko; compatible; GPTBot/1.3; +https://openai.com/gptbot)"
74.7.227.61 - - [21/Mar/2026:15:27:32 +0200] "GET /?p=31113 HTTP/1.1" 200 94435 "https://drspos.com/?p=31115" "Mozilla/5.0 AppleWebKit/537.36 (KHTML, like Gecko; compatible; GPTBot/1.3; +https://openai.com/gptbot)"
74.7.227.61 - - [21/Mar/2026:15:27:35 +0200] "GET /shop/goods/solderer173478444664.phtml HTTP/1.1" 301 - "https://drspos.com/%3C![CDATA[https:/eminencegroup.net.au/post-sitemap9.xml]]%3E" "Mozilla/5.0 AppleWebKit/537.36 (KHTML, like Gecko; compatible; GPTBot/1.3; +https://openai.com/gptbot)"
74.7.227.61 - - [21/Mar/2026:15:27:37 +0200] "GET /shop/goods/solderer173478444664.phtml/ HTTP/1.1" 200 150752 "https://drspos.com/shop/goods/solderer173478444664.phtml" "Mozilla/5.0 AppleWebKit/537.36 (KHTML, like Gecko; compatible; GPTBot/1.3; +https://openai.com/gptbot)"
74.7.227.61 - - [21/Mar/2026:15:27:40 +0200] "GET /shop/goods/misapply174135271118.phtml HTTP/1.1" 301 - "https://drspos.com/%3C![CDATA[https:/eminencegroup.net.au/post-sitemap9.xml]]%3E" "Mozilla/5.0 AppleWebKit/537.36 (KHTML, like Gecko; compatible; GPTBot/1.3; +https://openai.com/gptbot)"
74.7.227.61 - - [21/Mar/2026:15:27:43 +0200] "GET /shop/goods/misapply174135271118.phtml/ HTTP/1.1" 200 150752 "https://drspos.com/shop/goods/misapply174135271118.phtml" "Mozilla/5.0 AppleWebKit/537.36 (KHTML, like Gecko; compatible; GPTBot/1.3; +https://openai.com/gptbot)"
74.7.227.61 - - [21/Mar/2026:15:27:46 +0200] "GET /shop/goods/whimwham172833318387.phtml HTTP/1.1" 301 - "https://drspos.com/%3C![CDATA[https:/eminencegroup.net.au/post-sitemap9.xml]]%3E" "Mozilla/5.0 AppleWebKit/537.36 (KHTML, like Gecko; compatible; GPTBot/1.3; +https://openai.com/gptbot)"
74.7.227.61 - - [21/Mar/2026:15:27:48 +0200] "GET /shop/goods/whimwham172833318387.phtml/ HTTP/1.1" 200 150752 "https://drspos.com/shop/goods/whimwham172833318387.phtml" "Mozilla/5.0 AppleWebKit/537.36 (KHTML, like Gecko; compatible; GPTBot/1.3; +https://openai.com/gptbot)"
216.73.216.163 - - [21/Mar/2026:15:27:49 +0200] "GET /shop/goods/boston17770008218.phtml HTTP/1.1" 301 - "-" "Mozilla/5.0 AppleWebKit/537.36 (KHTML, like Gecko; compatible; ClaudeBot/1.0; +claudebot@anthropic.com)"
74.7.227.61 - - [21/Mar/2026:15:27:51 +0200] "GET /shop/goods/calvessnout17927296906.phtml HTTP/1.1" 301 - "https://drspos.com/%3C![CDATA[https:/eminencegroup.net.au/post-sitemap9.xml]]%3E" "Mozilla/5.0 AppleWebKit/537.36 (KHTML, like Gecko; compatible; GPTBot/1.3; +https://openai.com/gptbot)"
216.73.216.163 - - [21/Mar/2026:15:27:51 +0200] "GET /shop/goods/boston17770008218.phtml/ HTTP/1.1" 200 150752 "https://www.drspos.com/shop/goods/boston17770008218.phtml" "Mozilla/5.0 AppleWebKit/537.36 (KHTML, like Gecko; compatible; ClaudeBot/1.0; +claudebot@anthropic.com)"
74.7.227.61 - - [21/Mar/2026:15:27:53 +0200] "GET /shop/goods/calvessnout17927296906.phtml/ HTTP/1.1" 200 150752 "https://drspos.com/shop/goods/calvessnout17927296906.phtml" "Mozilla/5.0 AppleWebKit/537.36 (KHTML, like Gecko; compatible; GPTBot/1.3; +https://openai.com/gptbot)"
74.7.227.61 - - [21/Mar/2026:15:27:56 +0200] "GET /shop/goods/flatulent17999372281.phtml HTTP/1.1" 301 - "https://drspos.com/%3C![CDATA[https:/eminencegroup.net.au/post-sitemap9.xml]]%3E" "Mozilla/5.0 AppleWebKit/537.36 (KHTML, like Gecko; compatible; GPTBot/1.3; +https://openai.com/gptbot)"
74.7.227.61 - - [21/Mar/2026:15:27:58 +0200] "GET /shop/goods/flatulent17999372281.phtml/ HTTP/1.1" 200 150752 "https://drspos.com/shop/goods/flatulent17999372281.phtml" "Mozilla/5.0 AppleWebKit/537.36 (KHTML, like Gecko; compatible; GPTBot/1.3; +https://openai.com/gptbot)"
74.7.227.61 - - [21/Mar/2026:15:28:01 +0200] "GET /shop/goods/tureenful17666265202.phtml HTTP/1.1" 301 - "https://drspos.com/%3C![CDATA[https:/eminencegroup.net.au/post-sitemap9.xml]]%3E" "Mozilla/5.0 AppleWebKit/537.36 (KHTML, like Gecko; compatible; GPTBot/1.3; +https://openai.com/gptbot)"
216.73.216.163 - - [21/Mar/2026:15:28:03 +0200] "GET /shop/goods/starveling162091011119.phtml HTTP/1.1" 301 - "-" "Mozilla/5.0 AppleWebKit/537.36 (KHTML, like Gecko; compatible; ClaudeBot/1.0; +claudebot@anthropic.com)"
