74.7.227.61 - - [21/Mar/2026:17:20:35 +0200] "GET /shop/goods/unsheriff17178302896.phtml/ HTTP/1.1" 200 150746 "https://drspos.com/shop/goods/unsheriff17178302896.phtml" "Mozilla/5.0 AppleWebKit/537.36 (KHTML, like Gecko; compatible; GPTBot/1.3; +https://openai.com/gptbot)"
74.7.227.61 - - [21/Mar/2026:17:20:39 +0200] "GET /?p=46592 HTTP/1.1" 200 93057 "https://drspos.com/?p=46594" "Mozilla/5.0 AppleWebKit/537.36 (KHTML, like Gecko; compatible; GPTBot/1.3; +https://openai.com/gptbot)"
74.7.227.61 - - [21/Mar/2026:17:20:42 +0200] "GET /shop/goods/interbrain174207086869.phtml HTTP/1.1" 301 - "https://drspos.com/%3C![CDATA[https:/eminencegroup.net.au/post-sitemap9.xml]]%3E" "Mozilla/5.0 AppleWebKit/537.36 (KHTML, like Gecko; compatible; GPTBot/1.3; +https://openai.com/gptbot)"
213.209.159.254 - - [21/Mar/2026:17:20:44 +0200] "GET /wp-admin/theme-install.php?browse=popular HTTP/1.1" 301 - "-" "Mozilla/5.0 (Windows NT 10.0; Win64; x64) AppleWebKit/537.36 (KHTML, like Gecko) Chrome/124.0.6367.207 Safari/537.36"
74.7.227.61 - - [21/Mar/2026:17:20:45 +0200] "GET /shop/goods/interbrain174207086869.phtml/ HTTP/1.1" 200 150746 "https://drspos.com/shop/goods/interbrain174207086869.phtml" "Mozilla/5.0 AppleWebKit/537.36 (KHTML, like Gecko; compatible; GPTBot/1.3; +https://openai.com/gptbot)"
213.209.159.254 - - [21/Mar/2026:17:20:47 +0200] "GET /wp-admin/theme-install.php/?browse=popular HTTP/1.1" 403 185098 "-" "Mozilla/5.0 (Windows NT 10.0; Win64; x64) AppleWebKit/537.36 (KHTML, like Gecko) Chrome/124.0.6367.207 Safari/537.36"
122.171.20.194 - - [21/Mar/2026:17:20:50 +0200] "POST /xmlrpc.php HTTP/1.1" 200 403 "-" "Mozilla/5.0 (Linux; Android 10; x64) AppleWebKit/537.36 (KHTML, like Gecko) Edge/99.0.0.0 Safari/537.36"
216.244.66.234 - - [21/Mar/2026:17:20:47 +0200] "GET /?p=28372 HTTP/1.1" 200 90888 "-" "Mozilla/5.0 (compatible; DotBot/1.2; +https://opensiteexplorer.org/dotbot; help@moz.com)"
74.7.227.61 - - [21/Mar/2026:17:20:49 +0200] "GET /?p=30808 HTTP/1.1" 200 93157 "https://drspos.com/?p=30810" "Mozilla/5.0 AppleWebKit/537.36 (KHTML, like Gecko; compatible; GPTBot/1.3; +https://openai.com/gptbot)"
74.7.227.61 - - [21/Mar/2026:17:20:53 +0200] "GET /shop/goods/undulative172785003919.phtml HTTP/1.1" 301 - "https://drspos.com/%3C![CDATA[https:/eminencegroup.net.au/post-sitemap9.xml]]%3E" "Mozilla/5.0 AppleWebKit/537.36 (KHTML, like Gecko; compatible; GPTBot/1.3; +https://openai.com/gptbot)"
216.73.216.163 - - [21/Mar/2026:17:20:53 +0200] "GET /shop/goods/padow12556507781.phtml HTTP/1.1" 301 - "-" "Mozilla/5.0 AppleWebKit/537.36 (KHTML, like Gecko; compatible; ClaudeBot/1.0; +claudebot@anthropic.com)"
74.7.227.61 - - [21/Mar/2026:17:20:55 +0200] "GET /shop/goods/undulative172785003919.phtml/ HTTP/1.1" 200 150746 "https://drspos.com/shop/goods/undulative172785003919.phtml" "Mozilla/5.0 AppleWebKit/537.36 (KHTML, like Gecko; compatible; GPTBot/1.3; +https://openai.com/gptbot)"
216.73.216.163 - - [21/Mar/2026:17:20:56 +0200] "GET /shop/goods/padow12556507781.phtml/ HTTP/1.1" 200 150746 "https://www.drspos.com/shop/goods/padow12556507781.phtml" "Mozilla/5.0 AppleWebKit/537.36 (KHTML, like Gecko; compatible; ClaudeBot/1.0; +claudebot@anthropic.com)"
74.7.227.61 - - [21/Mar/2026:17:20:59 +0200] "GET /shop/goods/fairground172263985015.phtml HTTP/1.1" 301 - "https://drspos.com/%3C![CDATA[https:/eminencegroup.net.au/post-sitemap9.xml]]%3E" "Mozilla/5.0 AppleWebKit/537.36 (KHTML, like Gecko; compatible; GPTBot/1.3; +https://openai.com/gptbot)"
74.7.227.61 - - [21/Mar/2026:17:21:01 +0200] "GET /shop/goods/fairground172263985015.phtml/ HTTP/1.1" 200 150746 "https://drspos.com/shop/goods/fairground172263985015.phtml" "Mozilla/5.0 AppleWebKit/537.36 (KHTML, like Gecko; compatible; GPTBot/1.3; +https://openai.com/gptbot)"
74.7.227.61 - - [21/Mar/2026:17:21:05 +0200] "GET /?p=44280 HTTP/1.1" 200 91455 "https://drspos.com/?p=44278" "Mozilla/5.0 AppleWebKit/537.36 (KHTML, like Gecko; compatible; GPTBot/1.3; +https://openai.com/gptbot)"
74.7.227.61 - - [21/Mar/2026:17:21:08 +0200] "GET /shop/goods/dedicatory174239581726.phtml HTTP/1.1" 301 - "https://drspos.com/%3C![CDATA[https:/eminencegroup.net.au/post-sitemap9.xml]]%3E" "Mozilla/5.0 AppleWebKit/537.36 (KHTML, like Gecko; compatible; GPTBot/1.3; +https://openai.com/gptbot)"
213.209.159.254 - - [21/Mar/2026:17:21:09 +0200] "GET /wp-admin/theme-install.php?browse=popular HTTP/1.1" 301 - "-" "Mozilla/5.0 (Windows NT 10.0; Win64; x64) AppleWebKit/537.36 (KHTML, like Gecko) Chrome/124.0.6367.207 Safari/537.36"
74.7.227.61 - - [21/Mar/2026:17:21:10 +0200] "GET /shop/goods/dedicatory174239581726.phtml/ HTTP/1.1" 200 150746 "https://drspos.com/shop/goods/dedicatory174239581726.phtml" "Mozilla/5.0 AppleWebKit/537.36 (KHTML, like Gecko; compatible; GPTBot/1.3; +https://openai.com/gptbot)"
213.209.159.254 - - [21/Mar/2026:17:21:14 +0200] "GET /wp-admin/theme-install.php/?browse=popular HTTP/1.1" 403 185098 "-" "Mozilla/5.0 (Windows NT 10.0; Win64; x64) AppleWebKit/537.36 (KHTML, like Gecko) Chrome/124.0.6367.207 Safari/537.36"
74.7.227.61 - - [21/Mar/2026:17:21:14 +0200] "GET /?p=52842 HTTP/1.1" 200 97959 "https://drspos.com/?p=52843" "Mozilla/5.0 AppleWebKit/537.36 (KHTML, like Gecko; compatible; GPTBot/1.3; +https://openai.com/gptbot)"
216.73.216.163 - - [21/Mar/2026:17:21:15 +0200] "GET /shop/goods/bibliolatrist161065162457.phtml HTTP/1.1" 301 - "-" "Mozilla/5.0 AppleWebKit/537.36 (KHTML, like Gecko; compatible; ClaudeBot/1.0; +claudebot@anthropic.com)"
74.7.227.61 - - [21/Mar/2026:17:21:17 +0200] "GET /shop/goods/bowstringing171738934579.phtml HTTP/1.1" 301 - "https://drspos.com/%3C![CDATA[https:/eminencegroup.net.au/post-sitemap9.xml]]%3E" "Mozilla/5.0 AppleWebKit/537.36 (KHTML, like Gecko; compatible; GPTBot/1.3; +https://openai.com/gptbot)"
216.73.216.163 - - [21/Mar/2026:17:21:18 +0200] "GET /shop/goods/bibliolatrist161065162457.phtml/ HTTP/1.1" 200 150746 "https://www.drspos.com/shop/goods/bibliolatrist161065162457.phtml" "Mozilla/5.0 AppleWebKit/537.36 (KHTML, like Gecko; compatible; ClaudeBot/1.0; +claudebot@anthropic.com)"
74.7.227.61 - - [21/Mar/2026:17:21:20 +0200] "GET /shop/goods/bowstringing171738934579.phtml/ HTTP/1.1" 200 150746 "https://drspos.com/shop/goods/bowstringing171738934579.phtml" "Mozilla/5.0 AppleWebKit/537.36 (KHTML, like Gecko; compatible; GPTBot/1.3; +https://openai.com/gptbot)"
74.7.227.61 - - [21/Mar/2026:17:21:23 +0200] "GET /?p=48332 HTTP/1.1" 200 90919 "https://drspos.com/?p=48330" "Mozilla/5.0 AppleWebKit/537.36 (KHTML, like Gecko; compatible; GPTBot/1.3; +https://openai.com/gptbot)"
213.209.159.254 - - [21/Mar/2026:17:21:26 +0200] "GET /wp-admin/theme-install.php?browse=popular HTTP/1.1" 301 - "-" "Mozilla/5.0 (Windows NT 10.0; Win64; x64) AppleWebKit/537.36 (KHTML, like Gecko) Chrome/124.0.6367.207 Safari/537.36"
216.244.66.234 - - [21/Mar/2026:17:21:25 +0200] "GET /?p=32993 HTTP/1.1" 200 95040 "-" "Mozilla/5.0 (compatible; DotBot/1.2; +https://opensiteexplorer.org/dotbot; help@moz.com)"
74.7.227.61 - - [21/Mar/2026:17:21:27 +0200] "GET /shop/goods/deglutinating172482439434.phtml HTTP/1.1" 301 - "https://drspos.com/%3C![CDATA[https:/eminencegroup.net.au/post-sitemap9.xml]]%3E" "Mozilla/5.0 AppleWebKit/537.36 (KHTML, like Gecko; compatible; GPTBot/1.3; +https://openai.com/gptbot)"
74.7.227.61 - - [21/Mar/2026:17:21:29 +0200] "GET /shop/goods/deglutinating172482439434.phtml/ HTTP/1.1" 200 150746 "https://drspos.com/shop/goods/deglutinating172482439434.phtml" "Mozilla/5.0 AppleWebKit/537.36 (KHTML, like Gecko; compatible; GPTBot/1.3; +https://openai.com/gptbot)"
213.209.159.254 - - [21/Mar/2026:17:21:30 +0200] "GET /wp-admin/theme-install.php/?browse=popular HTTP/1.1" 403 185098 "-" "Mozilla/5.0 (Windows NT 10.0; Win64; x64) AppleWebKit/537.36 (KHTML, like Gecko) Chrome/124.0.6367.207 Safari/537.36"
74.7.227.61 - - [21/Mar/2026:17:21:33 +0200] "GET /?p=46590 HTTP/1.1" 200 94048 "https://drspos.com/?p=46592" "Mozilla/5.0 AppleWebKit/537.36 (KHTML, like Gecko; compatible; GPTBot/1.3; +https://openai.com/gptbot)"
74.7.227.61 - - [21/Mar/2026:17:21:36 +0200] "GET /shop/goods/tetrahexahedral172509922356.phtml HTTP/1.1" 301 - "https://drspos.com/%3C![CDATA[https:/eminencegroup.net.au/post-sitemap9.xml]]%3E" "Mozilla/5.0 AppleWebKit/537.36 (KHTML, like Gecko; compatible; GPTBot/1.3; +https://openai.com/gptbot)"
74.7.227.61 - - [21/Mar/2026:17:21:39 +0200] "GET /shop/goods/tetrahexahedral172509922356.phtml/ HTTP/1.1" 200 150746 "https://drspos.com/shop/goods/tetrahexahedral172509922356.phtml" "Mozilla/5.0 AppleWebKit/537.36 (KHTML, like Gecko; compatible; GPTBot/1.3; +https://openai.com/gptbot)"
74.7.227.61 - - [21/Mar/2026:17:21:42 +0200] "GET /?p=30806 HTTP/1.1" 200 93434 "https://drspos.com/?p=30808" "Mozilla/5.0 AppleWebKit/537.36 (KHTML, like Gecko; compatible; GPTBot/1.3; +https://openai.com/gptbot)"
74.7.227.61 - - [21/Mar/2026:17:21:45 +0200] "GET /shop/goods/presentimental172022892830.phtml HTTP/1.1" 301 - "https://drspos.com/%3C![CDATA[https:/eminencegroup.net.au/post-sitemap9.xml]]%3E" "Mozilla/5.0 AppleWebKit/537.36 (KHTML, like Gecko; compatible; GPTBot/1.3; +https://openai.com/gptbot)"
213.209.159.254 - - [21/Mar/2026:17:21:46 +0200] "GET /wp-admin/theme-install.php?browse=popular HTTP/1.1" 301 - "-" "Mozilla/5.0 (Windows NT 10.0; Win64; x64) AppleWebKit/537.36 (KHTML, like Gecko) Chrome/124.0.6367.207 Safari/537.36"
74.7.227.61 - - [21/Mar/2026:17:21:48 +0200] "GET /shop/goods/presentimental172022892830.phtml/ HTTP/1.1" 200 150746 "https://drspos.com/shop/goods/presentimental172022892830.phtml" "Mozilla/5.0 AppleWebKit/537.36 (KHTML, like Gecko; compatible; GPTBot/1.3; +https://openai.com/gptbot)"
74.7.227.61 - - [21/Mar/2026:17:21:51 +0200] "GET /shop/goods/exchangeably172629423428.phtml HTTP/1.1" 301 - "https://drspos.com/%3C![CDATA[https:/eminencegroup.net.au/post-sitemap9.xml]]%3E" "Mozilla/5.0 AppleWebKit/537.36 (KHTML, like Gecko; compatible; GPTBot/1.3; +https://openai.com/gptbot)"
213.209.159.254 - - [21/Mar/2026:17:21:51 +0200] "GET /wp-admin/theme-install.php/?browse=popular HTTP/1.1" 403 185098 "-" "Mozilla/5.0 (Windows NT 10.0; Win64; x64) AppleWebKit/537.36 (KHTML, like Gecko) Chrome/124.0.6367.207 Safari/537.36"
216.73.216.163 - - [21/Mar/2026:17:21:54 +0200] "GET /shop/goods/octahedral162610704278.phtml HTTP/1.1" 301 - "-" "Mozilla/5.0 AppleWebKit/537.36 (KHTML, like Gecko; compatible; ClaudeBot/1.0; +claudebot@anthropic.com)"
74.7.227.61 - - [21/Mar/2026:17:21:54 +0200] "GET /shop/goods/exchangeably172629423428.phtml/ HTTP/1.1" 200 150746 "https://drspos.com/shop/goods/exchangeably172629423428.phtml" "Mozilla/5.0 AppleWebKit/537.36 (KHTML, like Gecko; compatible; GPTBot/1.3; +https://openai.com/gptbot)"
216.73.216.163 - - [21/Mar/2026:17:21:57 +0200] "GET /shop/goods/octahedral162610704278.phtml/ HTTP/1.1" 200 150746 "https://drspos.com/shop/goods/octahedral162610704278.phtml" "Mozilla/5.0 AppleWebKit/537.36 (KHTML, like Gecko; compatible; ClaudeBot/1.0; +claudebot@anthropic.com)"
74.7.227.61 - - [21/Mar/2026:17:21:57 +0200] "GET /?p=44282 HTTP/1.1" 200 105534 "https://drspos.com/?p=44280" "Mozilla/5.0 AppleWebKit/537.36 (KHTML, like Gecko; compatible; GPTBot/1.3; +https://openai.com/gptbot)"
216.244.66.234 - - [21/Mar/2026:17:21:59 +0200] "GET /?p=33413 HTTP/1.1" 200 90762 "-" "Mozilla/5.0 (compatible; DotBot/1.2; +https://opensiteexplorer.org/dotbot; help@moz.com)"
74.7.227.61 - - [21/Mar/2026:17:22:01 +0200] "GET /shop/goods/cartesianism173429295820.phtml HTTP/1.1" 301 - "https://drspos.com/%3C![CDATA[https:/eminencegroup.net.au/post-sitemap9.xml]]%3E" "Mozilla/5.0 AppleWebKit/537.36 (KHTML, like Gecko; compatible; GPTBot/1.3; +https://openai.com/gptbot)"
74.7.227.61 - - [21/Mar/2026:17:22:04 +0200] "GET /shop/goods/cartesianism173429295820.phtml/ HTTP/1.1" 200 150746 "https://drspos.com/shop/goods/cartesianism173429295820.phtml" "Mozilla/5.0 AppleWebKit/537.36 (KHTML, like Gecko; compatible; GPTBot/1.3; +https://openai.com/gptbot)"
216.73.216.163 - - [21/Mar/2026:17:22:07 +0200] "GET /shop/goods/homopterous173212116928.phtml HTTP/1.1" 301 - "-" "Mozilla/5.0 AppleWebKit/537.36 (KHTML, like Gecko; compatible; ClaudeBot/1.0; +claudebot@anthropic.com)"
213.209.159.254 - - [21/Mar/2026:17:22:08 +0200] "GET /wp-admin/themes.php HTTP/1.1" 200 201677 "-" "Mozilla/5.0 (Windows NT 10.0; Win64; x64) AppleWebKit/537.36 (KHTML, like Gecko) Chrome/124.0.6367.207 Safari/537.36"
74.7.227.61 - - [21/Mar/2026:17:22:08 +0200] "GET /?p=52840 HTTP/1.1" 200 92780 "https://drspos.com/?p=52842" "Mozilla/5.0 AppleWebKit/537.36 (KHTML, like Gecko; compatible; GPTBot/1.3; +https://openai.com/gptbot)"
216.73.216.163 - - [21/Mar/2026:17:22:10 +0200] "GET /shop/goods/homopterous173212116928.phtml/ HTTP/1.1" 200 150746 "https://www.drspos.com/shop/goods/homopterous173212116928.phtml" "Mozilla/5.0 AppleWebKit/537.36 (KHTML, like Gecko; compatible; ClaudeBot/1.0; +claudebot@anthropic.com)"
52.167.144.162 - - [21/Mar/2026:17:22:12 +0200] "GET /shop/goods/instructorship152421242936.phtml HTTP/1.1" 200 213642 "-" "Mozilla/5.0 AppleWebKit/537.36 (KHTML, like Gecko; compatible; bingbot/2.0; +http://www.bing.com/bingbot.htm) Chrome/116.0.1938.76 Safari/537.36"
74.7.227.61 - - [21/Mar/2026:17:22:11 +0200] "GET /shop/goods/semicolumnar173361581990.phtml HTTP/1.1" 301 - "https://drspos.com/%3C![CDATA[https:/eminencegroup.net.au/post-sitemap9.xml]]%3E" "Mozilla/5.0 AppleWebKit/537.36 (KHTML, like Gecko; compatible; GPTBot/1.3; +https://openai.com/gptbot)"
74.7.227.61 - - [21/Mar/2026:17:22:14 +0200] "GET /shop/goods/semicolumnar173361581990.phtml/ HTTP/1.1" 200 150746 "https://drspos.com/shop/goods/semicolumnar173361581990.phtml" "Mozilla/5.0 AppleWebKit/537.36 (KHTML, like Gecko; compatible; GPTBot/1.3; +https://openai.com/gptbot)"
157.55.39.52 - - [21/Mar/2026:17:22:17 +0200] "GET /shop/goods/bragless38120905637.phtml HTTP/1.1" 200 208016 "-" "Mozilla/5.0 AppleWebKit/537.36 (KHTML, like Gecko; compatible; bingbot/2.0; +http://www.bing.com/bingbot.htm) Chrome/116.0.1938.76 Safari/537.36"
74.7.227.61 - - [21/Mar/2026:17:22:17 +0200] "GET /?p=48334 HTTP/1.1" 200 95364 "https://drspos.com/?p=48332" "Mozilla/5.0 AppleWebKit/537.36 (KHTML, like Gecko; compatible; GPTBot/1.3; +https://openai.com/gptbot)"
157.55.39.52 - - [21/Mar/2026:17:22:20 +0200] "GET /shop/goods/thoroughgoing151138183088.phtml HTTP/1.1" 200 207061 "-" "Mozilla/5.0 AppleWebKit/537.36 (KHTML, like Gecko; compatible; bingbot/2.0; +http://www.bing.com/bingbot.htm) Chrome/116.0.1938.76 Safari/537.36"
74.7.227.61 - - [21/Mar/2026:17:22:20 +0200] "GET /shop/goods/generability171495957123.phtml HTTP/1.1" 301 - "https://drspos.com/%3C![CDATA[https:/eminencegroup.net.au/post-sitemap9.xml]]%3E" "Mozilla/5.0 AppleWebKit/537.36 (KHTML, like Gecko; compatible; GPTBot/1.3; +https://openai.com/gptbot)"
157.55.39.52 - - [21/Mar/2026:17:22:22 +0200] "GET /shop/goods/drearier152834041907.phtml HTTP/1.1" 200 203417 "-" "Mozilla/5.0 AppleWebKit/537.36 (KHTML, like Gecko; compatible; bingbot/2.0; +http://www.bing.com/bingbot.htm) Chrome/116.0.1938.76 Safari/537.36"
213.209.159.254 - - [21/Mar/2026:17:22:21 +0200] "GET /wp-admin/theme-install.php?browse=popular HTTP/1.1" 301 - "-" "Mozilla/5.0 (Windows NT 10.0; Win64; x64) AppleWebKit/537.36 (KHTML, like Gecko) Chrome/124.0.6367.207 Safari/537.36"
74.7.227.61 - - [21/Mar/2026:17:22:23 +0200] "GET /shop/goods/generability171495957123.phtml/ HTTP/1.1" 200 150746 "https://drspos.com/shop/goods/generability171495957123.phtml" "Mozilla/5.0 AppleWebKit/537.36 (KHTML, like Gecko; compatible; GPTBot/1.3; +https://openai.com/gptbot)"
213.209.159.254 - - [21/Mar/2026:17:22:25 +0200] "GET /wp-admin/theme-install.php/?browse=popular HTTP/1.1" 403 185098 "-" "Mozilla/5.0 (Windows NT 10.0; Win64; x64) AppleWebKit/537.36 (KHTML, like Gecko) Chrome/124.0.6367.207 Safari/537.36"
157.55.39.52 - - [21/Mar/2026:17:22:27 +0200] "GET /shop/goods/fiche151004916456.phtml HTTP/1.1" 200 210476 "-" "Mozilla/5.0 AppleWebKit/537.36 (KHTML, like Gecko; compatible; bingbot/2.0; +http://www.bing.com/bingbot.htm) Chrome/116.0.1938.76 Safari/537.36"
74.7.227.61 - - [21/Mar/2026:17:22:26 +0200] "GET /?p=46588 HTTP/1.1" 200 91864 "https://drspos.com/?p=46590" "Mozilla/5.0 AppleWebKit/537.36 (KHTML, like Gecko; compatible; GPTBot/1.3; +https://openai.com/gptbot)"
74.7.227.61 - - [21/Mar/2026:17:22:29 +0200] "GET /shop/goods/brokenhearted171384633529.phtml HTTP/1.1" 301 - "https://drspos.com/%3C![CDATA[https:/eminencegroup.net.au/post-sitemap9.xml]]%3E" "Mozilla/5.0 AppleWebKit/537.36 (KHTML, like Gecko; compatible; GPTBot/1.3; +https://openai.com/gptbot)"
74.7.227.61 - - [21/Mar/2026:17:22:32 +0200] "GET /shop/goods/brokenhearted171384633529.phtml/ HTTP/1.1" 200 150746 "https://drspos.com/shop/goods/brokenhearted171384633529.phtml" "Mozilla/5.0 AppleWebKit/537.36 (KHTML, like Gecko; compatible; GPTBot/1.3; +https://openai.com/gptbot)"
157.90.114.254 - - [21/Mar/2026:17:22:28 +0200] "POST /xmlrpc.php HTTP/1.1" 200 180 "-" "Mozilla/5.0 (Windows NT 10.0; Win64; x64) AppleWebKit/537.36 (KHTML, like Gecko) Chrome/108.0.0.0 Safari/537.36"
216.244.66.234 - - [21/Mar/2026:17:22:32 +0200] "GET /?p=20165 HTTP/1.1" 200 94116 "-" "Mozilla/5.0 (compatible; DotBot/1.2; +https://opensiteexplorer.org/dotbot; help@moz.com)"
172.30.5.1 - - [21/Mar/2026:17:22:34 +0200] "POST /wp-cron.php?doing_wp_cron=1774106554.8426580429077148437500 HTTP/1.1" 200 - "-" "WordPress/6.9.4; https://drspos.com"
74.7.227.61 - - [21/Mar/2026:17:22:35 +0200] "GET /?p=30804 HTTP/1.1" 200 96410 "https://drspos.com/?p=30806" "Mozilla/5.0 AppleWebKit/537.36 (KHTML, like Gecko; compatible; GPTBot/1.3; +https://openai.com/gptbot)"
157.90.114.254 - - [21/Mar/2026:17:22:36 +0200] "POST /xmlrpc.php HTTP/1.1" 200 9260 "-" "Mozilla/5.0 (Windows NT 10.0; Win64; x64) AppleWebKit/537.36 (KHTML, like Gecko) Chrome/108.0.0.0 Safari/537.36"
74.7.227.61 - - [21/Mar/2026:17:22:38 +0200] "GET /shop/goods/carboniferous171297627314.phtml HTTP/1.1" 301 - "https://drspos.com/%3C![CDATA[https:/eminencegroup.net.au/post-sitemap9.xml]]%3E" "Mozilla/5.0 AppleWebKit/537.36 (KHTML, like Gecko; compatible; GPTBot/1.3; +https://openai.com/gptbot)"
216.73.216.163 - - [21/Mar/2026:17:22:41 +0200] "GET /shop/goods/quietly16994071970.phtml HTTP/1.1" 301 - "-" "Mozilla/5.0 AppleWebKit/537.36 (KHTML, like Gecko; compatible; ClaudeBot/1.0; +claudebot@anthropic.com)"
213.209.159.254 - - [21/Mar/2026:17:22:41 +0200] "GET /wp-admin/theme-install.php?browse=popular HTTP/1.1" 301 - "-" "Mozilla/5.0 (Windows NT 10.0; Win64; x64) AppleWebKit/537.36 (KHTML, like Gecko) Chrome/124.0.6367.207 Safari/537.36"
157.90.114.254 - - [21/Mar/2026:17:22:41 +0200] "GET /?p=55765 HTTP/1.1" 200 92016 "-" "Mozilla/5.0 (Windows NT 10.0; Win64; x64) AppleWebKit/537.36 (KHTML, like Gecko) Chrome/108.0.0.0 Safari/537.36"
74.7.227.61 - - [21/Mar/2026:17:22:41 +0200] "GET /shop/goods/carboniferous171297627314.phtml/ HTTP/1.1" 200 150746 "https://drspos.com/shop/goods/carboniferous171297627314.phtml" "Mozilla/5.0 AppleWebKit/537.36 (KHTML, like Gecko; compatible; GPTBot/1.3; +https://openai.com/gptbot)"
213.209.159.254 - - [21/Mar/2026:17:22:44 +0200] "GET /wp-admin/theme-install.php/?browse=popular HTTP/1.1" 403 185098 "-" "Mozilla/5.0 (Windows NT 10.0; Win64; x64) AppleWebKit/537.36 (KHTML, like Gecko) Chrome/124.0.6367.207 Safari/537.36"
216.73.216.163 - - [21/Mar/2026:17:22:44 +0200] "GET /shop/goods/quietly16994071970.phtml/ HTTP/1.1" 200 150746 "https://drspos.com/shop/goods/quietly16994071970.phtml" "Mozilla/5.0 AppleWebKit/537.36 (KHTML, like Gecko; compatible; ClaudeBot/1.0; +claudebot@anthropic.com)"
74.7.227.61 - - [21/Mar/2026:17:22:45 +0200] "GET /shop/goods/indecipherably172898444496.phtml HTTP/1.1" 301 - "https://drspos.com/%3C![CDATA[https:/eminencegroup.net.au/post-sitemap9.xml]]%3E" "Mozilla/5.0 AppleWebKit/537.36 (KHTML, like Gecko; compatible; GPTBot/1.3; +https://openai.com/gptbot)"
74.7.227.61 - - [21/Mar/2026:17:22:47 +0200] "GET /shop/goods/indecipherably172898444496.phtml/ HTTP/1.1" 200 150746 "https://drspos.com/shop/goods/indecipherably172898444496.phtml" "Mozilla/5.0 AppleWebKit/537.36 (KHTML, like Gecko; compatible; GPTBot/1.3; +https://openai.com/gptbot)"
74.7.227.61 - - [21/Mar/2026:17:22:51 +0200] "GET /?p=44283 HTTP/1.1" 200 92088 "https://drspos.com/?p=44282" "Mozilla/5.0 AppleWebKit/537.36 (KHTML, like Gecko; compatible; GPTBot/1.3; +https://openai.com/gptbot)"
157.55.39.52 - - [21/Mar/2026:17:22:54 +0200] "GET /shop/goods/celestus15318125473.phtml HTTP/1.1" 200 206221 "-" "Mozilla/5.0 AppleWebKit/537.36 (KHTML, like Gecko; compatible; bingbot/2.0; +http://www.bing.com/bingbot.htm) Chrome/116.0.1938.76 Safari/537.36"
122.171.20.194 - - [21/Mar/2026:17:22:55 +0200] "POST /xmlrpc.php HTTP/1.1" 200 403 "-" "Mozilla/5.0 (Windows NT 10.0; x86) AppleWebKit/537.36 (KHTML, like Gecko) Firefox/86.0.0.0 Safari/537.36"
74.7.227.61 - - [21/Mar/2026:17:22:54 +0200] "GET /shop/goods/universalizing171154624959.phtml HTTP/1.1" 301 - "https://drspos.com/%3C![CDATA[https:/eminencegroup.net.au/post-sitemap9.xml]]%3E" "Mozilla/5.0 AppleWebKit/537.36 (KHTML, like Gecko; compatible; GPTBot/1.3; +https://openai.com/gptbot)"
157.55.39.52 - - [21/Mar/2026:17:22:59 +0200] "GET /shop/goods/polyporous152742499457.phtml HTTP/1.1" 200 215701 "-" "Mozilla/5.0 AppleWebKit/537.36 (KHTML, like Gecko; compatible; bingbot/2.0; +http://www.bing.com/bingbot.htm) Chrome/116.0.1938.76 Safari/537.36"
74.7.227.61 - - [21/Mar/2026:17:22:57 +0200] "GET /shop/goods/universalizing171154624959.phtml/ HTTP/1.1" 200 150746 "https://drspos.com/shop/goods/universalizing171154624959.phtml" "Mozilla/5.0 AppleWebKit/537.36 (KHTML, like Gecko; compatible; GPTBot/1.3; +https://openai.com/gptbot)"
216.73.216.163 - - [21/Mar/2026:17:23:02 +0200] "GET /robots.txt HTTP/1.1" 200 80 "-" "Mozilla/5.0 AppleWebKit/537.36 (KHTML, like Gecko; compatible; ClaudeBot/1.0; +claudebot@anthropic.com)"
74.7.227.61 - - [21/Mar/2026:17:23:00 +0200] "GET /?p=52838 HTTP/1.1" 200 98533 "https://drspos.com/?p=52840" "Mozilla/5.0 AppleWebKit/537.36 (KHTML, like Gecko; compatible; GPTBot/1.3; +https://openai.com/gptbot)"
74.7.227.61 - - [21/Mar/2026:17:23:04 +0200] "GET /wp-content/uploads/essential-addons-elementor/eael-47.css?ver=1774033229 HTTP/1.1" 200 16146 "https://drspos.com/?p=52840" "Mozilla/5.0 AppleWebKit/537.36 (KHTML, like Gecko; compatible; GPTBot/1.3; +https://openai.com/gptbot)"
216.244.66.234 - - [21/Mar/2026:17:23:05 +0200] "GET /?p=23385 HTTP/1.1" 200 92381 "-" "Mozilla/5.0 (compatible; DotBot/1.2; +https://opensiteexplorer.org/dotbot; help@moz.com)"
213.209.159.254 - - [21/Mar/2026:17:23:06 +0200] "GET /wp-admin/theme-install.php?browse=popular HTTP/1.1" 301 - "-" "Mozilla/5.0 (Windows NT 10.0; Win64; x64) AppleWebKit/537.36 (KHTML, like Gecko) Chrome/124.0.6367.207 Safari/537.36"
157.55.39.52 - - [21/Mar/2026:17:23:08 +0200] "GET /shop/goods/scattering152332449376.phtml HTTP/1.1" 200 193487 "-" "Mozilla/5.0 AppleWebKit/537.36 (KHTML, like Gecko; compatible; bingbot/2.0; +http://www.bing.com/bingbot.htm) Chrome/116.0.1938.76 Safari/537.36"
74.7.227.61 - - [21/Mar/2026:17:23:07 +0200] "GET /?p=48336 HTTP/1.1" 200 91920 "https://drspos.com/?p=48334" "Mozilla/5.0 AppleWebKit/537.36 (KHTML, like Gecko; compatible; GPTBot/1.3; +https://openai.com/gptbot)"
213.209.159.254 - - [21/Mar/2026:17:23:10 +0200] "GET /wp-admin/theme-install.php/?browse=popular HTTP/1.1" 403 185098 "-" "Mozilla/5.0 (Windows NT 10.0; Win64; x64) AppleWebKit/537.36 (KHTML, like Gecko) Chrome/124.0.6367.207 Safari/537.36"
52.167.144.162 - - [21/Mar/2026:17:23:12 +0200] "GET /shop/goods/sailed152608539282.phtml HTTP/1.1" 200 205893 "-" "Mozilla/5.0 AppleWebKit/537.36 (KHTML, like Gecko; compatible; bingbot/2.0; +http://www.bing.com/bingbot.htm) Chrome/116.0.1938.76 Safari/537.36"
74.7.227.61 - - [21/Mar/2026:17:23:11 +0200] "GET /shop/goods/embryoniferous172823977288.phtml HTTP/1.1" 301 - "https://drspos.com/%3C![CDATA[https:/eminencegroup.net.au/post-sitemap9.xml]]%3E" "Mozilla/5.0 AppleWebKit/537.36 (KHTML, like Gecko; compatible; GPTBot/1.3; +https://openai.com/gptbot)"
216.73.216.163 - - [21/Mar/2026:17:23:11 +0200] "GET /shop/goods/remedilessness12913007809.phtml HTTP/1.1" 301 - "-" "Mozilla/5.0 AppleWebKit/537.36 (KHTML, like Gecko; compatible; ClaudeBot/1.0; +claudebot@anthropic.com)"
74.7.227.61 - - [21/Mar/2026:17:23:13 +0200] "GET /shop/goods/embryoniferous172823977288.phtml/ HTTP/1.1" 200 150746 "https://drspos.com/shop/goods/embryoniferous172823977288.phtml" "Mozilla/5.0 AppleWebKit/537.36 (KHTML, like Gecko; compatible; GPTBot/1.3; +https://openai.com/gptbot)"
216.73.216.163 - - [21/Mar/2026:17:23:14 +0200] "GET /shop/goods/remedilessness12913007809.phtml/ HTTP/1.1" 200 150746 "https://drspos.com/shop/goods/remedilessness12913007809.phtml" "Mozilla/5.0 AppleWebKit/537.36 (KHTML, like Gecko; compatible; ClaudeBot/1.0; +claudebot@anthropic.com)"
74.7.227.61 - - [21/Mar/2026:17:23:16 +0200] "GET /?p=46584 HTTP/1.1" 200 92415 "https://drspos.com/?p=46588" "Mozilla/5.0 AppleWebKit/537.36 (KHTML, like Gecko; compatible; GPTBot/1.3; +https://openai.com/gptbot)"
74.7.227.61 - - [21/Mar/2026:17:23:19 +0200] "GET /shop/goods/sternutative172479851729.phtml HTTP/1.1" 301 - "https://drspos.com/%3C![CDATA[https:/eminencegroup.net.au/post-sitemap9.xml]]%3E" "Mozilla/5.0 AppleWebKit/537.36 (KHTML, like Gecko; compatible; GPTBot/1.3; +https://openai.com/gptbot)"
74.7.227.61 - - [21/Mar/2026:17:23:22 +0200] "GET /shop/goods/sternutative172479851729.phtml/ HTTP/1.1" 200 150746 "https://drspos.com/shop/goods/sternutative172479851729.phtml" "Mozilla/5.0 AppleWebKit/537.36 (KHTML, like Gecko; compatible; GPTBot/1.3; +https://openai.com/gptbot)"
213.209.159.254 - - [21/Mar/2026:17:23:22 +0200] "GET /wp-admin/theme-install.php?browse=popular HTTP/1.1" 301 - "-" "Mozilla/5.0 (Windows NT 10.0; Win64; x64) AppleWebKit/537.36 (KHTML, like Gecko) Chrome/124.0.6367.207 Safari/537.36"
213.209.159.254 - - [21/Mar/2026:17:23:24 +0200] "GET /wp-admin/theme-install.php/?browse=popular HTTP/1.1" 403 185098 "-" "Mozilla/5.0 (Windows NT 10.0; Win64; x64) AppleWebKit/537.36 (KHTML, like Gecko) Chrome/124.0.6367.207 Safari/537.36"
74.7.227.61 - - [21/Mar/2026:17:23:25 +0200] "GET /?p=30802 HTTP/1.1" 200 95096 "https://drspos.com/?p=30804" "Mozilla/5.0 AppleWebKit/537.36 (KHTML, like Gecko; compatible; GPTBot/1.3; +https://openai.com/gptbot)"
157.55.39.52 - - [21/Mar/2026:17:23:27 +0200] "GET /shop/goods/sherherdia153062077268.phtml HTTP/1.1" 200 204701 "-" "Mozilla/5.0 AppleWebKit/537.36 (KHTML, like Gecko; compatible; bingbot/2.0; +http://www.bing.com/bingbot.htm) Chrome/116.0.1938.76 Safari/537.36"
74.7.227.61 - - [21/Mar/2026:17:23:28 +0200] "GET /?p=55765 HTTP/1.1" 200 92016 "https://drspos.com/?p=30804" "Mozilla/5.0 AppleWebKit/537.36 (KHTML, like Gecko; compatible; GPTBot/1.3; +https://openai.com/gptbot)"
216.73.216.163 - - [21/Mar/2026:17:23:29 +0200] "GET /shop/goods/monodist13653401761.phtml HTTP/1.1" 301 - "-" "Mozilla/5.0 AppleWebKit/537.36 (KHTML, like Gecko; compatible; ClaudeBot/1.0; +claudebot@anthropic.com)"
157.55.39.52 - - [21/Mar/2026:17:23:31 +0200] "GET /shop/goods/occipito15884740753.phtml HTTP/1.1" 200 208672 "-" "Mozilla/5.0 AppleWebKit/537.36 (KHTML, like Gecko; compatible; bingbot/2.0; +http://www.bing.com/bingbot.htm) Chrome/116.0.1938.76 Safari/537.36"
74.7.227.61 - - [21/Mar/2026:17:23:31 +0200] "GET /shop/goods/naphthalizarin171334058386.phtml HTTP/1.1" 301 - "https://drspos.com/%3C![CDATA[https:/eminencegroup.net.au/post-sitemap9.xml]]%3E" "Mozilla/5.0 AppleWebKit/537.36 (KHTML, like Gecko; compatible; GPTBot/1.3; +https://openai.com/gptbot)"
216.73.216.163 - - [21/Mar/2026:17:23:31 +0200] "GET /shop/goods/monodist13653401761.phtml/ HTTP/1.1" 200 150746 "https://drspos.com/shop/goods/monodist13653401761.phtml" "Mozilla/5.0 AppleWebKit/537.36 (KHTML, like Gecko; compatible; ClaudeBot/1.0; +claudebot@anthropic.com)"
157.55.39.52 - - [21/Mar/2026:17:23:35 +0200] "GET /shop/goods/fungian151908513950.phtml HTTP/1.1" 200 210437 "-" "Mozilla/5.0 AppleWebKit/537.36 (KHTML, like Gecko; compatible; bingbot/2.0; +http://www.bing.com/bingbot.htm) Chrome/116.0.1938.76 Safari/537.36"
74.7.227.61 - - [21/Mar/2026:17:23:34 +0200] "GET /shop/goods/naphthalizarin171334058386.phtml/ HTTP/1.1" 200 150746 "https://drspos.com/shop/goods/naphthalizarin171334058386.phtml" "Mozilla/5.0 AppleWebKit/537.36 (KHTML, like Gecko; compatible; GPTBot/1.3; +https://openai.com/gptbot)"
216.244.66.234 - - [21/Mar/2026:17:23:36 +0200] "GET /?p=32201 HTTP/1.1" 200 97029 "-" "Mozilla/5.0 (compatible; DotBot/1.2; +https://opensiteexplorer.org/dotbot; help@moz.com)"
52.167.144.162 - - [21/Mar/2026:17:23:38 +0200] "GET /shop/goods/baldwin153699059540.phtml HTTP/1.1" 200 201179 "-" "Mozilla/5.0 AppleWebKit/537.36 (KHTML, like Gecko; compatible; bingbot/2.0; +http://www.bing.com/bingbot.htm) Chrome/116.0.1938.76 Safari/537.36"
74.7.227.61 - - [21/Mar/2026:17:23:37 +0200] "GET /?p=44288 HTTP/1.1" 200 92324 "https://drspos.com/?p=44283" "Mozilla/5.0 AppleWebKit/537.36 (KHTML, like Gecko; compatible; GPTBot/1.3; +https://openai.com/gptbot)"
213.209.159.254 - - [21/Mar/2026:17:23:39 +0200] "GET /wp-admin/theme-install.php?browse=popular HTTP/1.1" 301 - "-" "Mozilla/5.0 (Windows NT 10.0; Win64; x64) AppleWebKit/537.36 (KHTML, like Gecko) Chrome/124.0.6367.207 Safari/537.36"
52.167.144.162 - - [21/Mar/2026:17:23:41 +0200] "GET /shop/goods/spane157170217.phtml HTTP/1.1" 200 210068 "-" "Mozilla/5.0 AppleWebKit/537.36 (KHTML, like Gecko; compatible; bingbot/2.0; +http://www.bing.com/bingbot.htm) Chrome/116.0.1938.76 Safari/537.36"
74.7.227.61 - - [21/Mar/2026:17:23:40 +0200] "GET /shop/goods/dialyzer171760485488.phtml HTTP/1.1" 301 - "https://drspos.com/%3C![CDATA[https:/eminencegroup.net.au/post-sitemap9.xml]]%3E" "Mozilla/5.0 AppleWebKit/537.36 (KHTML, like Gecko; compatible; GPTBot/1.3; +https://openai.com/gptbot)"
74.7.227.61 - - [21/Mar/2026:17:23:43 +0200] "GET /shop/goods/dialyzer171760485488.phtml/ HTTP/1.1" 200 150746 "https://drspos.com/shop/goods/dialyzer171760485488.phtml" "Mozilla/5.0 AppleWebKit/537.36 (KHTML, like Gecko; compatible; GPTBot/1.3; +https://openai.com/gptbot)"
213.209.159.254 - - [21/Mar/2026:17:23:44 +0200] "GET /wp-admin/theme-install.php/?browse=popular HTTP/1.1" 403 185098 "-" "Mozilla/5.0 (Windows NT 10.0; Win64; x64) AppleWebKit/537.36 (KHTML, like Gecko) Chrome/124.0.6367.207 Safari/537.36"
74.7.227.61 - - [21/Mar/2026:17:23:46 +0200] "GET /shop/goods/intercur172864997164.phtml HTTP/1.1" 301 - "https://drspos.com/%3C![CDATA[https:/eminencegroup.net.au/post-sitemap9.xml]]%3E" "Mozilla/5.0 AppleWebKit/537.36 (KHTML, like Gecko; compatible; GPTBot/1.3; +https://openai.com/gptbot)"
74.7.227.61 - - [21/Mar/2026:17:23:49 +0200] "GET /shop/goods/intercur172864997164.phtml/ HTTP/1.1" 200 150746 "https://drspos.com/shop/goods/intercur172864997164.phtml" "Mozilla/5.0 AppleWebKit/537.36 (KHTML, like Gecko; compatible; GPTBot/1.3; +https://openai.com/gptbot)"
157.55.39.52 - - [21/Mar/2026:17:23:51 +0200] "GET /shop/goods/amphoral154046035429.phtml HTTP/1.1" 200 209363 "-" "Mozilla/5.0 AppleWebKit/537.36 (KHTML, like Gecko; compatible; bingbot/2.0; +http://www.bing.com/bingbot.htm) Chrome/116.0.1938.76 Safari/537.36"
157.55.39.52 - - [21/Mar/2026:17:23:53 +0200] "GET /shop/goods/polyandria154091582544.phtml HTTP/1.1" 200 195176 "-" "Mozilla/5.0 AppleWebKit/537.36 (KHTML, like Gecko; compatible; bingbot/2.0; +http://www.bing.com/bingbot.htm) Chrome/116.0.1938.76 Safari/537.36"
74.7.227.61 - - [21/Mar/2026:17:23:52 +0200] "GET /?p=52836 HTTP/1.1" 200 91996 "https://drspos.com/?p=52838" "Mozilla/5.0 AppleWebKit/537.36 (KHTML, like Gecko; compatible; GPTBot/1.3; +https://openai.com/gptbot)"
157.55.39.52 - - [21/Mar/2026:17:23:56 +0200] "GET /shop/goods/spirillum153452710829.phtml HTTP/1.1" 200 199692 "-" "Mozilla/5.0 AppleWebKit/537.36 (KHTML, like Gecko; compatible; bingbot/2.0; +http://www.bing.com/bingbot.htm) Chrome/116.0.1938.76 Safari/537.36"
74.7.227.61 - - [21/Mar/2026:17:23:56 +0200] "GET /?p=48338 HTTP/1.1" 200 86554 "https://drspos.com/?p=48336" "Mozilla/5.0 AppleWebKit/537.36 (KHTML, like Gecko; compatible; GPTBot/1.3; +https://openai.com/gptbot)"
157.55.39.52 - - [21/Mar/2026:17:23:59 +0200] "GET /shop/goods/animadversal151637650864.phtml HTTP/1.1" 200 209997 "-" "Mozilla/5.0 AppleWebKit/537.36 (KHTML, like Gecko; compatible; bingbot/2.0; +http://www.bing.com/bingbot.htm) Chrome/116.0.1938.76 Safari/537.36"
74.7.227.61 - - [21/Mar/2026:17:23:59 +0200] "GET /shop/goods/adultery171294250625.phtml HTTP/1.1" 301 - "https://drspos.com/%3C![CDATA[https:/eminencegroup.net.au/post-sitemap9.xml]]%3E" "Mozilla/5.0 AppleWebKit/537.36 (KHTML, like Gecko; compatible; GPTBot/1.3; +https://openai.com/gptbot)"
216.73.216.163 - - [21/Mar/2026:17:24:00 +0200] "GET /shop/goods/glissade122647149031.phtml HTTP/1.1" 301 - "-" "Mozilla/5.0 AppleWebKit/537.36 (KHTML, like Gecko; compatible; ClaudeBot/1.0; +claudebot@anthropic.com)"
52.167.144.162 - - [21/Mar/2026:17:24:02 +0200] "GET /shop/goods/polyclinic152097636758.phtml HTTP/1.1" 200 206256 "-" "Mozilla/5.0 AppleWebKit/537.36 (KHTML, like Gecko; compatible; bingbot/2.0; +http://www.bing.com/bingbot.htm) Chrome/116.0.1938.76 Safari/537.36"
74.7.227.61 - - [21/Mar/2026:17:24:01 +0200] "GET /shop/goods/adultery171294250625.phtml/ HTTP/1.1" 200 150746 "https://drspos.com/shop/goods/adultery171294250625.phtml" "Mozilla/5.0 AppleWebKit/537.36 (KHTML, like Gecko; compatible; GPTBot/1.3; +https://openai.com/gptbot)"
213.209.159.254 - - [21/Mar/2026:17:24:02 +0200] "GET /wp-admin/themes.php HTTP/1.1" 200 201677 "-" "Mozilla/5.0 (Windows NT 10.0; Win64; x64) AppleWebKit/537.36 (KHTML, like Gecko) Chrome/124.0.6367.207 Safari/537.36"
216.73.216.163 - - [21/Mar/2026:17:24:03 +0200] "GET /shop/goods/glissade122647149031.phtml/ HTTP/1.1" 200 150746 "https://drspos.com/shop/goods/glissade122647149031.phtml" "Mozilla/5.0 AppleWebKit/537.36 (KHTML, like Gecko; compatible; ClaudeBot/1.0; +claudebot@anthropic.com)"
52.167.144.162 - - [21/Mar/2026:17:24:07 +0200] "GET /shop/goods/clubrush1018496941.phtml HTTP/1.1" 200 207034 "-" "Mozilla/5.0 AppleWebKit/537.36 (KHTML, like Gecko; compatible; bingbot/2.0; +http://www.bing.com/bingbot.htm) Chrome/116.0.1938.76 Safari/537.36"
74.7.227.61 - - [21/Mar/2026:17:24:05 +0200] "GET /?p=46582 HTTP/1.1" 200 93011 "https://drspos.com/?p=46584" "Mozilla/5.0 AppleWebKit/537.36 (KHTML, like Gecko; compatible; GPTBot/1.3; +https://openai.com/gptbot)"
74.7.227.61 - - [21/Mar/2026:17:24:08 +0200] "GET /shop/goods/braining173426871606.phtml HTTP/1.1" 301 - "https://drspos.com/%3C![CDATA[https:/eminencegroup.net.au/post-sitemap9.xml]]%3E" "Mozilla/5.0 AppleWebKit/537.36 (KHTML, like Gecko; compatible; GPTBot/1.3; +https://openai.com/gptbot)"
74.7.227.61 - - [21/Mar/2026:17:24:11 +0200] "GET /shop/goods/braining173426871606.phtml/ HTTP/1.1" 200 150746 "https://drspos.com/shop/goods/braining173426871606.phtml" "Mozilla/5.0 AppleWebKit/537.36 (KHTML, like Gecko; compatible; GPTBot/1.3; +https://openai.com/gptbot)"
74.7.227.61 - - [21/Mar/2026:17:24:15 +0200] "GET /?p=30800 HTTP/1.1" 200 93790 "https://drspos.com/?p=30802" "Mozilla/5.0 AppleWebKit/537.36 (KHTML, like Gecko; compatible; GPTBot/1.3; +https://openai.com/gptbot)"
213.209.159.254 - - [21/Mar/2026:17:24:18 +0200] "GET /wp-admin/theme-install.php?browse=popular HTTP/1.1" 301 - "-" "Mozilla/5.0 (Windows NT 10.0; Win64; x64) AppleWebKit/537.36 (KHTML, like Gecko) Chrome/124.0.6367.207 Safari/537.36"
74.7.227.61 - - [21/Mar/2026:17:24:19 +0200] "GET /shop/goods/cerealin172267361704.phtml HTTP/1.1" 301 - "https://drspos.com/%3C![CDATA[https:/eminencegroup.net.au/post-sitemap9.xml]]%3E" "Mozilla/5.0 AppleWebKit/537.36 (KHTML, like Gecko; compatible; GPTBot/1.3; +https://openai.com/gptbot)"
216.244.66.234 - - [21/Mar/2026:17:24:08 +0200] "GET /?author=6&paged=6 HTTP/1.1" 200 124728 "-" "Mozilla/5.0 (compatible; DotBot/1.2; +https://opensiteexplorer.org/dotbot; help@moz.com)"
74.7.227.61 - - [21/Mar/2026:17:24:21 +0200] "GET /shop/goods/cerealin172267361704.phtml/ HTTP/1.1" 200 150746 "https://drspos.com/shop/goods/cerealin172267361704.phtml" "Mozilla/5.0 AppleWebKit/537.36 (KHTML, like Gecko; compatible; GPTBot/1.3; +https://openai.com/gptbot)"
213.209.159.254 - - [21/Mar/2026:17:24:21 +0200] "GET /wp-admin/theme-install.php/?browse=popular HTTP/1.1" 403 185098 "-" "Mozilla/5.0 (Windows NT 10.0; Win64; x64) AppleWebKit/537.36 (KHTML, like Gecko) Chrome/124.0.6367.207 Safari/537.36"
74.7.227.61 - - [21/Mar/2026:17:24:24 +0200] "GET /shop/goods/cyprinus171846506847.phtml HTTP/1.1" 301 - "https://drspos.com/%3C![CDATA[https:/eminencegroup.net.au/post-sitemap9.xml]]%3E" "Mozilla/5.0 AppleWebKit/537.36 (KHTML, like Gecko; compatible; GPTBot/1.3; +https://openai.com/gptbot)"
157.55.39.52 - - [21/Mar/2026:17:24:25 +0200] "GET /shop/goods/prolocutorship143319290043.phtml HTTP/1.1" 200 199837 "-" "Mozilla/5.0 AppleWebKit/537.36 (KHTML, like Gecko; compatible; bingbot/2.0; +http://www.bing.com/bingbot.htm) Chrome/116.0.1938.76 Safari/537.36"
74.7.227.61 - - [21/Mar/2026:17:24:26 +0200] "GET /shop/goods/cyprinus171846506847.phtml/ HTTP/1.1" 200 150746 "https://drspos.com/shop/goods/cyprinus171846506847.phtml" "Mozilla/5.0 AppleWebKit/537.36 (KHTML, like Gecko; compatible; GPTBot/1.3; +https://openai.com/gptbot)"
157.55.39.52 - - [21/Mar/2026:17:24:28 +0200] "GET /shop/goods/analogue15580394035.phtml HTTP/1.1" 200 205295 "-" "Mozilla/5.0 AppleWebKit/537.36 (KHTML, like Gecko; compatible; bingbot/2.0; +http://www.bing.com/bingbot.htm) Chrome/116.0.1938.76 Safari/537.36"
74.7.227.61 - - [21/Mar/2026:17:24:30 +0200] "GET /?p=44290 HTTP/1.1" 200 90957 "https://drspos.com/?p=44288" "Mozilla/5.0 AppleWebKit/537.36 (KHTML, like Gecko; compatible; GPTBot/1.3; +https://openai.com/gptbot)"
216.73.216.163 - - [21/Mar/2026:17:24:30 +0200] "GET /shop/goods/zeppelin131397859092.phtml HTTP/1.1" 301 - "-" "Mozilla/5.0 AppleWebKit/537.36 (KHTML, like Gecko; compatible; ClaudeBot/1.0; +claudebot@anthropic.com)"
74.7.227.61 - - [21/Mar/2026:17:24:33 +0200] "GET /shop/goods/trichite171729593480.phtml HTTP/1.1" 301 - "https://drspos.com/%3C![CDATA[https:/eminencegroup.net.au/post-sitemap9.xml]]%3E" "Mozilla/5.0 AppleWebKit/537.36 (KHTML, like Gecko; compatible; GPTBot/1.3; +https://openai.com/gptbot)"
216.73.216.163 - - [21/Mar/2026:17:24:33 +0200] "GET /shop/goods/zeppelin131397859092.phtml/ HTTP/1.1" 200 150746 "https://drspos.com/shop/goods/zeppelin131397859092.phtml" "Mozilla/5.0 AppleWebKit/537.36 (KHTML, like Gecko; compatible; ClaudeBot/1.0; +claudebot@anthropic.com)"
52.167.144.162 - - [21/Mar/2026:17:24:36 +0200] "GET /shop/goods/pluviography153979476446.phtml HTTP/1.1" 200 203807 "-" "Mozilla/5.0 AppleWebKit/537.36 (KHTML, like Gecko; compatible; bingbot/2.0; +http://www.bing.com/bingbot.htm) Chrome/116.0.1938.76 Safari/537.36"
74.7.227.61 - - [21/Mar/2026:17:24:35 +0200] "GET /shop/goods/trichite171729593480.phtml/ HTTP/1.1" 200 150746 "https://drspos.com/shop/goods/trichite171729593480.phtml" "Mozilla/5.0 AppleWebKit/537.36 (KHTML, like Gecko; compatible; GPTBot/1.3; +https://openai.com/gptbot)"
213.209.159.254 - - [21/Mar/2026:17:24:36 +0200] "GET /wp-admin/theme-install.php?browse=popular HTTP/1.1" 301 - "-" "Mozilla/5.0 (Windows NT 10.0; Win64; x64) AppleWebKit/537.36 (KHTML, like Gecko) Chrome/124.0.6367.207 Safari/537.36"
52.167.144.162 - - [21/Mar/2026:17:24:39 +0200] "GET /shop/goods/downrightly151333028570.phtml HTTP/1.1" 200 203255 "-" "Mozilla/5.0 AppleWebKit/537.36 (KHTML, like Gecko; compatible; bingbot/2.0; +http://www.bing.com/bingbot.htm) Chrome/116.0.1938.76 Safari/537.36"
74.7.227.61 - - [21/Mar/2026:17:24:38 +0200] "GET /shop/goods/abditive172980909530.phtml HTTP/1.1" 301 - "https://drspos.com/%3C![CDATA[https:/eminencegroup.net.au/post-sitemap9.xml]]%3E" "Mozilla/5.0 AppleWebKit/537.36 (KHTML, like Gecko; compatible; GPTBot/1.3; +https://openai.com/gptbot)"
213.209.159.254 - - [21/Mar/2026:17:24:38 +0200] "GET /wp-admin/theme-install.php/?browse=popular HTTP/1.1" 403 185098 "-" "Mozilla/5.0 (Windows NT 10.0; Win64; x64) AppleWebKit/537.36 (KHTML, like Gecko) Chrome/124.0.6367.207 Safari/537.36"
74.7.227.61 - - [21/Mar/2026:17:24:40 +0200] "GET /shop/goods/abditive172980909530.phtml/ HTTP/1.1" 200 150746 "https://drspos.com/shop/goods/abditive172980909530.phtml" "Mozilla/5.0 AppleWebKit/537.36 (KHTML, like Gecko; compatible; GPTBot/1.3; +https://openai.com/gptbot)"
157.55.39.52 - - [21/Mar/2026:17:24:43 +0200] "GET /shop/goods/conventionally15105023527.phtml HTTP/1.1" 200 206860 "-" "Mozilla/5.0 AppleWebKit/537.36 (KHTML, like Gecko; compatible; bingbot/2.0; +http://www.bing.com/bingbot.htm) Chrome/116.0.1938.76 Safari/537.36"
74.7.227.61 - - [21/Mar/2026:17:24:44 +0200] "GET /?p=52834 HTTP/1.1" 200 93456 "https://drspos.com/?p=52836" "Mozilla/5.0 AppleWebKit/537.36 (KHTML, like Gecko; compatible; GPTBot/1.3; +https://openai.com/gptbot)"
74.7.227.61 - - [21/Mar/2026:17:24:47 +0200] "GET /?p=48340 HTTP/1.1" 200 91514 "https://drspos.com/?p=48338" "Mozilla/5.0 AppleWebKit/537.36 (KHTML, like Gecko; compatible; GPTBot/1.3; +https://openai.com/gptbot)"
157.55.39.52 - - [21/Mar/2026:17:24:49 +0200] "GET /shop/goods/tumultuously151366558755.phtml HTTP/1.1" 200 211917 "-" "Mozilla/5.0 AppleWebKit/537.36 (KHTML, like Gecko; compatible; bingbot/2.0; +http://www.bing.com/bingbot.htm) Chrome/116.0.1938.76 Safari/537.36"
74.7.227.61 - - [21/Mar/2026:17:24:50 +0200] "GET /shop/goods/mynchery171458148230.phtml HTTP/1.1" 301 - "https://drspos.com/%3C![CDATA[https:/eminencegroup.net.au/post-sitemap9.xml]]%3E" "Mozilla/5.0 AppleWebKit/537.36 (KHTML, like Gecko; compatible; GPTBot/1.3; +https://openai.com/gptbot)"
122.171.20.194 - - [21/Mar/2026:17:24:52 +0200] "POST /xmlrpc.php HTTP/1.1" 200 403 "-" "Mozilla/5.0 (Windows NT 6.2; x64) AppleWebKit/537.36 (KHTML, like Gecko) Chrome/113.0.0.0 Safari/537.36"
74.7.227.61 - - [21/Mar/2026:17:24:52 +0200] "GET /shop/goods/mynchery171458148230.phtml/ HTTP/1.1" 200 150746 "https://drspos.com/shop/goods/mynchery171458148230.phtml" "Mozilla/5.0 AppleWebKit/537.36 (KHTML, like Gecko; compatible; GPTBot/1.3; +https://openai.com/gptbot)"
213.209.159.254 - - [21/Mar/2026:17:24:53 +0200] "GET /wp-admin/theme-install.php?browse=popular HTTP/1.1" 301 - "-" "Mozilla/5.0 (Windows NT 10.0; Win64; x64) AppleWebKit/537.36 (KHTML, like Gecko) Chrome/124.0.6367.207 Safari/537.36"
216.244.66.234 - - [21/Mar/2026:17:24:53 +0200] "GET /?p=19920 HTTP/1.1" 200 96167 "-" "Mozilla/5.0 (compatible; DotBot/1.2; +https://opensiteexplorer.org/dotbot; help@moz.com)"
74.7.227.61 - - [21/Mar/2026:17:24:56 +0200] "GET /?p=46580 HTTP/1.1" 200 95238 "https://drspos.com/?p=46582" "Mozilla/5.0 AppleWebKit/537.36 (KHTML, like Gecko; compatible; GPTBot/1.3; +https://openai.com/gptbot)"
213.209.159.254 - - [21/Mar/2026:17:24:56 +0200] "GET /wp-admin/theme-install.php/?browse=popular HTTP/1.1" 403 185098 "-" "Mozilla/5.0 (Windows NT 10.0; Win64; x64) AppleWebKit/537.36 (KHTML, like Gecko) Chrome/124.0.6367.207 Safari/537.36"
157.55.39.52 - - [21/Mar/2026:17:24:59 +0200] "GET /shop/goods/sabered153568011346.phtml HTTP/1.1" 200 207261 "-" "Mozilla/5.0 AppleWebKit/537.36 (KHTML, like Gecko; compatible; bingbot/2.0; +http://www.bing.com/bingbot.htm) Chrome/116.0.1938.76 Safari/537.36"
74.7.227.61 - - [21/Mar/2026:17:24:59 +0200] "GET /shop/goods/galician173280936204.phtml HTTP/1.1" 301 - "https://drspos.com/%3C![CDATA[https:/eminencegroup.net.au/post-sitemap9.xml]]%3E" "Mozilla/5.0 AppleWebKit/537.36 (KHTML, like Gecko; compatible; GPTBot/1.3; +https://openai.com/gptbot)"
207.46.13.9 - - [21/Mar/2026:17:25:02 +0200] "GET /shop/goods/chiretta153123919292.phtml HTTP/1.1" 200 213085 "-" "Mozilla/5.0 AppleWebKit/537.36 (KHTML, like Gecko; compatible; bingbot/2.0; +http://www.bing.com/bingbot.htm) Chrome/116.0.1938.76 Safari/537.36"
74.7.227.61 - - [21/Mar/2026:17:25:01 +0200] "GET /shop/goods/galician173280936204.phtml/ HTTP/1.1" 200 150746 "https://drspos.com/shop/goods/galician173280936204.phtml" "Mozilla/5.0 AppleWebKit/537.36 (KHTML, like Gecko; compatible; GPTBot/1.3; +https://openai.com/gptbot)"
216.73.216.163 - - [21/Mar/2026:17:25:02 +0200] "GET /shop/goods/pheese122382166207.phtml HTTP/1.1" 301 - "-" "Mozilla/5.0 AppleWebKit/537.36 (KHTML, like Gecko; compatible; ClaudeBot/1.0; +claudebot@anthropic.com)"
209.141.45.17 - - [21/Mar/2026:17:25:06 +0200] "GET /wp-login.php HTTP/1.1" 200 6336 "-" "Mozilla/5.0 (Macintosh; Intel Mac OS X 10_9_2) AppleWebKit/537.36 (KHTML, like Gecko) Chrome/35.0.1916.153 Safari/537.36"
216.73.216.163 - - [21/Mar/2026:17:25:05 +0200] "GET /shop/goods/pheese122382166207.phtml/ HTTP/1.1" 200 150746 "https://drspos.com/shop/goods/pheese122382166207.phtml" "Mozilla/5.0 AppleWebKit/537.36 (KHTML, like Gecko; compatible; ClaudeBot/1.0; +claudebot@anthropic.com)"
74.7.227.61 - - [21/Mar/2026:17:25:05 +0200] "GET /?p=30798 HTTP/1.1" 200 93485 "https://drspos.com/?p=30800" "Mozilla/5.0 AppleWebKit/537.36 (KHTML, like Gecko; compatible; GPTBot/1.3; +https://openai.com/gptbot)"
213.209.159.254 - - [21/Mar/2026:17:25:06 +0200] "GET /wp-admin/theme-install.php?browse=popular HTTP/1.1" 301 - "-" "Mozilla/5.0 (Windows NT 10.0; Win64; x64) AppleWebKit/537.36 (KHTML, like Gecko) Chrome/124.0.6367.207 Safari/537.36"
74.7.227.61 - - [21/Mar/2026:17:25:09 +0200] "GET /shop/goods/fritting171693162408.phtml HTTP/1.1" 301 - "https://drspos.com/%3C![CDATA[https:/eminencegroup.net.au/post-sitemap9.xml]]%3E" "Mozilla/5.0 AppleWebKit/537.36 (KHTML, like Gecko; compatible; GPTBot/1.3; +https://openai.com/gptbot)"
207.46.13.9 - - [21/Mar/2026:17:25:11 +0200] "GET /shop/goods/porphyrize151358327239.phtml HTTP/1.1" 200 216806 "-" "Mozilla/5.0 AppleWebKit/537.36 (KHTML, like Gecko; compatible; bingbot/2.0; +http://www.bing.com/bingbot.htm) Chrome/116.0.1938.76 Safari/537.36"
74.7.227.61 - - [21/Mar/2026:17:25:11 +0200] "GET /shop/goods/fritting171693162408.phtml/ HTTP/1.1" 200 150746 "https://drspos.com/shop/goods/fritting171693162408.phtml" "Mozilla/5.0 AppleWebKit/537.36 (KHTML, like Gecko; compatible; GPTBot/1.3; +https://openai.com/gptbot)"
213.209.159.254 - - [21/Mar/2026:17:25:11 +0200] "GET /wp-admin/theme-install.php/?browse=popular HTTP/1.1" 403 185098 "-" "Mozilla/5.0 (Windows NT 10.0; Win64; x64) AppleWebKit/537.36 (KHTML, like Gecko) Chrome/124.0.6367.207 Safari/537.36"
74.7.227.61 - - [21/Mar/2026:17:25:14 +0200] "GET /shop/goods/tincture171996589610.phtml HTTP/1.1" 301 - "https://drspos.com/%3C![CDATA[https:/eminencegroup.net.au/post-sitemap9.xml]]%3E" "Mozilla/5.0 AppleWebKit/537.36 (KHTML, like Gecko; compatible; GPTBot/1.3; +https://openai.com/gptbot)"
74.7.227.61 - - [21/Mar/2026:17:25:17 +0200] "GET /shop/goods/tincture171996589610.phtml/ HTTP/1.1" 200 150746 "https://drspos.com/shop/goods/tincture171996589610.phtml" "Mozilla/5.0 AppleWebKit/537.36 (KHTML, like Gecko; compatible; GPTBot/1.3; +https://openai.com/gptbot)"
74.7.227.61 - - [21/Mar/2026:17:25:20 +0200] "GET /?p=44294 HTTP/1.1" 200 92054 "https://drspos.com/?p=44290" "Mozilla/5.0 AppleWebKit/537.36 (KHTML, like Gecko; compatible; GPTBot/1.3; +https://openai.com/gptbot)"
74.7.227.61 - - [21/Mar/2026:17:25:23 +0200] "GET /shop/goods/criteria171612894329.phtml HTTP/1.1" 301 - "https://drspos.com/%3C![CDATA[https:/eminencegroup.net.au/post-sitemap9.xml]]%3E" "Mozilla/5.0 AppleWebKit/537.36 (KHTML, like Gecko; compatible; GPTBot/1.3; +https://openai.com/gptbot)"
52.167.144.162 - - [21/Mar/2026:17:25:24 +0200] "GET /shop/goods/dysnomy152888279879.phtml HTTP/1.1" 200 220244 "-" "Mozilla/5.0 AppleWebKit/537.36 (KHTML, like Gecko; compatible; bingbot/2.0; +http://www.bing.com/bingbot.htm) Chrome/116.0.1938.76 Safari/537.36"
213.209.159.254 - - [21/Mar/2026:17:25:26 +0200] "GET /wp-admin/theme-install.php?browse=popular HTTP/1.1" 301 - "-" "Mozilla/5.0 (Windows NT 10.0; Win64; x64) AppleWebKit/537.36 (KHTML, like Gecko) Chrome/124.0.6367.207 Safari/537.36"
74.7.227.61 - - [21/Mar/2026:17:25:26 +0200] "GET /shop/goods/criteria171612894329.phtml/ HTTP/1.1" 200 150746 "https://drspos.com/shop/goods/criteria171612894329.phtml" "Mozilla/5.0 AppleWebKit/537.36 (KHTML, like Gecko; compatible; GPTBot/1.3; +https://openai.com/gptbot)"
216.244.66.234 - - [21/Mar/2026:17:25:28 +0200] "GET /?p=26897 HTTP/1.1" 200 99108 "-" "Mozilla/5.0 (compatible; DotBot/1.2; +https://opensiteexplorer.org/dotbot; help@moz.com)"
52.167.144.162 - - [21/Mar/2026:17:25:31 +0200] "GET /shop/goods/christmastide152354520430.phtml HTTP/1.1" 200 213428 "-" "Mozilla/5.0 AppleWebKit/537.36 (KHTML, like Gecko; compatible; bingbot/2.0; +http://www.bing.com/bingbot.htm) Chrome/116.0.1938.76 Safari/537.36"
74.7.227.61 - - [21/Mar/2026:17:25:29 +0200] "GET /shop/goods/perodictius173388883093.phtml HTTP/1.1" 301 - "https://drspos.com/%3C![CDATA[https:/eminencegroup.net.au/post-sitemap9.xml]]%3E" "Mozilla/5.0 AppleWebKit/537.36 (KHTML, like Gecko; compatible; GPTBot/1.3; +https://openai.com/gptbot)"
213.209.159.254 - - [21/Mar/2026:17:25:30 +0200] "GET /wp-admin/theme-install.php/?browse=popular HTTP/1.1" 403 185098 "-" "Mozilla/5.0 (Windows NT 10.0; Win64; x64) AppleWebKit/537.36 (KHTML, like Gecko) Chrome/124.0.6367.207 Safari/537.36"
74.7.227.61 - - [21/Mar/2026:17:25:32 +0200] "GET /shop/goods/perodictius173388883093.phtml/ HTTP/1.1" 200 150746 "https://drspos.com/shop/goods/perodictius173388883093.phtml" "Mozilla/5.0 AppleWebKit/537.36 (KHTML, like Gecko; compatible; GPTBot/1.3; +https://openai.com/gptbot)"
216.73.216.163 - - [21/Mar/2026:17:25:33 +0200] "GET /shop/goods/skewered143598711971.phtml HTTP/1.1" 301 - "-" "Mozilla/5.0 AppleWebKit/537.36 (KHTML, like Gecko; compatible; ClaudeBot/1.0; +claudebot@anthropic.com)"
52.167.144.162 - - [21/Mar/2026:17:25:35 +0200] "GET /shop/goods/eolotropic151902793328.phtml HTTP/1.1" 200 211904 "-" "Mozilla/5.0 AppleWebKit/537.36 (KHTML, like Gecko; compatible; bingbot/2.0; +http://www.bing.com/bingbot.htm) Chrome/116.0.1938.76 Safari/537.36"
