74.7.227.61 - - [21/Mar/2026:17:10:36 +0200] "GET /shop/goods/inexplicability17769200188.phtml/ HTTP/1.1" 200 150746 "https://drspos.com/shop/goods/inexplicability17769200188.phtml" "Mozilla/5.0 AppleWebKit/537.36 (KHTML, like Gecko; compatible; GPTBot/1.3; +https://openai.com/gptbot)"
182.8.130.137 - - [21/Mar/2026:17:10:38 +0200] "GET /wp-content/plugins/elementskit-lite/widgets/init/assets/css/widget-styles.css?ver=3.5.2 HTTP/1.1" 200 461827 "https://drspos.com/?p=4098" "Mozilla/5.0 (Windows NT 10.0; Win64; x64) AppleWebKit/537.36 (KHTML, like Gecko) Chrome/143.0.0.0 Safari/537.36"
74.7.227.61 - - [21/Mar/2026:17:10:39 +0200] "GET /?p=44256 HTTP/1.1" 200 91358 "https://drspos.com/?p=44254" "Mozilla/5.0 AppleWebKit/537.36 (KHTML, like Gecko; compatible; GPTBot/1.3; +https://openai.com/gptbot)"
182.8.130.137 - - [21/Mar/2026:17:10:42 +0200] "GET /wp-content/plugins/elementskit-lite/widgets/init/assets/css/responsive.css?ver=3.5.2 HTTP/1.1" 200 30347 "https://drspos.com/?p=4098" "Mozilla/5.0 (Windows NT 10.0; Win64; x64) AppleWebKit/537.36 (KHTML, like Gecko) Chrome/143.0.0.0 Safari/537.36"
182.8.130.137 - - [21/Mar/2026:17:10:44 +0200] "GET /wp-content/plugins/ele-custom-skin/assets/css/ecs-style.css?ver=3.1.9 HTTP/1.1" 200 9125 "https://drspos.com/?p=4098" "Mozilla/5.0 (Windows NT 10.0; Win64; x64) AppleWebKit/537.36 (KHTML, like Gecko) Chrome/143.0.0.0 Safari/537.36"
182.8.130.137 - - [21/Mar/2026:17:10:45 +0200] "GET /wp-content/uploads/elementor/google-fonts/css/poppins.css?ver=1747086541 HTTP/1.1" 200 22361 "https://drspos.com/?p=4098" "Mozilla/5.0 (Windows NT 10.0; Win64; x64) AppleWebKit/537.36 (KHTML, like Gecko) Chrome/143.0.0.0 Safari/537.36"
74.7.227.61 - - [21/Mar/2026:17:10:42 +0200] "GET /?p=52866 HTTP/1.1" 200 98370 "https://drspos.com/?p=52868" "Mozilla/5.0 AppleWebKit/537.36 (KHTML, like Gecko; compatible; GPTBot/1.3; +https://openai.com/gptbot)"
182.8.130.137 - - [21/Mar/2026:17:10:46 +0200] "GET /wp-content/uploads/elementor/google-fonts/css/roboto.css?ver=1747086522 HTTP/1.1" 200 102870 "https://drspos.com/?p=4098" "Mozilla/5.0 (Windows NT 10.0; Win64; x64) AppleWebKit/537.36 (KHTML, like Gecko) Chrome/143.0.0.0 Safari/537.36"
74.7.227.61 - - [21/Mar/2026:17:10:46 +0200] "GET /shop/goods/shellwork171380044741.phtml HTTP/1.1" 301 - "https://drspos.com/%3C![CDATA[https:/eminencegroup.net.au/post-sitemap9.xml]]%3E" "Mozilla/5.0 AppleWebKit/537.36 (KHTML, like Gecko; compatible; GPTBot/1.3; +https://openai.com/gptbot)"
216.73.216.163 - - [21/Mar/2026:17:10:45 +0200] "GET /shop/goods/graspable14545483890.phtml HTTP/1.1" 301 - "-" "Mozilla/5.0 AppleWebKit/537.36 (KHTML, like Gecko; compatible; ClaudeBot/1.0; +claudebot@anthropic.com)"
182.8.130.137 - - [21/Mar/2026:17:10:49 +0200] "GET /wp-content/uploads/elementor/google-fonts/css/playfairdisplay.css?ver=1747086558 HTTP/1.1" 200 20358 "https://drspos.com/?p=4098" "Mozilla/5.0 (Windows NT 10.0; Win64; x64) AppleWebKit/537.36 (KHTML, like Gecko) Chrome/143.0.0.0 Safari/537.36"
182.8.130.137 - - [21/Mar/2026:17:10:50 +0200] "GET /wp-content/plugins/elementor/assets/lib/font-awesome/css/fontawesome.min.css?ver=5.15.3 HTTP/1.1" 200 58071 "https://drspos.com/?p=4098" "Mozilla/5.0 (Windows NT 10.0; Win64; x64) AppleWebKit/537.36 (KHTML, like Gecko) Chrome/143.0.0.0 Safari/537.36"
74.7.227.61 - - [21/Mar/2026:17:10:49 +0200] "GET /shop/goods/shellwork171380044741.phtml/ HTTP/1.1" 200 150746 "https://drspos.com/shop/goods/shellwork171380044741.phtml" "Mozilla/5.0 AppleWebKit/537.36 (KHTML, like Gecko; compatible; GPTBot/1.3; +https://openai.com/gptbot)"
216.73.216.163 - - [21/Mar/2026:17:10:49 +0200] "GET /shop/goods/graspable14545483890.phtml/ HTTP/1.1" 200 150746 "https://drspos.com/shop/goods/graspable14545483890.phtml" "Mozilla/5.0 AppleWebKit/537.36 (KHTML, like Gecko; compatible; ClaudeBot/1.0; +claudebot@anthropic.com)"
182.8.130.137 - - [21/Mar/2026:17:10:52 +0200] "GET /wp-content/plugins/elementor/assets/lib/font-awesome/css/solid.min.css?ver=5.15.3 HTTP/1.1" 200 669 "https://drspos.com/?p=4098" "Mozilla/5.0 (Windows NT 10.0; Win64; x64) AppleWebKit/537.36 (KHTML, like Gecko) Chrome/143.0.0.0 Safari/537.36"
182.8.130.137 - - [21/Mar/2026:17:10:53 +0200] "GET /wp-content/plugins/elementor/assets/lib/font-awesome/css/brands.min.css?ver=5.15.3 HTTP/1.1" 200 675 "https://drspos.com/?p=4098" "Mozilla/5.0 (Windows NT 10.0; Win64; x64) AppleWebKit/537.36 (KHTML, like Gecko) Chrome/143.0.0.0 Safari/537.36"
74.7.227.61 - - [21/Mar/2026:17:10:51 +0200] "GET /shop/goods/adoptious172727795696.phtml HTTP/1.1" 301 - "https://drspos.com/%3C![CDATA[https:/eminencegroup.net.au/post-sitemap9.xml]]%3E" "Mozilla/5.0 AppleWebKit/537.36 (KHTML, like Gecko; compatible; GPTBot/1.3; +https://openai.com/gptbot)"
182.8.130.137 - - [21/Mar/2026:17:10:54 +0200] "GET /wp-content/plugins/elementskit-lite/modules/elementskit-icon-pack/assets/css/ekiticons.css?ver=3.5.2 HTTP/1.1" 200 124992 "https://drspos.com/?p=4098" "Mozilla/5.0 (Windows NT 10.0; Win64; x64) AppleWebKit/537.36 (KHTML, like Gecko) Chrome/143.0.0.0 Safari/537.36"
74.7.227.61 - - [21/Mar/2026:17:10:54 +0200] "GET /shop/goods/adoptious172727795696.phtml/ HTTP/1.1" 200 150746 "https://drspos.com/shop/goods/adoptious172727795696.phtml" "Mozilla/5.0 AppleWebKit/537.36 (KHTML, like Gecko; compatible; GPTBot/1.3; +https://openai.com/gptbot)"
74.7.227.61 - - [21/Mar/2026:17:10:57 +0200] "GET /shop/goods/bloodlust173353402313.phtml HTTP/1.1" 301 - "https://drspos.com/%3C![CDATA[https:/eminencegroup.net.au/post-sitemap9.xml]]%3E" "Mozilla/5.0 AppleWebKit/537.36 (KHTML, like Gecko; compatible; GPTBot/1.3; +https://openai.com/gptbot)"
182.8.130.137 - - [21/Mar/2026:17:10:57 +0200] "POST /wp-comments-post.php HTTP/1.1" 302 - "https://drspos.com/?p=4098" "Mozilla/5.0 (Macintosh; Intel Mac OS X 12_5) AppleWebKit/537.36 (KHTML, like Gecko) Chrome/114.0.0.0 Safari/537.36 OPR/89.0.4447.51"
74.7.227.61 - - [21/Mar/2026:17:11:00 +0200] "GET /shop/goods/bloodlust173353402313.phtml/ HTTP/1.1" 200 150746 "https://drspos.com/shop/goods/bloodlust173353402313.phtml" "Mozilla/5.0 AppleWebKit/537.36 (KHTML, like Gecko; compatible; GPTBot/1.3; +https://openai.com/gptbot)"
216.73.216.163 - - [21/Mar/2026:17:11:01 +0200] "GET /shop/goods/convoking161702349327.phtml HTTP/1.1" 301 - "-" "Mozilla/5.0 AppleWebKit/537.36 (KHTML, like Gecko; compatible; ClaudeBot/1.0; +claudebot@anthropic.com)"
182.8.130.137 - - [21/Mar/2026:17:11:01 +0200] "GET /?p=4098&unapproved=1298&moderation-hash=4ebc8d7f9307f1904a87c8a5165f78e7 HTTP/1.1" 200 101080 "https://drspos.com/wp-comments-post.php" "Mozilla/5.0 (Macintosh; Intel Mac OS X 12_5) AppleWebKit/537.36 (KHTML, like Gecko) Chrome/114.0.0.0 Safari/537.36 OPR/89.0.4447.51"
207.46.13.170 - - [21/Mar/2026:17:11:04 +0200] "GET /shop/goods/polychloride151793642371.phtml HTTP/1.1" 200 194262 "-" "Mozilla/5.0 AppleWebKit/537.36 (KHTML, like Gecko; compatible; bingbot/2.0; +http://www.bing.com/bingbot.htm) Chrome/116.0.1938.76 Safari/537.36"
74.7.227.61 - - [21/Mar/2026:17:11:03 +0200] "GET /?p=48308 HTTP/1.1" 200 92353 "https://drspos.com/?p=48306" "Mozilla/5.0 AppleWebKit/537.36 (KHTML, like Gecko; compatible; GPTBot/1.3; +https://openai.com/gptbot)"
216.73.216.163 - - [21/Mar/2026:17:11:04 +0200] "GET /shop/goods/convoking161702349327.phtml/ HTTP/1.1" 200 150746 "https://drspos.com/shop/goods/convoking161702349327.phtml" "Mozilla/5.0 AppleWebKit/537.36 (KHTML, like Gecko; compatible; ClaudeBot/1.0; +claudebot@anthropic.com)"
74.7.227.61 - - [21/Mar/2026:17:11:06 +0200] "GET /shop/goods/pastorium171419292976.phtml HTTP/1.1" 301 - "https://drspos.com/%3C![CDATA[https:/eminencegroup.net.au/post-sitemap9.xml]]%3E" "Mozilla/5.0 AppleWebKit/537.36 (KHTML, like Gecko; compatible; GPTBot/1.3; +https://openai.com/gptbot)"
182.8.130.137 - - [21/Mar/2026:17:11:07 +0200] "GET /?p=4098 HTTP/1.1" 200 101080 "-" "Mozilla/5.0 (Macintosh; Intel Mac OS X 12_5) AppleWebKit/537.36 (KHTML, like Gecko) Chrome/114.0.0.0 Safari/537.36 OPR/89.0.4447.51"
52.167.144.190 - - [21/Mar/2026:17:11:08 +0200] "GET /shop/goods/tubeworm103128310309.phtml HTTP/1.1" 200 211955 "-" "Mozilla/5.0 AppleWebKit/537.36 (KHTML, like Gecko; compatible; bingbot/2.0; +http://www.bing.com/bingbot.htm) Chrome/116.0.1938.76 Safari/537.36"
74.7.227.61 - - [21/Mar/2026:17:11:09 +0200] "GET /shop/goods/pastorium171419292976.phtml/ HTTP/1.1" 200 150746 "https://drspos.com/shop/goods/pastorium171419292976.phtml" "Mozilla/5.0 AppleWebKit/537.36 (KHTML, like Gecko; compatible; GPTBot/1.3; +https://openai.com/gptbot)"
74.7.227.61 - - [21/Mar/2026:17:11:12 +0200] "GET /?p=46618 HTTP/1.1" 200 92035 "https://drspos.com/?p=46620" "Mozilla/5.0 AppleWebKit/537.36 (KHTML, like Gecko; compatible; GPTBot/1.3; +https://openai.com/gptbot)"
207.46.13.170 - - [21/Mar/2026:17:11:14 +0200] "GET /shop/goods/troopfowl153894825515.phtml HTTP/1.1" 200 192280 "-" "Mozilla/5.0 AppleWebKit/537.36 (KHTML, like Gecko; compatible; bingbot/2.0; +http://www.bing.com/bingbot.htm) Chrome/116.0.1938.76 Safari/537.36"
74.7.227.61 - - [21/Mar/2026:17:11:15 +0200] "GET /shop/goods/arhopalus173571086076.phtml HTTP/1.1" 301 - "https://drspos.com/%3C![CDATA[https:/eminencegroup.net.au/post-sitemap9.xml]]%3E" "Mozilla/5.0 AppleWebKit/537.36 (KHTML, like Gecko; compatible; GPTBot/1.3; +https://openai.com/gptbot)"
207.46.13.170 - - [21/Mar/2026:17:11:16 +0200] "GET /shop/goods/arenaceous153115732427.phtml HTTP/1.1" 200 221932 "-" "Mozilla/5.0 AppleWebKit/537.36 (KHTML, like Gecko; compatible; bingbot/2.0; +http://www.bing.com/bingbot.htm) Chrome/116.0.1938.76 Safari/537.36"
74.7.227.61 - - [21/Mar/2026:17:11:17 +0200] "GET /shop/goods/arhopalus173571086076.phtml/ HTTP/1.1" 200 150746 "https://drspos.com/shop/goods/arhopalus173571086076.phtml" "Mozilla/5.0 AppleWebKit/537.36 (KHTML, like Gecko; compatible; GPTBot/1.3; +https://openai.com/gptbot)"
207.46.13.170 - - [21/Mar/2026:17:11:19 +0200] "GET /shop/goods/pulpiter151684158240.phtml HTTP/1.1" 200 200448 "-" "Mozilla/5.0 AppleWebKit/537.36 (KHTML, like Gecko; compatible; bingbot/2.0; +http://www.bing.com/bingbot.htm) Chrome/116.0.1938.76 Safari/537.36"
207.46.13.170 - - [21/Mar/2026:17:11:21 +0200] "GET /shop/goods/grandevity151687595152.phtml HTTP/1.1" 200 208658 "-" "Mozilla/5.0 AppleWebKit/537.36 (KHTML, like Gecko; compatible; bingbot/2.0; +http://www.bing.com/bingbot.htm) Chrome/116.0.1938.76 Safari/537.36"
74.7.227.61 - - [21/Mar/2026:17:11:21 +0200] "GET /?p=30830 HTTP/1.1" 200 95283 "https://drspos.com/?p=30832" "Mozilla/5.0 AppleWebKit/537.36 (KHTML, like Gecko; compatible; GPTBot/1.3; +https://openai.com/gptbot)"
216.73.216.163 - - [21/Mar/2026:17:11:21 +0200] "GET /shop/goods/conduct121014980901.phtml HTTP/1.1" 301 - "-" "Mozilla/5.0 AppleWebKit/537.36 (KHTML, like Gecko; compatible; ClaudeBot/1.0; +claudebot@anthropic.com)"
207.46.13.170 - - [21/Mar/2026:17:11:24 +0200] "GET /shop/goods/nathmore152528765373.phtml HTTP/1.1" 200 204704 "-" "Mozilla/5.0 AppleWebKit/537.36 (KHTML, like Gecko; compatible; bingbot/2.0; +http://www.bing.com/bingbot.htm) Chrome/116.0.1938.76 Safari/537.36"
74.7.227.61 - - [21/Mar/2026:17:11:24 +0200] "GET /shop/goods/acrimonies17767988073.phtml HTTP/1.1" 301 - "https://drspos.com/%3C![CDATA[https:/eminencegroup.net.au/post-sitemap9.xml]]%3E" "Mozilla/5.0 AppleWebKit/537.36 (KHTML, like Gecko; compatible; GPTBot/1.3; +https://openai.com/gptbot)"
216.73.216.163 - - [21/Mar/2026:17:11:24 +0200] "GET /shop/goods/conduct121014980901.phtml/ HTTP/1.1" 200 150746 "https://drspos.com/shop/goods/conduct121014980901.phtml" "Mozilla/5.0 AppleWebKit/537.36 (KHTML, like Gecko; compatible; ClaudeBot/1.0; +claudebot@anthropic.com)"
207.46.13.170 - - [21/Mar/2026:17:11:27 +0200] "GET /shop/goods/menstrual101590126272.phtml HTTP/1.1" 200 211542 "-" "Mozilla/5.0 AppleWebKit/537.36 (KHTML, like Gecko; compatible; bingbot/2.0; +http://www.bing.com/bingbot.htm) Chrome/116.0.1938.76 Safari/537.36"
74.7.227.61 - - [21/Mar/2026:17:11:27 +0200] "GET /shop/goods/acrimonies17767988073.phtml/ HTTP/1.1" 200 150746 "https://drspos.com/shop/goods/acrimonies17767988073.phtml" "Mozilla/5.0 AppleWebKit/537.36 (KHTML, like Gecko; compatible; GPTBot/1.3; +https://openai.com/gptbot)"
52.167.144.190 - - [21/Mar/2026:17:11:31 +0200] "GET /shop/goods/emodei151581411268.phtml HTTP/1.1" 200 204174 "-" "Mozilla/5.0 AppleWebKit/537.36 (KHTML, like Gecko; compatible; bingbot/2.0; +http://www.bing.com/bingbot.htm) Chrome/116.0.1938.76 Safari/537.36"
74.7.227.61 - - [21/Mar/2026:17:11:30 +0200] "GET /?p=44258 HTTP/1.1" 200 91618 "https://drspos.com/?p=44256" "Mozilla/5.0 AppleWebKit/537.36 (KHTML, like Gecko; compatible; GPTBot/1.3; +https://openai.com/gptbot)"
74.7.227.61 - - [21/Mar/2026:17:11:33 +0200] "GET /?p=52864 HTTP/1.1" 200 92211 "https://drspos.com/?p=52866" "Mozilla/5.0 AppleWebKit/537.36 (KHTML, like Gecko; compatible; GPTBot/1.3; +https://openai.com/gptbot)"
207.46.13.170 - - [21/Mar/2026:17:11:37 +0200] "GET /shop/goods/furry1530208490.phtml HTTP/1.1" 200 210081 "-" "Mozilla/5.0 AppleWebKit/537.36 (KHTML, like Gecko; compatible; bingbot/2.0; +http://www.bing.com/bingbot.htm) Chrome/116.0.1938.76 Safari/537.36"
74.7.227.61 - - [21/Mar/2026:17:11:37 +0200] "GET /shop/goods/formalwear17792519636.phtml HTTP/1.1" 301 - "https://drspos.com/%3C![CDATA[https:/eminencegroup.net.au/post-sitemap9.xml]]%3E" "Mozilla/5.0 AppleWebKit/537.36 (KHTML, like Gecko; compatible; GPTBot/1.3; +https://openai.com/gptbot)"
207.46.13.170 - - [21/Mar/2026:17:11:39 +0200] "GET /shop/goods/acerose152895549169.phtml HTTP/1.1" 200 213237 "-" "Mozilla/5.0 AppleWebKit/537.36 (KHTML, like Gecko; compatible; bingbot/2.0; +http://www.bing.com/bingbot.htm) Chrome/116.0.1938.76 Safari/537.36"
74.7.227.61 - - [21/Mar/2026:17:11:39 +0200] "GET /shop/goods/formalwear17792519636.phtml/ HTTP/1.1" 200 150746 "https://drspos.com/shop/goods/formalwear17792519636.phtml" "Mozilla/5.0 AppleWebKit/537.36 (KHTML, like Gecko; compatible; GPTBot/1.3; +https://openai.com/gptbot)"
52.167.144.190 - - [21/Mar/2026:17:11:43 +0200] "GET /shop/goods/orthotoluic151705555140.phtml HTTP/1.1" 200 214880 "-" "Mozilla/5.0 AppleWebKit/537.36 (KHTML, like Gecko; compatible; bingbot/2.0; +http://www.bing.com/bingbot.htm) Chrome/116.0.1938.76 Safari/537.36"
74.7.227.61 - - [21/Mar/2026:17:11:42 +0200] "GET /shop/goods/mortuaries17663841004.phtml HTTP/1.1" 301 - "https://drspos.com/%3C![CDATA[https:/eminencegroup.net.au/post-sitemap9.xml]]%3E" "Mozilla/5.0 AppleWebKit/537.36 (KHTML, like Gecko; compatible; GPTBot/1.3; +https://openai.com/gptbot)"
216.73.216.163 - - [21/Mar/2026:17:11:45 +0200] "GET /shop/goods/interfretted14234016663.phtml HTTP/1.1" 301 - "-" "Mozilla/5.0 AppleWebKit/537.36 (KHTML, like Gecko; compatible; ClaudeBot/1.0; +claudebot@anthropic.com)"
74.7.227.61 - - [21/Mar/2026:17:11:45 +0200] "GET /shop/goods/mortuaries17663841004.phtml/ HTTP/1.1" 200 150746 "https://drspos.com/shop/goods/mortuaries17663841004.phtml" "Mozilla/5.0 AppleWebKit/537.36 (KHTML, like Gecko; compatible; GPTBot/1.3; +https://openai.com/gptbot)"
207.46.13.170 - - [21/Mar/2026:17:11:47 +0200] "GET /shop/goods/cantabrigian151130725868.phtml HTTP/1.1" 200 204659 "-" "Mozilla/5.0 AppleWebKit/537.36 (KHTML, like Gecko; compatible; bingbot/2.0; +http://www.bing.com/bingbot.htm) Chrome/116.0.1938.76 Safari/537.36"
74.7.227.61 - - [21/Mar/2026:17:11:48 +0200] "GET /index.php?rest_route=%2Foembed%2F1.0%2Fembed&url=https%3A%2F%2Fdrspos.com%2F%3Fp%3D53232 HTTP/1.1" 200 2148 "https://drspos.com/?p=53232" "Mozilla/5.0 AppleWebKit/537.36 (KHTML, like Gecko; compatible; GPTBot/1.3; +https://openai.com/gptbot)"
207.46.13.170 - - [21/Mar/2026:17:11:50 +0200] "GET /shop/goods/atrocity151935116536.phtml HTTP/1.1" 200 212180 "-" "Mozilla/5.0 AppleWebKit/537.36 (KHTML, like Gecko; compatible; bingbot/2.0; +http://www.bing.com/bingbot.htm) Chrome/116.0.1938.76 Safari/537.36"
216.73.216.163 - - [21/Mar/2026:17:11:48 +0200] "GET /shop/goods/interfretted14234016663.phtml/ HTTP/1.1" 200 150746 "https://drspos.com/shop/goods/interfretted14234016663.phtml" "Mozilla/5.0 AppleWebKit/537.36 (KHTML, like Gecko; compatible; ClaudeBot/1.0; +claudebot@anthropic.com)"
74.7.227.61 - - [21/Mar/2026:17:11:51 +0200] "GET /?p=48310 HTTP/1.1" 200 93451 "https://drspos.com/?p=48308" "Mozilla/5.0 AppleWebKit/537.36 (KHTML, like Gecko; compatible; GPTBot/1.3; +https://openai.com/gptbot)"
52.167.144.190 - - [21/Mar/2026:17:11:54 +0200] "GET /shop/goods/conglutinate154135598706.phtml HTTP/1.1" 200 214803 "-" "Mozilla/5.0 AppleWebKit/537.36 (KHTML, like Gecko; compatible; bingbot/2.0; +http://www.bing.com/bingbot.htm) Chrome/116.0.1938.76 Safari/537.36"
216.73.216.163 - - [21/Mar/2026:17:11:53 +0200] "GET /shop/goods/intercentrum131998257036.phtml HTTP/1.1" 301 - "-" "Mozilla/5.0 AppleWebKit/537.36 (KHTML, like Gecko; compatible; ClaudeBot/1.0; +claudebot@anthropic.com)"
74.7.227.61 - - [21/Mar/2026:17:11:55 +0200] "GET /index.php?rest_route=%2Foembed%2F1.0%2Fembed&url=https%3A%2F%2Fdrspos.com%2F%3Fp%3D21013 HTTP/1.1" 200 2166 "https://drspos.com/?p=21013" "Mozilla/5.0 AppleWebKit/537.36 (KHTML, like Gecko; compatible; GPTBot/1.3; +https://openai.com/gptbot)"
216.73.216.163 - - [21/Mar/2026:17:11:56 +0200] "GET /shop/goods/intercentrum131998257036.phtml/ HTTP/1.1" 200 150746 "https://drspos.com/shop/goods/intercentrum131998257036.phtml" "Mozilla/5.0 AppleWebKit/537.36 (KHTML, like Gecko; compatible; ClaudeBot/1.0; +claudebot@anthropic.com)"
74.7.227.61 - - [21/Mar/2026:17:11:58 +0200] "GET /?p=46614 HTTP/1.1" 200 93015 "https://drspos.com/?p=46618" "Mozilla/5.0 AppleWebKit/537.36 (KHTML, like Gecko; compatible; GPTBot/1.3; +https://openai.com/gptbot)"
207.46.13.170 - - [21/Mar/2026:17:11:59 +0200] "GET /shop/goods/majuscule153081497134.phtml HTTP/1.1" 200 208126 "-" "Mozilla/5.0 AppleWebKit/537.36 (KHTML, like Gecko; compatible; bingbot/2.0; +http://www.bing.com/bingbot.htm) Chrome/116.0.1938.76 Safari/537.36"
74.7.227.61 - - [21/Mar/2026:17:12:01 +0200] "GET /shop/goods/oligarchic17153867402.phtml HTTP/1.1" 301 - "https://drspos.com/%3C![CDATA[https:/eminencegroup.net.au/post-sitemap9.xml]]%3E" "Mozilla/5.0 AppleWebKit/537.36 (KHTML, like Gecko; compatible; GPTBot/1.3; +https://openai.com/gptbot)"
74.7.227.61 - - [21/Mar/2026:17:12:03 +0200] "GET /shop/goods/oligarchic17153867402.phtml/ HTTP/1.1" 200 150746 "https://drspos.com/shop/goods/oligarchic17153867402.phtml" "Mozilla/5.0 AppleWebKit/537.36 (KHTML, like Gecko; compatible; GPTBot/1.3; +https://openai.com/gptbot)"
74.7.227.61 - - [21/Mar/2026:17:12:07 +0200] "GET /?p=30828 HTTP/1.1" 200 93053 "https://drspos.com/?p=30830" "Mozilla/5.0 AppleWebKit/537.36 (KHTML, like Gecko; compatible; GPTBot/1.3; +https://openai.com/gptbot)"
74.7.227.61 - - [21/Mar/2026:17:12:10 +0200] "GET /shop/goods/resinously17104062915.phtml HTTP/1.1" 301 - "https://drspos.com/%3C![CDATA[https:/eminencegroup.net.au/post-sitemap9.xml]]%3E" "Mozilla/5.0 AppleWebKit/537.36 (KHTML, like Gecko; compatible; GPTBot/1.3; +https://openai.com/gptbot)"
74.7.227.61 - - [21/Mar/2026:17:12:13 +0200] "GET /shop/goods/resinously17104062915.phtml/ HTTP/1.1" 200 150746 "https://drspos.com/shop/goods/resinously17104062915.phtml" "Mozilla/5.0 AppleWebKit/537.36 (KHTML, like Gecko; compatible; GPTBot/1.3; +https://openai.com/gptbot)"
52.167.144.190 - - [21/Mar/2026:17:12:16 +0200] "GET /shop/goods/latinly153090640665.phtml HTTP/1.1" 200 232549 "-" "Mozilla/5.0 AppleWebKit/537.36 (KHTML, like Gecko; compatible; bingbot/2.0; +http://www.bing.com/bingbot.htm) Chrome/116.0.1938.76 Safari/537.36"
74.7.227.61 - - [21/Mar/2026:17:12:16 +0200] "GET /?p=44260 HTTP/1.1" 200 91262 "https://drspos.com/?p=44258" "Mozilla/5.0 AppleWebKit/537.36 (KHTML, like Gecko; compatible; GPTBot/1.3; +https://openai.com/gptbot)"
216.73.216.163 - - [21/Mar/2026:17:12:17 +0200] "GET /shop/goods/deplorate142472815994.phtml HTTP/1.1" 301 - "-" "Mozilla/5.0 AppleWebKit/537.36 (KHTML, like Gecko; compatible; ClaudeBot/1.0; +claudebot@anthropic.com)"
207.46.13.170 - - [21/Mar/2026:17:12:20 +0200] "GET /shop/goods/deoxidize151433472238.phtml HTTP/1.1" 200 210217 "-" "Mozilla/5.0 AppleWebKit/537.36 (KHTML, like Gecko; compatible; bingbot/2.0; +http://www.bing.com/bingbot.htm) Chrome/116.0.1938.76 Safari/537.36"
74.7.227.61 - - [21/Mar/2026:17:12:19 +0200] "GET /?p=52862 HTTP/1.1" 200 86670 "https://drspos.com/?p=52864" "Mozilla/5.0 AppleWebKit/537.36 (KHTML, like Gecko; compatible; GPTBot/1.3; +https://openai.com/gptbot)"
216.73.216.163 - - [21/Mar/2026:17:12:20 +0200] "GET /shop/goods/deplorate142472815994.phtml/ HTTP/1.1" 200 150746 "https://drspos.com/shop/goods/deplorate142472815994.phtml" "Mozilla/5.0 AppleWebKit/537.36 (KHTML, like Gecko; compatible; ClaudeBot/1.0; +claudebot@anthropic.com)"
74.7.227.61 - - [21/Mar/2026:17:12:23 +0200] "GET /shop/goods/drawlingly17124187509.phtml HTTP/1.1" 301 - "https://drspos.com/%3C![CDATA[https:/eminencegroup.net.au/post-sitemap9.xml]]%3E" "Mozilla/5.0 AppleWebKit/537.36 (KHTML, like Gecko; compatible; GPTBot/1.3; +https://openai.com/gptbot)"
216.73.216.163 - - [21/Mar/2026:17:12:24 +0200] "GET /shop/goods/pathmaker143466656634.phtml HTTP/1.1" 301 - "-" "Mozilla/5.0 AppleWebKit/537.36 (KHTML, like Gecko; compatible; ClaudeBot/1.0; +claudebot@anthropic.com)"
74.7.227.61 - - [21/Mar/2026:17:12:26 +0200] "GET /shop/goods/drawlingly17124187509.phtml/ HTTP/1.1" 200 150746 "https://drspos.com/shop/goods/drawlingly17124187509.phtml" "Mozilla/5.0 AppleWebKit/537.36 (KHTML, like Gecko; compatible; GPTBot/1.3; +https://openai.com/gptbot)"
216.73.216.163 - - [21/Mar/2026:17:12:27 +0200] "GET /shop/goods/pathmaker143466656634.phtml/ HTTP/1.1" 200 150746 "https://drspos.com/shop/goods/pathmaker143466656634.phtml" "Mozilla/5.0 AppleWebKit/537.36 (KHTML, like Gecko; compatible; ClaudeBot/1.0; +claudebot@anthropic.com)"
74.7.227.61 - - [21/Mar/2026:17:12:29 +0200] "GET /shop/goods/virtuality17163208501.phtml HTTP/1.1" 301 - "https://drspos.com/%3C![CDATA[https:/eminencegroup.net.au/post-sitemap9.xml]]%3E" "Mozilla/5.0 AppleWebKit/537.36 (KHTML, like Gecko; compatible; GPTBot/1.3; +https://openai.com/gptbot)"
74.7.227.61 - - [21/Mar/2026:17:12:32 +0200] "GET /shop/goods/virtuality17163208501.phtml/ HTTP/1.1" 200 150746 "https://drspos.com/shop/goods/virtuality17163208501.phtml" "Mozilla/5.0 AppleWebKit/537.36 (KHTML, like Gecko; compatible; GPTBot/1.3; +https://openai.com/gptbot)"
74.7.227.61 - - [21/Mar/2026:17:12:36 +0200] "GET /shop/goods/recruiting17674608402.phtml HTTP/1.1" 301 - "https://drspos.com/%3C![CDATA[https:/eminencegroup.net.au/post-sitemap9.xml]]%3E" "Mozilla/5.0 AppleWebKit/537.36 (KHTML, like Gecko; compatible; GPTBot/1.3; +https://openai.com/gptbot)"
74.7.227.61 - - [21/Mar/2026:17:12:39 +0200] "GET /shop/goods/recruiting17674608402.phtml/ HTTP/1.1" 200 150746 "https://drspos.com/shop/goods/recruiting17674608402.phtml" "Mozilla/5.0 AppleWebKit/537.36 (KHTML, like Gecko; compatible; GPTBot/1.3; +https://openai.com/gptbot)"
74.7.227.61 - - [21/Mar/2026:17:12:42 +0200] "GET /?p=48312 HTTP/1.1" 200 93132 "https://drspos.com/?p=48310" "Mozilla/5.0 AppleWebKit/537.36 (KHTML, like Gecko; compatible; GPTBot/1.3; +https://openai.com/gptbot)"
74.7.227.61 - - [21/Mar/2026:17:12:46 +0200] "GET /shop/goods/timberling17909596526.phtml HTTP/1.1" 301 - "https://drspos.com/%3C![CDATA[https:/eminencegroup.net.au/post-sitemap9.xml]]%3E" "Mozilla/5.0 AppleWebKit/537.36 (KHTML, like Gecko; compatible; GPTBot/1.3; +https://openai.com/gptbot)"
209.141.47.233 - - [21/Mar/2026:17:12:48 +0200] "GET /wp-login.php HTTP/1.1" 200 6336 "-" "Mozilla/5.0 (X11; Linux x86_64) AppleWebKit/537.36 (KHTML, like Gecko) Chrome/36.0.1985.143 Safari/537.36"
216.73.216.163 - - [21/Mar/2026:17:12:47 +0200] "GET /shop/goods/sorted142213948880.phtml HTTP/1.1" 301 - "-" "Mozilla/5.0 AppleWebKit/537.36 (KHTML, like Gecko; compatible; ClaudeBot/1.0; +claudebot@anthropic.com)"
74.7.227.61 - - [21/Mar/2026:17:12:49 +0200] "GET /shop/goods/timberling17909596526.phtml/ HTTP/1.1" 200 150746 "https://drspos.com/shop/goods/timberling17909596526.phtml" "Mozilla/5.0 AppleWebKit/537.36 (KHTML, like Gecko; compatible; GPTBot/1.3; +https://openai.com/gptbot)"
209.141.47.233 - - [21/Mar/2026:17:12:50 +0200] "POST /wp-login.php HTTP/1.1" 200 6749 "-" "Mozilla/5.0 (X11; Linux x86_64) AppleWebKit/537.36 (KHTML, like Gecko) Chrome/36.0.1985.143 Safari/537.36"
216.73.216.163 - - [21/Mar/2026:17:12:51 +0200] "GET /shop/goods/sorted142213948880.phtml/ HTTP/1.1" 200 150746 "https://drspos.com/shop/goods/sorted142213948880.phtml" "Mozilla/5.0 AppleWebKit/537.36 (KHTML, like Gecko; compatible; ClaudeBot/1.0; +claudebot@anthropic.com)"
74.7.227.61 - - [21/Mar/2026:17:12:52 +0200] "GET /?p=46612 HTTP/1.1" 200 93862 "https://drspos.com/?p=46614" "Mozilla/5.0 AppleWebKit/537.36 (KHTML, like Gecko; compatible; GPTBot/1.3; +https://openai.com/gptbot)"
216.73.216.163 - - [21/Mar/2026:17:12:54 +0200] "GET /shop/goods/dynamograph132839875292.phtml HTTP/1.1" 301 - "-" "Mozilla/5.0 AppleWebKit/537.36 (KHTML, like Gecko; compatible; ClaudeBot/1.0; +claudebot@anthropic.com)"
74.7.227.61 - - [21/Mar/2026:17:12:56 +0200] "GET /shop/goods/beautified17642340772.phtml HTTP/1.1" 301 - "https://drspos.com/%3C![CDATA[https:/eminencegroup.net.au/post-sitemap9.xml]]%3E" "Mozilla/5.0 AppleWebKit/537.36 (KHTML, like Gecko; compatible; GPTBot/1.3; +https://openai.com/gptbot)"
216.73.216.163 - - [21/Mar/2026:17:12:57 +0200] "GET /shop/goods/dynamograph132839875292.phtml/ HTTP/1.1" 200 150746 "https://drspos.com/shop/goods/dynamograph132839875292.phtml" "Mozilla/5.0 AppleWebKit/537.36 (KHTML, like Gecko; compatible; ClaudeBot/1.0; +claudebot@anthropic.com)"
74.7.227.61 - - [21/Mar/2026:17:12:59 +0200] "GET /shop/goods/beautified17642340772.phtml/ HTTP/1.1" 200 150746 "https://drspos.com/shop/goods/beautified17642340772.phtml" "Mozilla/5.0 AppleWebKit/537.36 (KHTML, like Gecko; compatible; GPTBot/1.3; +https://openai.com/gptbot)"
74.7.227.61 - - [21/Mar/2026:17:13:03 +0200] "GET /?p=30826 HTTP/1.1" 200 94002 "https://drspos.com/?p=30828" "Mozilla/5.0 AppleWebKit/537.36 (KHTML, like Gecko; compatible; GPTBot/1.3; +https://openai.com/gptbot)"
74.7.227.61 - - [21/Mar/2026:17:13:06 +0200] "GET /shop/goods/extradotal17842046235.phtml HTTP/1.1" 301 - "https://drspos.com/%3C![CDATA[https:/eminencegroup.net.au/post-sitemap9.xml]]%3E" "Mozilla/5.0 AppleWebKit/537.36 (KHTML, like Gecko; compatible; GPTBot/1.3; +https://openai.com/gptbot)"
74.7.227.61 - - [21/Mar/2026:17:13:09 +0200] "GET /shop/goods/extradotal17842046235.phtml/ HTTP/1.1" 200 150746 "https://drspos.com/shop/goods/extradotal17842046235.phtml" "Mozilla/5.0 AppleWebKit/537.36 (KHTML, like Gecko; compatible; GPTBot/1.3; +https://openai.com/gptbot)"
74.7.227.61 - - [21/Mar/2026:17:13:13 +0200] "GET /?p=44262 HTTP/1.1" 200 102302 "https://drspos.com/?p=44260" "Mozilla/5.0 AppleWebKit/537.36 (KHTML, like Gecko; compatible; GPTBot/1.3; +https://openai.com/gptbot)"
23.90.184.36 - - [21/Mar/2026:17:13:05 +0200] "POST /xmlrpc.php HTTP/1.1" 200 180 "-" "Mozilla/5.0 (Windows NT 10.0; Win64; x64) AppleWebKit/537.36 (KHTML, like Gecko) Chrome/114.0.0.0 Safari/537.36"
172.30.5.1 - - [21/Mar/2026:17:13:16 +0200] "POST /wp-cron.php?doing_wp_cron=1774105996.0653350353240966796875 HTTP/1.1" 200 - "-" "WordPress/6.9.4; https://drspos.com"
74.7.227.61 - - [21/Mar/2026:17:13:17 +0200] "GET /?p=52860 HTTP/1.1" 200 97655 "https://drspos.com/?p=52862" "Mozilla/5.0 AppleWebKit/537.36 (KHTML, like Gecko; compatible; GPTBot/1.3; +https://openai.com/gptbot)"
213.209.159.254 - - [21/Mar/2026:17:13:19 +0200] "GET /wp-login.php HTTP/1.1" 200 6336 "-" "Mozilla/5.0 (Windows NT 10.0; Win64; x64; rv:127.0) Gecko/20100101 Firefox/127.0"
216.73.216.163 - - [21/Mar/2026:17:13:19 +0200] "GET /shop/goods/tweak13957595649.phtml HTTP/1.1" 301 - "-" "Mozilla/5.0 AppleWebKit/537.36 (KHTML, like Gecko; compatible; ClaudeBot/1.0; +claudebot@anthropic.com)"
74.7.227.61 - - [21/Mar/2026:17:13:20 +0200] "GET /shop/goods/punctiform17695945079.phtml HTTP/1.1" 301 - "https://drspos.com/%3C![CDATA[https:/eminencegroup.net.au/post-sitemap9.xml]]%3E" "Mozilla/5.0 AppleWebKit/537.36 (KHTML, like Gecko; compatible; GPTBot/1.3; +https://openai.com/gptbot)"
216.73.216.163 - - [21/Mar/2026:17:13:22 +0200] "GET /shop/goods/tweak13957595649.phtml/ HTTP/1.1" 200 150746 "https://drspos.com/shop/goods/tweak13957595649.phtml" "Mozilla/5.0 AppleWebKit/537.36 (KHTML, like Gecko; compatible; ClaudeBot/1.0; +claudebot@anthropic.com)"
74.7.227.61 - - [21/Mar/2026:17:13:22 +0200] "GET /shop/goods/punctiform17695945079.phtml/ HTTP/1.1" 200 150746 "https://drspos.com/shop/goods/punctiform17695945079.phtml" "Mozilla/5.0 AppleWebKit/537.36 (KHTML, like Gecko; compatible; GPTBot/1.3; +https://openai.com/gptbot)"
23.90.184.36 - - [21/Mar/2026:17:13:24 +0200] "POST /xmlrpc.php HTTP/1.1" 200 8939 "-" "Mozilla/5.0 (Windows NT 10.0; Win64; x64) AppleWebKit/537.36 (KHTML, like Gecko) Chrome/114.0.0.0 Safari/537.36"
74.7.227.61 - - [21/Mar/2026:17:13:25 +0200] "GET /shop/goods/praisement17859842716.phtml HTTP/1.1" 301 - "https://drspos.com/%3C![CDATA[https:/eminencegroup.net.au/post-sitemap9.xml]]%3E" "Mozilla/5.0 AppleWebKit/537.36 (KHTML, like Gecko; compatible; GPTBot/1.3; +https://openai.com/gptbot)"
74.7.227.61 - - [21/Mar/2026:17:13:28 +0200] "GET /shop/goods/praisement17859842716.phtml/ HTTP/1.1" 200 150746 "https://drspos.com/shop/goods/praisement17859842716.phtml" "Mozilla/5.0 AppleWebKit/537.36 (KHTML, like Gecko; compatible; GPTBot/1.3; +https://openai.com/gptbot)"
23.90.184.36 - - [21/Mar/2026:17:13:29 +0200] "GET /?p=55760 HTTP/1.1" 200 91730 "-" "Mozilla/5.0 (Windows NT 10.0; Win64; x64) AppleWebKit/537.36 (KHTML, like Gecko) Chrome/123.0.0.0 Safari/537.36 OPR/109.0.0.0"
74.7.227.61 - - [21/Mar/2026:17:13:31 +0200] "GET /shop/goods/frankpledge1747132596.phtml HTTP/1.1" 301 - "https://drspos.com/%3C![CDATA[https:/eminencegroup.net.au/post-sitemap9.xml]]%3E" "Mozilla/5.0 AppleWebKit/537.36 (KHTML, like Gecko; compatible; GPTBot/1.3; +https://openai.com/gptbot)"
182.8.130.137 - - [21/Mar/2026:17:13:32 +0200] "GET /?p=4098 HTTP/1.1" 200 101107 "-" "Mozilla/5.0 (Windows NT 10.0; WOW64) AppleWebKit/537.36 (KHTML, like Gecko) Chrome/114.0.0.0 YaBrowser/22.7.0 Yowser/2.5 Safari/537.36"
213.209.159.254 - - [21/Mar/2026:17:13:34 +0200] "GET /wp-login.php?wp_lang=en_US HTTP/1.1" 200 6336 "-" "Mozilla/5.0 (Windows NT 10.0; Win64; x64) AppleWebKit/537.36 (KHTML, like Gecko) Chrome/124.0.6367.207 Safari/537.36"
74.7.227.61 - - [21/Mar/2026:17:13:34 +0200] "GET /shop/goods/frankpledge1747132596.phtml/ HTTP/1.1" 200 150746 "https://drspos.com/shop/goods/frankpledge1747132596.phtml" "Mozilla/5.0 AppleWebKit/537.36 (KHTML, like Gecko; compatible; GPTBot/1.3; +https://openai.com/gptbot)"
74.7.227.61 - - [21/Mar/2026:17:13:37 +0200] "GET /?p=48314 HTTP/1.1" 200 94804 "https://drspos.com/?p=48312" "Mozilla/5.0 AppleWebKit/537.36 (KHTML, like Gecko; compatible; GPTBot/1.3; +https://openai.com/gptbot)"
213.209.159.254 - - [21/Mar/2026:17:13:40 +0200] "POST /wp-login.php?wp_lang=en_US HTTP/1.1" 302 - "https://drspos.com/wp-login.php?wp_lang=en_US" "Mozilla/5.0 (Windows NT 10.0; Win64; x64) AppleWebKit/537.36 (KHTML, like Gecko) Chrome/124.0.6367.207 Safari/537.36"
74.7.227.61 - - [21/Mar/2026:17:13:40 +0200] "GET /shop/goods/profaning173698716132.phtml HTTP/1.1" 301 - "https://drspos.com/%3C![CDATA[https:/eminencegroup.net.au/post-sitemap9.xml]]%3E" "Mozilla/5.0 AppleWebKit/537.36 (KHTML, like Gecko; compatible; GPTBot/1.3; +https://openai.com/gptbot)"
74.7.227.61 - - [21/Mar/2026:17:13:43 +0200] "GET /shop/goods/profaning173698716132.phtml/ HTTP/1.1" 200 150746 "https://drspos.com/shop/goods/profaning173698716132.phtml" "Mozilla/5.0 AppleWebKit/537.36 (KHTML, like Gecko; compatible; GPTBot/1.3; +https://openai.com/gptbot)"
216.73.216.163 - - [21/Mar/2026:17:13:44 +0200] "GET /shop/goods/protuberances133294766717.phtml HTTP/1.1" 301 - "-" "Mozilla/5.0 AppleWebKit/537.36 (KHTML, like Gecko; compatible; ClaudeBot/1.0; +claudebot@anthropic.com)"
213.209.159.254 - - [21/Mar/2026:17:13:44 +0200] "GET /wp-admin/ HTTP/1.1" 200 241722 "https://drspos.com/wp-login.php?wp_lang=en_US" "Mozilla/5.0 (Windows NT 10.0; Win64; x64) AppleWebKit/537.36 (KHTML, like Gecko) Chrome/124.0.6367.207 Safari/537.36"
74.7.227.61 - - [21/Mar/2026:17:13:47 +0200] "GET /?p=46610 HTTP/1.1" 200 91827 "https://drspos.com/?p=46612" "Mozilla/5.0 AppleWebKit/537.36 (KHTML, like Gecko; compatible; GPTBot/1.3; +https://openai.com/gptbot)"
216.73.216.163 - - [21/Mar/2026:17:13:47 +0200] "GET /shop/goods/protuberances133294766717.phtml/ HTTP/1.1" 200 150746 "https://drspos.com/shop/goods/protuberances133294766717.phtml" "Mozilla/5.0 AppleWebKit/537.36 (KHTML, like Gecko; compatible; ClaudeBot/1.0; +claudebot@anthropic.com)"
74.7.227.61 - - [21/Mar/2026:17:13:50 +0200] "GET /shop/goods/bullsnose174209511083.phtml HTTP/1.1" 301 - "https://drspos.com/%3C![CDATA[https:/eminencegroup.net.au/post-sitemap9.xml]]%3E" "Mozilla/5.0 AppleWebKit/537.36 (KHTML, like Gecko; compatible; GPTBot/1.3; +https://openai.com/gptbot)"
216.73.216.163 - - [21/Mar/2026:17:13:50 +0200] "GET /shop/goods/organize16232769202.phtml HTTP/1.1" 301 - "-" "Mozilla/5.0 AppleWebKit/537.36 (KHTML, like Gecko; compatible; ClaudeBot/1.0; +claudebot@anthropic.com)"
74.7.227.61 - - [21/Mar/2026:17:13:52 +0200] "GET /shop/goods/bullsnose174209511083.phtml/ HTTP/1.1" 200 150746 "https://drspos.com/shop/goods/bullsnose174209511083.phtml" "Mozilla/5.0 AppleWebKit/537.36 (KHTML, like Gecko; compatible; GPTBot/1.3; +https://openai.com/gptbot)"
216.73.216.163 - - [21/Mar/2026:17:13:53 +0200] "GET /shop/goods/organize16232769202.phtml/ HTTP/1.1" 200 150746 "https://drspos.com/shop/goods/organize16232769202.phtml" "Mozilla/5.0 AppleWebKit/537.36 (KHTML, like Gecko; compatible; ClaudeBot/1.0; +claudebot@anthropic.com)"
74.7.227.61 - - [21/Mar/2026:17:13:56 +0200] "GET /?p=30824 HTTP/1.1" 200 110818 "https://drspos.com/?p=30826" "Mozilla/5.0 AppleWebKit/537.36 (KHTML, like Gecko; compatible; GPTBot/1.3; +https://openai.com/gptbot)"
74.7.227.61 - - [21/Mar/2026:17:13:59 +0200] "GET /shop/goods/divesture173524267512.phtml HTTP/1.1" 301 - "https://drspos.com/%3C![CDATA[https:/eminencegroup.net.au/post-sitemap9.xml]]%3E" "Mozilla/5.0 AppleWebKit/537.36 (KHTML, like Gecko; compatible; GPTBot/1.3; +https://openai.com/gptbot)"
74.7.227.61 - - [21/Mar/2026:17:14:01 +0200] "GET /shop/goods/divesture173524267512.phtml/ HTTP/1.1" 200 150746 "https://drspos.com/shop/goods/divesture173524267512.phtml" "Mozilla/5.0 AppleWebKit/537.36 (KHTML, like Gecko; compatible; GPTBot/1.3; +https://openai.com/gptbot)"
74.7.227.61 - - [21/Mar/2026:17:14:05 +0200] "GET /?p=55760 HTTP/1.1" 200 91730 "https://drspos.com/?p=44262" "Mozilla/5.0 AppleWebKit/537.36 (KHTML, like Gecko; compatible; GPTBot/1.3; +https://openai.com/gptbot)"
213.209.159.254 - - [21/Mar/2026:17:14:07 +0200] "GET /wp-admin/plugins.php HTTP/1.1" 200 284858 "-" "Mozilla/5.0 (Windows NT 10.0; Win64; x64) AppleWebKit/537.36 (KHTML, like Gecko) Chrome/124.0.6367.207 Safari/537.36"
74.7.227.61 - - [21/Mar/2026:17:14:08 +0200] "GET /?p=52858 HTTP/1.1" 200 98982 "https://drspos.com/?p=52860" "Mozilla/5.0 AppleWebKit/537.36 (KHTML, like Gecko; compatible; GPTBot/1.3; +https://openai.com/gptbot)"
74.7.227.61 - - [21/Mar/2026:17:14:12 +0200] "GET /?p=44264 HTTP/1.1" 200 92409 "https://drspos.com/?p=44262" "Mozilla/5.0 AppleWebKit/537.36 (KHTML, like Gecko; compatible; GPTBot/1.3; +https://openai.com/gptbot)"
216.73.216.163 - - [21/Mar/2026:17:14:14 +0200] "GET /shop/goods/unlatching12914210505.phtml HTTP/1.1" 301 - "-" "Mozilla/5.0 AppleWebKit/537.36 (KHTML, like Gecko; compatible; ClaudeBot/1.0; +claudebot@anthropic.com)"
74.7.227.61 - - [21/Mar/2026:17:14:15 +0200] "GET /shop/goods/romancing172523900737.phtml HTTP/1.1" 301 - "https://drspos.com/%3C![CDATA[https:/eminencegroup.net.au/post-sitemap9.xml]]%3E" "Mozilla/5.0 AppleWebKit/537.36 (KHTML, like Gecko; compatible; GPTBot/1.3; +https://openai.com/gptbot)"
216.73.216.163 - - [21/Mar/2026:17:14:18 +0200] "GET /shop/goods/unlatching12914210505.phtml/ HTTP/1.1" 200 150746 "https://drspos.com/shop/goods/unlatching12914210505.phtml" "Mozilla/5.0 AppleWebKit/537.36 (KHTML, like Gecko; compatible; ClaudeBot/1.0; +claudebot@anthropic.com)"
74.7.227.61 - - [21/Mar/2026:17:14:18 +0200] "GET /shop/goods/romancing172523900737.phtml/ HTTP/1.1" 200 150746 "https://drspos.com/shop/goods/romancing172523900737.phtml" "Mozilla/5.0 AppleWebKit/537.36 (KHTML, like Gecko; compatible; GPTBot/1.3; +https://openai.com/gptbot)"
74.7.227.61 - - [21/Mar/2026:17:14:21 +0200] "GET /shop/goods/expiatist173657091322.phtml HTTP/1.1" 301 - "https://drspos.com/%3C![CDATA[https:/eminencegroup.net.au/post-sitemap9.xml]]%3E" "Mozilla/5.0 AppleWebKit/537.36 (KHTML, like Gecko; compatible; GPTBot/1.3; +https://openai.com/gptbot)"
74.7.227.61 - - [21/Mar/2026:17:14:24 +0200] "GET /shop/goods/expiatist173657091322.phtml/ HTTP/1.1" 200 150746 "https://drspos.com/shop/goods/expiatist173657091322.phtml" "Mozilla/5.0 AppleWebKit/537.36 (KHTML, like Gecko; compatible; GPTBot/1.3; +https://openai.com/gptbot)"
74.7.227.61 - - [21/Mar/2026:17:14:27 +0200] "GET /?p=48316 HTTP/1.1" 200 90794 "https://drspos.com/?p=48314" "Mozilla/5.0 AppleWebKit/537.36 (KHTML, like Gecko; compatible; GPTBot/1.3; +https://openai.com/gptbot)"
213.209.159.254 - - [21/Mar/2026:17:14:27 +0200] "GET /wp-admin/plugins.php HTTP/1.1" 200 284858 "-" "Mozilla/5.0 (Windows NT 10.0; Win64; x64) AppleWebKit/537.36 (KHTML, like Gecko) Chrome/124.0.6367.207 Safari/537.36"
216.73.216.163 - - [21/Mar/2026:17:14:28 +0200] "GET /shop/goods/prepackaged12212833382.phtml HTTP/1.1" 301 - "-" "Mozilla/5.0 AppleWebKit/537.36 (KHTML, like Gecko; compatible; ClaudeBot/1.0; +claudebot@anthropic.com)"
74.7.227.61 - - [21/Mar/2026:17:14:30 +0200] "GET /shop/goods/dollardee173065978414.phtml HTTP/1.1" 301 - "https://drspos.com/%3C![CDATA[https:/eminencegroup.net.au/post-sitemap9.xml]]%3E" "Mozilla/5.0 AppleWebKit/537.36 (KHTML, like Gecko; compatible; GPTBot/1.3; +https://openai.com/gptbot)"
216.73.216.163 - - [21/Mar/2026:17:14:31 +0200] "GET /shop/goods/prepackaged12212833382.phtml/ HTTP/1.1" 200 150746 "https://drspos.com/shop/goods/prepackaged12212833382.phtml" "Mozilla/5.0 AppleWebKit/537.36 (KHTML, like Gecko; compatible; ClaudeBot/1.0; +claudebot@anthropic.com)"
74.7.227.61 - - [21/Mar/2026:17:14:32 +0200] "GET /shop/goods/dollardee173065978414.phtml/ HTTP/1.1" 200 150746 "https://drspos.com/shop/goods/dollardee173065978414.phtml" "Mozilla/5.0 AppleWebKit/537.36 (KHTML, like Gecko; compatible; GPTBot/1.3; +https://openai.com/gptbot)"
74.7.227.61 - - [21/Mar/2026:17:14:36 +0200] "GET /?p=46608 HTTP/1.1" 200 91663 "https://drspos.com/?p=46610" "Mozilla/5.0 AppleWebKit/537.36 (KHTML, like Gecko; compatible; GPTBot/1.3; +https://openai.com/gptbot)"
74.7.227.61 - - [21/Mar/2026:17:14:39 +0200] "GET /shop/goods/flexuosum171527635900.phtml HTTP/1.1" 301 - "https://drspos.com/%3C![CDATA[https:/eminencegroup.net.au/post-sitemap9.xml]]%3E" "Mozilla/5.0 AppleWebKit/537.36 (KHTML, like Gecko; compatible; GPTBot/1.3; +https://openai.com/gptbot)"
122.171.20.194 - - [21/Mar/2026:17:14:39 +0200] "GET /wp-json/wp/v2/users HTTP/1.1" 301 - "-" "Mozilla/4.0 (compatible; Win32; WinHttp.WinHttpRequest.5)"
74.7.227.61 - - [21/Mar/2026:17:14:42 +0200] "GET /shop/goods/flexuosum171527635900.phtml/ HTTP/1.1" 200 150746 "https://drspos.com/shop/goods/flexuosum171527635900.phtml" "Mozilla/5.0 AppleWebKit/537.36 (KHTML, like Gecko; compatible; GPTBot/1.3; +https://openai.com/gptbot)"
122.171.20.194 - - [21/Mar/2026:17:14:43 +0200] "GET /wp-json/wp/v2/users/ HTTP/1.1" 200 150746 "-" "Mozilla/4.0 (compatible; Win32; WinHttp.WinHttpRequest.5)"
213.209.159.254 - - [21/Mar/2026:17:14:43 +0200] "GET /wp-admin/plugin-install.php HTTP/1.1" 301 - "-" "Mozilla/5.0 (Windows NT 10.0; Win64; x64) AppleWebKit/537.36 (KHTML, like Gecko) Chrome/124.0.6367.207 Safari/537.36"
74.7.227.61 - - [21/Mar/2026:17:14:45 +0200] "GET /?p=30822 HTTP/1.1" 200 112782 "https://drspos.com/?p=30824" "Mozilla/5.0 AppleWebKit/537.36 (KHTML, like Gecko; compatible; GPTBot/1.3; +https://openai.com/gptbot)"
213.209.159.254 - - [21/Mar/2026:17:14:47 +0200] "GET /wp-admin/plugin-install.php/ HTTP/1.1" 403 185098 "-" "Mozilla/5.0 (Windows NT 10.0; Win64; x64) AppleWebKit/537.36 (KHTML, like Gecko) Chrome/124.0.6367.207 Safari/537.36"
74.7.227.61 - - [21/Mar/2026:17:14:48 +0200] "GET /shop/goods/faintness171962582752.phtml HTTP/1.1" 301 - "https://drspos.com/%3C![CDATA[https:/eminencegroup.net.au/post-sitemap9.xml]]%3E" "Mozilla/5.0 AppleWebKit/537.36 (KHTML, like Gecko; compatible; GPTBot/1.3; +https://openai.com/gptbot)"
74.7.227.61 - - [21/Mar/2026:17:14:51 +0200] "GET /shop/goods/faintness171962582752.phtml/ HTTP/1.1" 200 150746 "https://drspos.com/shop/goods/faintness171962582752.phtml" "Mozilla/5.0 AppleWebKit/537.36 (KHTML, like Gecko; compatible; GPTBot/1.3; +https://openai.com/gptbot)"
216.73.216.163 - - [21/Mar/2026:17:14:53 +0200] "GET /shop/goods/polyplectron124011206465.phtml HTTP/1.1" 301 - "-" "Mozilla/5.0 AppleWebKit/537.36 (KHTML, like Gecko; compatible; ClaudeBot/1.0; +claudebot@anthropic.com)"
74.7.227.61 - - [21/Mar/2026:17:14:54 +0200] "GET /shop/goods/analogize173144970690.phtml HTTP/1.1" 301 - "https://drspos.com/%3C![CDATA[https:/eminencegroup.net.au/post-sitemap9.xml]]%3E" "Mozilla/5.0 AppleWebKit/537.36 (KHTML, like Gecko; compatible; GPTBot/1.3; +https://openai.com/gptbot)"
216.73.216.163 - - [21/Mar/2026:17:14:56 +0200] "GET /shop/goods/polyplectron124011206465.phtml/ HTTP/1.1" 200 150746 "https://drspos.com/shop/goods/polyplectron124011206465.phtml" "Mozilla/5.0 AppleWebKit/537.36 (KHTML, like Gecko; compatible; ClaudeBot/1.0; +claudebot@anthropic.com)"
74.7.227.61 - - [21/Mar/2026:17:14:56 +0200] "GET /shop/goods/analogize173144970690.phtml/ HTTP/1.1" 200 150746 "https://drspos.com/shop/goods/analogize173144970690.phtml" "Mozilla/5.0 AppleWebKit/537.36 (KHTML, like Gecko; compatible; GPTBot/1.3; +https://openai.com/gptbot)"
74.7.227.61 - - [21/Mar/2026:17:15:00 +0200] "GET /?p=52856 HTTP/1.1" 200 92207 "https://drspos.com/?p=52858" "Mozilla/5.0 AppleWebKit/537.36 (KHTML, like Gecko; compatible; GPTBot/1.3; +https://openai.com/gptbot)"
213.209.159.254 - - [21/Mar/2026:17:15:02 +0200] "GET /wp-admin/plugin-install.php HTTP/1.1" 301 - "-" "Mozilla/5.0 (Windows NT 10.0; Win64; x64) AppleWebKit/537.36 (KHTML, like Gecko) Chrome/124.0.6367.207 Safari/537.36"
74.7.227.61 - - [21/Mar/2026:17:15:03 +0200] "GET /?p=44266 HTTP/1.1" 200 92843 "https://drspos.com/?p=44264" "Mozilla/5.0 AppleWebKit/537.36 (KHTML, like Gecko; compatible; GPTBot/1.3; +https://openai.com/gptbot)"
213.209.159.254 - - [21/Mar/2026:17:15:06 +0200] "GET /wp-admin/plugin-install.php/ HTTP/1.1" 403 185098 "-" "Mozilla/5.0 (Windows NT 10.0; Win64; x64) AppleWebKit/537.36 (KHTML, like Gecko) Chrome/124.0.6367.207 Safari/537.36"
74.7.227.61 - - [21/Mar/2026:17:15:06 +0200] "GET /shop/goods/bemoaning171882314673.phtml HTTP/1.1" 301 - "https://drspos.com/%3C![CDATA[https:/eminencegroup.net.au/post-sitemap9.xml]]%3E" "Mozilla/5.0 AppleWebKit/537.36 (KHTML, like Gecko; compatible; GPTBot/1.3; +https://openai.com/gptbot)"
74.7.227.61 - - [21/Mar/2026:17:15:09 +0200] "GET /shop/goods/bemoaning171882314673.phtml/ HTTP/1.1" 200 150746 "https://drspos.com/shop/goods/bemoaning171882314673.phtml" "Mozilla/5.0 AppleWebKit/537.36 (KHTML, like Gecko; compatible; GPTBot/1.3; +https://openai.com/gptbot)"
74.7.227.61 - - [21/Mar/2026:17:15:12 +0200] "GET /shop/goods/hailstone172809439381.phtml HTTP/1.1" 301 - "https://drspos.com/%3C![CDATA[https:/eminencegroup.net.au/post-sitemap9.xml]]%3E" "Mozilla/5.0 AppleWebKit/537.36 (KHTML, like Gecko; compatible; GPTBot/1.3; +https://openai.com/gptbot)"
74.7.227.61 - - [21/Mar/2026:17:15:14 +0200] "GET /shop/goods/hailstone172809439381.phtml/ HTTP/1.1" 200 150746 "https://drspos.com/shop/goods/hailstone172809439381.phtml" "Mozilla/5.0 AppleWebKit/537.36 (KHTML, like Gecko; compatible; GPTBot/1.3; +https://openai.com/gptbot)"
216.73.216.163 - - [21/Mar/2026:17:15:17 +0200] "GET /shop/goods/casuarinales16211432509.phtml HTTP/1.1" 301 - "-" "Mozilla/5.0 AppleWebKit/537.36 (KHTML, like Gecko; compatible; ClaudeBot/1.0; +claudebot@anthropic.com)"
213.209.159.254 - - [21/Mar/2026:17:15:17 +0200] "GET /wp-admin/plugin-install.php HTTP/1.1" 301 - "-" "Mozilla/5.0 (Windows NT 10.0; Win64; x64) AppleWebKit/537.36 (KHTML, like Gecko) Chrome/124.0.6367.207 Safari/537.36"
74.7.227.61 - - [21/Mar/2026:17:15:18 +0200] "GET /?p=48318 HTTP/1.1" 200 91150 "https://drspos.com/?p=48316" "Mozilla/5.0 AppleWebKit/537.36 (KHTML, like Gecko; compatible; GPTBot/1.3; +https://openai.com/gptbot)"
216.73.216.163 - - [21/Mar/2026:17:15:20 +0200] "GET /shop/goods/casuarinales16211432509.phtml/ HTTP/1.1" 200 150746 "https://drspos.com/shop/goods/casuarinales16211432509.phtml" "Mozilla/5.0 AppleWebKit/537.36 (KHTML, like Gecko; compatible; ClaudeBot/1.0; +claudebot@anthropic.com)"
213.209.159.254 - - [21/Mar/2026:17:15:21 +0200] "GET /wp-admin/plugin-install.php/ HTTP/1.1" 403 185098 "-" "Mozilla/5.0 (Windows NT 10.0; Win64; x64) AppleWebKit/537.36 (KHTML, like Gecko) Chrome/124.0.6367.207 Safari/537.36"
74.7.227.61 - - [21/Mar/2026:17:15:21 +0200] "GET /shop/goods/engrapple171467489345.phtml HTTP/1.1" 301 - "https://drspos.com/%3C![CDATA[https:/eminencegroup.net.au/post-sitemap9.xml]]%3E" "Mozilla/5.0 AppleWebKit/537.36 (KHTML, like Gecko; compatible; GPTBot/1.3; +https://openai.com/gptbot)"
74.7.227.61 - - [21/Mar/2026:17:15:24 +0200] "GET /shop/goods/engrapple171467489345.phtml/ HTTP/1.1" 200 150746 "https://drspos.com/shop/goods/engrapple171467489345.phtml" "Mozilla/5.0 AppleWebKit/537.36 (KHTML, like Gecko; compatible; GPTBot/1.3; +https://openai.com/gptbot)"
216.73.216.163 - - [21/Mar/2026:17:15:24 +0200] "GET /shop/goods/jaculate123754722590.phtml HTTP/1.1" 301 - "-" "Mozilla/5.0 AppleWebKit/537.36 (KHTML, like Gecko; compatible; ClaudeBot/1.0; +claudebot@anthropic.com)"
74.7.227.61 - - [21/Mar/2026:17:15:27 +0200] "GET /?p=46604 HTTP/1.1" 200 94410 "https://drspos.com/?p=46608" "Mozilla/5.0 AppleWebKit/537.36 (KHTML, like Gecko; compatible; GPTBot/1.3; +https://openai.com/gptbot)"
216.73.216.163 - - [21/Mar/2026:17:15:27 +0200] "GET /shop/goods/jaculate123754722590.phtml/ HTTP/1.1" 200 150746 "https://drspos.com/shop/goods/jaculate123754722590.phtml" "Mozilla/5.0 AppleWebKit/537.36 (KHTML, like Gecko; compatible; ClaudeBot/1.0; +claudebot@anthropic.com)"
74.7.227.61 - - [21/Mar/2026:17:15:30 +0200] "GET /shop/goods/quadrated173850660310.phtml HTTP/1.1" 301 - "https://drspos.com/%3C![CDATA[https:/eminencegroup.net.au/post-sitemap9.xml]]%3E" "Mozilla/5.0 AppleWebKit/537.36 (KHTML, like Gecko; compatible; GPTBot/1.3; +https://openai.com/gptbot)"
74.7.227.61 - - [21/Mar/2026:17:15:33 +0200] "GET /shop/goods/quadrated173850660310.phtml/ HTTP/1.1" 200 150746 "https://drspos.com/shop/goods/quadrated173850660310.phtml" "Mozilla/5.0 AppleWebKit/537.36 (KHTML, like Gecko; compatible; GPTBot/1.3; +https://openai.com/gptbot)"
74.7.227.61 - - [21/Mar/2026:17:15:36 +0200] "GET /?p=30820 HTTP/1.1" 200 93948 "https://drspos.com/?p=30822" "Mozilla/5.0 AppleWebKit/537.36 (KHTML, like Gecko; compatible; GPTBot/1.3; +https://openai.com/gptbot)"
213.209.159.254 - - [21/Mar/2026:17:15:37 +0200] "GET /wp-admin/plugin-install.php HTTP/1.1" 301 - "-" "Mozilla/5.0 (Windows NT 10.0; Win64; x64) AppleWebKit/537.36 (KHTML, like Gecko) Chrome/124.0.6367.207 Safari/537.36"
74.7.227.61 - - [21/Mar/2026:17:15:39 +0200] "GET /shop/goods/helvetica171074193357.phtml HTTP/1.1" 301 - "https://drspos.com/%3C![CDATA[https:/eminencegroup.net.au/post-sitemap9.xml]]%3E" "Mozilla/5.0 AppleWebKit/537.36 (KHTML, like Gecko; compatible; GPTBot/1.3; +https://openai.com/gptbot)"
213.209.159.254 - - [21/Mar/2026:17:15:40 +0200] "GET /wp-admin/plugin-install.php/ HTTP/1.1" 403 185098 "-" "Mozilla/5.0 (Windows NT 10.0; Win64; x64) AppleWebKit/537.36 (KHTML, like Gecko) Chrome/124.0.6367.207 Safari/537.36"
74.7.227.61 - - [21/Mar/2026:17:15:42 +0200] "GET /shop/goods/helvetica171074193357.phtml/ HTTP/1.1" 200 150746 "https://drspos.com/shop/goods/helvetica171074193357.phtml" "Mozilla/5.0 AppleWebKit/537.36 (KHTML, like Gecko; compatible; GPTBot/1.3; +https://openai.com/gptbot)"
74.7.227.61 - - [21/Mar/2026:17:15:45 +0200] "GET /shop/goods/urapteryx172364755411.phtml HTTP/1.1" 301 - "https://drspos.com/%3C![CDATA[https:/eminencegroup.net.au/post-sitemap9.xml]]%3E" "Mozilla/5.0 AppleWebKit/537.36 (KHTML, like Gecko; compatible; GPTBot/1.3; +https://openai.com/gptbot)"
74.7.227.61 - - [21/Mar/2026:17:15:48 +0200] "GET /shop/goods/urapteryx172364755411.phtml/ HTTP/1.1" 200 150746 "https://drspos.com/shop/goods/urapteryx172364755411.phtml" "Mozilla/5.0 AppleWebKit/537.36 (KHTML, like Gecko; compatible; GPTBot/1.3; +https://openai.com/gptbot)"
216.73.216.163 - - [21/Mar/2026:17:15:48 +0200] "GET /shop/goods/protectorate173031471386.phtml HTTP/1.1" 301 - "-" "Mozilla/5.0 AppleWebKit/537.36 (KHTML, like Gecko; compatible; ClaudeBot/1.0; +claudebot@anthropic.com)"
213.209.159.254 - - [21/Mar/2026:17:15:51 +0200] "GET /wp-admin/plugin-install.php HTTP/1.1" 301 - "-" "Mozilla/5.0 (Windows NT 10.0; Win64; x64) AppleWebKit/537.36 (KHTML, like Gecko) Chrome/124.0.6367.207 Safari/537.36"
74.7.227.61 - - [21/Mar/2026:17:15:51 +0200] "GET /?p=52854 HTTP/1.1" 200 92607 "https://drspos.com/?p=52856" "Mozilla/5.0 AppleWebKit/537.36 (KHTML, like Gecko; compatible; GPTBot/1.3; +https://openai.com/gptbot)"
216.73.216.163 - - [21/Mar/2026:17:15:51 +0200] "GET /shop/goods/protectorate173031471386.phtml/ HTTP/1.1" 200 150746 "https://drspos.com/shop/goods/protectorate173031471386.phtml" "Mozilla/5.0 AppleWebKit/537.36 (KHTML, like Gecko; compatible; ClaudeBot/1.0; +claudebot@anthropic.com)"
