216.73.216.163 - - [21/Mar/2026:14:50:40 +0200] "GET /shop/goods/serpulidae121013768818.phtml/ HTTP/1.1" 200 150752 "https://www.drspos.com/shop/goods/serpulidae121013768818.phtml" "Mozilla/5.0 AppleWebKit/537.36 (KHTML, like Gecko; compatible; ClaudeBot/1.0; +claudebot@anthropic.com)"
74.7.227.61 - - [21/Mar/2026:14:50:42 +0200] "GET /shop/goods/newsletter171313770269.phtml HTTP/1.1" 301 - "https://drspos.com/%3C![CDATA[https:/eminencegroup.net.au/post-sitemap9.xml]]%3E" "Mozilla/5.0 AppleWebKit/537.36 (KHTML, like Gecko; compatible; GPTBot/1.3; +https://openai.com/gptbot)"
74.7.227.61 - - [21/Mar/2026:14:50:44 +0200] "GET /shop/goods/newsletter171313770269.phtml/ HTTP/1.1" 200 150752 "https://drspos.com/shop/goods/newsletter171313770269.phtml" "Mozilla/5.0 AppleWebKit/537.36 (KHTML, like Gecko; compatible; GPTBot/1.3; +https://openai.com/gptbot)"
74.7.227.61 - - [21/Mar/2026:14:50:47 +0200] "GET /shop/goods/suicidally171434828782.phtml HTTP/1.1" 301 - "https://drspos.com/%3C![CDATA[https:/eminencegroup.net.au/post-sitemap9.xml]]%3E" "Mozilla/5.0 AppleWebKit/537.36 (KHTML, like Gecko; compatible; GPTBot/1.3; +https://openai.com/gptbot)"
216.73.216.163 - - [21/Mar/2026:14:50:48 +0200] "GET /shop/goods/bouche142482157093.phtml HTTP/1.1" 301 - "-" "Mozilla/5.0 AppleWebKit/537.36 (KHTML, like Gecko; compatible; ClaudeBot/1.0; +claudebot@anthropic.com)"
74.7.227.61 - - [21/Mar/2026:14:50:49 +0200] "GET /shop/goods/suicidally171434828782.phtml/ HTTP/1.1" 200 150752 "https://drspos.com/shop/goods/suicidally171434828782.phtml" "Mozilla/5.0 AppleWebKit/537.36 (KHTML, like Gecko; compatible; GPTBot/1.3; +https://openai.com/gptbot)"
216.73.216.163 - - [21/Mar/2026:14:50:50 +0200] "GET /shop/goods/bouche142482157093.phtml/ HTTP/1.1" 200 150752 "https://www.drspos.com/shop/goods/bouche142482157093.phtml" "Mozilla/5.0 AppleWebKit/537.36 (KHTML, like Gecko; compatible; ClaudeBot/1.0; +claudebot@anthropic.com)"
74.7.227.61 - - [21/Mar/2026:14:50:52 +0200] "GET /shop/goods/majorities173971373481.phtml HTTP/1.1" 301 - "https://drspos.com/%3C![CDATA[https:/eminencegroup.net.au/post-sitemap9.xml]]%3E" "Mozilla/5.0 AppleWebKit/537.36 (KHTML, like Gecko; compatible; GPTBot/1.3; +https://openai.com/gptbot)"
74.7.227.61 - - [21/Mar/2026:14:50:55 +0200] "GET /shop/goods/majorities173971373481.phtml/ HTTP/1.1" 200 150752 "https://drspos.com/shop/goods/majorities173971373481.phtml" "Mozilla/5.0 AppleWebKit/537.36 (KHTML, like Gecko; compatible; GPTBot/1.3; +https://openai.com/gptbot)"
74.7.227.61 - - [21/Mar/2026:14:50:58 +0200] "GET /shop/goods/emblemized171264179982.phtml HTTP/1.1" 301 - "https://drspos.com/%3C![CDATA[https:/eminencegroup.net.au/post-sitemap9.xml]]%3E" "Mozilla/5.0 AppleWebKit/537.36 (KHTML, like Gecko; compatible; GPTBot/1.3; +https://openai.com/gptbot)"
74.7.227.61 - - [21/Mar/2026:14:51:00 +0200] "GET /shop/goods/emblemized171264179982.phtml/ HTTP/1.1" 200 150752 "https://drspos.com/shop/goods/emblemized171264179982.phtml" "Mozilla/5.0 AppleWebKit/537.36 (KHTML, like Gecko; compatible; GPTBot/1.3; +https://openai.com/gptbot)"
74.7.227.61 - - [21/Mar/2026:14:51:03 +0200] "GET /shop/goods/dermopteri173362957628.phtml HTTP/1.1" 301 - "https://drspos.com/%3C![CDATA[https:/eminencegroup.net.au/post-sitemap9.xml]]%3E" "Mozilla/5.0 AppleWebKit/537.36 (KHTML, like Gecko; compatible; GPTBot/1.3; +https://openai.com/gptbot)"
216.244.66.234 - - [21/Mar/2026:14:51:05 +0200] "GET /?p=23815 HTTP/1.1" 200 96143 "-" "Mozilla/5.0 (compatible; DotBot/1.2; +https://opensiteexplorer.org/dotbot; help@moz.com)"
74.7.227.61 - - [21/Mar/2026:14:51:06 +0200] "GET /shop/goods/dermopteri173362957628.phtml/ HTTP/1.1" 200 150752 "https://drspos.com/shop/goods/dermopteri173362957628.phtml" "Mozilla/5.0 AppleWebKit/537.36 (KHTML, like Gecko; compatible; GPTBot/1.3; +https://openai.com/gptbot)"
46.224.140.177 - - [21/Mar/2026:14:51:07 +0200] "POST /xmlrpc.php HTTP/1.1" 200 180 "-" "Mozilla/5.0 (Windows NT 10.0; Win64; x64) AppleWebKit/537.36 (KHTML, like Gecko) Chrome/108.0.0.0 Safari/537.36"
46.224.140.177 - - [21/Mar/2026:14:51:11 +0200] "POST /xmlrpc.php HTTP/1.1" 200 178 "-" "Mozilla/5.0 (Windows NT 10.0; Win64; x64) AppleWebKit/537.36 (KHTML, like Gecko) Chrome/108.0.0.0 Safari/537.36"
74.7.227.61 - - [21/Mar/2026:14:51:19 +0200] "GET /?p=40129 HTTP/1.1" 200 94005 "https://drspos.com/?p=40131" "Mozilla/5.0 AppleWebKit/537.36 (KHTML, like Gecko; compatible; GPTBot/1.3; +https://openai.com/gptbot)"
94.187.171.125 - - [21/Mar/2026:14:51:23 +0200] "GET /wp-json/wp/v2/users HTTP/1.1" 301 - "-" "Mozilla/4.0 (compatible; Win32; WinHttp.WinHttpRequest.5)"
216.73.216.163 - - [21/Mar/2026:14:51:25 +0200] "GET /shop/goods/cliquishness121116459894.phtml HTTP/1.1" 301 - "-" "Mozilla/5.0 AppleWebKit/537.36 (KHTML, like Gecko; compatible; ClaudeBot/1.0; +claudebot@anthropic.com)"
94.187.171.125 - - [21/Mar/2026:14:51:25 +0200] "GET /wp-json/wp/v2/users/ HTTP/1.1" 200 150752 "-" "Mozilla/4.0 (compatible; Win32; WinHttp.WinHttpRequest.5)"
216.73.216.163 - - [21/Mar/2026:14:51:27 +0200] "GET /shop/goods/cliquishness121116459894.phtml/ HTTP/1.1" 200 150752 "https://drspos.com/shop/goods/cliquishness121116459894.phtml" "Mozilla/5.0 AppleWebKit/537.36 (KHTML, like Gecko; compatible; ClaudeBot/1.0; +claudebot@anthropic.com)"
74.7.227.61 - - [21/Mar/2026:14:51:31 +0200] "GET /?p=43952 HTTP/1.1" 200 91043 "https://drspos.com/?p=43950" "Mozilla/5.0 AppleWebKit/537.36 (KHTML, like Gecko; compatible; GPTBot/1.3; +https://openai.com/gptbot)"
74.7.227.61 - - [21/Mar/2026:14:51:35 +0200] "GET /?p=53162 HTTP/1.1" 200 95212 "https://drspos.com/?p=53163" "Mozilla/5.0 AppleWebKit/537.36 (KHTML, like Gecko; compatible; GPTBot/1.3; +https://openai.com/gptbot)"
216.73.216.163 - - [21/Mar/2026:14:51:37 +0200] "GET /shop/goods/whitefoot12219819893.phtml HTTP/1.1" 301 - "-" "Mozilla/5.0 AppleWebKit/537.36 (KHTML, like Gecko; compatible; ClaudeBot/1.0; +claudebot@anthropic.com)"
74.7.227.61 - - [21/Mar/2026:14:51:38 +0200] "GET /?p=31163 HTTP/1.1" 200 95342 "https://drspos.com/?p=31165" "Mozilla/5.0 AppleWebKit/537.36 (KHTML, like Gecko; compatible; GPTBot/1.3; +https://openai.com/gptbot)"
216.244.66.234 - - [21/Mar/2026:14:51:37 +0200] "GET /?p=34665 HTTP/1.1" 200 95041 "-" "Mozilla/5.0 (compatible; DotBot/1.2; +https://opensiteexplorer.org/dotbot; help@moz.com)"
216.73.216.163 - - [21/Mar/2026:14:51:40 +0200] "GET /shop/goods/whitefoot12219819893.phtml/ HTTP/1.1" 200 150752 "https://www.drspos.com/shop/goods/whitefoot12219819893.phtml" "Mozilla/5.0 AppleWebKit/537.36 (KHTML, like Gecko; compatible; ClaudeBot/1.0; +claudebot@anthropic.com)"
74.7.227.61 - - [21/Mar/2026:14:51:41 +0200] "GET /?p=48007 HTTP/1.1" 200 91074 "https://drspos.com/?p=48006" "Mozilla/5.0 AppleWebKit/537.36 (KHTML, like Gecko; compatible; GPTBot/1.3; +https://openai.com/gptbot)"
74.7.227.61 - - [21/Mar/2026:14:51:44 +0200] "GET /?p=35439 HTTP/1.1" 200 96474 "https://drspos.com/?p=35437" "Mozilla/5.0 AppleWebKit/537.36 (KHTML, like Gecko; compatible; GPTBot/1.3; +https://openai.com/gptbot)"
216.73.216.163 - - [21/Mar/2026:14:51:51 +0200] "GET /shop/goods/kotowed131427766212.phtml HTTP/1.1" 301 - "-" "Mozilla/5.0 AppleWebKit/537.36 (KHTML, like Gecko; compatible; ClaudeBot/1.0; +claudebot@anthropic.com)"
216.73.216.163 - - [21/Mar/2026:14:51:54 +0200] "GET /shop/goods/kotowed131427766212.phtml/ HTTP/1.1" 200 150752 "https://www.drspos.com/shop/goods/kotowed131427766212.phtml" "Mozilla/5.0 AppleWebKit/537.36 (KHTML, like Gecko; compatible; ClaudeBot/1.0; +claudebot@anthropic.com)"
74.7.227.61 - - [21/Mar/2026:14:51:55 +0200] "GET /?p=35519 HTTP/1.1" 200 91493 "https://drspos.com/?p=35521" "Mozilla/5.0 AppleWebKit/537.36 (KHTML, like Gecko; compatible; GPTBot/1.3; +https://openai.com/gptbot)"
74.7.227.61 - - [21/Mar/2026:14:51:58 +0200] "GET /?p=46948 HTTP/1.1" 200 91056 "https://drspos.com/?p=46950" "Mozilla/5.0 AppleWebKit/537.36 (KHTML, like Gecko; compatible; GPTBot/1.3; +https://openai.com/gptbot)"
74.7.227.61 - - [21/Mar/2026:14:52:01 +0200] "GET /?p=39943 HTTP/1.1" 200 93431 "https://drspos.com/?p=39941" "Mozilla/5.0 AppleWebKit/537.36 (KHTML, like Gecko; compatible; GPTBot/1.3; +https://openai.com/gptbot)"
74.7.227.61 - - [21/Mar/2026:14:52:04 +0200] "GET /shop/goods/worshipper172477850646.phtml HTTP/1.1" 301 - "https://drspos.com/%3C![CDATA[https:/eminencegroup.net.au/post-sitemap9.xml]]%3E" "Mozilla/5.0 AppleWebKit/537.36 (KHTML, like Gecko; compatible; GPTBot/1.3; +https://openai.com/gptbot)"
74.7.227.61 - - [21/Mar/2026:14:52:07 +0200] "GET /shop/goods/worshipper172477850646.phtml/ HTTP/1.1" 200 150752 "https://drspos.com/shop/goods/worshipper172477850646.phtml" "Mozilla/5.0 AppleWebKit/537.36 (KHTML, like Gecko; compatible; GPTBot/1.3; +https://openai.com/gptbot)"
216.244.66.234 - - [21/Mar/2026:14:52:09 +0200] "GET /?paged=989&cat=1 HTTP/1.1" 200 123133 "-" "Mozilla/5.0 (compatible; DotBot/1.2; +https://opensiteexplorer.org/dotbot; help@moz.com)"
74.7.227.61 - - [21/Mar/2026:14:52:20 +0200] "GET /shop/goods/gaillardia171860600257.phtml HTTP/1.1" 301 - "https://drspos.com/%3C![CDATA[https:/eminencegroup.net.au/post-sitemap9.xml]]%3E" "Mozilla/5.0 AppleWebKit/537.36 (KHTML, like Gecko; compatible; GPTBot/1.3; +https://openai.com/gptbot)"
216.73.216.163 - - [21/Mar/2026:14:52:21 +0200] "GET /shop/goods/falcongentil133056655185.phtml HTTP/1.1" 301 - "-" "Mozilla/5.0 AppleWebKit/537.36 (KHTML, like Gecko; compatible; ClaudeBot/1.0; +claudebot@anthropic.com)"
52.167.144.217 - - [21/Mar/2026:14:52:22 +0200] "GET /shop/goods/reinaugurate152787500956.phtml HTTP/1.1" 200 202999 "-" "Mozilla/5.0 AppleWebKit/537.36 (KHTML, like Gecko; compatible; bingbot/2.0; +http://www.bing.com/bingbot.htm) Chrome/116.0.1938.76 Safari/537.36"
74.7.227.61 - - [21/Mar/2026:14:52:22 +0200] "GET /shop/goods/gaillardia171860600257.phtml/ HTTP/1.1" 200 150752 "https://drspos.com/shop/goods/gaillardia171860600257.phtml" "Mozilla/5.0 AppleWebKit/537.36 (KHTML, like Gecko; compatible; GPTBot/1.3; +https://openai.com/gptbot)"
216.73.216.163 - - [21/Mar/2026:14:52:24 +0200] "GET /shop/goods/falcongentil133056655185.phtml/ HTTP/1.1" 200 150752 "https://www.drspos.com/shop/goods/falcongentil133056655185.phtml" "Mozilla/5.0 AppleWebKit/537.36 (KHTML, like Gecko; compatible; ClaudeBot/1.0; +claudebot@anthropic.com)"
74.7.227.61 - - [21/Mar/2026:14:52:26 +0200] "GET /shop/goods/psalmodize171802880954.phtml HTTP/1.1" 301 - "https://drspos.com/%3C![CDATA[https:/eminencegroup.net.au/post-sitemap9.xml]]%3E" "Mozilla/5.0 AppleWebKit/537.36 (KHTML, like Gecko; compatible; GPTBot/1.3; +https://openai.com/gptbot)"
74.7.227.61 - - [21/Mar/2026:14:52:28 +0200] "GET /shop/goods/psalmodize171802880954.phtml/ HTTP/1.1" 200 150752 "https://drspos.com/shop/goods/psalmodize171802880954.phtml" "Mozilla/5.0 AppleWebKit/537.36 (KHTML, like Gecko; compatible; GPTBot/1.3; +https://openai.com/gptbot)"
74.7.227.61 - - [21/Mar/2026:14:52:32 +0200] "GET /shop/goods/amphoteric171311605679.phtml HTTP/1.1" 301 - "https://drspos.com/%3C![CDATA[https:/eminencegroup.net.au/post-sitemap9.xml]]%3E" "Mozilla/5.0 AppleWebKit/537.36 (KHTML, like Gecko; compatible; GPTBot/1.3; +https://openai.com/gptbot)"
74.7.227.61 - - [21/Mar/2026:14:52:34 +0200] "GET /shop/goods/amphoteric171311605679.phtml/ HTTP/1.1" 200 150752 "https://drspos.com/shop/goods/amphoteric171311605679.phtml" "Mozilla/5.0 AppleWebKit/537.36 (KHTML, like Gecko; compatible; GPTBot/1.3; +https://openai.com/gptbot)"
74.7.227.61 - - [21/Mar/2026:14:52:37 +0200] "GET /?p=40127 HTTP/1.1" 200 93083 "https://drspos.com/?p=40129" "Mozilla/5.0 AppleWebKit/537.36 (KHTML, like Gecko; compatible; GPTBot/1.3; +https://openai.com/gptbot)"
74.7.227.61 - - [21/Mar/2026:14:52:40 +0200] "GET /shop/goods/affectedly173216061177.phtml HTTP/1.1" 301 - "https://drspos.com/%3C![CDATA[https:/eminencegroup.net.au/post-sitemap9.xml]]%3E" "Mozilla/5.0 AppleWebKit/537.36 (KHTML, like Gecko; compatible; GPTBot/1.3; +https://openai.com/gptbot)"
51.91.255.135 - - [21/Mar/2026:14:52:41 +0200] "GET /?p=15137 HTTP/1.1" 200 91220 "-" "Mozilla/5.0 (Windows NT 10.0; Win64; x64) AppleWebKit/537.36 (KHTML, like Gecko) Chrome/139.0.0.0 Safari/537.36"
57.129.81.153 - - [21/Mar/2026:14:52:44 +0200] "GET /wp-content/uploads/essential-addons-elementor/eael-47.js?ver=1773260389 HTTP/1.1" 200 1328 "-" "Mozilla/5.0 (Windows NT 10.0; Win64; x64) AppleWebKit/537.36 (KHTML, like Gecko) Chrome/139.0.0.0 Safari/537.36"
216.244.66.234 - - [21/Mar/2026:14:52:41 +0200] "GET /?p=34305 HTTP/1.1" 200 91646 "-" "Mozilla/5.0 (compatible; DotBot/1.2; +https://opensiteexplorer.org/dotbot; help@moz.com)"
74.7.227.61 - - [21/Mar/2026:14:52:42 +0200] "GET /shop/goods/affectedly173216061177.phtml/ HTTP/1.1" 200 150752 "https://drspos.com/shop/goods/affectedly173216061177.phtml" "Mozilla/5.0 AppleWebKit/537.36 (KHTML, like Gecko; compatible; GPTBot/1.3; +https://openai.com/gptbot)"
51.91.255.135 - - [21/Mar/2026:14:52:42 +0200] "GET /?p=15013 HTTP/1.1" 200 91303 "-" "Mozilla/5.0 (Windows NT 10.0; Win64; x64) AppleWebKit/537.36 (KHTML, like Gecko) Chrome/139.0.0.0 Safari/537.36"
51.91.255.135 - - [21/Mar/2026:14:52:45 +0200] "GET /wp-content/uploads/essential-addons-elementor/eael-47.js?ver=1773259007 HTTP/1.1" 200 1328 "-" "Mozilla/5.0 (Windows NT 10.0; Win64; x64) AppleWebKit/537.36 (KHTML, like Gecko) Chrome/139.0.0.0 Safari/537.36"
74.7.227.61 - - [21/Mar/2026:14:52:45 +0200] "GET /?p=43954 HTTP/1.1" 200 91887 "https://drspos.com/?p=43952" "Mozilla/5.0 AppleWebKit/537.36 (KHTML, like Gecko; compatible; GPTBot/1.3; +https://openai.com/gptbot)"
94.187.171.125 - - [21/Mar/2026:14:52:46 +0200] "POST /xmlrpc.php HTTP/1.1" 200 403 "-" "Mozilla/5.0 (Windows NT 6.3; arm64) AppleWebKit/537.36 (KHTML, like Gecko) Opera/66.0.0.0 Safari/537.36"
74.7.227.61 - - [21/Mar/2026:14:52:48 +0200] "GET /shop/goods/aerologist172632800117.phtml HTTP/1.1" 301 - "https://drspos.com/%3C![CDATA[https:/eminencegroup.net.au/post-sitemap9.xml]]%3E" "Mozilla/5.0 AppleWebKit/537.36 (KHTML, like Gecko; compatible; GPTBot/1.3; +https://openai.com/gptbot)"
74.7.227.61 - - [21/Mar/2026:14:52:50 +0200] "GET /shop/goods/aerologist172632800117.phtml/ HTTP/1.1" 200 150752 "https://drspos.com/shop/goods/aerologist172632800117.phtml" "Mozilla/5.0 AppleWebKit/537.36 (KHTML, like Gecko; compatible; GPTBot/1.3; +https://openai.com/gptbot)"
216.73.216.163 - - [21/Mar/2026:14:52:53 +0200] "GET /shop/goods/plagiostomi12719109139.phtml HTTP/1.1" 301 - "-" "Mozilla/5.0 AppleWebKit/537.36 (KHTML, like Gecko; compatible; ClaudeBot/1.0; +claudebot@anthropic.com)"
74.7.227.61 - - [21/Mar/2026:14:52:53 +0200] "GET /?p=53160 HTTP/1.1" 200 91813 "https://drspos.com/?p=53162" "Mozilla/5.0 AppleWebKit/537.36 (KHTML, like Gecko; compatible; GPTBot/1.3; +https://openai.com/gptbot)"
216.73.216.163 - - [21/Mar/2026:14:52:55 +0200] "GET /shop/goods/plagiostomi12719109139.phtml/ HTTP/1.1" 200 150752 "https://www.drspos.com/shop/goods/plagiostomi12719109139.phtml" "Mozilla/5.0 AppleWebKit/537.36 (KHTML, like Gecko; compatible; ClaudeBot/1.0; +claudebot@anthropic.com)"
74.7.227.61 - - [21/Mar/2026:14:52:56 +0200] "GET /?p=35517 HTTP/1.1" 200 97610 "https://drspos.com/?p=35519" "Mozilla/5.0 AppleWebKit/537.36 (KHTML, like Gecko; compatible; GPTBot/1.3; +https://openai.com/gptbot)"
157.55.39.49 - - [21/Mar/2026:14:52:58 +0200] "GET /shop/goods/bicyanide152973870071.phtml HTTP/1.1" 200 208076 "-" "Mozilla/5.0 AppleWebKit/537.36 (KHTML, like Gecko; compatible; bingbot/2.0; +http://www.bing.com/bingbot.htm) Chrome/116.0.1938.76 Safari/537.36"
74.7.227.61 - - [21/Mar/2026:14:52:59 +0200] "GET /?p=35441 HTTP/1.1" 200 98225 "https://drspos.com/?p=35439" "Mozilla/5.0 AppleWebKit/537.36 (KHTML, like Gecko; compatible; GPTBot/1.3; +https://openai.com/gptbot)"
74.7.227.61 - - [21/Mar/2026:14:53:02 +0200] "GET /?p=46946 HTTP/1.1" 200 92696 "https://drspos.com/?p=46948" "Mozilla/5.0 AppleWebKit/537.36 (KHTML, like Gecko; compatible; GPTBot/1.3; +https://openai.com/gptbot)"
74.7.227.61 - - [21/Mar/2026:14:53:06 +0200] "GET /?p=48010 HTTP/1.1" 200 91012 "https://drspos.com/?p=48007" "Mozilla/5.0 AppleWebKit/537.36 (KHTML, like Gecko; compatible; GPTBot/1.3; +https://openai.com/gptbot)"
74.7.227.61 - - [21/Mar/2026:14:53:09 +0200] "GET /?p=39945 HTTP/1.1" 200 94032 "https://drspos.com/?p=39943" "Mozilla/5.0 AppleWebKit/537.36 (KHTML, like Gecko; compatible; GPTBot/1.3; +https://openai.com/gptbot)"
74.7.227.61 - - [21/Mar/2026:14:53:12 +0200] "GET /?p=31161 HTTP/1.1" 200 96027 "https://drspos.com/?p=31163" "Mozilla/5.0 AppleWebKit/537.36 (KHTML, like Gecko; compatible; GPTBot/1.3; +https://openai.com/gptbot)"
216.73.216.163 - - [21/Mar/2026:14:53:23 +0200] "GET /shop/goods/milkily122541405414.phtml HTTP/1.1" 301 - "-" "Mozilla/5.0 AppleWebKit/537.36 (KHTML, like Gecko; compatible; ClaudeBot/1.0; +claudebot@anthropic.com)"
216.73.216.163 - - [21/Mar/2026:14:53:26 +0200] "GET /shop/goods/milkily122541405414.phtml/ HTTP/1.1" 200 150752 "https://www.drspos.com/shop/goods/milkily122541405414.phtml" "Mozilla/5.0 AppleWebKit/537.36 (KHTML, like Gecko; compatible; ClaudeBot/1.0; +claudebot@anthropic.com)"
74.7.227.61 - - [21/Mar/2026:14:53:28 +0200] "GET /?p=40125 HTTP/1.1" 200 92407 "https://drspos.com/?p=40127" "Mozilla/5.0 AppleWebKit/537.36 (KHTML, like Gecko; compatible; GPTBot/1.3; +https://openai.com/gptbot)"
98.98.9.59 - - [21/Mar/2026:14:53:25 +0200] "POST /xmlrpc.php HTTP/1.1" 200 180 "-" "Mozilla/5.0 (Windows NT 10.0; Win64; x64) AppleWebKit/537.36 (KHTML, like Gecko) Chrome/114.0.0.0 Safari/537.36"
74.7.227.61 - - [21/Mar/2026:14:53:35 +0200] "GET /shop/goods/aidsdecamp172634012216.phtml HTTP/1.1" 301 - "https://drspos.com/%3C![CDATA[https:/eminencegroup.net.au/post-sitemap9.xml]]%3E" "Mozilla/5.0 AppleWebKit/537.36 (KHTML, like Gecko; compatible; GPTBot/1.3; +https://openai.com/gptbot)"
172.30.5.1 - - [21/Mar/2026:14:53:34 +0200] "POST /wp-cron.php?doing_wp_cron=1774097614.3269140720367431640625 HTTP/1.1" 200 - "-" "WordPress/6.9.4; https://drspos.com"
74.7.227.61 - - [21/Mar/2026:14:53:38 +0200] "GET /shop/goods/aidsdecamp172634012216.phtml/ HTTP/1.1" 200 150752 "https://drspos.com/shop/goods/aidsdecamp172634012216.phtml" "Mozilla/5.0 AppleWebKit/537.36 (KHTML, like Gecko; compatible; GPTBot/1.3; +https://openai.com/gptbot)"
98.98.9.59 - - [21/Mar/2026:14:53:42 +0200] "POST /xmlrpc.php HTTP/1.1" 200 13401 "-" "Mozilla/5.0 (Windows NT 10.0; Win64; x64) AppleWebKit/537.36 (KHTML, like Gecko) Chrome/114.0.0.0 Safari/537.36"
74.7.227.61 - - [21/Mar/2026:14:53:43 +0200] "GET /?p=43956 HTTP/1.1" 200 91680 "https://drspos.com/?p=43954" "Mozilla/5.0 AppleWebKit/537.36 (KHTML, like Gecko; compatible; GPTBot/1.3; +https://openai.com/gptbot)"
98.98.9.59 - - [21/Mar/2026:14:53:45 +0200] "GET /?p=55718 HTTP/1.1" 200 95729 "-" "Mozilla/5.0 (Windows NT 10.0; Win64; x64) AppleWebKit/537.36 (KHTML, like Gecko) Chrome/123.0.0.0 Safari/537.36"
52.167.144.192 - - [21/Mar/2026:14:53:49 +0200] "GET /shop/goods/paster154230180388.phtml HTTP/1.1" 200 196408 "-" "Mozilla/5.0 AppleWebKit/537.36 (KHTML, like Gecko; compatible; bingbot/2.0; +http://www.bing.com/bingbot.htm) Chrome/116.0.1938.76 Safari/537.36"
52.167.144.192 - - [21/Mar/2026:14:53:51 +0200] "GET /shop/goods/pilch152197681915.phtml HTTP/1.1" 200 221126 "-" "Mozilla/5.0 AppleWebKit/537.36 (KHTML, like Gecko; compatible; bingbot/2.0; +http://www.bing.com/bingbot.htm) Chrome/116.0.1938.76 Safari/537.36"
94.187.171.125 - - [21/Mar/2026:14:53:54 +0200] "POST /xmlrpc.php HTTP/1.1" 200 403 "-" "Mozilla/5.0 (Linux; Android 10; x86) AppleWebKit/537.36 (KHTML, like Gecko) Edge/91.0.0.0 Safari/537.36"
157.55.39.49 - - [21/Mar/2026:14:53:54 +0200] "GET /shop/goods/surucucu152982987846.phtml HTTP/1.1" 200 207947 "-" "Mozilla/5.0 AppleWebKit/537.36 (KHTML, like Gecko; compatible; bingbot/2.0; +http://www.bing.com/bingbot.htm) Chrome/116.0.1938.76 Safari/537.36"
74.7.227.61 - - [21/Mar/2026:14:53:55 +0200] "GET /shop/goods/vertebrate173316971241.phtml HTTP/1.1" 301 - "https://drspos.com/%3C![CDATA[https:/eminencegroup.net.au/post-sitemap9.xml]]%3E" "Mozilla/5.0 AppleWebKit/537.36 (KHTML, like Gecko; compatible; GPTBot/1.3; +https://openai.com/gptbot)"
216.73.216.163 - - [21/Mar/2026:14:53:56 +0200] "GET /shop/goods/parietaria123598932821.phtml HTTP/1.1" 301 - "-" "Mozilla/5.0 AppleWebKit/537.36 (KHTML, like Gecko; compatible; ClaudeBot/1.0; +claudebot@anthropic.com)"
51.75.23.120 - - [21/Mar/2026:14:53:57 +0200] "GET /?p=15025 HTTP/1.1" 200 91411 "-" "Mozilla/5.0 (Windows NT 10.0; Win64; x64) AppleWebKit/537.36 (KHTML, like Gecko) Chrome/139.0.0.0 Safari/537.36"
52.167.144.204 - - [21/Mar/2026:14:53:59 +0200] "GET /shop/goods/transitoriness152490201409.phtml HTTP/1.1" 200 195984 "-" "Mozilla/5.0 AppleWebKit/537.36 (KHTML, like Gecko; compatible; bingbot/2.0; +http://www.bing.com/bingbot.htm) Chrome/116.0.1938.76 Safari/537.36"
51.91.250.17 - - [21/Mar/2026:14:54:00 +0200] "GET /wp-content/uploads/essential-addons-elementor/eael-47.js?ver=1773259187 HTTP/1.1" 200 1328 "-" "Mozilla/5.0 (Windows NT 10.0; Win64; x64) AppleWebKit/537.36 (KHTML, like Gecko) Chrome/139.0.0.0 Safari/537.36"
74.7.227.61 - - [21/Mar/2026:14:53:57 +0200] "GET /shop/goods/vertebrate173316971241.phtml/ HTTP/1.1" 200 150752 "https://drspos.com/shop/goods/vertebrate173316971241.phtml" "Mozilla/5.0 AppleWebKit/537.36 (KHTML, like Gecko; compatible; GPTBot/1.3; +https://openai.com/gptbot)"
216.73.216.163 - - [21/Mar/2026:14:53:59 +0200] "GET /shop/goods/parietaria123598932821.phtml/ HTTP/1.1" 200 150752 "https://www.drspos.com/shop/goods/parietaria123598932821.phtml" "Mozilla/5.0 AppleWebKit/537.36 (KHTML, like Gecko; compatible; ClaudeBot/1.0; +claudebot@anthropic.com)"
161.77.141.36 - - [21/Mar/2026:14:53:58 +0200] "POST /xmlrpc.php HTTP/1.1" 200 180 "-" "Python-xmlrpc/3.11"
52.167.144.204 - - [21/Mar/2026:14:54:01 +0200] "GET /shop/goods/spraguei15864670706.phtml HTTP/1.1" 200 209289 "-" "Mozilla/5.0 AppleWebKit/537.36 (KHTML, like Gecko; compatible; bingbot/2.0; +http://www.bing.com/bingbot.htm) Chrome/116.0.1938.76 Safari/537.36"
172.30.5.1 - - [21/Mar/2026:14:54:01 +0200] "POST /wp-cron.php?doing_wp_cron=1774097641.8799200057983398437500 HTTP/1.1" 200 - "-" "WordPress/6.9.4; https://drspos.com"
74.7.227.61 - - [21/Mar/2026:14:54:01 +0200] "GET /?p=53158 HTTP/1.1" 200 97262 "https://drspos.com/?p=53160" "Mozilla/5.0 AppleWebKit/537.36 (KHTML, like Gecko; compatible; GPTBot/1.3; +https://openai.com/gptbot)"
161.77.141.36 - - [21/Mar/2026:14:54:03 +0200] "POST /xmlrpc.php HTTP/1.1" 200 8648 "-" "Python-xmlrpc/3.11"
52.167.144.204 - - [21/Mar/2026:14:54:05 +0200] "GET /shop/goods/manuducent151185109915.phtml HTTP/1.1" 200 207538 "-" "Mozilla/5.0 AppleWebKit/537.36 (KHTML, like Gecko; compatible; bingbot/2.0; +http://www.bing.com/bingbot.htm) Chrome/116.0.1938.76 Safari/537.36"
74.7.227.61 - - [21/Mar/2026:14:54:04 +0200] "GET /?p=35515 HTTP/1.1" 200 91585 "https://drspos.com/?p=35517" "Mozilla/5.0 AppleWebKit/537.36 (KHTML, like Gecko; compatible; GPTBot/1.3; +https://openai.com/gptbot)"
141.94.78.40 - - [21/Mar/2026:14:54:05 +0200] "GET /?p=15135 HTTP/1.1" 200 96301 "-" "Mozilla/5.0 (Windows NT 10.0; Win64; x64) AppleWebKit/537.36 (KHTML, like Gecko) Chrome/139.0.0.0 Safari/537.36"
52.167.144.204 - - [21/Mar/2026:14:54:08 +0200] "GET /shop/goods/processing15498726551.phtml HTTP/1.1" 200 208460 "-" "Mozilla/5.0 AppleWebKit/537.36 (KHTML, like Gecko; compatible; bingbot/2.0; +http://www.bing.com/bingbot.htm) Chrome/116.0.1938.76 Safari/537.36"
52.167.144.192 - - [21/Mar/2026:14:54:11 +0200] "GET /shop/goods/beseechingness152185847852.phtml HTTP/1.1" 200 215729 "-" "Mozilla/5.0 AppleWebKit/537.36 (KHTML, like Gecko; compatible; bingbot/2.0; +http://www.bing.com/bingbot.htm) Chrome/116.0.1938.76 Safari/537.36"
52.167.144.192 - - [21/Mar/2026:14:54:14 +0200] "GET /shop/goods/postexistence15744117407.phtml HTTP/1.1" 200 210919 "-" "Mozilla/5.0 AppleWebKit/537.36 (KHTML, like Gecko; compatible; bingbot/2.0; +http://www.bing.com/bingbot.htm) Chrome/116.0.1938.76 Safari/537.36"
157.55.39.49 - - [21/Mar/2026:14:54:18 +0200] "GET /shop/goods/pronunciation15544142788.phtml HTTP/1.1" 200 203507 "-" "Mozilla/5.0 AppleWebKit/537.36 (KHTML, like Gecko; compatible; bingbot/2.0; +http://www.bing.com/bingbot.htm) Chrome/116.0.1938.76 Safari/537.36"
157.55.39.49 - - [21/Mar/2026:14:54:22 +0200] "GET /shop/goods/embulk151082452596.phtml HTTP/1.1" 200 211093 "-" "Mozilla/5.0 AppleWebKit/537.36 (KHTML, like Gecko; compatible; bingbot/2.0; +http://www.bing.com/bingbot.htm) Chrome/116.0.1938.76 Safari/537.36"
157.55.39.49 - - [21/Mar/2026:14:54:25 +0200] "GET /shop/goods/mimidae154168209288.phtml HTTP/1.1" 200 209987 "-" "Mozilla/5.0 AppleWebKit/537.36 (KHTML, like Gecko; compatible; bingbot/2.0; +http://www.bing.com/bingbot.htm) Chrome/116.0.1938.76 Safari/537.36"
74.7.227.61 - - [21/Mar/2026:14:54:26 +0200] "GET /?p=35443 HTTP/1.1" 200 91204 "https://drspos.com/?p=35441" "Mozilla/5.0 AppleWebKit/537.36 (KHTML, like Gecko; compatible; GPTBot/1.3; +https://openai.com/gptbot)"
216.73.216.163 - - [21/Mar/2026:14:54:27 +0200] "GET /shop/goods/athiorhodaceae123541204147.phtml HTTP/1.1" 301 - "-" "Mozilla/5.0 AppleWebKit/537.36 (KHTML, like Gecko; compatible; ClaudeBot/1.0; +claudebot@anthropic.com)"
157.55.39.49 - - [21/Mar/2026:14:54:29 +0200] "GET /shop/goods/capellane151991281946.phtml HTTP/1.1" 200 221002 "-" "Mozilla/5.0 AppleWebKit/537.36 (KHTML, like Gecko; compatible; bingbot/2.0; +http://www.bing.com/bingbot.htm) Chrome/116.0.1938.76 Safari/537.36"
157.55.39.49 - - [21/Mar/2026:14:54:31 +0200] "GET /shop/goods/embank151526537318.phtml HTTP/1.1" 200 198950 "-" "Mozilla/5.0 AppleWebKit/537.36 (KHTML, like Gecko; compatible; bingbot/2.0; +http://www.bing.com/bingbot.htm) Chrome/116.0.1938.76 Safari/537.36"
216.73.216.163 - - [21/Mar/2026:14:54:30 +0200] "GET /shop/goods/athiorhodaceae123541204147.phtml/ HTTP/1.1" 200 150752 "https://www.drspos.com/shop/goods/athiorhodaceae123541204147.phtml" "Mozilla/5.0 AppleWebKit/537.36 (KHTML, like Gecko; compatible; ClaudeBot/1.0; +claudebot@anthropic.com)"
74.7.227.61 - - [21/Mar/2026:14:54:33 +0200] "GET /?p=46944 HTTP/1.1" 200 90706 "https://drspos.com/?p=46946" "Mozilla/5.0 AppleWebKit/537.36 (KHTML, like Gecko; compatible; GPTBot/1.3; +https://openai.com/gptbot)"
52.167.144.204 - - [21/Mar/2026:14:54:35 +0200] "GET /shop/goods/splanchnography152169823639.phtml HTTP/1.1" 200 200004 "-" "Mozilla/5.0 AppleWebKit/537.36 (KHTML, like Gecko; compatible; bingbot/2.0; +http://www.bing.com/bingbot.htm) Chrome/116.0.1938.76 Safari/537.36"
74.7.227.61 - - [21/Mar/2026:14:54:39 +0200] "GET /shop/goods/postmarked173188596551.phtml HTTP/1.1" 301 - "https://drspos.com/%3C![CDATA[https:/eminencegroup.net.au/post-sitemap9.xml]]%3E" "Mozilla/5.0 AppleWebKit/537.36 (KHTML, like Gecko; compatible; GPTBot/1.3; +https://openai.com/gptbot)"
157.55.39.49 - - [21/Mar/2026:14:54:40 +0200] "GET /shop/goods/squamule15791496327.phtml HTTP/1.1" 200 197385 "-" "Mozilla/5.0 AppleWebKit/537.36 (KHTML, like Gecko; compatible; bingbot/2.0; +http://www.bing.com/bingbot.htm) Chrome/116.0.1938.76 Safari/537.36"
157.55.39.49 - - [21/Mar/2026:14:54:42 +0200] "GET /shop/goods/hydropathic153377316411.phtml HTTP/1.1" 200 200940 "-" "Mozilla/5.0 AppleWebKit/537.36 (KHTML, like Gecko; compatible; bingbot/2.0; +http://www.bing.com/bingbot.htm) Chrome/116.0.1938.76 Safari/537.36"
74.7.227.61 - - [21/Mar/2026:14:54:42 +0200] "GET /shop/goods/postmarked173188596551.phtml/ HTTP/1.1" 200 150752 "https://drspos.com/shop/goods/postmarked173188596551.phtml" "Mozilla/5.0 AppleWebKit/537.36 (KHTML, like Gecko; compatible; GPTBot/1.3; +https://openai.com/gptbot)"
157.55.39.49 - - [21/Mar/2026:14:54:45 +0200] "GET /shop/goods/stipend151443676412.phtml HTTP/1.1" 200 196119 "-" "Mozilla/5.0 AppleWebKit/537.36 (KHTML, like Gecko; compatible; bingbot/2.0; +http://www.bing.com/bingbot.htm) Chrome/116.0.1938.76 Safari/537.36"
74.7.227.61 - - [21/Mar/2026:14:54:44 +0200] "GET /shop/goods/camerlengo172724419007.phtml HTTP/1.1" 301 - "https://drspos.com/%3C![CDATA[https:/eminencegroup.net.au/post-sitemap9.xml]]%3E" "Mozilla/5.0 AppleWebKit/537.36 (KHTML, like Gecko; compatible; GPTBot/1.3; +https://openai.com/gptbot)"
74.7.227.61 - - [21/Mar/2026:14:54:47 +0200] "GET /shop/goods/camerlengo172724419007.phtml/ HTTP/1.1" 200 150752 "https://drspos.com/shop/goods/camerlengo172724419007.phtml" "Mozilla/5.0 AppleWebKit/537.36 (KHTML, like Gecko; compatible; GPTBot/1.3; +https://openai.com/gptbot)"
52.167.144.204 - - [21/Mar/2026:14:54:48 +0200] "GET /shop/goods/brasen151034211553.phtml HTTP/1.1" 200 195280 "-" "Mozilla/5.0 AppleWebKit/537.36 (KHTML, like Gecko; compatible; bingbot/2.0; +http://www.bing.com/bingbot.htm) Chrome/116.0.1938.76 Safari/537.36"
74.7.227.61 - - [21/Mar/2026:14:54:50 +0200] "GET /shop/goods/utopianist172192894528.phtml HTTP/1.1" 301 - "https://drspos.com/%3C![CDATA[https:/eminencegroup.net.au/post-sitemap9.xml]]%3E" "Mozilla/5.0 AppleWebKit/537.36 (KHTML, like Gecko; compatible; GPTBot/1.3; +https://openai.com/gptbot)"
52.167.144.204 - - [21/Mar/2026:14:54:51 +0200] "GET /shop/goods/foretopgallant151718380379.phtml HTTP/1.1" 200 210432 "-" "Mozilla/5.0 AppleWebKit/537.36 (KHTML, like Gecko; compatible; bingbot/2.0; +http://www.bing.com/bingbot.htm) Chrome/116.0.1938.76 Safari/537.36"
74.7.227.61 - - [21/Mar/2026:14:54:52 +0200] "GET /shop/goods/utopianist172192894528.phtml/ HTTP/1.1" 200 150752 "https://drspos.com/shop/goods/utopianist172192894528.phtml" "Mozilla/5.0 AppleWebKit/537.36 (KHTML, like Gecko; compatible; GPTBot/1.3; +https://openai.com/gptbot)"
52.167.144.204 - - [21/Mar/2026:14:54:54 +0200] "GET /shop/goods/inhuman151078851755.phtml HTTP/1.1" 200 215337 "-" "Mozilla/5.0 AppleWebKit/537.36 (KHTML, like Gecko; compatible; bingbot/2.0; +http://www.bing.com/bingbot.htm) Chrome/116.0.1938.76 Safari/537.36"
74.7.227.61 - - [21/Mar/2026:14:54:54 +0200] "GET /shop/goods/triphylite171765237783.phtml HTTP/1.1" 301 - "https://drspos.com/%3C![CDATA[https:/eminencegroup.net.au/post-sitemap9.xml]]%3E" "Mozilla/5.0 AppleWebKit/537.36 (KHTML, like Gecko; compatible; GPTBot/1.3; +https://openai.com/gptbot)"
74.7.227.61 - - [21/Mar/2026:14:54:57 +0200] "GET /shop/goods/triphylite171765237783.phtml/ HTTP/1.1" 200 150752 "https://drspos.com/shop/goods/triphylite171765237783.phtml" "Mozilla/5.0 AppleWebKit/537.36 (KHTML, like Gecko; compatible; GPTBot/1.3; +https://openai.com/gptbot)"
157.55.39.49 - - [21/Mar/2026:14:54:58 +0200] "GET /shop/goods/lutein103057978401.phtml HTTP/1.1" 200 213431 "-" "Mozilla/5.0 AppleWebKit/537.36 (KHTML, like Gecko; compatible; bingbot/2.0; +http://www.bing.com/bingbot.htm) Chrome/116.0.1938.76 Safari/537.36"
74.7.227.61 - - [21/Mar/2026:14:54:59 +0200] "GET /shop/goods/releasable171296415215.phtml HTTP/1.1" 301 - "https://drspos.com/%3C![CDATA[https:/eminencegroup.net.au/post-sitemap9.xml]]%3E" "Mozilla/5.0 AppleWebKit/537.36 (KHTML, like Gecko; compatible; GPTBot/1.3; +https://openai.com/gptbot)"
216.73.216.163 - - [21/Mar/2026:14:55:01 +0200] "GET /shop/goods/harten121688598843.phtml HTTP/1.1" 301 - "-" "Mozilla/5.0 AppleWebKit/537.36 (KHTML, like Gecko; compatible; ClaudeBot/1.0; +claudebot@anthropic.com)"
74.7.227.61 - - [21/Mar/2026:14:55:02 +0200] "GET /shop/goods/releasable171296415215.phtml/ HTTP/1.1" 200 150752 "https://drspos.com/shop/goods/releasable171296415215.phtml" "Mozilla/5.0 AppleWebKit/537.36 (KHTML, like Gecko; compatible; GPTBot/1.3; +https://openai.com/gptbot)"
40.77.167.42 - - [21/Mar/2026:14:55:03 +0200] "GET /shop/goods/mantle151217255935.phtml HTTP/1.1" 200 204989 "-" "Mozilla/5.0 AppleWebKit/537.36 (KHTML, like Gecko; compatible; bingbot/2.0; +http://www.bing.com/bingbot.htm) Chrome/116.0.1938.76 Safari/537.36"
216.73.216.163 - - [21/Mar/2026:14:55:04 +0200] "GET /shop/goods/harten121688598843.phtml/ HTTP/1.1" 200 150752 "https://www.drspos.com/shop/goods/harten121688598843.phtml" "Mozilla/5.0 AppleWebKit/537.36 (KHTML, like Gecko; compatible; ClaudeBot/1.0; +claudebot@anthropic.com)"
74.7.227.61 - - [21/Mar/2026:14:55:05 +0200] "GET /?p=48012 HTTP/1.1" 200 91600 "https://drspos.com/?p=48010" "Mozilla/5.0 AppleWebKit/537.36 (KHTML, like Gecko; compatible; GPTBot/1.3; +https://openai.com/gptbot)"
40.77.167.42 - - [21/Mar/2026:14:55:06 +0200] "GET /shop/goods/lactyl151424234077.phtml HTTP/1.1" 200 197836 "-" "Mozilla/5.0 AppleWebKit/537.36 (KHTML, like Gecko; compatible; bingbot/2.0; +http://www.bing.com/bingbot.htm) Chrome/116.0.1938.76 Safari/537.36"
94.187.171.125 - - [21/Mar/2026:14:55:06 +0200] "POST /xmlrpc.php HTTP/1.1" 200 403 "-" "Mozilla/5.0 (Linux; Android 10; x64) AppleWebKit/537.36 (KHTML, like Gecko) Firefox/97.0.0.0 Safari/537.36"
52.167.144.204 - - [21/Mar/2026:14:55:08 +0200] "GET /shop/goods/ostensibility154271063998.phtml HTTP/1.1" 200 218827 "-" "Mozilla/5.0 AppleWebKit/537.36 (KHTML, like Gecko; compatible; bingbot/2.0; +http://www.bing.com/bingbot.htm) Chrome/116.0.1938.76 Safari/537.36"
74.7.227.61 - - [21/Mar/2026:14:55:08 +0200] "GET /?p=40123 HTTP/1.1" 200 93049 "https://drspos.com/?p=40125" "Mozilla/5.0 AppleWebKit/537.36 (KHTML, like Gecko; compatible; GPTBot/1.3; +https://openai.com/gptbot)"
52.167.144.204 - - [21/Mar/2026:14:55:11 +0200] "GET /shop/goods/discerning154224901642.phtml HTTP/1.1" 200 204687 "-" "Mozilla/5.0 AppleWebKit/537.36 (KHTML, like Gecko; compatible; bingbot/2.0; +http://www.bing.com/bingbot.htm) Chrome/116.0.1938.76 Safari/537.36"
74.7.227.61 - - [21/Mar/2026:14:55:11 +0200] "GET /?p=43958 HTTP/1.1" 200 91278 "https://drspos.com/?p=43956" "Mozilla/5.0 AppleWebKit/537.36 (KHTML, like Gecko; compatible; GPTBot/1.3; +https://openai.com/gptbot)"
157.55.39.49 - - [21/Mar/2026:14:55:15 +0200] "GET /shop/goods/nonunion153734598418.phtml HTTP/1.1" 200 208160 "-" "Mozilla/5.0 AppleWebKit/537.36 (KHTML, like Gecko; compatible; bingbot/2.0; +http://www.bing.com/bingbot.htm) Chrome/116.0.1938.76 Safari/537.36"
74.7.227.61 - - [21/Mar/2026:14:55:14 +0200] "GET /?p=55718 HTTP/1.1" 200 95878 "https://drspos.com/?p=40125" "Mozilla/5.0 AppleWebKit/537.36 (KHTML, like Gecko; compatible; GPTBot/1.3; +https://openai.com/gptbot)"
157.55.39.49 - - [21/Mar/2026:14:55:17 +0200] "GET /shop/goods/excised153220357815.phtml HTTP/1.1" 200 208697 "-" "Mozilla/5.0 AppleWebKit/537.36 (KHTML, like Gecko; compatible; bingbot/2.0; +http://www.bing.com/bingbot.htm) Chrome/116.0.1938.76 Safari/537.36"
157.55.39.49 - - [21/Mar/2026:14:55:21 +0200] "GET /shop/goods/bookbindery1542792415.phtml HTTP/1.1" 200 197760 "-" "Mozilla/5.0 AppleWebKit/537.36 (KHTML, like Gecko; compatible; bingbot/2.0; +http://www.bing.com/bingbot.htm) Chrome/116.0.1938.76 Safari/537.36"
157.55.39.49 - - [21/Mar/2026:14:55:24 +0200] "GET /shop/goods/resolvableness1586450787.phtml HTTP/1.1" 200 213520 "-" "Mozilla/5.0 AppleWebKit/537.36 (KHTML, like Gecko; compatible; bingbot/2.0; +http://www.bing.com/bingbot.htm) Chrome/116.0.1938.76 Safari/537.36"
157.55.39.49 - - [21/Mar/2026:14:55:26 +0200] "GET /shop/goods/immovable152194990758.phtml HTTP/1.1" 200 216414 "-" "Mozilla/5.0 AppleWebKit/537.36 (KHTML, like Gecko; compatible; bingbot/2.0; +http://www.bing.com/bingbot.htm) Chrome/116.0.1938.76 Safari/537.36"
157.55.39.49 - - [21/Mar/2026:14:55:30 +0200] "GET /shop/goods/selfconsistent154098710271.phtml HTTP/1.1" 200 206686 "-" "Mozilla/5.0 AppleWebKit/537.36 (KHTML, like Gecko; compatible; bingbot/2.0; +http://www.bing.com/bingbot.htm) Chrome/116.0.1938.76 Safari/537.36"
157.55.39.49 - - [21/Mar/2026:14:55:33 +0200] "GET /shop/goods/briefless151392086790.phtml HTTP/1.1" 200 208249 "-" "Mozilla/5.0 AppleWebKit/537.36 (KHTML, like Gecko; compatible; bingbot/2.0; +http://www.bing.com/bingbot.htm) Chrome/116.0.1938.76 Safari/537.36"
74.7.227.61 - - [21/Mar/2026:14:55:32 +0200] "GET /?p=31157 HTTP/1.1" 200 94022 "https://drspos.com/?p=31161" "Mozilla/5.0 AppleWebKit/537.36 (KHTML, like Gecko; compatible; GPTBot/1.3; +https://openai.com/gptbot)"
40.77.167.42 - - [21/Mar/2026:14:55:36 +0200] "GET /shop/goods/scordium15949080932.phtml HTTP/1.1" 200 212807 "-" "Mozilla/5.0 AppleWebKit/537.36 (KHTML, like Gecko; compatible; bingbot/2.0; +http://www.bing.com/bingbot.htm) Chrome/116.0.1938.76 Safari/537.36"
216.73.216.163 - - [21/Mar/2026:14:55:38 +0200] "GET /shop/goods/hinnies122525041942.phtml HTTP/1.1" 301 - "-" "Mozilla/5.0 AppleWebKit/537.36 (KHTML, like Gecko; compatible; ClaudeBot/1.0; +claudebot@anthropic.com)"
40.77.167.42 - - [21/Mar/2026:14:55:39 +0200] "GET /shop/goods/gobioid152730056733.phtml HTTP/1.1" 200 209503 "-" "Mozilla/5.0 AppleWebKit/537.36 (KHTML, like Gecko; compatible; bingbot/2.0; +http://www.bing.com/bingbot.htm) Chrome/116.0.1938.76 Safari/537.36"
157.55.39.49 - - [21/Mar/2026:14:55:42 +0200] "GET /shop/goods/abrogator154162097959.phtml HTTP/1.1" 200 210547 "-" "Mozilla/5.0 AppleWebKit/537.36 (KHTML, like Gecko; compatible; bingbot/2.0; +http://www.bing.com/bingbot.htm) Chrome/116.0.1938.76 Safari/537.36"
216.73.216.163 - - [21/Mar/2026:14:55:40 +0200] "GET /shop/goods/hinnies122525041942.phtml/ HTTP/1.1" 200 150736 "https://www.drspos.com/shop/goods/hinnies122525041942.phtml" "Mozilla/5.0 AppleWebKit/537.36 (KHTML, like Gecko; compatible; ClaudeBot/1.0; +claudebot@anthropic.com)"
74.7.227.61 - - [21/Mar/2026:14:55:41 +0200] "GET /?p=35445 HTTP/1.1" 200 92030 "https://drspos.com/?p=35443" "Mozilla/5.0 AppleWebKit/537.36 (KHTML, like Gecko; compatible; GPTBot/1.3; +https://openai.com/gptbot)"
157.55.39.49 - - [21/Mar/2026:14:55:44 +0200] "GET /shop/goods/balsamic151310212473.phtml HTTP/1.1" 200 208774 "-" "Mozilla/5.0 AppleWebKit/537.36 (KHTML, like Gecko; compatible; bingbot/2.0; +http://www.bing.com/bingbot.htm) Chrome/116.0.1938.76 Safari/537.36"
74.7.227.61 - - [21/Mar/2026:14:55:45 +0200] "GET /?p=53156 HTTP/1.1" 200 94791 "https://drspos.com/?p=53158" "Mozilla/5.0 AppleWebKit/537.36 (KHTML, like Gecko; compatible; GPTBot/1.3; +https://openai.com/gptbot)"
157.55.39.49 - - [21/Mar/2026:14:55:48 +0200] "GET /shop/goods/fretted152386818853.phtml HTTP/1.1" 200 217924 "-" "Mozilla/5.0 AppleWebKit/537.36 (KHTML, like Gecko; compatible; bingbot/2.0; +http://www.bing.com/bingbot.htm) Chrome/116.0.1938.76 Safari/537.36"
74.7.227.61 - - [21/Mar/2026:14:55:48 +0200] "GET /?p=46942 HTTP/1.1" 200 95692 "https://drspos.com/?p=46944" "Mozilla/5.0 AppleWebKit/537.36 (KHTML, like Gecko; compatible; GPTBot/1.3; +https://openai.com/gptbot)"
216.73.216.163 - - [21/Mar/2026:14:55:49 +0200] "GET /shop/goods/myxedema132980205206.phtml HTTP/1.1" 301 - "-" "Mozilla/5.0 AppleWebKit/537.36 (KHTML, like Gecko; compatible; ClaudeBot/1.0; +claudebot@anthropic.com)"
52.167.144.204 - - [21/Mar/2026:14:55:51 +0200] "GET /shop/goods/pietist15253915093.phtml HTTP/1.1" 200 204088 "-" "Mozilla/5.0 AppleWebKit/537.36 (KHTML, like Gecko; compatible; bingbot/2.0; +http://www.bing.com/bingbot.htm) Chrome/116.0.1938.76 Safari/537.36"
74.7.227.61 - - [21/Mar/2026:14:55:51 +0200] "GET /?p=35513 HTTP/1.1" 200 92066 "https://drspos.com/?p=35515" "Mozilla/5.0 AppleWebKit/537.36 (KHTML, like Gecko; compatible; GPTBot/1.3; +https://openai.com/gptbot)"
216.73.216.163 - - [21/Mar/2026:14:55:52 +0200] "GET /shop/goods/myxedema132980205206.phtml/ HTTP/1.1" 200 150752 "https://www.drspos.com/shop/goods/myxedema132980205206.phtml" "Mozilla/5.0 AppleWebKit/537.36 (KHTML, like Gecko; compatible; ClaudeBot/1.0; +claudebot@anthropic.com)"
74.7.227.61 - - [21/Mar/2026:14:55:54 +0200] "GET /?p=39947 HTTP/1.1" 200 94361 "https://drspos.com/?p=39945" "Mozilla/5.0 AppleWebKit/537.36 (KHTML, like Gecko; compatible; GPTBot/1.3; +https://openai.com/gptbot)"
40.77.167.42 - - [21/Mar/2026:14:55:58 +0200] "GET /shop/goods/creasol152103205312.phtml HTTP/1.1" 200 207495 "-" "Mozilla/5.0 AppleWebKit/537.36 (KHTML, like Gecko; compatible; bingbot/2.0; +http://www.bing.com/bingbot.htm) Chrome/116.0.1938.76 Safari/537.36"
74.7.227.61 - - [21/Mar/2026:14:55:57 +0200] "GET /?p=55720 HTTP/1.1" 200 90911 "https://drspos.com/?p=35515" "Mozilla/5.0 AppleWebKit/537.36 (KHTML, like Gecko; compatible; GPTBot/1.3; +https://openai.com/gptbot)"
40.77.167.42 - - [21/Mar/2026:14:56:00 +0200] "GET /shop/goods/timeserving153317975834.phtml HTTP/1.1" 200 209382 "-" "Mozilla/5.0 AppleWebKit/537.36 (KHTML, like Gecko; compatible; bingbot/2.0; +http://www.bing.com/bingbot.htm) Chrome/116.0.1938.76 Safari/537.36"
74.7.227.61 - - [21/Mar/2026:14:56:01 +0200] "GET /?p=48014 HTTP/1.1" 200 94457 "https://drspos.com/?p=48012" "Mozilla/5.0 AppleWebKit/537.36 (KHTML, like Gecko; compatible; GPTBot/1.3; +https://openai.com/gptbot)"
74.7.227.61 - - [21/Mar/2026:14:56:04 +0200] "GET /shop/goods/selftaught173119323097.phtml HTTP/1.1" 301 - "https://drspos.com/%3C![CDATA[https:/eminencegroup.net.au/post-sitemap9.xml]]%3E" "Mozilla/5.0 AppleWebKit/537.36 (KHTML, like Gecko; compatible; GPTBot/1.3; +https://openai.com/gptbot)"
74.7.227.61 - - [21/Mar/2026:14:56:06 +0200] "GET /shop/goods/selftaught173119323097.phtml/ HTTP/1.1" 200 150752 "https://drspos.com/shop/goods/selftaught173119323097.phtml" "Mozilla/5.0 AppleWebKit/537.36 (KHTML, like Gecko; compatible; GPTBot/1.3; +https://openai.com/gptbot)"
40.77.167.42 - - [21/Mar/2026:14:56:09 +0200] "GET /shop/goods/drench151913520659.phtml HTTP/1.1" 200 201274 "-" "Mozilla/5.0 AppleWebKit/537.36 (KHTML, like Gecko; compatible; bingbot/2.0; +http://www.bing.com/bingbot.htm) Chrome/116.0.1938.76 Safari/537.36"
74.7.227.61 - - [21/Mar/2026:14:56:09 +0200] "GET /shop/goods/tellership173968785776.phtml HTTP/1.1" 301 - "https://drspos.com/%3C![CDATA[https:/eminencegroup.net.au/post-sitemap9.xml]]%3E" "Mozilla/5.0 AppleWebKit/537.36 (KHTML, like Gecko; compatible; GPTBot/1.3; +https://openai.com/gptbot)"
40.77.167.42 - - [21/Mar/2026:14:56:11 +0200] "GET /shop/goods/tuckahoe152041378177.phtml HTTP/1.1" 200 211108 "-" "Mozilla/5.0 AppleWebKit/537.36 (KHTML, like Gecko; compatible; bingbot/2.0; +http://www.bing.com/bingbot.htm) Chrome/116.0.1938.76 Safari/537.36"
74.7.227.61 - - [21/Mar/2026:14:56:12 +0200] "GET /shop/goods/tellership173968785776.phtml/ HTTP/1.1" 200 150752 "https://drspos.com/shop/goods/tellership173968785776.phtml" "Mozilla/5.0 AppleWebKit/537.36 (KHTML, like Gecko; compatible; GPTBot/1.3; +https://openai.com/gptbot)"
74.7.227.61 - - [21/Mar/2026:14:56:14 +0200] "GET /shop/goods/pteropappi173938878656.phtml HTTP/1.1" 301 - "https://drspos.com/%3C![CDATA[https:/eminencegroup.net.au/post-sitemap9.xml]]%3E" "Mozilla/5.0 AppleWebKit/537.36 (KHTML, like Gecko; compatible; GPTBot/1.3; +https://openai.com/gptbot)"
52.167.144.204 - - [21/Mar/2026:14:56:16 +0200] "GET /shop/goods/micrococcus151566704656.phtml HTTP/1.1" 200 201035 "-" "Mozilla/5.0 AppleWebKit/537.36 (KHTML, like Gecko; compatible; bingbot/2.0; +http://www.bing.com/bingbot.htm) Chrome/116.0.1938.76 Safari/537.36"
74.7.227.61 - - [21/Mar/2026:14:56:17 +0200] "GET /shop/goods/pteropappi173938878656.phtml/ HTTP/1.1" 200 150752 "https://drspos.com/shop/goods/pteropappi173938878656.phtml" "Mozilla/5.0 AppleWebKit/537.36 (KHTML, like Gecko; compatible; GPTBot/1.3; +https://openai.com/gptbot)"
52.167.144.204 - - [21/Mar/2026:14:56:19 +0200] "GET /shop/goods/nonresistant154049832369.phtml HTTP/1.1" 200 195393 "-" "Mozilla/5.0 AppleWebKit/537.36 (KHTML, like Gecko; compatible; bingbot/2.0; +http://www.bing.com/bingbot.htm) Chrome/116.0.1938.76 Safari/537.36"
74.7.227.61 - - [21/Mar/2026:14:56:20 +0200] "GET /shop/goods/mohammedan173050787950.phtml HTTP/1.1" 301 - "https://drspos.com/%3C![CDATA[https:/eminencegroup.net.au/post-sitemap9.xml]]%3E" "Mozilla/5.0 AppleWebKit/537.36 (KHTML, like Gecko; compatible; GPTBot/1.3; +https://openai.com/gptbot)"
216.73.216.163 - - [21/Mar/2026:14:56:22 +0200] "GET /shop/goods/ganglia122302850619.phtml HTTP/1.1" 301 - "-" "Mozilla/5.0 AppleWebKit/537.36 (KHTML, like Gecko; compatible; ClaudeBot/1.0; +claudebot@anthropic.com)"
74.7.227.61 - - [21/Mar/2026:14:56:22 +0200] "GET /shop/goods/mohammedan173050787950.phtml/ HTTP/1.1" 200 150752 "https://drspos.com/shop/goods/mohammedan173050787950.phtml" "Mozilla/5.0 AppleWebKit/537.36 (KHTML, like Gecko; compatible; GPTBot/1.3; +https://openai.com/gptbot)"
216.73.216.163 - - [21/Mar/2026:14:56:24 +0200] "GET /shop/goods/ganglia122302850619.phtml/ HTTP/1.1" 200 150752 "https://www.drspos.com/shop/goods/ganglia122302850619.phtml" "Mozilla/5.0 AppleWebKit/537.36 (KHTML, like Gecko; compatible; ClaudeBot/1.0; +claudebot@anthropic.com)"
74.7.227.61 - - [21/Mar/2026:14:56:25 +0200] "GET /?p=43960 HTTP/1.1" 200 103070 "https://drspos.com/?p=43958" "Mozilla/5.0 AppleWebKit/537.36 (KHTML, like Gecko; compatible; GPTBot/1.3; +https://openai.com/gptbot)"
94.187.171.125 - - [21/Mar/2026:14:56:26 +0200] "POST /xmlrpc.php HTTP/1.1" 200 403 "-" "Mozilla/5.0 (Macintosh; Intel Mac OS X 10_15_7; x86) AppleWebKit/537.36 (KHTML, like Gecko) Opera/75.0.0.0 Safari/537.36"
40.77.167.42 - - [21/Mar/2026:14:56:28 +0200] "GET /shop/goods/recombination15209756978.phtml HTTP/1.1" 200 210972 "-" "Mozilla/5.0 AppleWebKit/537.36 (KHTML, like Gecko; compatible; bingbot/2.0; +http://www.bing.com/bingbot.htm) Chrome/116.0.1938.76 Safari/537.36"
74.7.227.61 - - [21/Mar/2026:14:56:28 +0200] "GET /?p=53154 HTTP/1.1" 200 91946 "https://drspos.com/?p=53156" "Mozilla/5.0 AppleWebKit/537.36 (KHTML, like Gecko; compatible; GPTBot/1.3; +https://openai.com/gptbot)"
74.7.227.61 - - [21/Mar/2026:14:56:31 +0200] "GET /?p=46940 HTTP/1.1" 200 98404 "https://drspos.com/?p=46942" "Mozilla/5.0 AppleWebKit/537.36 (KHTML, like Gecko; compatible; GPTBot/1.3; +https://openai.com/gptbot)"
74.7.227.61 - - [21/Mar/2026:14:56:46 +0200] "GET /?p=35447 HTTP/1.1" 200 91481 "https://drspos.com/?p=35445" "Mozilla/5.0 AppleWebKit/537.36 (KHTML, like Gecko; compatible; GPTBot/1.3; +https://openai.com/gptbot)"
40.77.167.42 - - [21/Mar/2026:14:56:48 +0200] "GET /shop/goods/laryngectomy15593749025.phtml HTTP/1.1" 200 204552 "-" "Mozilla/5.0 AppleWebKit/537.36 (KHTML, like Gecko; compatible; bingbot/2.0; +http://www.bing.com/bingbot.htm) Chrome/116.0.1938.76 Safari/537.36"
157.55.39.49 - - [21/Mar/2026:14:56:53 +0200] "GET /shop/goods/contraindication10534204784.phtml HTTP/1.1" 200 218249 "-" "Mozilla/5.0 AppleWebKit/537.36 (KHTML, like Gecko; compatible; bingbot/2.0; +http://www.bing.com/bingbot.htm) Chrome/116.0.1938.76 Safari/537.36"
216.73.216.163 - - [21/Mar/2026:14:56:54 +0200] "GET /shop/goods/ervillia131158345900.phtml HTTP/1.1" 301 - "-" "Mozilla/5.0 AppleWebKit/537.36 (KHTML, like Gecko; compatible; ClaudeBot/1.0; +claudebot@anthropic.com)"
157.55.39.49 - - [21/Mar/2026:14:56:56 +0200] "GET /shop/goods/elegize104141132226.phtml HTTP/1.1" 200 210305 "-" "Mozilla/5.0 AppleWebKit/537.36 (KHTML, like Gecko; compatible; bingbot/2.0; +http://www.bing.com/bingbot.htm) Chrome/116.0.1938.76 Safari/537.36"
74.7.227.61 - - [21/Mar/2026:14:56:55 +0200] "GET /?p=31155 HTTP/1.1" 200 95385 "https://drspos.com/?p=31157" "Mozilla/5.0 AppleWebKit/537.36 (KHTML, like Gecko; compatible; GPTBot/1.3; +https://openai.com/gptbot)"
216.73.216.163 - - [21/Mar/2026:14:56:56 +0200] "GET /shop/goods/ervillia131158345900.phtml/ HTTP/1.1" 200 150752 "https://www.drspos.com/shop/goods/ervillia131158345900.phtml" "Mozilla/5.0 AppleWebKit/537.36 (KHTML, like Gecko; compatible; ClaudeBot/1.0; +claudebot@anthropic.com)"
40.77.167.42 - - [21/Mar/2026:14:56:59 +0200] "GET /shop/goods/selfassertion153363138281.phtml HTTP/1.1" 200 203143 "-" "Mozilla/5.0 AppleWebKit/537.36 (KHTML, like Gecko; compatible; bingbot/2.0; +http://www.bing.com/bingbot.htm) Chrome/116.0.1938.76 Safari/537.36"
74.7.227.61 - - [21/Mar/2026:14:56:59 +0200] "GET /?p=40121 HTTP/1.1" 200 93000 "https://drspos.com/?p=40123" "Mozilla/5.0 AppleWebKit/537.36 (KHTML, like Gecko; compatible; GPTBot/1.3; +https://openai.com/gptbot)"
74.7.227.61 - - [21/Mar/2026:14:57:01 +0200] "GET /?p=48016 HTTP/1.1" 200 92887 "https://drspos.com/?p=48014" "Mozilla/5.0 AppleWebKit/537.36 (KHTML, like Gecko; compatible; GPTBot/1.3; +https://openai.com/gptbot)"
52.167.144.204 - - [21/Mar/2026:14:57:04 +0200] "GET /shop/goods/bilobated142387694415.phtml HTTP/1.1" 200 203761 "-" "Mozilla/5.0 AppleWebKit/537.36 (KHTML, like Gecko; compatible; bingbot/2.0; +http://www.bing.com/bingbot.htm) Chrome/116.0.1938.76 Safari/537.36"
74.7.227.61 - - [21/Mar/2026:14:57:04 +0200] "GET /?p=35511 HTTP/1.1" 200 93715 "https://drspos.com/?p=35513" "Mozilla/5.0 AppleWebKit/537.36 (KHTML, like Gecko; compatible; GPTBot/1.3; +https://openai.com/gptbot)"
74.7.227.61 - - [21/Mar/2026:14:57:07 +0200] "GET /?p=39949 HTTP/1.1" 200 95122 "https://drspos.com/?p=39947" "Mozilla/5.0 AppleWebKit/537.36 (KHTML, like Gecko; compatible; GPTBot/1.3; +https://openai.com/gptbot)"
52.167.144.204 - - [21/Mar/2026:14:57:09 +0200] "GET /shop/goods/entangler153810047502.phtml HTTP/1.1" 200 212070 "-" "Mozilla/5.0 AppleWebKit/537.36 (KHTML, like Gecko; compatible; bingbot/2.0; +http://www.bing.com/bingbot.htm) Chrome/116.0.1938.76 Safari/537.36"
74.7.227.61 - - [21/Mar/2026:14:57:11 +0200] "GET /shop/goods/lithotomic172028693701.phtml HTTP/1.1" 301 - "https://drspos.com/%3C![CDATA[https:/eminencegroup.net.au/post-sitemap9.xml]]%3E" "Mozilla/5.0 AppleWebKit/537.36 (KHTML, like Gecko; compatible; GPTBot/1.3; +https://openai.com/gptbot)"
52.167.144.204 - - [21/Mar/2026:14:57:13 +0200] "GET /shop/goods/trashy15331049543.phtml HTTP/1.1" 200 207735 "-" "Mozilla/5.0 AppleWebKit/537.36 (KHTML, like Gecko; compatible; bingbot/2.0; +http://www.bing.com/bingbot.htm) Chrome/116.0.1938.76 Safari/537.36"
74.7.227.61 - - [21/Mar/2026:14:57:13 +0200] "GET /shop/goods/lithotomic172028693701.phtml/ HTTP/1.1" 200 150752 "https://drspos.com/shop/goods/lithotomic172028693701.phtml" "Mozilla/5.0 AppleWebKit/537.36 (KHTML, like Gecko; compatible; GPTBot/1.3; +https://openai.com/gptbot)"
157.55.39.49 - - [21/Mar/2026:14:57:15 +0200] "GET /shop/goods/desiccatory154110938576.phtml HTTP/1.1" 200 214304 "-" "Mozilla/5.0 AppleWebKit/537.36 (KHTML, like Gecko; compatible; bingbot/2.0; +http://www.bing.com/bingbot.htm) Chrome/116.0.1938.76 Safari/537.36"
