74.7.227.61 - - [21/Mar/2026:17:31:58 +0200] "GET /shop/goods/careworn173723429514.phtml/ HTTP/1.1" 200 150746 "https://drspos.com/shop/goods/careworn173723429514.phtml" "Mozilla/5.0 AppleWebKit/537.36 (KHTML, like Gecko; compatible; GPTBot/1.3; +https://openai.com/gptbot)"
74.7.227.61 - - [21/Mar/2026:17:32:01 +0200] "GET /?p=30768 HTTP/1.1" 200 93685 "https://drspos.com/?p=30770" "Mozilla/5.0 AppleWebKit/537.36 (KHTML, like Gecko; compatible; GPTBot/1.3; +https://openai.com/gptbot)"
216.73.216.163 - - [21/Mar/2026:17:32:02 +0200] "GET /shop/goods/gorbellied144233334975.phtml HTTP/1.1" 301 - "-" "Mozilla/5.0 AppleWebKit/537.36 (KHTML, like Gecko; compatible; ClaudeBot/1.0; +claudebot@anthropic.com)"
74.7.227.61 - - [21/Mar/2026:17:32:04 +0200] "GET /index.php?rest_route=%2Foembed%2F1.0%2Fembed&url=https%3A%2F%2Fdrspos.com%2F%3Fp%3D30770 HTTP/1.1" 200 2307 "https://drspos.com/?p=30770" "Mozilla/5.0 AppleWebKit/537.36 (KHTML, like Gecko; compatible; GPTBot/1.3; +https://openai.com/gptbot)"
216.73.216.163 - - [21/Mar/2026:17:32:05 +0200] "GET /shop/goods/gorbellied144233334975.phtml/ HTTP/1.1" 200 150746 "https://drspos.com/shop/goods/gorbellied144233334975.phtml" "Mozilla/5.0 AppleWebKit/537.36 (KHTML, like Gecko; compatible; ClaudeBot/1.0; +claudebot@anthropic.com)"
74.7.227.61 - - [21/Mar/2026:17:32:08 +0200] "GET /shop/goods/radicule174166067025.phtml HTTP/1.1" 301 - "https://drspos.com/%3C![CDATA[https:/eminencegroup.net.au/post-sitemap9.xml]]%3E" "Mozilla/5.0 AppleWebKit/537.36 (KHTML, like Gecko; compatible; GPTBot/1.3; +https://openai.com/gptbot)"
74.7.227.61 - - [21/Mar/2026:17:32:10 +0200] "GET /shop/goods/radicule174166067025.phtml/ HTTP/1.1" 200 150746 "https://drspos.com/shop/goods/radicule174166067025.phtml" "Mozilla/5.0 AppleWebKit/537.36 (KHTML, like Gecko; compatible; GPTBot/1.3; +https://openai.com/gptbot)"
74.7.227.61 - - [21/Mar/2026:17:32:13 +0200] "GET /shop/goods/jackstay173139006264.phtml HTTP/1.1" 301 - "https://drspos.com/%3C![CDATA[https:/eminencegroup.net.au/post-sitemap9.xml]]%3E" "Mozilla/5.0 AppleWebKit/537.36 (KHTML, like Gecko; compatible; GPTBot/1.3; +https://openai.com/gptbot)"
74.7.227.61 - - [21/Mar/2026:17:32:15 +0200] "GET /shop/goods/jackstay173139006264.phtml/ HTTP/1.1" 200 150746 "https://drspos.com/shop/goods/jackstay173139006264.phtml" "Mozilla/5.0 AppleWebKit/537.36 (KHTML, like Gecko; compatible; GPTBot/1.3; +https://openai.com/gptbot)"
74.7.227.61 - - [21/Mar/2026:17:32:19 +0200] "GET /?p=44328 HTTP/1.1" 200 92349 "https://drspos.com/?p=44326" "Mozilla/5.0 AppleWebKit/537.36 (KHTML, like Gecko; compatible; GPTBot/1.3; +https://openai.com/gptbot)"
74.7.227.61 - - [21/Mar/2026:17:32:22 +0200] "GET /shop/goods/publicly173470315680.phtml HTTP/1.1" 301 - "https://drspos.com/%3C![CDATA[https:/eminencegroup.net.au/post-sitemap9.xml]]%3E" "Mozilla/5.0 AppleWebKit/537.36 (KHTML, like Gecko; compatible; GPTBot/1.3; +https://openai.com/gptbot)"
74.7.227.61 - - [21/Mar/2026:17:32:24 +0200] "GET /shop/goods/publicly173470315680.phtml/ HTTP/1.1" 200 150746 "https://drspos.com/shop/goods/publicly173470315680.phtml" "Mozilla/5.0 AppleWebKit/537.36 (KHTML, like Gecko; compatible; GPTBot/1.3; +https://openai.com/gptbot)"
68.178.171.4 - - [21/Mar/2026:17:32:25 +0200] "GET /servicedesk.drspos.com/resources/custom_file_3_1774106995.php HTTP/1.1" 301 - "-" "Mozilla/5.0 (Macintosh; Intel Mac OS X 13_5) AppleWebKit/605.1.15 (KHTML, like Gecko) Version/17.5 Safari/605.1.15"
74.7.227.61 - - [21/Mar/2026:17:32:27 +0200] "GET /?p=52814 HTTP/1.1" 200 98371 "https://drspos.com/?p=52816" "Mozilla/5.0 AppleWebKit/537.36 (KHTML, like Gecko; compatible; GPTBot/1.3; +https://openai.com/gptbot)"
68.178.171.4 - - [21/Mar/2026:17:32:30 +0200] "GET /servicedesk.drspos.com/resources/custom_file_3_1774106995.php/ HTTP/1.1" 403 150746 "-" "Mozilla/5.0 (Macintosh; Intel Mac OS X 13_5) AppleWebKit/605.1.15 (KHTML, like Gecko) Version/17.5 Safari/605.1.15"
74.7.227.61 - - [21/Mar/2026:17:32:31 +0200] "GET /?p=48360 HTTP/1.1" 200 95043 "https://drspos.com/?p=48358" "Mozilla/5.0 AppleWebKit/537.36 (KHTML, like Gecko; compatible; GPTBot/1.3; +https://openai.com/gptbot)"
216.73.216.163 - - [21/Mar/2026:17:32:33 +0200] "GET /shop/goods/waxbird143136559333.phtml HTTP/1.1" 301 - "-" "Mozilla/5.0 AppleWebKit/537.36 (KHTML, like Gecko; compatible; ClaudeBot/1.0; +claudebot@anthropic.com)"
74.7.227.61 - - [21/Mar/2026:17:32:34 +0200] "GET /shop/goods/truncate171976906459.phtml HTTP/1.1" 301 - "https://drspos.com/%3C![CDATA[https:/eminencegroup.net.au/post-sitemap9.xml]]%3E" "Mozilla/5.0 AppleWebKit/537.36 (KHTML, like Gecko; compatible; GPTBot/1.3; +https://openai.com/gptbot)"
216.73.216.163 - - [21/Mar/2026:17:32:37 +0200] "GET /shop/goods/waxbird143136559333.phtml/ HTTP/1.1" 200 150746 "https://drspos.com/shop/goods/waxbird143136559333.phtml" "Mozilla/5.0 AppleWebKit/537.36 (KHTML, like Gecko; compatible; ClaudeBot/1.0; +claudebot@anthropic.com)"
74.7.227.61 - - [21/Mar/2026:17:32:36 +0200] "GET /shop/goods/truncate171976906459.phtml/ HTTP/1.1" 200 150746 "https://drspos.com/shop/goods/truncate171976906459.phtml" "Mozilla/5.0 AppleWebKit/537.36 (KHTML, like Gecko; compatible; GPTBot/1.3; +https://openai.com/gptbot)"
74.7.227.61 - - [21/Mar/2026:17:32:40 +0200] "GET /?p=46560 HTTP/1.1" 200 92990 "https://drspos.com/?p=46562" "Mozilla/5.0 AppleWebKit/537.36 (KHTML, like Gecko; compatible; GPTBot/1.3; +https://openai.com/gptbot)"
74.7.227.61 - - [21/Mar/2026:17:32:43 +0200] "GET /shop/goods/inwardly171487828139.phtml HTTP/1.1" 301 - "https://drspos.com/%3C![CDATA[https:/eminencegroup.net.au/post-sitemap9.xml]]%3E" "Mozilla/5.0 AppleWebKit/537.36 (KHTML, like Gecko; compatible; GPTBot/1.3; +https://openai.com/gptbot)"
74.7.227.61 - - [21/Mar/2026:17:32:45 +0200] "GET /shop/goods/inwardly171487828139.phtml/ HTTP/1.1" 200 150746 "https://drspos.com/shop/goods/inwardly171487828139.phtml" "Mozilla/5.0 AppleWebKit/537.36 (KHTML, like Gecko; compatible; GPTBot/1.3; +https://openai.com/gptbot)"
122.171.20.194 - - [21/Mar/2026:17:32:48 +0200] "POST /xmlrpc.php HTTP/1.1" 200 403 "-" "Mozilla/5.0 (Windows NT 6.2; arm64) AppleWebKit/537.36 (KHTML, like Gecko) Opera/76.0.0.0 Safari/537.36"
74.7.227.61 - - [21/Mar/2026:17:32:48 +0200] "GET /?p=30766 HTTP/1.1" 200 93710 "https://drspos.com/?p=30768" "Mozilla/5.0 AppleWebKit/537.36 (KHTML, like Gecko; compatible; GPTBot/1.3; +https://openai.com/gptbot)"
74.7.227.61 - - [21/Mar/2026:17:32:51 +0200] "GET /shop/goods/defigure172671655403.phtml HTTP/1.1" 301 - "https://drspos.com/%3C![CDATA[https:/eminencegroup.net.au/post-sitemap9.xml]]%3E" "Mozilla/5.0 AppleWebKit/537.36 (KHTML, like Gecko; compatible; GPTBot/1.3; +https://openai.com/gptbot)"
74.7.227.61 - - [21/Mar/2026:17:32:54 +0200] "GET /shop/goods/defigure172671655403.phtml/ HTTP/1.1" 200 150746 "https://drspos.com/shop/goods/defigure172671655403.phtml" "Mozilla/5.0 AppleWebKit/537.36 (KHTML, like Gecko; compatible; GPTBot/1.3; +https://openai.com/gptbot)"
74.7.227.61 - - [21/Mar/2026:17:32:57 +0200] "GET /shop/goods/japonica174260918403.phtml HTTP/1.1" 301 - "https://drspos.com/%3C![CDATA[https:/eminencegroup.net.au/post-sitemap9.xml]]%3E" "Mozilla/5.0 AppleWebKit/537.36 (KHTML, like Gecko; compatible; GPTBot/1.3; +https://openai.com/gptbot)"
74.7.227.61 - - [21/Mar/2026:17:32:59 +0200] "GET /shop/goods/japonica174260918403.phtml/ HTTP/1.1" 200 150746 "https://drspos.com/shop/goods/japonica174260918403.phtml" "Mozilla/5.0 AppleWebKit/537.36 (KHTML, like Gecko; compatible; GPTBot/1.3; +https://openai.com/gptbot)"
74.7.227.61 - - [21/Mar/2026:17:33:01 +0200] "GET /shop/goods/fixative173384294321.phtml HTTP/1.1" 301 - "https://drspos.com/%3C![CDATA[https:/eminencegroup.net.au/post-sitemap9.xml]]%3E" "Mozilla/5.0 AppleWebKit/537.36 (KHTML, like Gecko; compatible; GPTBot/1.3; +https://openai.com/gptbot)"
216.73.216.163 - - [21/Mar/2026:17:33:03 +0200] "GET /shop/goods/oxygenating171564315460.phtml HTTP/1.1" 301 - "-" "Mozilla/5.0 AppleWebKit/537.36 (KHTML, like Gecko; compatible; ClaudeBot/1.0; +claudebot@anthropic.com)"
74.7.227.61 - - [21/Mar/2026:17:33:04 +0200] "GET /shop/goods/fixative173384294321.phtml/ HTTP/1.1" 200 150746 "https://drspos.com/shop/goods/fixative173384294321.phtml" "Mozilla/5.0 AppleWebKit/537.36 (KHTML, like Gecko; compatible; GPTBot/1.3; +https://openai.com/gptbot)"
216.73.216.163 - - [21/Mar/2026:17:33:06 +0200] "GET /shop/goods/oxygenating171564315460.phtml/ HTTP/1.1" 200 150746 "https://www.drspos.com/shop/goods/oxygenating171564315460.phtml" "Mozilla/5.0 AppleWebKit/537.36 (KHTML, like Gecko; compatible; ClaudeBot/1.0; +claudebot@anthropic.com)"
74.7.227.61 - - [21/Mar/2026:17:33:07 +0200] "GET /?p=44330 HTTP/1.1" 200 91356 "https://drspos.com/?p=44328" "Mozilla/5.0 AppleWebKit/537.36 (KHTML, like Gecko; compatible; GPTBot/1.3; +https://openai.com/gptbot)"
74.7.227.61 - - [21/Mar/2026:17:33:10 +0200] "GET /shop/goods/exordium174165903502.phtml HTTP/1.1" 301 - "https://drspos.com/%3C![CDATA[https:/eminencegroup.net.au/post-sitemap9.xml]]%3E" "Mozilla/5.0 AppleWebKit/537.36 (KHTML, like Gecko; compatible; GPTBot/1.3; +https://openai.com/gptbot)"
74.7.227.61 - - [21/Mar/2026:17:33:13 +0200] "GET /shop/goods/exordium174165903502.phtml/ HTTP/1.1" 200 150746 "https://drspos.com/shop/goods/exordium174165903502.phtml" "Mozilla/5.0 AppleWebKit/537.36 (KHTML, like Gecko; compatible; GPTBot/1.3; +https://openai.com/gptbot)"
74.7.227.61 - - [21/Mar/2026:17:33:16 +0200] "GET /?p=52812 HTTP/1.1" 200 97152 "https://drspos.com/?p=52814" "Mozilla/5.0 AppleWebKit/537.36 (KHTML, like Gecko; compatible; GPTBot/1.3; +https://openai.com/gptbot)"
74.7.227.61 - - [21/Mar/2026:17:33:19 +0200] "GET /?p=48362 HTTP/1.1" 200 95469 "https://drspos.com/?p=48360" "Mozilla/5.0 AppleWebKit/537.36 (KHTML, like Gecko; compatible; GPTBot/1.3; +https://openai.com/gptbot)"
74.7.227.61 - - [21/Mar/2026:17:33:22 +0200] "GET /shop/goods/tarpeian172601680914.phtml HTTP/1.1" 301 - "https://drspos.com/%3C![CDATA[https:/eminencegroup.net.au/post-sitemap9.xml]]%3E" "Mozilla/5.0 AppleWebKit/537.36 (KHTML, like Gecko; compatible; GPTBot/1.3; +https://openai.com/gptbot)"
74.7.227.61 - - [21/Mar/2026:17:33:25 +0200] "GET /shop/goods/tarpeian172601680914.phtml/ HTTP/1.1" 200 150746 "https://drspos.com/shop/goods/tarpeian172601680914.phtml" "Mozilla/5.0 AppleWebKit/537.36 (KHTML, like Gecko; compatible; GPTBot/1.3; +https://openai.com/gptbot)"
74.7.227.61 - - [21/Mar/2026:17:33:28 +0200] "GET /?p=46558 HTTP/1.1" 200 91990 "https://drspos.com/?p=46560" "Mozilla/5.0 AppleWebKit/537.36 (KHTML, like Gecko; compatible; GPTBot/1.3; +https://openai.com/gptbot)"
74.7.227.61 - - [21/Mar/2026:17:33:31 +0200] "GET /shop/goods/bakistre172415116386.phtml HTTP/1.1" 301 - "https://drspos.com/%3C![CDATA[https:/eminencegroup.net.au/post-sitemap9.xml]]%3E" "Mozilla/5.0 AppleWebKit/537.36 (KHTML, like Gecko; compatible; GPTBot/1.3; +https://openai.com/gptbot)"
216.73.216.163 - - [21/Mar/2026:17:33:34 +0200] "GET /shop/goods/jamesswort132936542978.phtml HTTP/1.1" 301 - "-" "Mozilla/5.0 AppleWebKit/537.36 (KHTML, like Gecko; compatible; ClaudeBot/1.0; +claudebot@anthropic.com)"
74.7.227.61 - - [21/Mar/2026:17:33:34 +0200] "GET /shop/goods/bakistre172415116386.phtml/ HTTP/1.1" 200 150746 "https://drspos.com/shop/goods/bakistre172415116386.phtml" "Mozilla/5.0 AppleWebKit/537.36 (KHTML, like Gecko; compatible; GPTBot/1.3; +https://openai.com/gptbot)"
57.129.69.77 - - [21/Mar/2026:17:33:34 +0200] "GET /?p=15001 HTTP/1.1" 200 94007 "-" "Mozilla/5.0 (Windows NT 10.0; Win64; x64) AppleWebKit/537.36 (KHTML, like Gecko) Chrome/139.0.0.0 Safari/537.36"
51.77.211.229 - - [21/Mar/2026:17:33:37 +0200] "GET /wp-content/uploads/essential-addons-elementor/eael-47.js?ver=1773258868 HTTP/1.1" 200 1328 "-" "Mozilla/5.0 (Windows NT 10.0; Win64; x64) AppleWebKit/537.36 (KHTML, like Gecko) Chrome/139.0.0.0 Safari/537.36"
201.87.244.236 - - [21/Mar/2026:17:33:36 +0200] "GET /servicedesk.drspos.com/resources/custom_file_3_1774106995.php HTTP/1.1" 301 - "-" "Mozilla/5.0 (Windows NT 10.0; Win64; x64; rv:127.0) Gecko/20100101 Firefox/127.0"
216.73.216.163 - - [21/Mar/2026:17:33:36 +0200] "GET /shop/goods/jamesswort132936542978.phtml/ HTTP/1.1" 200 150746 "https://drspos.com/shop/goods/jamesswort132936542978.phtml" "Mozilla/5.0 AppleWebKit/537.36 (KHTML, like Gecko; compatible; ClaudeBot/1.0; +claudebot@anthropic.com)"
74.7.227.61 - - [21/Mar/2026:17:33:37 +0200] "GET /?p=30764 HTTP/1.1" 200 96093 "https://drspos.com/?p=30766" "Mozilla/5.0 AppleWebKit/537.36 (KHTML, like Gecko; compatible; GPTBot/1.3; +https://openai.com/gptbot)"
74.7.227.61 - - [21/Mar/2026:17:33:40 +0200] "GET /shop/goods/creaming171310393580.phtml HTTP/1.1" 301 - "https://drspos.com/%3C![CDATA[https:/eminencegroup.net.au/post-sitemap9.xml]]%3E" "Mozilla/5.0 AppleWebKit/537.36 (KHTML, like Gecko; compatible; GPTBot/1.3; +https://openai.com/gptbot)"
201.87.244.236 - - [21/Mar/2026:17:33:40 +0200] "GET /servicedesk.drspos.com/resources/custom_file_3_1774106995.php/ HTTP/1.1" 403 150746 "-" "Mozilla/5.0 (Windows NT 10.0; Win64; x64; rv:127.0) Gecko/20100101 Firefox/127.0"
74.7.227.61 - - [21/Mar/2026:17:33:42 +0200] "GET /shop/goods/creaming171310393580.phtml/ HTTP/1.1" 200 150746 "https://drspos.com/shop/goods/creaming171310393580.phtml" "Mozilla/5.0 AppleWebKit/537.36 (KHTML, like Gecko; compatible; GPTBot/1.3; +https://openai.com/gptbot)"
145.239.87.55 - - [21/Mar/2026:17:33:42 +0200] "GET /?author=6&paged=8 HTTP/1.1" 200 107713 "-" "Mozilla/5.0 (Windows NT 10.0; Win64; x64) AppleWebKit/537.36 (KHTML, like Gecko) Chrome/139.0.0.0 Safari/537.36"
74.7.227.61 - - [21/Mar/2026:17:33:45 +0200] "GET /shop/goods/purfling174203546673.phtml HTTP/1.1" 301 - "https://drspos.com/%3C![CDATA[https:/eminencegroup.net.au/post-sitemap9.xml]]%3E" "Mozilla/5.0 AppleWebKit/537.36 (KHTML, like Gecko; compatible; GPTBot/1.3; +https://openai.com/gptbot)"
74.7.227.61 - - [21/Mar/2026:17:33:47 +0200] "GET /shop/goods/purfling174203546673.phtml/ HTTP/1.1" 200 150746 "https://drspos.com/shop/goods/purfling174203546673.phtml" "Mozilla/5.0 AppleWebKit/537.36 (KHTML, like Gecko; compatible; GPTBot/1.3; +https://openai.com/gptbot)"
74.7.227.61 - - [21/Mar/2026:17:33:51 +0200] "GET /shop/goods/caroline171106083248.phtml HTTP/1.1" 301 - "https://drspos.com/%3C![CDATA[https:/eminencegroup.net.au/post-sitemap9.xml]]%3E" "Mozilla/5.0 AppleWebKit/537.36 (KHTML, like Gecko; compatible; GPTBot/1.3; +https://openai.com/gptbot)"
51.77.211.229 - - [21/Mar/2026:17:33:54 +0200] "GET /wp-content/uploads/essential-addons-elementor/eael-47.js?ver=1774085925 HTTP/1.1" 200 1328 "-" "Mozilla/5.0 (Windows NT 10.0; Win64; x64) AppleWebKit/537.36 (KHTML, like Gecko) Chrome/139.0.0.0 Safari/537.36"
74.7.227.61 - - [21/Mar/2026:17:33:53 +0200] "GET /shop/goods/caroline171106083248.phtml/ HTTP/1.1" 200 150746 "https://drspos.com/shop/goods/caroline171106083248.phtml" "Mozilla/5.0 AppleWebKit/537.36 (KHTML, like Gecko; compatible; GPTBot/1.3; +https://openai.com/gptbot)"
74.7.227.61 - - [21/Mar/2026:17:33:56 +0200] "GET /?p=44332 HTTP/1.1" 200 101627 "https://drspos.com/?p=44330" "Mozilla/5.0 AppleWebKit/537.36 (KHTML, like Gecko; compatible; GPTBot/1.3; +https://openai.com/gptbot)"
74.7.227.61 - - [21/Mar/2026:17:33:59 +0200] "GET /shop/goods/alterity173289670138.phtml HTTP/1.1" 301 - "https://drspos.com/%3C![CDATA[https:/eminencegroup.net.au/post-sitemap9.xml]]%3E" "Mozilla/5.0 AppleWebKit/537.36 (KHTML, like Gecko; compatible; GPTBot/1.3; +https://openai.com/gptbot)"
74.7.227.61 - - [21/Mar/2026:17:34:02 +0200] "GET /shop/goods/alterity173289670138.phtml/ HTTP/1.1" 200 150746 "https://drspos.com/shop/goods/alterity173289670138.phtml" "Mozilla/5.0 AppleWebKit/537.36 (KHTML, like Gecko; compatible; GPTBot/1.3; +https://openai.com/gptbot)"
74.7.227.61 - - [21/Mar/2026:17:34:04 +0200] "GET /?p=52810 HTTP/1.1" 200 97766 "https://drspos.com/?p=52812" "Mozilla/5.0 AppleWebKit/537.36 (KHTML, like Gecko; compatible; GPTBot/1.3; +https://openai.com/gptbot)"
216.73.216.163 - - [21/Mar/2026:17:34:05 +0200] "GET /shop/goods/carbonisation162538792426.phtml HTTP/1.1" 301 - "-" "Mozilla/5.0 AppleWebKit/537.36 (KHTML, like Gecko; compatible; ClaudeBot/1.0; +claudebot@anthropic.com)"
216.73.216.163 - - [21/Mar/2026:17:34:08 +0200] "GET /shop/goods/carbonisation162538792426.phtml/ HTTP/1.1" 200 150746 "https://drspos.com/shop/goods/carbonisation162538792426.phtml" "Mozilla/5.0 AppleWebKit/537.36 (KHTML, like Gecko; compatible; ClaudeBot/1.0; +claudebot@anthropic.com)"
74.7.227.61 - - [21/Mar/2026:17:34:08 +0200] "GET /?p=48364 HTTP/1.1" 200 91294 "https://drspos.com/?p=48362" "Mozilla/5.0 AppleWebKit/537.36 (KHTML, like Gecko; compatible; GPTBot/1.3; +https://openai.com/gptbot)"
201.87.244.236 - - [21/Mar/2026:17:34:11 +0200] "GET /servicedesk.drspos.com/resources/custom_file_3_1774106995.php HTTP/1.1" 301 - "-" "Mozilla/5.0 (Macintosh; Intel Mac OS X 13_5) AppleWebKit/605.1.15 (KHTML, like Gecko) Version/17.5 Safari/605.1.15"
74.7.227.61 - - [21/Mar/2026:17:34:11 +0200] "GET /shop/goods/murnival172455138347.phtml HTTP/1.1" 301 - "https://drspos.com/%3C![CDATA[https:/eminencegroup.net.au/post-sitemap9.xml]]%3E" "Mozilla/5.0 AppleWebKit/537.36 (KHTML, like Gecko; compatible; GPTBot/1.3; +https://openai.com/gptbot)"
74.7.227.61 - - [21/Mar/2026:17:34:13 +0200] "GET /shop/goods/murnival172455138347.phtml/ HTTP/1.1" 200 150746 "https://drspos.com/shop/goods/murnival172455138347.phtml" "Mozilla/5.0 AppleWebKit/537.36 (KHTML, like Gecko; compatible; GPTBot/1.3; +https://openai.com/gptbot)"
201.87.244.236 - - [21/Mar/2026:17:34:14 +0200] "GET /servicedesk.drspos.com/resources/custom_file_3_1774106995.php/ HTTP/1.1" 403 150746 "-" "Mozilla/5.0 (Macintosh; Intel Mac OS X 13_5) AppleWebKit/605.1.15 (KHTML, like Gecko) Version/17.5 Safari/605.1.15"
74.7.227.61 - - [21/Mar/2026:17:34:17 +0200] "GET /?p=46556 HTTP/1.1" 200 91641 "https://drspos.com/?p=46558" "Mozilla/5.0 AppleWebKit/537.36 (KHTML, like Gecko; compatible; GPTBot/1.3; +https://openai.com/gptbot)"
74.7.227.61 - - [21/Mar/2026:17:34:20 +0200] "GET /shop/goods/centrums171960158538.phtml HTTP/1.1" 301 - "https://drspos.com/%3C![CDATA[https:/eminencegroup.net.au/post-sitemap9.xml]]%3E" "Mozilla/5.0 AppleWebKit/537.36 (KHTML, like Gecko; compatible; GPTBot/1.3; +https://openai.com/gptbot)"
74.7.227.61 - - [21/Mar/2026:17:34:22 +0200] "GET /shop/goods/centrums171960158538.phtml/ HTTP/1.1" 200 150746 "https://drspos.com/shop/goods/centrums171960158538.phtml" "Mozilla/5.0 AppleWebKit/537.36 (KHTML, like Gecko; compatible; GPTBot/1.3; +https://openai.com/gptbot)"
216.73.216.163 - - [21/Mar/2026:17:34:25 +0200] "GET /shop/goods/hippopathology131412901764.phtml HTTP/1.1" 301 - "-" "Mozilla/5.0 AppleWebKit/537.36 (KHTML, like Gecko; compatible; ClaudeBot/1.0; +claudebot@anthropic.com)"
74.7.227.61 - - [21/Mar/2026:17:34:25 +0200] "GET /?p=30762 HTTP/1.1" 200 93506 "https://drspos.com/?p=30764" "Mozilla/5.0 AppleWebKit/537.36 (KHTML, like Gecko; compatible; GPTBot/1.3; +https://openai.com/gptbot)"
216.73.216.163 - - [21/Mar/2026:17:34:28 +0200] "GET /shop/goods/hippopathology131412901764.phtml/ HTTP/1.1" 200 150746 "https://drspos.com/shop/goods/hippopathology131412901764.phtml" "Mozilla/5.0 AppleWebKit/537.36 (KHTML, like Gecko; compatible; ClaudeBot/1.0; +claudebot@anthropic.com)"
74.7.227.61 - - [21/Mar/2026:17:34:28 +0200] "GET /shop/goods/lycaenid171579813892.phtml HTTP/1.1" 301 - "https://drspos.com/%3C![CDATA[https:/eminencegroup.net.au/post-sitemap9.xml]]%3E" "Mozilla/5.0 AppleWebKit/537.36 (KHTML, like Gecko; compatible; GPTBot/1.3; +https://openai.com/gptbot)"
74.7.227.61 - - [21/Mar/2026:17:34:30 +0200] "GET /shop/goods/lycaenid171579813892.phtml/ HTTP/1.1" 200 150746 "https://drspos.com/shop/goods/lycaenid171579813892.phtml" "Mozilla/5.0 AppleWebKit/537.36 (KHTML, like Gecko; compatible; GPTBot/1.3; +https://openai.com/gptbot)"
74.7.227.61 - - [21/Mar/2026:17:34:34 +0200] "GET /shop/goods/baldakin173646538140.phtml HTTP/1.1" 301 - "https://drspos.com/%3C![CDATA[https:/eminencegroup.net.au/post-sitemap9.xml]]%3E" "Mozilla/5.0 AppleWebKit/537.36 (KHTML, like Gecko; compatible; GPTBot/1.3; +https://openai.com/gptbot)"
74.7.227.61 - - [21/Mar/2026:17:34:36 +0200] "GET /shop/goods/baldakin173646538140.phtml/ HTTP/1.1" 200 150746 "https://drspos.com/shop/goods/baldakin173646538140.phtml" "Mozilla/5.0 AppleWebKit/537.36 (KHTML, like Gecko; compatible; GPTBot/1.3; +https://openai.com/gptbot)"
74.7.227.61 - - [21/Mar/2026:17:34:40 +0200] "GET /shop/goods/fischeri172150499030.phtml HTTP/1.1" 301 - "https://drspos.com/%3C![CDATA[https:/eminencegroup.net.au/post-sitemap9.xml]]%3E" "Mozilla/5.0 AppleWebKit/537.36 (KHTML, like Gecko; compatible; GPTBot/1.3; +https://openai.com/gptbot)"
74.7.227.61 - - [21/Mar/2026:17:34:42 +0200] "GET /shop/goods/fischeri172150499030.phtml/ HTTP/1.1" 200 150746 "https://drspos.com/shop/goods/fischeri172150499030.phtml" "Mozilla/5.0 AppleWebKit/537.36 (KHTML, like Gecko; compatible; GPTBot/1.3; +https://openai.com/gptbot)"
74.7.227.61 - - [21/Mar/2026:17:34:45 +0200] "GET /?p=44334 HTTP/1.1" 200 91011 "https://drspos.com/?p=44332" "Mozilla/5.0 AppleWebKit/537.36 (KHTML, like Gecko; compatible; GPTBot/1.3; +https://openai.com/gptbot)"
74.7.227.61 - - [21/Mar/2026:17:34:48 +0200] "GET /shop/goods/nickname172839119274.phtml HTTP/1.1" 301 - "https://drspos.com/%3C![CDATA[https:/eminencegroup.net.au/post-sitemap9.xml]]%3E" "Mozilla/5.0 AppleWebKit/537.36 (KHTML, like Gecko; compatible; GPTBot/1.3; +https://openai.com/gptbot)"
122.171.20.194 - - [21/Mar/2026:17:34:50 +0200] "POST /xmlrpc.php HTTP/1.1" 200 403 "-" "Mozilla/5.0 (Windows NT 6.3; arm64) AppleWebKit/537.36 (KHTML, like Gecko) Edge/86.0.0.0 Safari/537.36"
74.7.227.61 - - [21/Mar/2026:17:34:50 +0200] "GET /shop/goods/nickname172839119274.phtml/ HTTP/1.1" 200 150746 "https://drspos.com/shop/goods/nickname172839119274.phtml" "Mozilla/5.0 AppleWebKit/537.36 (KHTML, like Gecko; compatible; GPTBot/1.3; +https://openai.com/gptbot)"
74.7.227.61 - - [21/Mar/2026:17:34:53 +0200] "GET /?p=52808 HTTP/1.1" 200 97623 "https://drspos.com/?p=52810" "Mozilla/5.0 AppleWebKit/537.36 (KHTML, like Gecko; compatible; GPTBot/1.3; +https://openai.com/gptbot)"
74.7.227.61 - - [21/Mar/2026:17:34:57 +0200] "GET /?p=48366 HTTP/1.1" 200 93279 "https://drspos.com/?p=48364" "Mozilla/5.0 AppleWebKit/537.36 (KHTML, like Gecko; compatible; GPTBot/1.3; +https://openai.com/gptbot)"
216.73.216.163 - - [21/Mar/2026:17:34:57 +0200] "GET /shop/goods/mopheaded17507692937.phtml HTTP/1.1" 301 - "-" "Mozilla/5.0 AppleWebKit/537.36 (KHTML, like Gecko; compatible; ClaudeBot/1.0; +claudebot@anthropic.com)"
74.7.227.61 - - [21/Mar/2026:17:35:00 +0200] "GET /shop/goods/triandra172243089749.phtml HTTP/1.1" 301 - "https://drspos.com/%3C![CDATA[https:/eminencegroup.net.au/post-sitemap9.xml]]%3E" "Mozilla/5.0 AppleWebKit/537.36 (KHTML, like Gecko; compatible; GPTBot/1.3; +https://openai.com/gptbot)"
216.73.216.163 - - [21/Mar/2026:17:35:00 +0200] "GET /shop/goods/mopheaded17507692937.phtml/ HTTP/1.1" 200 150746 "https://www.drspos.com/shop/goods/mopheaded17507692937.phtml" "Mozilla/5.0 AppleWebKit/537.36 (KHTML, like Gecko; compatible; ClaudeBot/1.0; +claudebot@anthropic.com)"
74.7.227.61 - - [21/Mar/2026:17:35:02 +0200] "GET /shop/goods/triandra172243089749.phtml/ HTTP/1.1" 200 150746 "https://drspos.com/shop/goods/triandra172243089749.phtml" "Mozilla/5.0 AppleWebKit/537.36 (KHTML, like Gecko; compatible; GPTBot/1.3; +https://openai.com/gptbot)"
74.7.227.61 - - [21/Mar/2026:17:35:06 +0200] "GET /?p=46554 HTTP/1.1" 200 93673 "https://drspos.com/?p=46556" "Mozilla/5.0 AppleWebKit/537.36 (KHTML, like Gecko; compatible; GPTBot/1.3; +https://openai.com/gptbot)"
74.7.227.61 - - [21/Mar/2026:17:35:09 +0200] "GET /shop/goods/cavorted172685400198.phtml HTTP/1.1" 301 - "https://drspos.com/%3C![CDATA[https:/eminencegroup.net.au/post-sitemap9.xml]]%3E" "Mozilla/5.0 AppleWebKit/537.36 (KHTML, like Gecko; compatible; GPTBot/1.3; +https://openai.com/gptbot)"
74.7.227.61 - - [21/Mar/2026:17:35:11 +0200] "GET /shop/goods/cavorted172685400198.phtml/ HTTP/1.1" 200 150746 "https://drspos.com/shop/goods/cavorted172685400198.phtml" "Mozilla/5.0 AppleWebKit/537.36 (KHTML, like Gecko; compatible; GPTBot/1.3; +https://openai.com/gptbot)"
74.7.227.61 - - [21/Mar/2026:17:35:14 +0200] "GET /?p=30760 HTTP/1.1" 200 96972 "https://drspos.com/?p=30762" "Mozilla/5.0 AppleWebKit/537.36 (KHTML, like Gecko; compatible; GPTBot/1.3; +https://openai.com/gptbot)"
74.7.227.61 - - [21/Mar/2026:17:35:17 +0200] "GET /wp-content/uploads/essential-addons-elementor/eael-47.js?ver=1773601102 HTTP/1.1" 200 1328 "https://drspos.com/?p=30762" "Mozilla/5.0 AppleWebKit/537.36 (KHTML, like Gecko; compatible; GPTBot/1.3; +https://openai.com/gptbot)"
216.73.216.163 - - [21/Mar/2026:17:35:20 +0200] "GET /shop/goods/tachograph13183235936.phtml HTTP/1.1" 301 - "-" "Mozilla/5.0 AppleWebKit/537.36 (KHTML, like Gecko; compatible; ClaudeBot/1.0; +claudebot@anthropic.com)"
74.7.227.61 - - [21/Mar/2026:17:35:21 +0200] "GET /shop/goods/aurelian172831942781.phtml HTTP/1.1" 301 - "https://drspos.com/%3C![CDATA[https:/eminencegroup.net.au/post-sitemap9.xml]]%3E" "Mozilla/5.0 AppleWebKit/537.36 (KHTML, like Gecko; compatible; GPTBot/1.3; +https://openai.com/gptbot)"
216.73.216.163 - - [21/Mar/2026:17:35:23 +0200] "GET /shop/goods/tachograph13183235936.phtml/ HTTP/1.1" 200 150746 "https://drspos.com/shop/goods/tachograph13183235936.phtml" "Mozilla/5.0 AppleWebKit/537.36 (KHTML, like Gecko; compatible; ClaudeBot/1.0; +claudebot@anthropic.com)"
74.7.227.61 - - [21/Mar/2026:17:35:23 +0200] "GET /shop/goods/aurelian172831942781.phtml/ HTTP/1.1" 200 150746 "https://drspos.com/shop/goods/aurelian172831942781.phtml" "Mozilla/5.0 AppleWebKit/537.36 (KHTML, like Gecko; compatible; GPTBot/1.3; +https://openai.com/gptbot)"
74.7.227.61 - - [21/Mar/2026:17:35:26 +0200] "GET /shop/goods/pratense171381256840.phtml HTTP/1.1" 301 - "https://drspos.com/%3C![CDATA[https:/eminencegroup.net.au/post-sitemap9.xml]]%3E" "Mozilla/5.0 AppleWebKit/537.36 (KHTML, like Gecko; compatible; GPTBot/1.3; +https://openai.com/gptbot)"
74.7.227.61 - - [21/Mar/2026:17:35:28 +0200] "GET /shop/goods/pratense171381256840.phtml/ HTTP/1.1" 200 150746 "https://drspos.com/shop/goods/pratense171381256840.phtml" "Mozilla/5.0 AppleWebKit/537.36 (KHTML, like Gecko; compatible; GPTBot/1.3; +https://openai.com/gptbot)"
74.7.227.61 - - [21/Mar/2026:17:35:31 +0200] "GET /?p=44336 HTTP/1.1" 200 91719 "https://drspos.com/?p=44334" "Mozilla/5.0 AppleWebKit/537.36 (KHTML, like Gecko; compatible; GPTBot/1.3; +https://openai.com/gptbot)"
74.7.227.61 - - [21/Mar/2026:17:35:35 +0200] "GET /?cat=20&paged=6 HTTP/1.1" 200 81273 "https://drspos.com/?cat=20" "Mozilla/5.0 AppleWebKit/537.36 (KHTML, like Gecko; compatible; GPTBot/1.3; +https://openai.com/gptbot)"
74.7.227.61 - - [21/Mar/2026:17:35:38 +0200] "GET /?p=52806 HTTP/1.1" 200 96937 "https://drspos.com/?p=52808" "Mozilla/5.0 AppleWebKit/537.36 (KHTML, like Gecko; compatible; GPTBot/1.3; +https://openai.com/gptbot)"
74.7.227.61 - - [21/Mar/2026:17:35:41 +0200] "GET /?p=48368 HTTP/1.1" 200 91582 "https://drspos.com/?p=48366" "Mozilla/5.0 AppleWebKit/537.36 (KHTML, like Gecko; compatible; GPTBot/1.3; +https://openai.com/gptbot)"
74.7.227.61 - - [21/Mar/2026:17:35:44 +0200] "GET /?cat=20&paged=4 HTTP/1.1" 200 111589 "https://drspos.com/?cat=20&paged=2" "Mozilla/5.0 AppleWebKit/537.36 (KHTML, like Gecko; compatible; GPTBot/1.3; +https://openai.com/gptbot)"
74.7.227.61 - - [21/Mar/2026:17:35:48 +0200] "GET /?p=46552 HTTP/1.1" 200 93764 "https://drspos.com/?p=46554" "Mozilla/5.0 AppleWebKit/537.36 (KHTML, like Gecko; compatible; GPTBot/1.3; +https://openai.com/gptbot)"
74.7.227.61 - - [21/Mar/2026:17:35:51 +0200] "GET /?cat=20&paged=3 HTTP/1.1" 200 109713 "https://drspos.com/?cat=20" "Mozilla/5.0 AppleWebKit/537.36 (KHTML, like Gecko; compatible; GPTBot/1.3; +https://openai.com/gptbot)"
74.7.227.61 - - [21/Mar/2026:17:35:54 +0200] "GET /?p=30758 HTTP/1.1" 200 93821 "https://drspos.com/?p=30760" "Mozilla/5.0 AppleWebKit/537.36 (KHTML, like Gecko; compatible; GPTBot/1.3; +https://openai.com/gptbot)"
216.73.216.163 - - [21/Mar/2026:17:35:57 +0200] "GET /shop/goods/circumscriber163577848781.phtml HTTP/1.1" 301 - "-" "Mozilla/5.0 AppleWebKit/537.36 (KHTML, like Gecko; compatible; ClaudeBot/1.0; +claudebot@anthropic.com)"
74.7.227.61 - - [21/Mar/2026:17:35:57 +0200] "GET /?cat=39&paged=2 HTTP/1.1" 200 113755 "https://drspos.com/?cat=39" "Mozilla/5.0 AppleWebKit/537.36 (KHTML, like Gecko; compatible; GPTBot/1.3; +https://openai.com/gptbot)"
216.73.216.163 - - [21/Mar/2026:17:36:00 +0200] "GET /shop/goods/circumscriber163577848781.phtml/ HTTP/1.1" 200 150746 "https://drspos.com/shop/goods/circumscriber163577848781.phtml" "Mozilla/5.0 AppleWebKit/537.36 (KHTML, like Gecko; compatible; ClaudeBot/1.0; +claudebot@anthropic.com)"
74.7.227.61 - - [21/Mar/2026:17:36:00 +0200] "GET /?cat=37&paged=2 HTTP/1.1" 200 109402 "https://drspos.com/?cat=37" "Mozilla/5.0 AppleWebKit/537.36 (KHTML, like Gecko; compatible; GPTBot/1.3; +https://openai.com/gptbot)"
74.7.227.61 - - [21/Mar/2026:17:36:03 +0200] "GET /?cat=56&paged=3 HTTP/1.1" 200 93166 "https://drspos.com/?cat=56" "Mozilla/5.0 AppleWebKit/537.36 (KHTML, like Gecko; compatible; GPTBot/1.3; +https://openai.com/gptbot)"
74.7.227.61 - - [21/Mar/2026:17:36:07 +0200] "GET /?p=44338 HTTP/1.1" 200 92771 "https://drspos.com/?p=44336" "Mozilla/5.0 AppleWebKit/537.36 (KHTML, like Gecko; compatible; GPTBot/1.3; +https://openai.com/gptbot)"
74.7.227.61 - - [21/Mar/2026:17:36:10 +0200] "GET /?cat=20&paged=5 HTTP/1.1" 200 110363 "https://drspos.com/?cat=20&paged=6" "Mozilla/5.0 AppleWebKit/537.36 (KHTML, like Gecko; compatible; GPTBot/1.3; +https://openai.com/gptbot)"
74.7.227.61 - - [21/Mar/2026:17:36:13 +0200] "GET /?p=52804 HTTP/1.1" 200 95209 "https://drspos.com/?p=52806" "Mozilla/5.0 AppleWebKit/537.36 (KHTML, like Gecko; compatible; GPTBot/1.3; +https://openai.com/gptbot)"
74.7.227.61 - - [21/Mar/2026:17:36:16 +0200] "GET /?p=48370 HTTP/1.1" 200 94970 "https://drspos.com/?p=48368" "Mozilla/5.0 AppleWebKit/537.36 (KHTML, like Gecko; compatible; GPTBot/1.3; +https://openai.com/gptbot)"
74.7.227.61 - - [21/Mar/2026:17:36:19 +0200] "GET /wp-content/uploads/essential-addons-elementor/eael-47.css?ver=1774032380 HTTP/1.1" 200 16146 "https://drspos.com/?p=52806" "Mozilla/5.0 AppleWebKit/537.36 (KHTML, like Gecko; compatible; GPTBot/1.3; +https://openai.com/gptbot)"
74.7.227.61 - - [21/Mar/2026:17:36:23 +0200] "GET /?p=46550 HTTP/1.1" 200 92191 "https://drspos.com/?p=46552" "Mozilla/5.0 AppleWebKit/537.36 (KHTML, like Gecko; compatible; GPTBot/1.3; +https://openai.com/gptbot)"
74.7.227.61 - - [21/Mar/2026:17:36:26 +0200] "GET /?cat=56&paged=2 HTTP/1.1" 200 108591 "https://drspos.com/?cat=56" "Mozilla/5.0 AppleWebKit/537.36 (KHTML, like Gecko; compatible; GPTBot/1.3; +https://openai.com/gptbot)"
216.73.216.163 - - [21/Mar/2026:17:36:27 +0200] "GET /shop/goods/footstall161980899608.phtml HTTP/1.1" 301 - "-" "Mozilla/5.0 AppleWebKit/537.36 (KHTML, like Gecko; compatible; ClaudeBot/1.0; +claudebot@anthropic.com)"
74.7.227.61 - - [21/Mar/2026:17:36:29 +0200] "GET /?p=30755 HTTP/1.1" 200 93746 "https://drspos.com/?p=30758" "Mozilla/5.0 AppleWebKit/537.36 (KHTML, like Gecko; compatible; GPTBot/1.3; +https://openai.com/gptbot)"
216.73.216.163 - - [21/Mar/2026:17:36:30 +0200] "GET /shop/goods/footstall161980899608.phtml/ HTTP/1.1" 200 150746 "https://drspos.com/shop/goods/footstall161980899608.phtml" "Mozilla/5.0 AppleWebKit/537.36 (KHTML, like Gecko; compatible; ClaudeBot/1.0; +claudebot@anthropic.com)"
74.7.227.61 - - [21/Mar/2026:17:36:32 +0200] "GET /?cat=38&paged=2 HTTP/1.1" 200 107903 "https://drspos.com/?cat=38" "Mozilla/5.0 AppleWebKit/537.36 (KHTML, like Gecko; compatible; GPTBot/1.3; +https://openai.com/gptbot)"
74.7.227.61 - - [21/Mar/2026:17:36:35 +0200] "GET /?p=37134 HTTP/1.1" 200 100567 "https://drspos.com/?cat=37&paged=2" "Mozilla/5.0 AppleWebKit/537.36 (KHTML, like Gecko; compatible; GPTBot/1.3; +https://openai.com/gptbot)"
74.7.227.61 - - [21/Mar/2026:17:36:39 +0200] "GET /?p=41276 HTTP/1.1" 200 100567 "https://drspos.com/?cat=56&paged=3" "Mozilla/5.0 AppleWebKit/537.36 (KHTML, like Gecko; compatible; GPTBot/1.3; +https://openai.com/gptbot)"
74.7.227.61 - - [21/Mar/2026:17:36:42 +0200] "GET /?p=44340 HTTP/1.1" 200 103488 "https://drspos.com/?p=44338" "Mozilla/5.0 AppleWebKit/537.36 (KHTML, like Gecko; compatible; GPTBot/1.3; +https://openai.com/gptbot)"
122.171.20.194 - - [21/Mar/2026:17:36:45 +0200] "POST /xmlrpc.php HTTP/1.1" 200 403 "-" "Mozilla/5.0 (Macintosh; Intel Mac OS X 10_15_7; arm64) AppleWebKit/537.36 (KHTML, like Gecko) Opera/61.0.0.0 Safari/537.36"
74.7.227.61 - - [21/Mar/2026:17:36:45 +0200] "GET /index.php?rest_route=%2Foembed%2F1.0%2Fembed&url=https%3A%2F%2Fdrspos.com%2F%3Fp%3D41276 HTTP/1.1" 200 2247 "https://drspos.com/?p=41276" "Mozilla/5.0 AppleWebKit/537.36 (KHTML, like Gecko; compatible; GPTBot/1.3; +https://openai.com/gptbot)"
74.7.227.61 - - [21/Mar/2026:17:36:48 +0200] "GET /wp-content/uploads/essential-addons-elementor/eael-47.js?ver=1773843885 HTTP/1.1" 200 1328 "https://drspos.com/?p=41276" "Mozilla/5.0 AppleWebKit/537.36 (KHTML, like Gecko; compatible; GPTBot/1.3; +https://openai.com/gptbot)"
74.7.227.61 - - [21/Mar/2026:17:36:51 +0200] "GET /index.php?rest_route=/wp/v2/posts/41276 HTTP/1.1" 200 4417 "https://drspos.com/?p=41276" "Mozilla/5.0 AppleWebKit/537.36 (KHTML, like Gecko; compatible; GPTBot/1.3; +https://openai.com/gptbot)"
74.7.227.61 - - [21/Mar/2026:17:36:54 +0200] "GET /index.php?format=xml&rest_route=%2Foembed%2F1.0%2Fembed&url=https%3A%2F%2Fdrspos.com%2F%3Fp%3D41276 HTTP/1.1" 200 2403 "https://drspos.com/?p=41276" "Mozilla/5.0 AppleWebKit/537.36 (KHTML, like Gecko; compatible; GPTBot/1.3; +https://openai.com/gptbot)"
74.7.227.61 - - [21/Mar/2026:17:36:57 +0200] "GET /?feed=rss2&p=41276 HTTP/1.1" 200 785 "https://drspos.com/?p=41276" "Mozilla/5.0 AppleWebKit/537.36 (KHTML, like Gecko; compatible; GPTBot/1.3; +https://openai.com/gptbot)"
74.7.227.61 - - [21/Mar/2026:17:37:03 +0200] "GET /wp-content/uploads/essential-addons-elementor/eael-47.css?ver=1773843885 HTTP/1.1" 200 16146 "https://drspos.com/?p=41276" "Mozilla/5.0 AppleWebKit/537.36 (KHTML, like Gecko; compatible; GPTBot/1.3; +https://openai.com/gptbot)"
216.73.216.163 - - [21/Mar/2026:17:37:01 +0200] "GET /shop/goods/noetic143396778230.phtml HTTP/1.1" 301 - "-" "Mozilla/5.0 AppleWebKit/537.36 (KHTML, like Gecko; compatible; ClaudeBot/1.0; +claudebot@anthropic.com)"
216.73.216.163 - - [21/Mar/2026:17:37:04 +0200] "GET /shop/goods/noetic143396778230.phtml/ HTTP/1.1" 200 150746 "https://drspos.com/shop/goods/noetic143396778230.phtml" "Mozilla/5.0 AppleWebKit/537.36 (KHTML, like Gecko; compatible; ClaudeBot/1.0; +claudebot@anthropic.com)"
74.7.227.61 - - [21/Mar/2026:17:37:06 +0200] "GET /?p=32819 HTTP/1.1" 200 102332 "https://drspos.com/?cat=20&paged=5" "Mozilla/5.0 AppleWebKit/537.36 (KHTML, like Gecko; compatible; GPTBot/1.3; +https://openai.com/gptbot)"
74.7.227.61 - - [21/Mar/2026:17:37:09 +0200] "GET /?p=51360 HTTP/1.1" 200 100461 "https://drspos.com/?cat=20&paged=5" "Mozilla/5.0 AppleWebKit/537.36 (KHTML, like Gecko; compatible; GPTBot/1.3; +https://openai.com/gptbot)"
74.7.227.61 - - [21/Mar/2026:17:37:12 +0200] "GET /?p=10679 HTTP/1.1" 200 100776 "https://drspos.com/?cat=20&paged=5" "Mozilla/5.0 AppleWebKit/537.36 (KHTML, like Gecko; compatible; GPTBot/1.3; +https://openai.com/gptbot)"
74.7.227.61 - - [21/Mar/2026:17:37:15 +0200] "GET /?p=48372 HTTP/1.1" 200 95069 "https://drspos.com/?p=48370" "Mozilla/5.0 AppleWebKit/537.36 (KHTML, like Gecko; compatible; GPTBot/1.3; +https://openai.com/gptbot)"
74.7.227.61 - - [21/Mar/2026:17:37:18 +0200] "GET /?p=46548 HTTP/1.1" 200 92813 "https://drspos.com/?p=46550" "Mozilla/5.0 AppleWebKit/537.36 (KHTML, like Gecko; compatible; GPTBot/1.3; +https://openai.com/gptbot)"
74.7.227.61 - - [21/Mar/2026:17:37:21 +0200] "GET /?p=41560 HTTP/1.1" 200 100760 "https://drspos.com/?cat=56&paged=2" "Mozilla/5.0 AppleWebKit/537.36 (KHTML, like Gecko; compatible; GPTBot/1.3; +https://openai.com/gptbot)"
74.7.227.61 - - [21/Mar/2026:17:37:25 +0200] "GET /?p=30754 HTTP/1.1" 200 95179 "https://drspos.com/?p=30755" "Mozilla/5.0 AppleWebKit/537.36 (KHTML, like Gecko; compatible; GPTBot/1.3; +https://openai.com/gptbot)"
74.7.227.61 - - [21/Mar/2026:17:37:28 +0200] "GET /?p=37138 HTTP/1.1" 200 100726 "https://drspos.com/?cat=38&paged=2" "Mozilla/5.0 AppleWebKit/537.36 (KHTML, like Gecko; compatible; GPTBot/1.3; +https://openai.com/gptbot)"
50.62.181.149 - - [21/Mar/2026:17:37:28 +0200] "GET /servicedesk.drspos.com/resources/custom_file_3_1774106995.php HTTP/1.1" 301 - "-" "Mozilla/5.0 (Windows NT 10.0; Win64; x64; rv:127.0) Gecko/20100101 Firefox/127.0"
74.7.227.61 - - [21/Mar/2026:17:37:31 +0200] "GET /?p=46586 HTTP/1.1" 200 100648 "https://drspos.com/?cat=20&paged=5" "Mozilla/5.0 AppleWebKit/537.36 (KHTML, like Gecko; compatible; GPTBot/1.3; +https://openai.com/gptbot)"
50.62.181.149 - - [21/Mar/2026:17:37:32 +0200] "GET /servicedesk.drspos.com/resources/custom_file_3_1774106995.php/ HTTP/1.1" 403 150746 "-" "Mozilla/5.0 (Windows NT 10.0; Win64; x64; rv:127.0) Gecko/20100101 Firefox/127.0"
74.7.227.61 - - [21/Mar/2026:17:37:34 +0200] "GET /?p=52606 HTTP/1.1" 200 100649 "https://drspos.com/?cat=20&paged=5" "Mozilla/5.0 AppleWebKit/537.36 (KHTML, like Gecko; compatible; GPTBot/1.3; +https://openai.com/gptbot)"
216.73.216.163 - - [21/Mar/2026:17:37:35 +0200] "GET /shop/goods/eruginous121549275990.phtml HTTP/1.1" 301 - "-" "Mozilla/5.0 AppleWebKit/537.36 (KHTML, like Gecko; compatible; ClaudeBot/1.0; +claudebot@anthropic.com)"
74.7.227.61 - - [21/Mar/2026:17:37:37 +0200] "GET /?p=24909 HTTP/1.1" 200 103099 "https://drspos.com/?p=37134" "Mozilla/5.0 AppleWebKit/537.36 (KHTML, like Gecko; compatible; GPTBot/1.3; +https://openai.com/gptbot)"
216.73.216.163 - - [21/Mar/2026:17:37:38 +0200] "GET /shop/goods/eruginous121549275990.phtml/ HTTP/1.1" 200 150746 "https://drspos.com/shop/goods/eruginous121549275990.phtml" "Mozilla/5.0 AppleWebKit/537.36 (KHTML, like Gecko; compatible; ClaudeBot/1.0; +claudebot@anthropic.com)"
74.7.227.61 - - [21/Mar/2026:17:37:40 +0200] "GET /?p=47546 HTTP/1.1" 200 101266 "https://drspos.com/?cat=20&paged=5" "Mozilla/5.0 AppleWebKit/537.36 (KHTML, like Gecko; compatible; GPTBot/1.3; +https://openai.com/gptbot)"
74.7.227.61 - - [21/Mar/2026:17:37:43 +0200] "GET /?p=46640 HTTP/1.1" 200 100843 "https://drspos.com/?cat=56&paged=2" "Mozilla/5.0 AppleWebKit/537.36 (KHTML, like Gecko; compatible; GPTBot/1.3; +https://openai.com/gptbot)"
216.73.216.163 - - [21/Mar/2026:17:37:44 +0200] "GET /shop/goods/peristrephic144280155706.phtml HTTP/1.1" 301 - "-" "Mozilla/5.0 AppleWebKit/537.36 (KHTML, like Gecko; compatible; ClaudeBot/1.0; +claudebot@anthropic.com)"
216.73.216.163 - - [21/Mar/2026:17:37:46 +0200] "GET /shop/goods/peristrephic144280155706.phtml/ HTTP/1.1" 200 150746 "https://drspos.com/shop/goods/peristrephic144280155706.phtml" "Mozilla/5.0 AppleWebKit/537.36 (KHTML, like Gecko; compatible; ClaudeBot/1.0; +claudebot@anthropic.com)"
74.7.227.61 - - [21/Mar/2026:17:37:46 +0200] "GET /?p=30670 HTTP/1.1" 200 103468 "https://drspos.com/?p=10679" "Mozilla/5.0 AppleWebKit/537.36 (KHTML, like Gecko; compatible; GPTBot/1.3; +https://openai.com/gptbot)"
74.7.227.61 - - [21/Mar/2026:17:37:50 +0200] "GET /?p=48374 HTTP/1.1" 200 91337 "https://drspos.com/?p=48372" "Mozilla/5.0 AppleWebKit/537.36 (KHTML, like Gecko; compatible; GPTBot/1.3; +https://openai.com/gptbot)"
74.7.227.61 - - [21/Mar/2026:17:37:53 +0200] "GET /?p=46546 HTTP/1.1" 200 95603 "https://drspos.com/?p=46548" "Mozilla/5.0 AppleWebKit/537.36 (KHTML, like Gecko; compatible; GPTBot/1.3; +https://openai.com/gptbot)"
74.7.227.61 - - [21/Mar/2026:17:37:56 +0200] "GET /?p=52802 HTTP/1.1" 200 97084 "https://drspos.com/?p=52804" "Mozilla/5.0 AppleWebKit/537.36 (KHTML, like Gecko; compatible; GPTBot/1.3; +https://openai.com/gptbot)"
74.7.227.61 - - [21/Mar/2026:17:37:59 +0200] "GET /?p=30752 HTTP/1.1" 200 93783 "https://drspos.com/?p=30754" "Mozilla/5.0 AppleWebKit/537.36 (KHTML, like Gecko; compatible; GPTBot/1.3; +https://openai.com/gptbot)"
74.7.227.61 - - [21/Mar/2026:17:38:02 +0200] "GET /?p=16344 HTTP/1.1" 200 102437 "https://drspos.com/?p=37138" "Mozilla/5.0 AppleWebKit/537.36 (KHTML, like Gecko; compatible; GPTBot/1.3; +https://openai.com/gptbot)"
74.7.227.61 - - [21/Mar/2026:17:38:05 +0200] "GET /?p=12089 HTTP/1.1" 200 102804 "https://drspos.com/?p=46586" "Mozilla/5.0 AppleWebKit/537.36 (KHTML, like Gecko; compatible; GPTBot/1.3; +https://openai.com/gptbot)"
157.55.39.10 - - [21/Mar/2026:17:38:10 +0200] "GET /shop/goods/protractile152272459111.phtml HTTP/1.1" 200 202008 "-" "Mozilla/5.0 AppleWebKit/537.36 (KHTML, like Gecko; compatible; bingbot/2.0; +http://www.bing.com/bingbot.htm) Chrome/116.0.1938.76 Safari/537.36"
74.7.227.61 - - [21/Mar/2026:17:38:09 +0200] "GET /?p=41972 HTTP/1.1" 200 102835 "https://drspos.com/?p=52606" "Mozilla/5.0 AppleWebKit/537.36 (KHTML, like Gecko; compatible; GPTBot/1.3; +https://openai.com/gptbot)"
74.7.227.61 - - [21/Mar/2026:17:38:12 +0200] "GET /?p=14772 HTTP/1.1" 200 103203 "https://drspos.com/?p=46586" "Mozilla/5.0 AppleWebKit/537.36 (KHTML, like Gecko; compatible; GPTBot/1.3; +https://openai.com/gptbot)"
40.77.167.44 - - [21/Mar/2026:17:38:14 +0200] "GET /shop/goods/unwashen1570562186.phtml HTTP/1.1" 200 212217 "-" "Mozilla/5.0 AppleWebKit/537.36 (KHTML, like Gecko; compatible; bingbot/2.0; +http://www.bing.com/bingbot.htm) Chrome/116.0.1938.76 Safari/537.36"
74.7.227.61 - - [21/Mar/2026:17:38:15 +0200] "GET /?p=37998 HTTP/1.1" 200 102107 "https://drspos.com/?p=37138" "Mozilla/5.0 AppleWebKit/537.36 (KHTML, like Gecko; compatible; GPTBot/1.3; +https://openai.com/gptbot)"
216.73.216.163 - - [21/Mar/2026:17:38:16 +0200] "GET /shop/goods/conduce132787071318.phtml HTTP/1.1" 301 - "-" "Mozilla/5.0 AppleWebKit/537.36 (KHTML, like Gecko; compatible; ClaudeBot/1.0; +claudebot@anthropic.com)"
74.7.227.61 - - [21/Mar/2026:17:38:18 +0200] "GET /?p=33063 HTTP/1.1" 200 100949 "https://drspos.com/?cat=20&paged=5" "Mozilla/5.0 AppleWebKit/537.36 (KHTML, like Gecko; compatible; GPTBot/1.3; +https://openai.com/gptbot)"
216.73.216.163 - - [21/Mar/2026:17:38:18 +0200] "GET /shop/goods/conduce132787071318.phtml/ HTTP/1.1" 200 150746 "https://www.drspos.com/shop/goods/conduce132787071318.phtml" "Mozilla/5.0 AppleWebKit/537.36 (KHTML, like Gecko; compatible; ClaudeBot/1.0; +claudebot@anthropic.com)"
216.73.216.163 - - [21/Mar/2026:17:38:22 +0200] "GET /shop/goods/trustless163332960016.phtml HTTP/1.1" 301 - "-" "Mozilla/5.0 AppleWebKit/537.36 (KHTML, like Gecko; compatible; ClaudeBot/1.0; +claudebot@anthropic.com)"
74.7.227.61 - - [21/Mar/2026:17:38:22 +0200] "GET /?p=44342 HTTP/1.1" 200 91876 "https://drspos.com/?p=44340" "Mozilla/5.0 AppleWebKit/537.36 (KHTML, like Gecko; compatible; GPTBot/1.3; +https://openai.com/gptbot)"
216.73.216.163 - - [21/Mar/2026:17:38:25 +0200] "GET /shop/goods/trustless163332960016.phtml/ HTTP/1.1" 200 150746 "https://www.drspos.com/shop/goods/trustless163332960016.phtml" "Mozilla/5.0 AppleWebKit/537.36 (KHTML, like Gecko; compatible; ClaudeBot/1.0; +claudebot@anthropic.com)"
74.7.227.61 - - [21/Mar/2026:17:38:25 +0200] "GET /?p=48376 HTTP/1.1" 200 91962 "https://drspos.com/?p=48374" "Mozilla/5.0 AppleWebKit/537.36 (KHTML, like Gecko; compatible; GPTBot/1.3; +https://openai.com/gptbot)"
207.38.88.180 - - [21/Mar/2026:17:38:28 +0200] "GET /servicedesk.drspos.com/resources/custom_file_3_1774106995.php HTTP/1.1" 301 - "-" "Mozilla/5.0 (Windows NT 10.0; Win64; x64) AppleWebKit/537.36 (KHTML, like Gecko) Chrome/124.0.6367.207 Safari/537.36"
74.7.227.61 - - [21/Mar/2026:17:38:28 +0200] "GET /?p=46798 HTTP/1.1" 200 104014 "https://drspos.com/?p=46546" "Mozilla/5.0 AppleWebKit/537.36 (KHTML, like Gecko; compatible; GPTBot/1.3; +https://openai.com/gptbot)"
74.7.227.61 - - [21/Mar/2026:17:38:32 +0200] "GET /?p=52800 HTTP/1.1" 200 98616 "https://drspos.com/?p=52802" "Mozilla/5.0 AppleWebKit/537.36 (KHTML, like Gecko; compatible; GPTBot/1.3; +https://openai.com/gptbot)"
207.38.88.180 - - [21/Mar/2026:17:38:33 +0200] "GET /servicedesk.drspos.com/resources/custom_file_3_1774106995.php/ HTTP/1.1" 403 150746 "-" "Mozilla/5.0 (Windows NT 10.0; Win64; x64) AppleWebKit/537.36 (KHTML, like Gecko) Chrome/124.0.6367.207 Safari/537.36"
74.7.227.61 - - [21/Mar/2026:17:38:35 +0200] "GET /?p=30750 HTTP/1.1" 200 93628 "https://drspos.com/?p=30752" "Mozilla/5.0 AppleWebKit/537.36 (KHTML, like Gecko; compatible; GPTBot/1.3; +https://openai.com/gptbot)"
74.7.227.61 - - [21/Mar/2026:17:38:38 +0200] "GET /?p=23803 HTTP/1.1" 200 102848 "https://drspos.com/?p=16344" "Mozilla/5.0 AppleWebKit/537.36 (KHTML, like Gecko; compatible; GPTBot/1.3; +https://openai.com/gptbot)"
74.7.227.61 - - [21/Mar/2026:17:38:42 +0200] "GET /?p=15599 HTTP/1.1" 200 102586 "https://drspos.com/?p=12089" "Mozilla/5.0 AppleWebKit/537.36 (KHTML, like Gecko; compatible; GPTBot/1.3; +https://openai.com/gptbot)"
74.7.227.61 - - [21/Mar/2026:17:38:45 +0200] "GET /?p=30664 HTTP/1.1" 200 102703 "https://drspos.com/?p=41972" "Mozilla/5.0 AppleWebKit/537.36 (KHTML, like Gecko; compatible; GPTBot/1.3; +https://openai.com/gptbot)"
122.171.20.194 - - [21/Mar/2026:17:38:46 +0200] "POST /xmlrpc.php HTTP/1.1" 200 403 "-" "Mozilla/5.0 (Windows NT 6.2; x64) AppleWebKit/537.36 (KHTML, like Gecko) Opera/66.0.0.0 Safari/537.36"
74.7.227.61 - - [21/Mar/2026:17:38:48 +0200] "GET /?feed=rss2&p=15599 HTTP/1.1" 200 754 "https://drspos.com/?p=15599" "Mozilla/5.0 AppleWebKit/537.36 (KHTML, like Gecko; compatible; GPTBot/1.3; +https://openai.com/gptbot)"
74.7.227.61 - - [21/Mar/2026:17:38:53 +0200] "GET /?p=37974 HTTP/1.1" 200 103122 "https://drspos.com/?p=14772" "Mozilla/5.0 AppleWebKit/537.36 (KHTML, like Gecko; compatible; GPTBot/1.3; +https://openai.com/gptbot)"
216.73.216.163 - - [21/Mar/2026:17:38:54 +0200] "GET /shop/goods/allower143137511840.phtml HTTP/1.1" 301 - "-" "Mozilla/5.0 AppleWebKit/537.36 (KHTML, like Gecko; compatible; ClaudeBot/1.0; +claudebot@anthropic.com)"
74.7.227.61 - - [21/Mar/2026:17:38:56 +0200] "GET /?p=3901 HTTP/1.1" 200 99952 "https://drspos.com/?p=37134" "Mozilla/5.0 AppleWebKit/537.36 (KHTML, like Gecko; compatible; GPTBot/1.3; +https://openai.com/gptbot)"
216.73.216.163 - - [21/Mar/2026:17:38:57 +0200] "GET /shop/goods/allower143137511840.phtml/ HTTP/1.1" 200 150746 "https://www.drspos.com/shop/goods/allower143137511840.phtml" "Mozilla/5.0 AppleWebKit/537.36 (KHTML, like Gecko; compatible; ClaudeBot/1.0; +claudebot@anthropic.com)"
74.7.227.61 - - [21/Mar/2026:17:38:59 +0200] "GET /?p=5941 HTTP/1.1" 200 100397 "https://drspos.com/?p=41560" "Mozilla/5.0 AppleWebKit/537.36 (KHTML, like Gecko; compatible; GPTBot/1.3; +https://openai.com/gptbot)"
74.7.227.61 - - [21/Mar/2026:17:39:02 +0200] "GET /?p=44344 HTTP/1.1" 200 91285 "https://drspos.com/?p=44342" "Mozilla/5.0 AppleWebKit/537.36 (KHTML, like Gecko; compatible; GPTBot/1.3; +https://openai.com/gptbot)"
74.7.227.61 - - [21/Mar/2026:17:39:06 +0200] "GET /?p=48378 HTTP/1.1" 200 93109 "https://drspos.com/?p=48376" "Mozilla/5.0 AppleWebKit/537.36 (KHTML, like Gecko; compatible; GPTBot/1.3; +https://openai.com/gptbot)"
74.7.227.61 - - [21/Mar/2026:17:39:09 +0200] "GET /?p=46544 HTTP/1.1" 200 91910 "https://drspos.com/?p=46798" "Mozilla/5.0 AppleWebKit/537.36 (KHTML, like Gecko; compatible; GPTBot/1.3; +https://openai.com/gptbot)"
74.7.227.61 - - [21/Mar/2026:17:39:12 +0200] "GET /?p=52798 HTTP/1.1" 200 97660 "https://drspos.com/?p=52800" "Mozilla/5.0 AppleWebKit/537.36 (KHTML, like Gecko; compatible; GPTBot/1.3; +https://openai.com/gptbot)"
216.73.216.163 - - [21/Mar/2026:17:39:13 +0200] "GET /shop/goods/exhibiting164248605106.phtml HTTP/1.1" 301 - "-" "Mozilla/5.0 AppleWebKit/537.36 (KHTML, like Gecko; compatible; ClaudeBot/1.0; +claudebot@anthropic.com)"
74.7.227.61 - - [21/Mar/2026:17:39:16 +0200] "GET /?p=30748 HTTP/1.1" 200 95708 "https://drspos.com/?p=30750" "Mozilla/5.0 AppleWebKit/537.36 (KHTML, like Gecko; compatible; GPTBot/1.3; +https://openai.com/gptbot)"
216.73.216.163 - - [21/Mar/2026:17:39:16 +0200] "GET /shop/goods/exhibiting164248605106.phtml/ HTTP/1.1" 200 150746 "https://www.drspos.com/shop/goods/exhibiting164248605106.phtml" "Mozilla/5.0 AppleWebKit/537.36 (KHTML, like Gecko; compatible; ClaudeBot/1.0; +claudebot@anthropic.com)"
74.7.227.61 - - [21/Mar/2026:17:39:19 +0200] "GET /?p=8507 HTTP/1.1" 200 100360 "https://drspos.com/?p=37998" "Mozilla/5.0 AppleWebKit/537.36 (KHTML, like Gecko; compatible; GPTBot/1.3; +https://openai.com/gptbot)"
74.7.227.61 - - [21/Mar/2026:17:39:23 +0200] "GET /?p=3412 HTTP/1.1" 200 100368 "https://drspos.com/?p=10679" "Mozilla/5.0 AppleWebKit/537.36 (KHTML, like Gecko; compatible; GPTBot/1.3; +https://openai.com/gptbot)"
74.7.227.61 - - [21/Mar/2026:17:39:26 +0200] "GET /?p=3502 HTTP/1.1" 200 100048 "https://drspos.com/?p=24909" "Mozilla/5.0 AppleWebKit/537.36 (KHTML, like Gecko; compatible; GPTBot/1.3; +https://openai.com/gptbot)"
74.7.227.61 - - [21/Mar/2026:17:39:29 +0200] "GET /?p=3724 HTTP/1.1" 200 100799 "https://drspos.com/?p=37974" "Mozilla/5.0 AppleWebKit/537.36 (KHTML, like Gecko; compatible; GPTBot/1.3; +https://openai.com/gptbot)"
157.55.39.10 - - [21/Mar/2026:17:39:32 +0200] "GET /shop/goods/arbitrative143590813646.phtml HTTP/1.1" 200 213500 "-" "Mozilla/5.0 AppleWebKit/537.36 (KHTML, like Gecko; compatible; bingbot/2.0; +http://www.bing.com/bingbot.htm) Chrome/116.0.1938.76 Safari/537.36"
74.7.227.61 - - [21/Mar/2026:17:39:32 +0200] "GET /?p=4021 HTTP/1.1" 200 100240 "https://drspos.com/?p=3901" "Mozilla/5.0 AppleWebKit/537.36 (KHTML, like Gecko; compatible; GPTBot/1.3; +https://openai.com/gptbot)"
