74.7.227.61 - - [21/Mar/2026:17:25:35 +0200] "GET /?p=52832 HTTP/1.1" 200 96171 "https://drspos.com/?p=52834" "Mozilla/5.0 AppleWebKit/537.36 (KHTML, like Gecko; compatible; GPTBot/1.3; +https://openai.com/gptbot)"
216.73.216.163 - - [21/Mar/2026:17:25:36 +0200] "GET /shop/goods/skewered143598711971.phtml/ HTTP/1.1" 200 150746 "https://drspos.com/shop/goods/skewered143598711971.phtml" "Mozilla/5.0 AppleWebKit/537.36 (KHTML, like Gecko; compatible; ClaudeBot/1.0; +claudebot@anthropic.com)"
74.7.227.61 - - [21/Mar/2026:17:25:38 +0200] "GET /?p=48342 HTTP/1.1" 200 91810 "https://drspos.com/?p=48340" "Mozilla/5.0 AppleWebKit/537.36 (KHTML, like Gecko; compatible; GPTBot/1.3; +https://openai.com/gptbot)"
74.7.227.61 - - [21/Mar/2026:17:25:41 +0200] "GET /shop/goods/unhingement172054177771.phtml HTTP/1.1" 301 - "https://drspos.com/%3C![CDATA[https:/eminencegroup.net.au/post-sitemap9.xml]]%3E" "Mozilla/5.0 AppleWebKit/537.36 (KHTML, like Gecko; compatible; GPTBot/1.3; +https://openai.com/gptbot)"
74.7.227.61 - - [21/Mar/2026:17:25:44 +0200] "GET /shop/goods/unhingement172054177771.phtml/ HTTP/1.1" 200 150746 "https://drspos.com/shop/goods/unhingement172054177771.phtml" "Mozilla/5.0 AppleWebKit/537.36 (KHTML, like Gecko; compatible; GPTBot/1.3; +https://openai.com/gptbot)"
74.7.227.61 - - [21/Mar/2026:17:25:47 +0200] "GET /?p=46578 HTTP/1.1" 200 94219 "https://drspos.com/?p=46580" "Mozilla/5.0 AppleWebKit/537.36 (KHTML, like Gecko; compatible; GPTBot/1.3; +https://openai.com/gptbot)"
74.7.227.61 - - [21/Mar/2026:17:25:50 +0200] "GET /shop/goods/requirement172268573819.phtml HTTP/1.1" 301 - "https://drspos.com/%3C![CDATA[https:/eminencegroup.net.au/post-sitemap9.xml]]%3E" "Mozilla/5.0 AppleWebKit/537.36 (KHTML, like Gecko; compatible; GPTBot/1.3; +https://openai.com/gptbot)"
213.209.159.254 - - [21/Mar/2026:17:25:47 +0200] "GET /wp-admin/plugins.php HTTP/1.1" 200 284858 "-" "Mozilla/5.0 (Windows NT 10.0; Win64; x64) AppleWebKit/537.36 (KHTML, like Gecko) Chrome/124.0.6367.207 Safari/537.36"
52.167.144.162 - - [21/Mar/2026:17:25:51 +0200] "GET /shop/goods/prerogatived153800937486.phtml HTTP/1.1" 200 191226 "-" "Mozilla/5.0 AppleWebKit/537.36 (KHTML, like Gecko; compatible; bingbot/2.0; +http://www.bing.com/bingbot.htm) Chrome/116.0.1938.76 Safari/537.36"
74.7.227.61 - - [21/Mar/2026:17:25:52 +0200] "GET /shop/goods/requirement172268573819.phtml/ HTTP/1.1" 200 150746 "https://drspos.com/shop/goods/requirement172268573819.phtml" "Mozilla/5.0 AppleWebKit/537.36 (KHTML, like Gecko; compatible; GPTBot/1.3; +https://openai.com/gptbot)"
74.7.227.61 - - [21/Mar/2026:17:25:55 +0200] "GET /?p=30796 HTTP/1.1" 200 95712 "https://drspos.com/?p=30798" "Mozilla/5.0 AppleWebKit/537.36 (KHTML, like Gecko; compatible; GPTBot/1.3; +https://openai.com/gptbot)"
74.7.227.61 - - [21/Mar/2026:17:25:59 +0200] "GET /shop/goods/kulturkampf172126480357.phtml HTTP/1.1" 301 - "https://drspos.com/%3C![CDATA[https:/eminencegroup.net.au/post-sitemap9.xml]]%3E" "Mozilla/5.0 AppleWebKit/537.36 (KHTML, like Gecko; compatible; GPTBot/1.3; +https://openai.com/gptbot)"
74.7.227.61 - - [21/Mar/2026:17:26:01 +0200] "GET /shop/goods/kulturkampf172126480357.phtml/ HTTP/1.1" 200 150746 "https://drspos.com/shop/goods/kulturkampf172126480357.phtml" "Mozilla/5.0 AppleWebKit/537.36 (KHTML, like Gecko; compatible; GPTBot/1.3; +https://openai.com/gptbot)"
216.244.66.234 - - [21/Mar/2026:17:26:01 +0200] "GET /?p=32119 HTTP/1.1" 200 97022 "-" "Mozilla/5.0 (compatible; DotBot/1.2; +https://opensiteexplorer.org/dotbot; help@moz.com)"
74.7.227.61 - - [21/Mar/2026:17:26:04 +0200] "GET /shop/goods/veraciously173378329895.phtml HTTP/1.1" 301 - "https://drspos.com/%3C![CDATA[https:/eminencegroup.net.au/post-sitemap9.xml]]%3E" "Mozilla/5.0 AppleWebKit/537.36 (KHTML, like Gecko; compatible; GPTBot/1.3; +https://openai.com/gptbot)"
216.73.216.163 - - [21/Mar/2026:17:26:04 +0200] "GET /shop/goods/befouled132614038690.phtml HTTP/1.1" 301 - "-" "Mozilla/5.0 AppleWebKit/537.36 (KHTML, like Gecko; compatible; ClaudeBot/1.0; +claudebot@anthropic.com)"
74.7.227.61 - - [21/Mar/2026:17:26:07 +0200] "GET /shop/goods/veraciously173378329895.phtml/ HTTP/1.1" 200 150746 "https://drspos.com/shop/goods/veraciously173378329895.phtml" "Mozilla/5.0 AppleWebKit/537.36 (KHTML, like Gecko; compatible; GPTBot/1.3; +https://openai.com/gptbot)"
216.73.216.163 - - [21/Mar/2026:17:26:07 +0200] "GET /shop/goods/befouled132614038690.phtml/ HTTP/1.1" 200 150746 "https://drspos.com/shop/goods/befouled132614038690.phtml" "Mozilla/5.0 AppleWebKit/537.36 (KHTML, like Gecko; compatible; ClaudeBot/1.0; +claudebot@anthropic.com)"
74.7.227.61 - - [21/Mar/2026:17:26:09 +0200] "GET /?p=44296 HTTP/1.1" 200 120643 "https://drspos.com/?p=44294" "Mozilla/5.0 AppleWebKit/537.36 (KHTML, like Gecko; compatible; GPTBot/1.3; +https://openai.com/gptbot)"
98.98.9.59 - - [21/Mar/2026:17:26:07 +0200] "POST /xmlrpc.php HTTP/1.1" 200 180 "-" "Mozilla/5.0 (Windows NT 10.0; Win64; x64) AppleWebKit/537.36 (KHTML, like Gecko) Chrome/114.0.0.0 Safari/537.36"
74.7.227.61 - - [21/Mar/2026:17:26:12 +0200] "GET /shop/goods/unpaintable174066508712.phtml HTTP/1.1" 301 - "https://drspos.com/%3C![CDATA[https:/eminencegroup.net.au/post-sitemap9.xml]]%3E" "Mozilla/5.0 AppleWebKit/537.36 (KHTML, like Gecko; compatible; GPTBot/1.3; +https://openai.com/gptbot)"
213.209.159.254 - - [21/Mar/2026:17:26:08 +0200] "POST /wp-admin/admin-ajax.php HTTP/1.1" 200 178 "https://drspos.com/wp-admin/admin-ajax.php" "Mozilla/5.0 (Windows NT 10.0; Win64; x64) AppleWebKit/537.36 (KHTML, like Gecko) Chrome/124.0.6367.207 Safari/537.36"
74.7.227.61 - - [21/Mar/2026:17:26:15 +0200] "GET /shop/goods/unpaintable174066508712.phtml/ HTTP/1.1" 200 150746 "https://drspos.com/shop/goods/unpaintable174066508712.phtml" "Mozilla/5.0 AppleWebKit/537.36 (KHTML, like Gecko; compatible; GPTBot/1.3; +https://openai.com/gptbot)"
172.30.5.1 - - [21/Mar/2026:17:26:11 +0200] "POST /wp-cron.php?doing_wp_cron=1774106771.0737369060516357421875 HTTP/1.1" 200 - "-" "WordPress/6.9.4; https://drspos.com"
98.98.9.59 - - [21/Mar/2026:17:26:18 +0200] "POST /xmlrpc.php HTTP/1.1" 200 14004 "-" "Mozilla/5.0 (Windows NT 10.0; Win64; x64) AppleWebKit/537.36 (KHTML, like Gecko) Chrome/114.0.0.0 Safari/537.36"
74.7.227.61 - - [21/Mar/2026:17:26:20 +0200] "GET /shop/goods/celandine171556494444.phtml HTTP/1.1" 301 - "https://drspos.com/%3C![CDATA[https:/eminencegroup.net.au/post-sitemap9.xml]]%3E" "Mozilla/5.0 AppleWebKit/537.36 (KHTML, like Gecko; compatible; GPTBot/1.3; +https://openai.com/gptbot)"
74.7.227.61 - - [21/Mar/2026:17:26:22 +0200] "GET /shop/goods/celandine171556494444.phtml/ HTTP/1.1" 200 150746 "https://drspos.com/shop/goods/celandine171556494444.phtml" "Mozilla/5.0 AppleWebKit/537.36 (KHTML, like Gecko; compatible; GPTBot/1.3; +https://openai.com/gptbot)"
98.98.9.59 - - [21/Mar/2026:17:26:22 +0200] "GET /?p=55767 HTTP/1.1" 200 96342 "-" "Mozilla/5.0 (Windows NT 10.0; Win64; x64; rv:124.0) Gecko/20100101 Firefox/124.0"
74.7.227.61 - - [21/Mar/2026:17:26:25 +0200] "GET /?p=52830 HTTP/1.1" 200 98959 "https://drspos.com/?p=52832" "Mozilla/5.0 AppleWebKit/537.36 (KHTML, like Gecko; compatible; GPTBot/1.3; +https://openai.com/gptbot)"
74.7.227.61 - - [21/Mar/2026:17:26:29 +0200] "GET /?p=48344 HTTP/1.1" 200 91082 "https://drspos.com/?p=48342" "Mozilla/5.0 AppleWebKit/537.36 (KHTML, like Gecko; compatible; GPTBot/1.3; +https://openai.com/gptbot)"
213.209.159.254 - - [21/Mar/2026:17:26:25 +0200] "GET /wp-admin/plugins.php HTTP/1.1" 200 284858 "-" "Mozilla/5.0 (Windows NT 10.0; Win64; x64) AppleWebKit/537.36 (KHTML, like Gecko) Chrome/124.0.6367.207 Safari/537.36"
74.7.227.61 - - [21/Mar/2026:17:26:32 +0200] "GET /?feed=rss2&p=43706 HTTP/1.1" 200 865 "https://drspos.com/?p=43706" "Mozilla/5.0 AppleWebKit/537.36 (KHTML, like Gecko; compatible; GPTBot/1.3; +https://openai.com/gptbot)"
216.73.216.163 - - [21/Mar/2026:17:26:34 +0200] "GET /shop/goods/affecting173350670147.phtml HTTP/1.1" 301 - "-" "Mozilla/5.0 AppleWebKit/537.36 (KHTML, like Gecko; compatible; ClaudeBot/1.0; +claudebot@anthropic.com)"
216.244.66.234 - - [21/Mar/2026:17:26:34 +0200] "GET /?paged=1661&author=6 HTTP/1.1" 200 105721 "-" "Mozilla/5.0 (compatible; DotBot/1.2; +https://opensiteexplorer.org/dotbot; help@moz.com)"
74.7.227.61 - - [21/Mar/2026:17:26:36 +0200] "GET /?p=46576 HTTP/1.1" 200 93536 "https://drspos.com/?p=46578" "Mozilla/5.0 AppleWebKit/537.36 (KHTML, like Gecko; compatible; GPTBot/1.3; +https://openai.com/gptbot)"
216.73.216.163 - - [21/Mar/2026:17:26:37 +0200] "GET /shop/goods/affecting173350670147.phtml/ HTTP/1.1" 200 150746 "https://www.drspos.com/shop/goods/affecting173350670147.phtml" "Mozilla/5.0 AppleWebKit/537.36 (KHTML, like Gecko; compatible; ClaudeBot/1.0; +claudebot@anthropic.com)"
74.7.227.61 - - [21/Mar/2026:17:26:39 +0200] "GET /?feed=rss2&p=41756 HTTP/1.1" 200 861 "https://drspos.com/?p=41756" "Mozilla/5.0 AppleWebKit/537.36 (KHTML, like Gecko; compatible; GPTBot/1.3; +https://openai.com/gptbot)"
74.7.227.61 - - [21/Mar/2026:17:26:43 +0200] "GET /?p=30789 HTTP/1.1" 200 94330 "https://drspos.com/?p=30796" "Mozilla/5.0 AppleWebKit/537.36 (KHTML, like Gecko; compatible; GPTBot/1.3; +https://openai.com/gptbot)"
122.171.20.194 - - [21/Mar/2026:17:26:48 +0200] "POST /xmlrpc.php HTTP/1.1" 200 403 "-" "Mozilla/5.0 (Linux; Android 10; x86) AppleWebKit/537.36 (KHTML, like Gecko) Edge/89.0.0.0 Safari/537.36"
74.7.227.61 - - [21/Mar/2026:17:26:46 +0200] "GET /?feed=rss2&p=34059 HTTP/1.1" 200 820 "https://drspos.com/?p=34059" "Mozilla/5.0 AppleWebKit/537.36 (KHTML, like Gecko; compatible; GPTBot/1.3; +https://openai.com/gptbot)"
213.209.159.254 - - [21/Mar/2026:17:26:49 +0200] "GET /wp-admin/plugins.php HTTP/1.1" 200 284858 "-" "Mozilla/5.0 (Windows NT 10.0; Win64; x64) AppleWebKit/537.36 (KHTML, like Gecko) Chrome/124.0.6367.207 Safari/537.36"
74.7.227.61 - - [21/Mar/2026:17:26:50 +0200] "GET /?feed=rss2&p=31548 HTTP/1.1" 200 743 "https://drspos.com/?p=31548" "Mozilla/5.0 AppleWebKit/537.36 (KHTML, like Gecko; compatible; GPTBot/1.3; +https://openai.com/gptbot)"
209.141.47.233 - - [21/Mar/2026:17:26:56 +0200] "GET /wp-login.php HTTP/1.1" 200 6336 "-" "Mozilla/5.0 (Macintosh; Intel Mac OS X 10_10) AppleWebKit/600.1.3 (KHTML, like Gecko) Version/8.0 Safari/600.1.3"
74.7.227.61 - - [21/Mar/2026:17:26:54 +0200] "GET /?p=55767 HTTP/1.1" 200 96342 "https://drspos.com/?p=44296" "Mozilla/5.0 AppleWebKit/537.36 (KHTML, like Gecko; compatible; GPTBot/1.3; +https://openai.com/gptbot)"
209.141.47.233 - - [21/Mar/2026:17:26:58 +0200] "POST /wp-login.php HTTP/1.1" 200 6749 "-" "Mozilla/5.0 (Macintosh; Intel Mac OS X 10_10) AppleWebKit/600.1.3 (KHTML, like Gecko) Version/8.0 Safari/600.1.3"
213.209.159.254 - - [21/Mar/2026:17:26:57 +0200] "GET /wp-admin/plugins.php HTTP/1.1" 200 284858 "-" "Mozilla/5.0 (Windows NT 10.0; Win64; x64) AppleWebKit/537.36 (KHTML, like Gecko) Chrome/124.0.6367.207 Safari/537.36"
74.7.227.61 - - [21/Mar/2026:17:26:58 +0200] "GET /?p=44314 HTTP/1.1" 200 91853 "https://drspos.com/?p=44296" "Mozilla/5.0 AppleWebKit/537.36 (KHTML, like Gecko; compatible; GPTBot/1.3; +https://openai.com/gptbot)"
216.73.216.163 - - [21/Mar/2026:17:27:03 +0200] "GET /shop/goods/thirl131066072671.phtml HTTP/1.1" 301 - "-" "Mozilla/5.0 AppleWebKit/537.36 (KHTML, like Gecko; compatible; ClaudeBot/1.0; +claudebot@anthropic.com)"
74.7.227.61 - - [21/Mar/2026:17:27:02 +0200] "GET /?feed=rss2&p=35871 HTTP/1.1" 200 823 "https://drspos.com/?p=35871" "Mozilla/5.0 AppleWebKit/537.36 (KHTML, like Gecko; compatible; GPTBot/1.3; +https://openai.com/gptbot)"
209.141.45.17 - - [21/Mar/2026:17:27:07 +0200] "POST /wp-login.php HTTP/1.1" 200 6777 "-" "Mozilla/5.0 (Macintosh; Intel Mac OS X 10_9_2) AppleWebKit/537.36 (KHTML, like Gecko) Chrome/35.0.1916.153 Safari/537.36"
216.73.216.163 - - [21/Mar/2026:17:27:06 +0200] "GET /shop/goods/thirl131066072671.phtml/ HTTP/1.1" 200 150746 "https://drspos.com/shop/goods/thirl131066072671.phtml" "Mozilla/5.0 AppleWebKit/537.36 (KHTML, like Gecko; compatible; ClaudeBot/1.0; +claudebot@anthropic.com)"
74.7.227.61 - - [21/Mar/2026:17:27:07 +0200] "GET /?p=52828 HTTP/1.1" 200 92659 "https://drspos.com/?p=52830" "Mozilla/5.0 AppleWebKit/537.36 (KHTML, like Gecko; compatible; GPTBot/1.3; +https://openai.com/gptbot)"
74.7.227.61 - - [21/Mar/2026:17:27:11 +0200] "GET /?p=48346 HTTP/1.1" 200 94911 "https://drspos.com/?p=48344" "Mozilla/5.0 AppleWebKit/537.36 (KHTML, like Gecko; compatible; GPTBot/1.3; +https://openai.com/gptbot)"
213.209.159.254 - - [21/Mar/2026:17:27:15 +0200] "GET /wp-admin/plugins.php HTTP/1.1" 200 284858 "-" "Mozilla/5.0 (Windows NT 10.0; Win64; x64) AppleWebKit/537.36 (KHTML, like Gecko) Chrome/124.0.6367.207 Safari/537.36"
74.7.227.61 - - [21/Mar/2026:17:27:14 +0200] "GET /?feed=rss2&p=31905 HTTP/1.1" 200 766 "https://drspos.com/?p=31905" "Mozilla/5.0 AppleWebKit/537.36 (KHTML, like Gecko; compatible; GPTBot/1.3; +https://openai.com/gptbot)"
74.7.227.61 - - [21/Mar/2026:17:27:19 +0200] "GET /?p=46574 HTTP/1.1" 200 95026 "https://drspos.com/?p=46576" "Mozilla/5.0 AppleWebKit/537.36 (KHTML, like Gecko; compatible; GPTBot/1.3; +https://openai.com/gptbot)"
74.7.227.61 - - [21/Mar/2026:17:27:22 +0200] "GET /?feed=rss2&p=43980 HTTP/1.1" 200 821 "https://drspos.com/?p=43980" "Mozilla/5.0 AppleWebKit/537.36 (KHTML, like Gecko; compatible; GPTBot/1.3; +https://openai.com/gptbot)"
74.7.227.61 - - [21/Mar/2026:17:27:27 +0200] "GET /?p=30780 HTTP/1.1" 200 93346 "https://drspos.com/?p=30789" "Mozilla/5.0 AppleWebKit/537.36 (KHTML, like Gecko; compatible; GPTBot/1.3; +https://openai.com/gptbot)"
74.7.227.61 - - [21/Mar/2026:17:27:31 +0200] "GET /?feed=rss2&p=53469 HTTP/1.1" 200 844 "https://drspos.com/?p=53469" "Mozilla/5.0 AppleWebKit/537.36 (KHTML, like Gecko; compatible; GPTBot/1.3; +https://openai.com/gptbot)"
213.209.159.254 - - [21/Mar/2026:17:27:31 +0200] "GET /wp-admin/plugins.php HTTP/1.1" 200 284858 "-" "Mozilla/5.0 (Windows NT 10.0; Win64; x64) AppleWebKit/537.36 (KHTML, like Gecko) Chrome/124.0.6367.207 Safari/537.36"
216.73.216.163 - - [21/Mar/2026:17:27:33 +0200] "GET /shop/goods/unicapsular171400977381.phtml HTTP/1.1" 301 - "-" "Mozilla/5.0 AppleWebKit/537.36 (KHTML, like Gecko; compatible; ClaudeBot/1.0; +claudebot@anthropic.com)"
74.7.227.61 - - [21/Mar/2026:17:27:35 +0200] "GET /?feed=rss2&p=54689 HTTP/1.1" 200 888 "https://drspos.com/?p=54689" "Mozilla/5.0 AppleWebKit/537.36 (KHTML, like Gecko; compatible; GPTBot/1.3; +https://openai.com/gptbot)"
216.73.216.163 - - [21/Mar/2026:17:27:36 +0200] "GET /shop/goods/unicapsular171400977381.phtml/ HTTP/1.1" 200 150746 "https://www.drspos.com/shop/goods/unicapsular171400977381.phtml" "Mozilla/5.0 AppleWebKit/537.36 (KHTML, like Gecko; compatible; ClaudeBot/1.0; +claudebot@anthropic.com)"
74.7.227.61 - - [21/Mar/2026:17:27:39 +0200] "GET /?feed=rss2&p=47016 HTTP/1.1" 200 817 "https://drspos.com/?p=47016" "Mozilla/5.0 AppleWebKit/537.36 (KHTML, like Gecko; compatible; GPTBot/1.3; +https://openai.com/gptbot)"
74.7.227.61 - - [21/Mar/2026:17:27:43 +0200] "GET /?p=44316 HTTP/1.1" 200 103878 "https://drspos.com/?p=44314" "Mozilla/5.0 AppleWebKit/537.36 (KHTML, like Gecko; compatible; GPTBot/1.3; +https://openai.com/gptbot)"
74.7.227.61 - - [21/Mar/2026:17:27:46 +0200] "GET /?feed=rss2&p=34169 HTTP/1.1" 200 822 "https://drspos.com/?p=34169" "Mozilla/5.0 AppleWebKit/537.36 (KHTML, like Gecko; compatible; GPTBot/1.3; +https://openai.com/gptbot)"
74.7.227.61 - - [21/Mar/2026:17:27:50 +0200] "GET /?p=52826 HTTP/1.1" 200 92265 "https://drspos.com/?p=52828" "Mozilla/5.0 AppleWebKit/537.36 (KHTML, like Gecko; compatible; GPTBot/1.3; +https://openai.com/gptbot)"
213.209.159.254 - - [21/Mar/2026:17:27:51 +0200] "GET /wp-admin/admin.php?page=wp_file_manager HTTP/1.1" 200 189550 "-" "Mozilla/5.0 (Windows NT 10.0; Win64; x64) AppleWebKit/537.36 (KHTML, like Gecko) Chrome/124.0.6367.207 Safari/537.36"
74.7.227.61 - - [21/Mar/2026:17:27:53 +0200] "GET /?p=48348 HTTP/1.1" 200 91932 "https://drspos.com/?p=48346" "Mozilla/5.0 AppleWebKit/537.36 (KHTML, like Gecko; compatible; GPTBot/1.3; +https://openai.com/gptbot)"
51.195.252.59 - - [21/Mar/2026:17:27:56 +0200] "GET /?p=15005 HTTP/1.1" 200 100313 "-" "Mozilla/5.0 (Windows NT 10.0; Win64; x64) AppleWebKit/537.36 (KHTML, like Gecko) Chrome/139.0.0.0 Safari/537.36"
74.7.227.61 - - [21/Mar/2026:17:27:56 +0200] "GET /?feed=rss2&p=39471 HTTP/1.1" 200 807 "https://drspos.com/?p=39471" "Mozilla/5.0 AppleWebKit/537.36 (KHTML, like Gecko; compatible; GPTBot/1.3; +https://openai.com/gptbot)"
141.94.78.40 - - [21/Mar/2026:17:28:00 +0200] "GET /?p=15003 HTTP/1.1" 200 94842 "-" "Mozilla/5.0 (Windows NT 10.0; Win64; x64) AppleWebKit/537.36 (KHTML, like Gecko) Chrome/139.0.0.0 Safari/537.36"
54.37.19.39 - - [21/Mar/2026:17:28:03 +0200] "GET /wp-content/uploads/essential-addons-elementor/eael-47.js?ver=1773258884 HTTP/1.1" 200 1328 "-" "Mozilla/5.0 (Windows NT 10.0; Win64; x64) AppleWebKit/537.36 (KHTML, like Gecko) Chrome/139.0.0.0 Safari/537.36"
74.7.227.61 - - [21/Mar/2026:17:28:00 +0200] "GET /?p=46572 HTTP/1.1" 200 92984 "https://drspos.com/?p=46574" "Mozilla/5.0 AppleWebKit/537.36 (KHTML, like Gecko; compatible; GPTBot/1.3; +https://openai.com/gptbot)"
74.7.227.61 - - [21/Mar/2026:17:28:04 +0200] "GET /?feed=rss2&p=37459 HTTP/1.1" 200 837 "https://drspos.com/?p=37459" "Mozilla/5.0 AppleWebKit/537.36 (KHTML, like Gecko; compatible; GPTBot/1.3; +https://openai.com/gptbot)"
216.73.216.163 - - [21/Mar/2026:17:28:06 +0200] "GET /shop/goods/abstinency164098426242.phtml HTTP/1.1" 301 - "-" "Mozilla/5.0 AppleWebKit/537.36 (KHTML, like Gecko; compatible; ClaudeBot/1.0; +claudebot@anthropic.com)"
213.209.159.254 - - [21/Mar/2026:17:28:07 +0200] "GET /wp-admin/admin-ajax.php?action=mk_file_folder_manager&_wpnonce=f83532cfcf&networkhref=&cmd=tree&target=l1_Lw&reqid=57a26b2ad45fc080f78d7ba69cd4 HTTP/1.1" 200 2957 "-" "Mozilla/5.0 (Windows NT 10.0; Win64; x64) AppleWebKit/537.36 (KHTML, like Gecko) Chrome/124.0.6367.207 Safari/537.36"
74.7.227.61 - - [21/Mar/2026:17:28:08 +0200] "GET /?p=30778 HTTP/1.1" 200 95393 "https://drspos.com/?p=30780" "Mozilla/5.0 AppleWebKit/537.36 (KHTML, like Gecko; compatible; GPTBot/1.3; +https://openai.com/gptbot)"
216.73.216.163 - - [21/Mar/2026:17:28:09 +0200] "GET /shop/goods/abstinency164098426242.phtml/ HTTP/1.1" 200 150746 "https://drspos.com/shop/goods/abstinency164098426242.phtml" "Mozilla/5.0 AppleWebKit/537.36 (KHTML, like Gecko; compatible; ClaudeBot/1.0; +claudebot@anthropic.com)"
213.209.159.254 - - [21/Mar/2026:17:28:13 +0200] "GET /wp-admin/admin-ajax.php?action=mk_file_folder_manager&_wpnonce=f83532cfcf&networkhref=&cmd=tree&target=l1_Lw&reqid=b5554c24251a9851ff04a65f8080 HTTP/1.1" 200 2957 "-" "Mozilla/5.0 (Windows NT 10.0; Win64; x64) AppleWebKit/537.36 (KHTML, like Gecko) Chrome/124.0.6367.207 Safari/537.36"
74.7.227.61 - - [21/Mar/2026:17:28:11 +0200] "GET /?feed=rss2&p=34687 HTTP/1.1" 200 815 "https://drspos.com/?p=34687" "Mozilla/5.0 AppleWebKit/537.36 (KHTML, like Gecko; compatible; GPTBot/1.3; +https://openai.com/gptbot)"
74.7.227.61 - - [21/Mar/2026:17:28:15 +0200] "GET /?feed=rss2&p=53789 HTTP/1.1" 200 834 "https://drspos.com/?p=53789" "Mozilla/5.0 AppleWebKit/537.36 (KHTML, like Gecko; compatible; GPTBot/1.3; +https://openai.com/gptbot)"
213.209.159.254 - - [21/Mar/2026:17:28:18 +0200] "GET /wp-admin/admin-ajax.php?action=mk_file_folder_manager&_wpnonce=f83532cfcf&networkhref=&cmd=tree&target=l1_d3AtYWRtaW4&reqid=aa2db790eb7d945e1faefaa82bb6 HTTP/1.1" 200 1401 "-" "Mozilla/5.0 (Windows NT 10.0; Win64; x64) AppleWebKit/537.36 (KHTML, like Gecko) Chrome/124.0.6367.207 Safari/537.36"
74.7.227.61 - - [21/Mar/2026:17:28:20 +0200] "GET /?feed=rss2&p=53416 HTTP/1.1" 200 802 "https://drspos.com/?p=53416" "Mozilla/5.0 AppleWebKit/537.36 (KHTML, like Gecko; compatible; GPTBot/1.3; +https://openai.com/gptbot)"
74.7.227.61 - - [21/Mar/2026:17:28:24 +0200] "GET /?p=44318 HTTP/1.1" 200 91655 "https://drspos.com/?p=44316" "Mozilla/5.0 AppleWebKit/537.36 (KHTML, like Gecko; compatible; GPTBot/1.3; +https://openai.com/gptbot)"
74.7.227.61 - - [21/Mar/2026:17:28:27 +0200] "GET /?feed=rss2&p=40968 HTTP/1.1" 200 821 "https://drspos.com/?p=40968" "Mozilla/5.0 AppleWebKit/537.36 (KHTML, like Gecko; compatible; GPTBot/1.3; +https://openai.com/gptbot)"
213.209.159.254 - - [21/Mar/2026:17:28:31 +0200] "GET /wp-admin/admin-ajax.php?action=mk_file_folder_manager&_wpnonce=f83532cfcf&networkhref=&cmd=tree&target=l1_aW1hZ2Vz&reqid=2eee65d20e7469efd78fed813683 HTTP/1.1" 200 346 "-" "Mozilla/5.0 (Windows NT 10.0; Win64; x64) AppleWebKit/537.36 (KHTML, like Gecko) Chrome/124.0.6367.207 Safari/537.36"
74.7.227.61 - - [21/Mar/2026:17:28:31 +0200] "GET /?p=52823 HTTP/1.1" 200 99178 "https://drspos.com/?p=52826" "Mozilla/5.0 AppleWebKit/537.36 (KHTML, like Gecko; compatible; GPTBot/1.3; +https://openai.com/gptbot)"
23.90.184.36 - - [21/Mar/2026:17:18:32 +0200] "POST /xmlrpc.php HTTP/1.1" 408 - "-" "Mozilla/5.0 (Windows NT 10.0; Win64; x64) AppleWebKit/537.36 (KHTML, like Gecko) Chrome/114.0.0.0 Safari/537.36"
74.7.227.61 - - [21/Mar/2026:17:28:35 +0200] "GET /?p=48350 HTTP/1.1" 200 94309 "https://drspos.com/?p=48348" "Mozilla/5.0 AppleWebKit/537.36 (KHTML, like Gecko; compatible; GPTBot/1.3; +https://openai.com/gptbot)"
216.73.216.163 - - [21/Mar/2026:17:28:38 +0200] "GET /shop/goods/fineless16827750135.phtml HTTP/1.1" 301 - "-" "Mozilla/5.0 AppleWebKit/537.36 (KHTML, like Gecko; compatible; ClaudeBot/1.0; +claudebot@anthropic.com)"
74.7.227.61 - - [21/Mar/2026:17:28:38 +0200] "GET /?feed=rss2&p=38750 HTTP/1.1" 200 830 "https://drspos.com/?p=38750" "Mozilla/5.0 AppleWebKit/537.36 (KHTML, like Gecko; compatible; GPTBot/1.3; +https://openai.com/gptbot)"
216.73.216.163 - - [21/Mar/2026:17:28:41 +0200] "GET /shop/goods/fineless16827750135.phtml/ HTTP/1.1" 200 150746 "https://drspos.com/shop/goods/fineless16827750135.phtml" "Mozilla/5.0 AppleWebKit/537.36 (KHTML, like Gecko; compatible; ClaudeBot/1.0; +claudebot@anthropic.com)"
74.7.227.61 - - [21/Mar/2026:17:28:42 +0200] "GET /?p=46570 HTTP/1.1" 200 91471 "https://drspos.com/?p=46572" "Mozilla/5.0 AppleWebKit/537.36 (KHTML, like Gecko; compatible; GPTBot/1.3; +https://openai.com/gptbot)"
213.209.159.254 - - [21/Mar/2026:17:28:43 +0200] "GET /wp-admin/admin-ajax.php?action=mk_file_folder_manager&_wpnonce=f83532cfcf&networkhref=&cmd=tree&target=l1_d3AtaW5jbHVkZXM&reqid=9efae2971cd59e5c38c321f25e6b HTTP/1.1" 200 5661 "-" "Mozilla/5.0 (Windows NT 10.0; Win64; x64) AppleWebKit/537.36 (KHTML, like Gecko) Chrome/124.0.6367.207 Safari/537.36"
74.7.227.61 - - [21/Mar/2026:17:28:45 +0200] "GET /?feed=rss2&p=39871 HTTP/1.1" 200 795 "https://drspos.com/?p=39871" "Mozilla/5.0 AppleWebKit/537.36 (KHTML, like Gecko; compatible; GPTBot/1.3; +https://openai.com/gptbot)"
122.171.20.194 - - [21/Mar/2026:17:28:51 +0200] "POST /xmlrpc.php HTTP/1.1" 200 403 "-" "Mozilla/5.0 (Windows NT 6.2; x64) AppleWebKit/537.36 (KHTML, like Gecko) Chrome/102.0.0.0 Safari/537.36"
74.7.227.61 - - [21/Mar/2026:17:28:49 +0200] "GET /?p=30776 HTTP/1.1" 200 94141 "https://drspos.com/?p=30778" "Mozilla/5.0 AppleWebKit/537.36 (KHTML, like Gecko; compatible; GPTBot/1.3; +https://openai.com/gptbot)"
74.7.227.61 - - [21/Mar/2026:17:28:52 +0200] "GET /?feed=rss2&p=30956 HTTP/1.1" 200 902 "https://drspos.com/?p=30956" "Mozilla/5.0 AppleWebKit/537.36 (KHTML, like Gecko; compatible; GPTBot/1.3; +https://openai.com/gptbot)"
213.209.159.254 - - [21/Mar/2026:17:28:55 +0200] "GET /wp-admin/admin-ajax.php?action=mk_file_folder_manager&_wpnonce=f83532cfcf&networkhref=&cmd=tree&target=l1_c2VydmljZWRlc2suZHJzcG9zLmNvbQ&reqid=f20996a865961fa08892524fd9a4 HTTP/1.1" 200 3940 "-" "Mozilla/5.0 (Windows NT 10.0; Win64; x64) AppleWebKit/537.36 (KHTML, like Gecko) Chrome/124.0.6367.207 Safari/537.36"
74.7.227.61 - - [21/Mar/2026:17:28:57 +0200] "GET /shop/goods/eccentric172049588967.phtml HTTP/1.1" 301 - "https://drspos.com/%3C![CDATA[https:/eminencegroup.net.au/post-sitemap9.xml]]%3E" "Mozilla/5.0 AppleWebKit/537.36 (KHTML, like Gecko; compatible; GPTBot/1.3; +https://openai.com/gptbot)"
74.7.227.61 - - [21/Mar/2026:17:28:59 +0200] "GET /shop/goods/eccentric172049588967.phtml/ HTTP/1.1" 200 150746 "https://drspos.com/shop/goods/eccentric172049588967.phtml" "Mozilla/5.0 AppleWebKit/537.36 (KHTML, like Gecko; compatible; GPTBot/1.3; +https://openai.com/gptbot)"
213.209.159.254 - - [21/Mar/2026:17:29:02 +0200] "GET /wp-admin/admin-ajax.php?action=mk_file_folder_manager&_wpnonce=f83532cfcf&networkhref=&cmd=tree&target=l1_QUxGQV9EQVRB&reqid=71222ef0e2ab2e05bfdf71c437bc HTTP/1.1" 200 370 "-" "Mozilla/5.0 (Windows NT 10.0; Win64; x64) AppleWebKit/537.36 (KHTML, like Gecko) Chrome/124.0.6367.207 Safari/537.36"
74.7.227.61 - - [21/Mar/2026:17:29:02 +0200] "GET /shop/goods/cantabile172850066292.phtml HTTP/1.1" 301 - "https://drspos.com/%3C![CDATA[https:/eminencegroup.net.au/post-sitemap9.xml]]%3E" "Mozilla/5.0 AppleWebKit/537.36 (KHTML, like Gecko; compatible; GPTBot/1.3; +https://openai.com/gptbot)"
74.7.227.61 - - [21/Mar/2026:17:29:05 +0200] "GET /shop/goods/cantabile172850066292.phtml/ HTTP/1.1" 200 150746 "https://drspos.com/shop/goods/cantabile172850066292.phtml" "Mozilla/5.0 AppleWebKit/537.36 (KHTML, like Gecko; compatible; GPTBot/1.3; +https://openai.com/gptbot)"
74.7.227.61 - - [21/Mar/2026:17:29:08 +0200] "GET /?p=44320 HTTP/1.1" 200 92793 "https://drspos.com/?p=44318" "Mozilla/5.0 AppleWebKit/537.36 (KHTML, like Gecko; compatible; GPTBot/1.3; +https://openai.com/gptbot)"
216.73.216.163 - - [21/Mar/2026:17:29:11 +0200] "GET /shop/goods/flidge161427104257.phtml HTTP/1.1" 301 - "-" "Mozilla/5.0 AppleWebKit/537.36 (KHTML, like Gecko; compatible; ClaudeBot/1.0; +claudebot@anthropic.com)"
74.7.227.61 - - [21/Mar/2026:17:29:12 +0200] "GET /shop/goods/cushionet173895694206.phtml HTTP/1.1" 301 - "https://drspos.com/%3C![CDATA[https:/eminencegroup.net.au/post-sitemap9.xml]]%3E" "Mozilla/5.0 AppleWebKit/537.36 (KHTML, like Gecko; compatible; GPTBot/1.3; +https://openai.com/gptbot)"
213.209.159.254 - - [21/Mar/2026:17:29:14 +0200] "GET /wp-admin/admin-ajax.php?action=mk_file_folder_manager&_wpnonce=f83532cfcf&networkhref=&cmd=tree&target=l1_ZGVsdGEuZHJzcG9zLmNvbQ&reqid=2f7792e9b205a1402a6a643fc453 HTTP/1.1" 200 1205 "-" "Mozilla/5.0 (Windows NT 10.0; Win64; x64) AppleWebKit/537.36 (KHTML, like Gecko) Chrome/124.0.6367.207 Safari/537.36"
216.73.216.163 - - [21/Mar/2026:17:29:14 +0200] "GET /shop/goods/flidge161427104257.phtml/ HTTP/1.1" 200 150746 "https://drspos.com/shop/goods/flidge161427104257.phtml" "Mozilla/5.0 AppleWebKit/537.36 (KHTML, like Gecko; compatible; ClaudeBot/1.0; +claudebot@anthropic.com)"
74.7.227.61 - - [21/Mar/2026:17:29:14 +0200] "GET /shop/goods/cushionet173895694206.phtml/ HTTP/1.1" 200 150746 "https://drspos.com/shop/goods/cushionet173895694206.phtml" "Mozilla/5.0 AppleWebKit/537.36 (KHTML, like Gecko; compatible; GPTBot/1.3; +https://openai.com/gptbot)"
74.7.227.61 - - [21/Mar/2026:17:29:17 +0200] "GET /?p=52822 HTTP/1.1" 200 94824 "https://drspos.com/?p=52823" "Mozilla/5.0 AppleWebKit/537.36 (KHTML, like Gecko; compatible; GPTBot/1.3; +https://openai.com/gptbot)"
213.209.159.254 - - [21/Mar/2026:17:29:20 +0200] "GET /wp-admin/admin-ajax.php?action=mk_file_folder_manager&_wpnonce=f83532cfcf&networkhref=&cmd=tree&target=l1_LndlbGwta25vd24&reqid=09e055e189c79dcf1adf27681a22 HTTP/1.1" 200 381 "-" "Mozilla/5.0 (Windows NT 10.0; Win64; x64) AppleWebKit/537.36 (KHTML, like Gecko) Chrome/124.0.6367.207 Safari/537.36"
74.7.227.61 - - [21/Mar/2026:17:29:20 +0200] "GET /?p=48352 HTTP/1.1" 200 90789 "https://drspos.com/?p=48350" "Mozilla/5.0 AppleWebKit/537.36 (KHTML, like Gecko; compatible; GPTBot/1.3; +https://openai.com/gptbot)"
74.7.227.61 - - [21/Mar/2026:17:29:24 +0200] "GET /shop/goods/cravatted172599516308.phtml HTTP/1.1" 301 - "https://drspos.com/%3C![CDATA[https:/eminencegroup.net.au/post-sitemap9.xml]]%3E" "Mozilla/5.0 AppleWebKit/537.36 (KHTML, like Gecko; compatible; GPTBot/1.3; +https://openai.com/gptbot)"
213.209.159.254 - - [21/Mar/2026:17:29:26 +0200] "GET /wp-admin/admin-ajax.php?action=mk_file_folder_manager&_wpnonce=f83532cfcf&networkhref=&cmd=tree&target=l1_aGVscC5kcnNwb3MuY29t&reqid=54e26d58db7f9fefc3a097e2905f HTTP/1.1" 200 1009 "-" "Mozilla/5.0 (Windows NT 10.0; Win64; x64) AppleWebKit/537.36 (KHTML, like Gecko) Chrome/124.0.6367.207 Safari/537.36"
74.7.227.61 - - [21/Mar/2026:17:29:26 +0200] "GET /shop/goods/cravatted172599516308.phtml/ HTTP/1.1" 200 150746 "https://drspos.com/shop/goods/cravatted172599516308.phtml" "Mozilla/5.0 AppleWebKit/537.36 (KHTML, like Gecko; compatible; GPTBot/1.3; +https://openai.com/gptbot)"
74.7.227.61 - - [21/Mar/2026:17:29:29 +0200] "GET /?p=46567 HTTP/1.1" 200 92170 "https://drspos.com/?p=46570" "Mozilla/5.0 AppleWebKit/537.36 (KHTML, like Gecko; compatible; GPTBot/1.3; +https://openai.com/gptbot)"
74.7.227.61 - - [21/Mar/2026:17:29:32 +0200] "GET /shop/goods/bailiwick172486421089.phtml HTTP/1.1" 301 - "https://drspos.com/%3C![CDATA[https:/eminencegroup.net.au/post-sitemap9.xml]]%3E" "Mozilla/5.0 AppleWebKit/537.36 (KHTML, like Gecko; compatible; GPTBot/1.3; +https://openai.com/gptbot)"
74.7.227.61 - - [21/Mar/2026:17:29:35 +0200] "GET /shop/goods/bailiwick172486421089.phtml/ HTTP/1.1" 200 150746 "https://drspos.com/shop/goods/bailiwick172486421089.phtml" "Mozilla/5.0 AppleWebKit/537.36 (KHTML, like Gecko; compatible; GPTBot/1.3; +https://openai.com/gptbot)"
213.209.159.254 - - [21/Mar/2026:17:29:36 +0200] "GET /wp-admin/admin-ajax.php?action=mk_file_folder_manager&_wpnonce=f83532cfcf&networkhref=&cmd=tree&target=l1_Y2xpdmVyLmRyc3Bvcy5jb20&reqid=9c142f8aaf421776a4090803d0f8 HTTP/1.1" 200 621 "-" "Mozilla/5.0 (Windows NT 10.0; Win64; x64) AppleWebKit/537.36 (KHTML, like Gecko) Chrome/124.0.6367.207 Safari/537.36"
74.7.227.61 - - [21/Mar/2026:17:29:38 +0200] "GET /?p=30774 HTTP/1.1" 200 96249 "https://drspos.com/?p=30776" "Mozilla/5.0 AppleWebKit/537.36 (KHTML, like Gecko; compatible; GPTBot/1.3; +https://openai.com/gptbot)"
74.7.227.61 - - [21/Mar/2026:17:29:41 +0200] "GET /shop/goods/abruptlypinnateadj173315595619.phtml HTTP/1.1" 301 - "https://drspos.com/%3C![CDATA[https:/eminencegroup.net.au/post-sitemap9.xml]]%3E" "Mozilla/5.0 AppleWebKit/537.36 (KHTML, like Gecko; compatible; GPTBot/1.3; +https://openai.com/gptbot)"
74.7.227.61 - - [21/Mar/2026:17:29:43 +0200] "GET /shop/goods/abruptlypinnateadj173315595619.phtml/ HTTP/1.1" 200 150746 "https://drspos.com/shop/goods/abruptlypinnateadj173315595619.phtml" "Mozilla/5.0 AppleWebKit/537.36 (KHTML, like Gecko; compatible; GPTBot/1.3; +https://openai.com/gptbot)"
74.7.227.61 - - [21/Mar/2026:17:29:46 +0200] "GET /shop/goods/clandestinely17638964083.phtml HTTP/1.1" 301 - "https://drspos.com/%3C![CDATA[https:/eminencegroup.net.au/post-sitemap9.xml]]%3E" "Mozilla/5.0 AppleWebKit/537.36 (KHTML, like Gecko; compatible; GPTBot/1.3; +https://openai.com/gptbot)"
213.209.159.254 - - [21/Mar/2026:17:29:49 +0200] "GET /wp-admin/admin-ajax.php?action=mk_file_folder_manager&_wpnonce=f83532cfcf&networkhref=&cmd=tree&target=l1_d3AtY29udGVudA&reqid=102d8b3a9cd4f58f9ffdadf36cd8 HTTP/1.1" 200 2707 "-" "Mozilla/5.0 (Windows NT 10.0; Win64; x64) AppleWebKit/537.36 (KHTML, like Gecko) Chrome/124.0.6367.207 Safari/537.36"
216.73.216.163 - - [21/Mar/2026:17:29:48 +0200] "GET /shop/goods/godlike14298752006.phtml HTTP/1.1" 301 - "-" "Mozilla/5.0 AppleWebKit/537.36 (KHTML, like Gecko; compatible; ClaudeBot/1.0; +claudebot@anthropic.com)"
74.7.227.61 - - [21/Mar/2026:17:29:49 +0200] "GET /shop/goods/clandestinely17638964083.phtml/ HTTP/1.1" 200 150746 "https://drspos.com/shop/goods/clandestinely17638964083.phtml" "Mozilla/5.0 AppleWebKit/537.36 (KHTML, like Gecko; compatible; GPTBot/1.3; +https://openai.com/gptbot)"
216.73.216.163 - - [21/Mar/2026:17:29:51 +0200] "GET /shop/goods/godlike14298752006.phtml/ HTTP/1.1" 200 150746 "https://drspos.com/shop/goods/godlike14298752006.phtml" "Mozilla/5.0 AppleWebKit/537.36 (KHTML, like Gecko; compatible; ClaudeBot/1.0; +claudebot@anthropic.com)"
74.7.227.61 - - [21/Mar/2026:17:29:52 +0200] "GET /shop/goods/leatherbacked17813974460.phtml HTTP/1.1" 301 - "https://drspos.com/%3C![CDATA[https:/eminencegroup.net.au/post-sitemap9.xml]]%3E" "Mozilla/5.0 AppleWebKit/537.36 (KHTML, like Gecko; compatible; GPTBot/1.3; +https://openai.com/gptbot)"
74.7.227.61 - - [21/Mar/2026:17:29:54 +0200] "GET /shop/goods/leatherbacked17813974460.phtml/ HTTP/1.1" 200 150746 "https://drspos.com/shop/goods/leatherbacked17813974460.phtml" "Mozilla/5.0 AppleWebKit/537.36 (KHTML, like Gecko; compatible; GPTBot/1.3; +https://openai.com/gptbot)"
74.7.227.61 - - [21/Mar/2026:17:29:57 +0200] "GET /?p=44322 HTTP/1.1" 200 91927 "https://drspos.com/?p=44320" "Mozilla/5.0 AppleWebKit/537.36 (KHTML, like Gecko; compatible; GPTBot/1.3; +https://openai.com/gptbot)"
74.7.227.61 - - [21/Mar/2026:17:30:00 +0200] "GET /shop/goods/subservience17781966438.phtml HTTP/1.1" 301 - "https://drspos.com/%3C![CDATA[https:/eminencegroup.net.au/post-sitemap9.xml]]%3E" "Mozilla/5.0 AppleWebKit/537.36 (KHTML, like Gecko; compatible; GPTBot/1.3; +https://openai.com/gptbot)"
213.209.159.254 - - [21/Mar/2026:17:30:01 +0200] "GET /wp-admin/admin-ajax.php?action=mk_file_folder_manager&_wpnonce=f83532cfcf&networkhref=&cmd=mkfile&name=custom_file_3_1774106995.php&target=l1_c2VydmljZWRlc2suZHJzcG9zLmNvbS9yZXNvdXJjZXM&reqid=fba8f55710bd2424420141de10df HTTP/1.1" 200 524 "-" "Mozilla/5.0 (Windows NT 10.0; Win64; x64) AppleWebKit/537.36 (KHTML, like Gecko) Chrome/124.0.6367.207 Safari/537.36"
74.7.227.61 - - [21/Mar/2026:17:30:02 +0200] "GET /shop/goods/subservience17781966438.phtml/ HTTP/1.1" 200 150746 "https://drspos.com/shop/goods/subservience17781966438.phtml" "Mozilla/5.0 AppleWebKit/537.36 (KHTML, like Gecko; compatible; GPTBot/1.3; +https://openai.com/gptbot)"
74.7.227.61 - - [21/Mar/2026:17:30:05 +0200] "GET /?p=52820 HTTP/1.1" 200 93916 "https://drspos.com/?p=52822" "Mozilla/5.0 AppleWebKit/537.36 (KHTML, like Gecko; compatible; GPTBot/1.3; +https://openai.com/gptbot)"
74.7.227.61 - - [21/Mar/2026:17:30:09 +0200] "GET /?p=48354 HTTP/1.1" 200 91247 "https://drspos.com/?p=48352" "Mozilla/5.0 AppleWebKit/537.36 (KHTML, like Gecko; compatible; GPTBot/1.3; +https://openai.com/gptbot)"
74.7.227.61 - - [21/Mar/2026:17:30:12 +0200] "GET /shop/goods/honestetee1775991140.phtml HTTP/1.1" 301 - "https://drspos.com/%3C![CDATA[https:/eminencegroup.net.au/post-sitemap9.xml]]%3E" "Mozilla/5.0 AppleWebKit/537.36 (KHTML, like Gecko; compatible; GPTBot/1.3; +https://openai.com/gptbot)"
213.209.159.254 - - [21/Mar/2026:17:30:15 +0200] "POST /wp-admin/admin-ajax.php HTTP/1.1" 200 291 "https://drspos.com/wp-admin/admin-ajax.php" "Mozilla/5.0 (Windows NT 10.0; Win64; x64) AppleWebKit/537.36 (KHTML, like Gecko) Chrome/124.0.6367.207 Safari/537.36"
74.7.227.61 - - [21/Mar/2026:17:30:14 +0200] "GET /shop/goods/honestetee1775991140.phtml/ HTTP/1.1" 200 150746 "https://drspos.com/shop/goods/honestetee1775991140.phtml" "Mozilla/5.0 AppleWebKit/537.36 (KHTML, like Gecko; compatible; GPTBot/1.3; +https://openai.com/gptbot)"
74.7.227.61 - - [21/Mar/2026:17:30:17 +0200] "GET /?p=46565 HTTP/1.1" 200 93918 "https://drspos.com/?p=46567" "Mozilla/5.0 AppleWebKit/537.36 (KHTML, like Gecko; compatible; GPTBot/1.3; +https://openai.com/gptbot)"
216.73.216.163 - - [21/Mar/2026:17:30:18 +0200] "GET /shop/goods/libation171036840825.phtml HTTP/1.1" 301 - "-" "Mozilla/5.0 AppleWebKit/537.36 (KHTML, like Gecko; compatible; ClaudeBot/1.0; +claudebot@anthropic.com)"
74.7.227.61 - - [21/Mar/2026:17:30:20 +0200] "GET /shop/goods/corposant17203457689.phtml HTTP/1.1" 301 - "https://drspos.com/%3C![CDATA[https:/eminencegroup.net.au/post-sitemap9.xml]]%3E" "Mozilla/5.0 AppleWebKit/537.36 (KHTML, like Gecko; compatible; GPTBot/1.3; +https://openai.com/gptbot)"
216.73.216.163 - - [21/Mar/2026:17:30:21 +0200] "GET /shop/goods/libation171036840825.phtml/ HTTP/1.1" 200 150746 "https://www.drspos.com/shop/goods/libation171036840825.phtml" "Mozilla/5.0 AppleWebKit/537.36 (KHTML, like Gecko; compatible; ClaudeBot/1.0; +claudebot@anthropic.com)"
74.7.227.61 - - [21/Mar/2026:17:30:23 +0200] "GET /shop/goods/corposant17203457689.phtml/ HTTP/1.1" 200 150746 "https://drspos.com/shop/goods/corposant17203457689.phtml" "Mozilla/5.0 AppleWebKit/537.36 (KHTML, like Gecko; compatible; GPTBot/1.3; +https://openai.com/gptbot)"
216.73.216.163 - - [21/Mar/2026:17:30:24 +0200] "GET /shop/goods/labradorite13202864424.phtml HTTP/1.1" 301 - "-" "Mozilla/5.0 AppleWebKit/537.36 (KHTML, like Gecko; compatible; ClaudeBot/1.0; +claudebot@anthropic.com)"
74.7.227.61 - - [21/Mar/2026:17:30:26 +0200] "GET /?p=30772 HTTP/1.1" 200 93913 "https://drspos.com/?p=30774" "Mozilla/5.0 AppleWebKit/537.36 (KHTML, like Gecko; compatible; GPTBot/1.3; +https://openai.com/gptbot)"
213.209.159.254 - - [21/Mar/2026:17:30:27 +0200] "POST /wp-admin/admin-ajax.php?action=mk_file_folder_manager&_wpnonce=f83532cfcf&networkhref=&cmd=open&target=l1_c2VydmljZWRlc2suZHJzcG9zLmNvbS9yZXNvdXJjZXM&reqid=68fc2fe06de30797b39b2f79c459 HTTP/1.1" 200 2472 "https://drspos.com/wp-admin/admin-ajax.php?action=mk_file_folder_manager&_wpnonce=f83532cfcf&networkhref=&cmd=open&target=l1_c2VydmljZWRlc2suZHJzcG9zLmNvbS9yZXNvdXJjZXM&reqid=68fc2fe06de30797b39b2f79c459" "Mozilla/5.0 (Windows NT 10.0; Win64; x64) AppleWebKit/537.36 (KHTML, like Gecko) Chrome/124.0.6367.207 Safari/537.36"
216.73.216.163 - - [21/Mar/2026:17:30:27 +0200] "GET /shop/goods/labradorite13202864424.phtml/ HTTP/1.1" 200 150730 "https://drspos.com/shop/goods/labradorite13202864424.phtml" "Mozilla/5.0 AppleWebKit/537.36 (KHTML, like Gecko; compatible; ClaudeBot/1.0; +claudebot@anthropic.com)"
74.7.227.61 - - [21/Mar/2026:17:30:29 +0200] "GET /shop/goods/cornamute17198427490.phtml HTTP/1.1" 301 - "https://drspos.com/%3C![CDATA[https:/eminencegroup.net.au/post-sitemap9.xml]]%3E" "Mozilla/5.0 AppleWebKit/537.36 (KHTML, like Gecko; compatible; GPTBot/1.3; +https://openai.com/gptbot)"
74.7.227.61 - - [21/Mar/2026:17:30:31 +0200] "GET /shop/goods/cornamute17198427490.phtml/ HTTP/1.1" 200 150746 "https://drspos.com/shop/goods/cornamute17198427490.phtml" "Mozilla/5.0 AppleWebKit/537.36 (KHTML, like Gecko; compatible; GPTBot/1.3; +https://openai.com/gptbot)"
216.73.216.163 - - [21/Mar/2026:17:30:32 +0200] "GET /shop/goods/overliberal13508622695.phtml HTTP/1.1" 301 - "-" "Mozilla/5.0 AppleWebKit/537.36 (KHTML, like Gecko; compatible; ClaudeBot/1.0; +claudebot@anthropic.com)"
74.7.227.61 - - [21/Mar/2026:17:30:34 +0200] "GET /shop/goods/vociferus17391020116.phtml HTTP/1.1" 301 - "https://drspos.com/%3C![CDATA[https:/eminencegroup.net.au/post-sitemap9.xml]]%3E" "Mozilla/5.0 AppleWebKit/537.36 (KHTML, like Gecko; compatible; GPTBot/1.3; +https://openai.com/gptbot)"
216.73.216.163 - - [21/Mar/2026:17:30:34 +0200] "GET /shop/goods/overliberal13508622695.phtml/ HTTP/1.1" 200 150746 "https://drspos.com/shop/goods/overliberal13508622695.phtml" "Mozilla/5.0 AppleWebKit/537.36 (KHTML, like Gecko; compatible; ClaudeBot/1.0; +claudebot@anthropic.com)"
74.7.227.61 - - [21/Mar/2026:17:30:36 +0200] "GET /shop/goods/vociferus17391020116.phtml/ HTTP/1.1" 200 150746 "https://drspos.com/shop/goods/vociferus17391020116.phtml" "Mozilla/5.0 AppleWebKit/537.36 (KHTML, like Gecko; compatible; GPTBot/1.3; +https://openai.com/gptbot)"
213.209.159.254 - - [21/Mar/2026:17:30:38 +0200] "GET /servicedesk.drspos.com/resources/custom_file_3_1774106995.php HTTP/1.1" 301 - "-" "Mozilla/5.0 (Macintosh; Intel Mac OS X 13_5) AppleWebKit/605.1.15 (KHTML, like Gecko) Version/17.5 Safari/605.1.15"
74.7.227.61 - - [21/Mar/2026:17:30:40 +0200] "GET /shop/goods/hieracium17860795191.phtml HTTP/1.1" 301 - "https://drspos.com/%3C![CDATA[https:/eminencegroup.net.au/post-sitemap9.xml]]%3E" "Mozilla/5.0 AppleWebKit/537.36 (KHTML, like Gecko; compatible; GPTBot/1.3; +https://openai.com/gptbot)"
213.209.159.254 - - [21/Mar/2026:17:30:41 +0200] "GET /servicedesk.drspos.com/resources/custom_file_3_1774106995.php/ HTTP/1.1" 403 150746 "-" "Mozilla/5.0 (Macintosh; Intel Mac OS X 13_5) AppleWebKit/605.1.15 (KHTML, like Gecko) Version/17.5 Safari/605.1.15"
74.7.227.61 - - [21/Mar/2026:17:30:42 +0200] "GET /shop/goods/hieracium17860795191.phtml/ HTTP/1.1" 200 150746 "https://drspos.com/shop/goods/hieracium17860795191.phtml" "Mozilla/5.0 AppleWebKit/537.36 (KHTML, like Gecko; compatible; GPTBot/1.3; +https://openai.com/gptbot)"
74.7.227.61 - - [21/Mar/2026:17:30:45 +0200] "GET /?p=44324 HTTP/1.1" 200 103968 "https://drspos.com/?p=44322" "Mozilla/5.0 AppleWebKit/537.36 (KHTML, like Gecko; compatible; GPTBot/1.3; +https://openai.com/gptbot)"
74.7.227.61 - - [21/Mar/2026:17:30:48 +0200] "GET /shop/goods/education17189086375.phtml HTTP/1.1" 301 - "https://drspos.com/%3C![CDATA[https:/eminencegroup.net.au/post-sitemap9.xml]]%3E" "Mozilla/5.0 AppleWebKit/537.36 (KHTML, like Gecko; compatible; GPTBot/1.3; +https://openai.com/gptbot)"
122.171.20.194 - - [21/Mar/2026:17:30:50 +0200] "POST /xmlrpc.php HTTP/1.1" 200 403 "-" "Mozilla/5.0 (Windows NT 6.3; x64) AppleWebKit/537.36 (KHTML, like Gecko) Chrome/98.0.0.0 Safari/537.36"
74.7.227.61 - - [21/Mar/2026:17:30:50 +0200] "GET /shop/goods/education17189086375.phtml/ HTTP/1.1" 200 150746 "https://drspos.com/shop/goods/education17189086375.phtml" "Mozilla/5.0 AppleWebKit/537.36 (KHTML, like Gecko; compatible; GPTBot/1.3; +https://openai.com/gptbot)"
74.7.227.61 - - [21/Mar/2026:17:30:53 +0200] "GET /?p=52818 HTTP/1.1" 200 100664 "https://drspos.com/?p=52820" "Mozilla/5.0 AppleWebKit/537.36 (KHTML, like Gecko; compatible; GPTBot/1.3; +https://openai.com/gptbot)"
74.7.227.61 - - [21/Mar/2026:17:30:56 +0200] "GET /?p=48356 HTTP/1.1" 200 94649 "https://drspos.com/?p=48354" "Mozilla/5.0 AppleWebKit/537.36 (KHTML, like Gecko; compatible; GPTBot/1.3; +https://openai.com/gptbot)"
74.7.227.61 - - [21/Mar/2026:17:30:59 +0200] "GET /shop/goods/acoumeter17942816615.phtml HTTP/1.1" 301 - "https://drspos.com/%3C![CDATA[https:/eminencegroup.net.au/post-sitemap9.xml]]%3E" "Mozilla/5.0 AppleWebKit/537.36 (KHTML, like Gecko; compatible; GPTBot/1.3; +https://openai.com/gptbot)"
74.7.227.61 - - [21/Mar/2026:17:31:01 +0200] "GET /shop/goods/acoumeter17942816615.phtml/ HTTP/1.1" 200 150746 "https://drspos.com/shop/goods/acoumeter17942816615.phtml" "Mozilla/5.0 AppleWebKit/537.36 (KHTML, like Gecko; compatible; GPTBot/1.3; +https://openai.com/gptbot)"
74.7.227.61 - - [21/Mar/2026:17:31:04 +0200] "GET /?p=46564 HTTP/1.1" 200 93188 "https://drspos.com/?p=46565" "Mozilla/5.0 AppleWebKit/537.36 (KHTML, like Gecko; compatible; GPTBot/1.3; +https://openai.com/gptbot)"
216.73.216.163 - - [21/Mar/2026:17:31:05 +0200] "GET /shop/goods/squeaker174260514366.phtml HTTP/1.1" 301 - "-" "Mozilla/5.0 AppleWebKit/537.36 (KHTML, like Gecko; compatible; ClaudeBot/1.0; +claudebot@anthropic.com)"
74.7.227.61 - - [21/Mar/2026:17:31:07 +0200] "GET /shop/goods/pargeting17980296263.phtml HTTP/1.1" 301 - "https://drspos.com/%3C![CDATA[https:/eminencegroup.net.au/post-sitemap9.xml]]%3E" "Mozilla/5.0 AppleWebKit/537.36 (KHTML, like Gecko; compatible; GPTBot/1.3; +https://openai.com/gptbot)"
216.73.216.163 - - [21/Mar/2026:17:31:07 +0200] "GET /shop/goods/squeaker174260514366.phtml/ HTTP/1.1" 200 150746 "https://www.drspos.com/shop/goods/squeaker174260514366.phtml" "Mozilla/5.0 AppleWebKit/537.36 (KHTML, like Gecko; compatible; ClaudeBot/1.0; +claudebot@anthropic.com)"
74.7.227.61 - - [21/Mar/2026:17:31:09 +0200] "GET /shop/goods/pargeting17980296263.phtml/ HTTP/1.1" 200 150746 "https://drspos.com/shop/goods/pargeting17980296263.phtml" "Mozilla/5.0 AppleWebKit/537.36 (KHTML, like Gecko; compatible; GPTBot/1.3; +https://openai.com/gptbot)"
74.7.227.61 - - [21/Mar/2026:17:31:13 +0200] "GET /?p=30770 HTTP/1.1" 200 97058 "https://drspos.com/?p=30772" "Mozilla/5.0 AppleWebKit/537.36 (KHTML, like Gecko; compatible; GPTBot/1.3; +https://openai.com/gptbot)"
190.92.175.38 - - [21/Mar/2026:17:31:14 +0200] "GET /servicedesk.drspos.com/resources/custom_file_3_1774106995.php HTTP/1.1" 301 - "-" "Mozilla/5.0 (Windows NT 10.0; Win64; x64) AppleWebKit/537.36 (KHTML, like Gecko) Chrome/124.0.6367.207 Safari/537.36"
74.7.227.61 - - [21/Mar/2026:17:31:16 +0200] "GET /shop/goods/maniclike17672184204.phtml HTTP/1.1" 301 - "https://drspos.com/%3C![CDATA[https:/eminencegroup.net.au/post-sitemap9.xml]]%3E" "Mozilla/5.0 AppleWebKit/537.36 (KHTML, like Gecko; compatible; GPTBot/1.3; +https://openai.com/gptbot)"
216.73.216.163 - - [21/Mar/2026:17:31:17 +0200] "GET /shop/goods/kislev141653468325.phtml HTTP/1.1" 301 - "-" "Mozilla/5.0 AppleWebKit/537.36 (KHTML, like Gecko; compatible; ClaudeBot/1.0; +claudebot@anthropic.com)"
74.7.227.61 - - [21/Mar/2026:17:31:18 +0200] "GET /shop/goods/maniclike17672184204.phtml/ HTTP/1.1" 200 150746 "https://drspos.com/shop/goods/maniclike17672184204.phtml" "Mozilla/5.0 AppleWebKit/537.36 (KHTML, like Gecko; compatible; GPTBot/1.3; +https://openai.com/gptbot)"
216.73.216.163 - - [21/Mar/2026:17:31:20 +0200] "GET /shop/goods/kislev141653468325.phtml/ HTTP/1.1" 200 150730 "https://drspos.com/shop/goods/kislev141653468325.phtml" "Mozilla/5.0 AppleWebKit/537.36 (KHTML, like Gecko; compatible; ClaudeBot/1.0; +claudebot@anthropic.com)"
74.7.227.61 - - [21/Mar/2026:17:31:21 +0200] "GET /shop/goods/niggardly17627409932.phtml HTTP/1.1" 301 - "https://drspos.com/%3C![CDATA[https:/eminencegroup.net.au/post-sitemap9.xml]]%3E" "Mozilla/5.0 AppleWebKit/537.36 (KHTML, like Gecko; compatible; GPTBot/1.3; +https://openai.com/gptbot)"
74.7.227.61 - - [21/Mar/2026:17:31:23 +0200] "GET /shop/goods/niggardly17627409932.phtml/ HTTP/1.1" 200 150746 "https://drspos.com/shop/goods/niggardly17627409932.phtml" "Mozilla/5.0 AppleWebKit/537.36 (KHTML, like Gecko; compatible; GPTBot/1.3; +https://openai.com/gptbot)"
74.7.227.61 - - [21/Mar/2026:17:31:26 +0200] "GET /shop/goods/hypotheses1712077146.phtml HTTP/1.1" 301 - "https://drspos.com/%3C![CDATA[https:/eminencegroup.net.au/post-sitemap9.xml]]%3E" "Mozilla/5.0 AppleWebKit/537.36 (KHTML, like Gecko; compatible; GPTBot/1.3; +https://openai.com/gptbot)"
216.73.216.163 - - [21/Mar/2026:17:31:29 +0200] "GET /shop/goods/indigent171482671775.phtml HTTP/1.1" 301 - "-" "Mozilla/5.0 AppleWebKit/537.36 (KHTML, like Gecko; compatible; ClaudeBot/1.0; +claudebot@anthropic.com)"
74.7.227.61 - - [21/Mar/2026:17:31:29 +0200] "GET /shop/goods/hypotheses1712077146.phtml/ HTTP/1.1" 200 150746 "https://drspos.com/shop/goods/hypotheses1712077146.phtml" "Mozilla/5.0 AppleWebKit/537.36 (KHTML, like Gecko; compatible; GPTBot/1.3; +https://openai.com/gptbot)"
216.73.216.163 - - [21/Mar/2026:17:31:31 +0200] "GET /shop/goods/indigent171482671775.phtml/ HTTP/1.1" 200 150746 "https://www.drspos.com/shop/goods/indigent171482671775.phtml" "Mozilla/5.0 AppleWebKit/537.36 (KHTML, like Gecko; compatible; ClaudeBot/1.0; +claudebot@anthropic.com)"
74.7.227.61 - - [21/Mar/2026:17:31:32 +0200] "GET /?p=44326 HTTP/1.1" 200 91518 "https://drspos.com/?p=44324" "Mozilla/5.0 AppleWebKit/537.36 (KHTML, like Gecko; compatible; GPTBot/1.3; +https://openai.com/gptbot)"
74.7.227.61 - - [21/Mar/2026:17:31:35 +0200] "GET /shop/goods/tidemark172630375935.phtml HTTP/1.1" 301 - "https://drspos.com/%3C![CDATA[https:/eminencegroup.net.au/post-sitemap9.xml]]%3E" "Mozilla/5.0 AppleWebKit/537.36 (KHTML, like Gecko; compatible; GPTBot/1.3; +https://openai.com/gptbot)"
74.7.227.61 - - [21/Mar/2026:17:31:37 +0200] "GET /shop/goods/tidemark172630375935.phtml/ HTTP/1.1" 200 150746 "https://drspos.com/shop/goods/tidemark172630375935.phtml" "Mozilla/5.0 AppleWebKit/537.36 (KHTML, like Gecko; compatible; GPTBot/1.3; +https://openai.com/gptbot)"
74.7.227.61 - - [21/Mar/2026:17:31:40 +0200] "GET /?p=52816 HTTP/1.1" 200 97222 "https://drspos.com/?p=52818" "Mozilla/5.0 AppleWebKit/537.36 (KHTML, like Gecko; compatible; GPTBot/1.3; +https://openai.com/gptbot)"
74.7.227.61 - - [21/Mar/2026:17:31:44 +0200] "GET /?p=48358 HTTP/1.1" 200 91632 "https://drspos.com/?p=48356" "Mozilla/5.0 AppleWebKit/537.36 (KHTML, like Gecko; compatible; GPTBot/1.3; +https://openai.com/gptbot)"
74.7.227.61 - - [21/Mar/2026:17:31:47 +0200] "GET /shop/goods/vasculum172169575048.phtml HTTP/1.1" 301 - "https://drspos.com/%3C![CDATA[https:/eminencegroup.net.au/post-sitemap9.xml]]%3E" "Mozilla/5.0 AppleWebKit/537.36 (KHTML, like Gecko; compatible; GPTBot/1.3; +https://openai.com/gptbot)"
190.92.175.38 - - [21/Mar/2026:17:31:20 +0200] "GET /servicedesk.drspos.com/resources/custom_file_3_1774106995.php/ HTTP/1.1" 403 150746 "-" "Mozilla/5.0 (Windows NT 10.0; Win64; x64) AppleWebKit/537.36 (KHTML, like Gecko) Chrome/124.0.6367.207 Safari/537.36"
74.7.227.61 - - [21/Mar/2026:17:31:49 +0200] "GET /shop/goods/vasculum172169575048.phtml/ HTTP/1.1" 200 150746 "https://drspos.com/shop/goods/vasculum172169575048.phtml" "Mozilla/5.0 AppleWebKit/537.36 (KHTML, like Gecko; compatible; GPTBot/1.3; +https://openai.com/gptbot)"
216.73.216.163 - - [21/Mar/2026:17:31:53 +0200] "GET /shop/goods/halberd171926143646.phtml HTTP/1.1" 301 - "-" "Mozilla/5.0 AppleWebKit/537.36 (KHTML, like Gecko; compatible; ClaudeBot/1.0; +claudebot@anthropic.com)"
74.7.227.61 - - [21/Mar/2026:17:31:52 +0200] "GET /?p=46562 HTTP/1.1" 200 95980 "https://drspos.com/?p=46564" "Mozilla/5.0 AppleWebKit/537.36 (KHTML, like Gecko; compatible; GPTBot/1.3; +https://openai.com/gptbot)"
74.7.227.61 - - [21/Mar/2026:17:31:56 +0200] "GET /shop/goods/careworn173723429514.phtml HTTP/1.1" 301 - "https://drspos.com/%3C![CDATA[https:/eminencegroup.net.au/post-sitemap9.xml]]%3E" "Mozilla/5.0 AppleWebKit/537.36 (KHTML, like Gecko; compatible; GPTBot/1.3; +https://openai.com/gptbot)"
216.73.216.163 - - [21/Mar/2026:17:31:55 +0200] "GET /shop/goods/halberd171926143646.phtml/ HTTP/1.1" 200 150746 "https://www.drspos.com/shop/goods/halberd171926143646.phtml" "Mozilla/5.0 AppleWebKit/537.36 (KHTML, like Gecko; compatible; ClaudeBot/1.0; +claudebot@anthropic.com)"
