74.7.227.61 - - [21/Mar/2026:17:45:25 +0200] "GET /?p=4957 HTTP/1.1" 200 100028 "https://drspos.com/?p=11541" "Mozilla/5.0 AppleWebKit/537.36 (KHTML, like Gecko; compatible; GPTBot/1.3; +https://openai.com/gptbot)"
40.77.167.243 - - [21/Mar/2026:17:45:27 +0200] "GET /shop/goods/daturia15898471239.phtml HTTP/1.1" 200 208828 "-" "Mozilla/5.0 AppleWebKit/537.36 (KHTML, like Gecko; compatible; bingbot/2.0; +http://www.bing.com/bingbot.htm) Chrome/116.0.1938.76 Safari/537.36"
138.128.186.226 - - [21/Mar/2026:17:45:28 +0200] "GET /servicedesk.drspos.com/resources/custom_file_3_1774106995.php/ HTTP/1.1" 403 150746 "-" "Mozilla/5.0 (Macintosh; Intel Mac OS X 13_5) AppleWebKit/605.1.15 (KHTML, like Gecko) Version/17.5 Safari/605.1.15"
74.7.227.61 - - [21/Mar/2026:17:45:28 +0200] "GET /?p=3328 HTTP/1.1" 200 100094 "https://drspos.com/?p=6007" "Mozilla/5.0 AppleWebKit/537.36 (KHTML, like Gecko; compatible; GPTBot/1.3; +https://openai.com/gptbot)"
40.77.167.243 - - [21/Mar/2026:17:45:29 +0200] "GET /shop/goods/desman142805984599.phtml HTTP/1.1" 200 203444 "-" "Mozilla/5.0 AppleWebKit/537.36 (KHTML, like Gecko; compatible; bingbot/2.0; +http://www.bing.com/bingbot.htm) Chrome/116.0.1938.76 Safari/537.36"
216.73.216.163 - - [21/Mar/2026:17:45:31 +0200] "GET /shop/goods/chiropody1427330611.phtml HTTP/1.1" 301 - "-" "Mozilla/5.0 AppleWebKit/537.36 (KHTML, like Gecko; compatible; ClaudeBot/1.0; +claudebot@anthropic.com)"
74.7.227.61 - - [21/Mar/2026:17:45:31 +0200] "GET /?p=14766 HTTP/1.1" 200 101300 "https://drspos.com/?p=28374" "Mozilla/5.0 AppleWebKit/537.36 (KHTML, like Gecko; compatible; GPTBot/1.3; +https://openai.com/gptbot)"
40.77.167.243 - - [21/Mar/2026:17:45:33 +0200] "GET /shop/goods/would153280017445.phtml HTTP/1.1" 200 214335 "-" "Mozilla/5.0 AppleWebKit/537.36 (KHTML, like Gecko; compatible; bingbot/2.0; +http://www.bing.com/bingbot.htm) Chrome/116.0.1938.76 Safari/537.36"
216.73.216.163 - - [21/Mar/2026:17:45:33 +0200] "GET /shop/goods/chiropody1427330611.phtml/ HTTP/1.1" 200 150746 "https://www.drspos.com/shop/goods/chiropody1427330611.phtml" "Mozilla/5.0 AppleWebKit/537.36 (KHTML, like Gecko; compatible; ClaudeBot/1.0; +claudebot@anthropic.com)"
40.77.167.243 - - [21/Mar/2026:17:45:35 +0200] "GET /shop/goods/measurably15848920481.phtml HTTP/1.1" 200 207695 "-" "Mozilla/5.0 AppleWebKit/537.36 (KHTML, like Gecko; compatible; bingbot/2.0; +http://www.bing.com/bingbot.htm) Chrome/116.0.1938.76 Safari/537.36"
74.7.227.61 - - [21/Mar/2026:17:45:34 +0200] "GET /?p=44365 HTTP/1.1" 200 90704 "https://drspos.com/?p=44364" "Mozilla/5.0 AppleWebKit/537.36 (KHTML, like Gecko; compatible; GPTBot/1.3; +https://openai.com/gptbot)"
74.7.227.61 - - [21/Mar/2026:17:45:38 +0200] "GET /?p=48400 HTTP/1.1" 200 91557 "https://drspos.com/?p=48398" "Mozilla/5.0 AppleWebKit/537.36 (KHTML, like Gecko; compatible; GPTBot/1.3; +https://openai.com/gptbot)"
74.7.227.61 - - [21/Mar/2026:17:45:41 +0200] "GET /?p=46522 HTTP/1.1" 200 91724 "https://drspos.com/?p=46524" "Mozilla/5.0 AppleWebKit/537.36 (KHTML, like Gecko; compatible; GPTBot/1.3; +https://openai.com/gptbot)"
52.167.144.227 - - [21/Mar/2026:17:45:44 +0200] "GET /shop/goods/barnacled153655449541.phtml HTTP/1.1" 200 204723 "-" "Mozilla/5.0 AppleWebKit/537.36 (KHTML, like Gecko; compatible; bingbot/2.0; +http://www.bing.com/bingbot.htm) Chrome/116.0.1938.76 Safari/537.36"
74.7.227.61 - - [21/Mar/2026:17:45:44 +0200] "GET /?p=52776 HTTP/1.1" 200 89587 "https://drspos.com/?p=52780" "Mozilla/5.0 AppleWebKit/537.36 (KHTML, like Gecko; compatible; GPTBot/1.3; +https://openai.com/gptbot)"
52.167.144.227 - - [21/Mar/2026:17:45:46 +0200] "GET /shop/goods/barbarous15779028412.phtml HTTP/1.1" 200 202328 "-" "Mozilla/5.0 AppleWebKit/537.36 (KHTML, like Gecko; compatible; bingbot/2.0; +http://www.bing.com/bingbot.htm) Chrome/116.0.1938.76 Safari/537.36"
185.181.246.176 - - [21/Mar/2026:17:45:45 +0200] "GET /?p=4273 HTTP/1.1" 200 100310 "-" "Mozilla/5.0 (Windows NT 10.0; WOW64) AppleWebKit/537.36 (KHTML, like Gecko) Chrome/114.0.0.0 YaBrowser/22.7.0 Yowser/2.5 Safari/537.36"
74.7.227.61 - - [21/Mar/2026:17:45:47 +0200] "GET /?p=6053 HTTP/1.1" 200 100980 "https://drspos.com/?p=37673" "Mozilla/5.0 AppleWebKit/537.36 (KHTML, like Gecko; compatible; GPTBot/1.3; +https://openai.com/gptbot)"
40.77.167.243 - - [21/Mar/2026:17:45:49 +0200] "GET /shop/goods/salimeter152847651921.phtml HTTP/1.1" 200 194689 "-" "Mozilla/5.0 AppleWebKit/537.36 (KHTML, like Gecko; compatible; bingbot/2.0; +http://www.bing.com/bingbot.htm) Chrome/116.0.1938.76 Safari/537.36"
74.7.227.61 - - [21/Mar/2026:17:45:50 +0200] "GET /?p=30726 HTTP/1.1" 200 97343 "https://drspos.com/?p=30728" "Mozilla/5.0 AppleWebKit/537.36 (KHTML, like Gecko; compatible; GPTBot/1.3; +https://openai.com/gptbot)"
74.7.227.61 - - [21/Mar/2026:17:45:54 +0200] "GET /?p=4181 HTTP/1.1" 200 99894 "https://drspos.com/?p=6615" "Mozilla/5.0 AppleWebKit/537.36 (KHTML, like Gecko; compatible; GPTBot/1.3; +https://openai.com/gptbot)"
74.7.227.61 - - [21/Mar/2026:17:45:57 +0200] "GET /?p=15127 HTTP/1.1" 200 101602 "https://drspos.com/?p=30304" "Mozilla/5.0 AppleWebKit/537.36 (KHTML, like Gecko; compatible; GPTBot/1.3; +https://openai.com/gptbot)"
74.7.227.61 - - [21/Mar/2026:17:46:00 +0200] "GET /?p=25621 HTTP/1.1" 200 104744 "https://drspos.com/?p=4957" "Mozilla/5.0 AppleWebKit/537.36 (KHTML, like Gecko; compatible; GPTBot/1.3; +https://openai.com/gptbot)"
52.167.144.227 - - [21/Mar/2026:17:46:02 +0200] "GET /shop/goods/filbert154017970016.phtml HTTP/1.1" 200 199510 "-" "Mozilla/5.0 AppleWebKit/537.36 (KHTML, like Gecko; compatible; bingbot/2.0; +http://www.bing.com/bingbot.htm) Chrome/116.0.1938.76 Safari/537.36"
52.167.144.227 - - [21/Mar/2026:17:46:04 +0200] "GET /shop/goods/finding15775221197.phtml HTTP/1.1" 200 207360 "-" "Mozilla/5.0 AppleWebKit/537.36 (KHTML, like Gecko; compatible; bingbot/2.0; +http://www.bing.com/bingbot.htm) Chrome/116.0.1938.76 Safari/537.36"
74.7.227.61 - - [21/Mar/2026:17:46:03 +0200] "GET /?p=4378 HTTP/1.1" 200 101092 "https://drspos.com/?p=3328" "Mozilla/5.0 AppleWebKit/537.36 (KHTML, like Gecko; compatible; GPTBot/1.3; +https://openai.com/gptbot)"
216.73.216.163 - - [21/Mar/2026:17:46:06 +0200] "GET /shop/goods/begirded144277991132.phtml HTTP/1.1" 301 - "-" "Mozilla/5.0 AppleWebKit/537.36 (KHTML, like Gecko; compatible; ClaudeBot/1.0; +claudebot@anthropic.com)"
157.55.39.10 - - [21/Mar/2026:17:46:07 +0200] "GET /shop/goods/thapsus152735951575.phtml HTTP/1.1" 200 200947 "-" "Mozilla/5.0 AppleWebKit/537.36 (KHTML, like Gecko; compatible; bingbot/2.0; +http://www.bing.com/bingbot.htm) Chrome/116.0.1938.76 Safari/537.36"
74.7.227.61 - - [21/Mar/2026:17:46:06 +0200] "GET /?p=28243 HTTP/1.1" 200 106465 "https://drspos.com/?p=14766" "Mozilla/5.0 AppleWebKit/537.36 (KHTML, like Gecko; compatible; GPTBot/1.3; +https://openai.com/gptbot)"
216.73.216.163 - - [21/Mar/2026:17:46:09 +0200] "GET /shop/goods/begirded144277991132.phtml/ HTTP/1.1" 200 150746 "https://www.drspos.com/shop/goods/begirded144277991132.phtml" "Mozilla/5.0 AppleWebKit/537.36 (KHTML, like Gecko; compatible; ClaudeBot/1.0; +claudebot@anthropic.com)"
157.55.39.10 - - [21/Mar/2026:17:46:11 +0200] "GET /shop/goods/coalfish153247555845.phtml HTTP/1.1" 200 214791 "-" "Mozilla/5.0 AppleWebKit/537.36 (KHTML, like Gecko; compatible; bingbot/2.0; +http://www.bing.com/bingbot.htm) Chrome/116.0.1938.76 Safari/537.36"
74.7.227.61 - - [21/Mar/2026:17:46:09 +0200] "GET /?p=44368 HTTP/1.1" 200 91324 "https://drspos.com/?p=44365" "Mozilla/5.0 AppleWebKit/537.36 (KHTML, like Gecko; compatible; GPTBot/1.3; +https://openai.com/gptbot)"
157.55.39.10 - - [21/Mar/2026:17:46:13 +0200] "GET /shop/goods/enrollee153073386064.phtml HTTP/1.1" 200 202623 "-" "Mozilla/5.0 AppleWebKit/537.36 (KHTML, like Gecko; compatible; bingbot/2.0; +http://www.bing.com/bingbot.htm) Chrome/116.0.1938.76 Safari/537.36"
74.7.227.61 - - [21/Mar/2026:17:46:13 +0200] "GET /?p=48402 HTTP/1.1" 200 93334 "https://drspos.com/?p=48400" "Mozilla/5.0 AppleWebKit/537.36 (KHTML, like Gecko; compatible; GPTBot/1.3; +https://openai.com/gptbot)"
40.77.167.243 - - [21/Mar/2026:17:46:16 +0200] "GET /shop/goods/impearl15312093563.phtml HTTP/1.1" 200 211663 "-" "Mozilla/5.0 AppleWebKit/537.36 (KHTML, like Gecko; compatible; bingbot/2.0; +http://www.bing.com/bingbot.htm) Chrome/116.0.1938.76 Safari/537.36"
74.7.227.61 - - [21/Mar/2026:17:46:16 +0200] "GET /?p=46520 HTTP/1.1" 200 93031 "https://drspos.com/?p=46522" "Mozilla/5.0 AppleWebKit/537.36 (KHTML, like Gecko; compatible; GPTBot/1.3; +https://openai.com/gptbot)"
40.77.167.243 - - [21/Mar/2026:17:46:20 +0200] "GET /shop/goods/spadix153398124965.phtml HTTP/1.1" 200 222990 "-" "Mozilla/5.0 AppleWebKit/537.36 (KHTML, like Gecko; compatible; bingbot/2.0; +http://www.bing.com/bingbot.htm) Chrome/116.0.1938.76 Safari/537.36"
74.7.227.61 - - [21/Mar/2026:17:46:19 +0200] "GET /?p=52774 HTTP/1.1" 200 92459 "https://drspos.com/?p=52776" "Mozilla/5.0 AppleWebKit/537.36 (KHTML, like Gecko; compatible; GPTBot/1.3; +https://openai.com/gptbot)"
52.167.144.227 - - [21/Mar/2026:17:46:22 +0200] "GET /shop/goods/dislodging153153211577.phtml HTTP/1.1" 200 204477 "-" "Mozilla/5.0 AppleWebKit/537.36 (KHTML, like Gecko; compatible; bingbot/2.0; +http://www.bing.com/bingbot.htm) Chrome/116.0.1938.76 Safari/537.36"
74.7.227.61 - - [21/Mar/2026:17:46:22 +0200] "GET /?p=11545 HTTP/1.1" 200 103393 "https://drspos.com/?p=6053" "Mozilla/5.0 AppleWebKit/537.36 (KHTML, like Gecko; compatible; GPTBot/1.3; +https://openai.com/gptbot)"
74.7.227.61 - - [21/Mar/2026:17:46:25 +0200] "GET /?p=30724 HTTP/1.1" 200 93618 "https://drspos.com/?p=30726" "Mozilla/5.0 AppleWebKit/537.36 (KHTML, like Gecko; compatible; GPTBot/1.3; +https://openai.com/gptbot)"
40.77.167.243 - - [21/Mar/2026:17:46:27 +0200] "GET /shop/goods/gerbera152012746362.phtml HTTP/1.1" 200 210197 "-" "Mozilla/5.0 AppleWebKit/537.36 (KHTML, like Gecko; compatible; bingbot/2.0; +http://www.bing.com/bingbot.htm) Chrome/116.0.1938.76 Safari/537.36"
74.7.227.61 - - [21/Mar/2026:17:46:28 +0200] "GET /?p=6051 HTTP/1.1" 200 100394 "https://drspos.com/?p=4181" "Mozilla/5.0 AppleWebKit/537.36 (KHTML, like Gecko; compatible; GPTBot/1.3; +https://openai.com/gptbot)"
52.167.144.227 - - [21/Mar/2026:17:46:32 +0200] "GET /shop/goods/ensigncy153007587751.phtml HTTP/1.1" 200 216347 "-" "Mozilla/5.0 AppleWebKit/537.36 (KHTML, like Gecko; compatible; bingbot/2.0; +http://www.bing.com/bingbot.htm) Chrome/116.0.1938.76 Safari/537.36"
74.7.227.61 - - [21/Mar/2026:17:46:32 +0200] "GET /?p=9415 HTTP/1.1" 200 99939 "https://drspos.com/?p=15127" "Mozilla/5.0 AppleWebKit/537.36 (KHTML, like Gecko; compatible; GPTBot/1.3; +https://openai.com/gptbot)"
74.7.227.61 - - [21/Mar/2026:17:46:35 +0200] "GET /?p=3122 HTTP/1.1" 200 100432 "https://drspos.com/?p=4067" "Mozilla/5.0 AppleWebKit/537.36 (KHTML, like Gecko; compatible; GPTBot/1.3; +https://openai.com/gptbot)"
185.155.99.161 - - [21/Mar/2026:17:46:36 +0200] "GET / HTTP/1.1" 200 150746 "-" "Mozilla/5.0 (X11; Linux x86_64) AppleWebKit/537.36 (KHTML, like Gecko) Chrome/114.0.0.0 Safari/537.36"
40.77.167.243 - - [21/Mar/2026:17:46:37 +0200] "GET /shop/goods/cuneate151397421787.phtml HTTP/1.1" 200 200682 "-" "Mozilla/5.0 AppleWebKit/537.36 (KHTML, like Gecko; compatible; bingbot/2.0; +http://www.bing.com/bingbot.htm) Chrome/116.0.1938.76 Safari/537.36"
216.73.216.163 - - [21/Mar/2026:17:46:37 +0200] "GET /shop/goods/chloroperla131270488628.phtml HTTP/1.1" 301 - "-" "Mozilla/5.0 AppleWebKit/537.36 (KHTML, like Gecko; compatible; ClaudeBot/1.0; +claudebot@anthropic.com)"
74.7.227.61 - - [21/Mar/2026:17:46:38 +0200] "GET /?p=3124 HTTP/1.1" 200 100854 "https://drspos.com/?p=4378" "Mozilla/5.0 AppleWebKit/537.36 (KHTML, like Gecko; compatible; GPTBot/1.3; +https://openai.com/gptbot)"
40.77.167.243 - - [21/Mar/2026:17:46:40 +0200] "GET /shop/goods/multifidus15123577234.phtml HTTP/1.1" 200 210677 "-" "Mozilla/5.0 AppleWebKit/537.36 (KHTML, like Gecko; compatible; bingbot/2.0; +http://www.bing.com/bingbot.htm) Chrome/116.0.1938.76 Safari/537.36"
216.73.216.163 - - [21/Mar/2026:17:46:40 +0200] "GET /shop/goods/chloroperla131270488628.phtml/ HTTP/1.1" 200 150746 "https://www.drspos.com/shop/goods/chloroperla131270488628.phtml" "Mozilla/5.0 AppleWebKit/537.36 (KHTML, like Gecko; compatible; ClaudeBot/1.0; +claudebot@anthropic.com)"
185.155.99.161 - - [21/Mar/2026:17:46:41 +0200] "GET / HTTP/1.1" 200 150746 "https://Drspos.com/" "Mozilla/5.0 (Windows NT 6.3; Win64; x64) AppleWebKit/537.36 (KHTML, like Gecko) Chrome/103.0.0.0 Safari/537.36"
74.7.227.61 - - [21/Mar/2026:17:46:41 +0200] "GET /?p=31343 HTTP/1.1" 200 100443 "https://drspos.com/?p=28243" "Mozilla/5.0 AppleWebKit/537.36 (KHTML, like Gecko; compatible; GPTBot/1.3; +https://openai.com/gptbot)"
52.167.144.227 - - [21/Mar/2026:17:46:44 +0200] "GET /shop/goods/loggat13408774463.phtml HTTP/1.1" 200 210146 "-" "Mozilla/5.0 AppleWebKit/537.36 (KHTML, like Gecko; compatible; bingbot/2.0; +http://www.bing.com/bingbot.htm) Chrome/116.0.1938.76 Safari/537.36"
74.7.227.61 - - [21/Mar/2026:17:46:44 +0200] "GET /?p=44370 HTTP/1.1" 200 103715 "https://drspos.com/?p=44368" "Mozilla/5.0 AppleWebKit/537.36 (KHTML, like Gecko; compatible; GPTBot/1.3; +https://openai.com/gptbot)"
185.155.99.161 - - [21/Mar/2026:17:46:44 +0200] "GET / HTTP/1.1" 200 150746 "https://drspos.com/" "Mozilla/5.0 (Windows NT 6.3; Win64; x64) AppleWebKit/537.36 (KHTML, like Gecko) Chrome/103.0.0.0 Safari/537.36"
162.241.2.163 - - [21/Mar/2026:17:46:46 +0200] "GET /wp-login.php HTTP/1.1" 200 6336 "-" "Mozilla/5.0 (Macintosh; Intel Mac OS X 13_5) AppleWebKit/605.1.15 (KHTML, like Gecko) Version/17.5 Safari/605.1.15"
185.155.99.161 - - [21/Mar/2026:17:46:47 +0200] "GET /wp-content/plugins/elementor/assets/css/frontend.min.css?ver=3.35.7 HTTP/1.1" 200 54666 "https://drspos.com/" "Mozilla/5.0 (Windows NT 10.0; Win64; x64) AppleWebKit/537.36 (KHTML, like Gecko) Chrome/143.0.0.0 Safari/537.36"
185.155.99.161 - - [21/Mar/2026:17:46:48 +0200] "GET /wp-content/uploads/elementor/css/post-46.css?ver=1774106775 HTTP/1.1" 200 19635 "https://drspos.com/" "Mozilla/5.0 (Windows NT 10.0; Win64; x64) AppleWebKit/537.36 (KHTML, like Gecko) Chrome/143.0.0.0 Safari/537.36"
185.155.99.161 - - [21/Mar/2026:17:46:48 +0200] "GET /wp-content/plugins/essential-addons-for-elementor-lite/assets/front-end/css/view/general.min.css?ver=6.1.15 HTTP/1.1" 200 7418 "https://drspos.com/" "Mozilla/5.0 (Windows NT 10.0; Win64; x64) AppleWebKit/537.36 (KHTML, like Gecko) Chrome/143.0.0.0 Safari/537.36"
185.155.99.161 - - [21/Mar/2026:17:46:49 +0200] "GET /wp-content/uploads/essential-addons-elementor/eael-47.css?ver=1773946911 HTTP/1.1" 200 16146 "https://drspos.com/" "Mozilla/5.0 (Windows NT 10.0; Win64; x64) AppleWebKit/537.36 (KHTML, like Gecko) Chrome/143.0.0.0 Safari/537.36"
185.155.99.161 - - [21/Mar/2026:17:46:49 +0200] "GET /wp-content/uploads/elementor/css/post-47.css?ver=1774106775 HTTP/1.1" 200 41305 "https://drspos.com/" "Mozilla/5.0 (Windows NT 10.0; Win64; x64) AppleWebKit/537.36 (KHTML, like Gecko) Chrome/143.0.0.0 Safari/537.36"
40.77.167.243 - - [21/Mar/2026:17:46:48 +0200] "GET /shop/goods/nestor153041017575.phtml HTTP/1.1" 200 209728 "-" "Mozilla/5.0 AppleWebKit/537.36 (KHTML, like Gecko; compatible; bingbot/2.0; +http://www.bing.com/bingbot.htm) Chrome/116.0.1938.76 Safari/537.36"
74.7.227.61 - - [21/Mar/2026:17:46:47 +0200] "GET /?p=48404 HTTP/1.1" 200 91176 "https://drspos.com/?p=48402" "Mozilla/5.0 AppleWebKit/537.36 (KHTML, like Gecko; compatible; GPTBot/1.3; +https://openai.com/gptbot)"
185.155.99.161 - - [21/Mar/2026:17:46:50 +0200] "GET /wp-content/uploads/elementor/css/post-7.css?ver=1774106778 HTTP/1.1" 200 71520 "https://drspos.com/" "Mozilla/5.0 (Windows NT 10.0; Win64; x64) AppleWebKit/537.36 (KHTML, like Gecko) Chrome/143.0.0.0 Safari/537.36"
185.155.99.161 - - [21/Mar/2026:17:46:51 +0200] "GET /wp-content/plugins/elementor/assets/lib/swiper/v8/css/swiper.min.css?ver=8.4.5 HTTP/1.1" 200 16471 "https://drspos.com/" "Mozilla/5.0 (Windows NT 10.0; Win64; x64) AppleWebKit/537.36 (KHTML, like Gecko) Chrome/143.0.0.0 Safari/537.36"
185.155.99.161 - - [21/Mar/2026:17:46:51 +0200] "GET /wp-content/plugins/elementor/assets/css/conditionals/e-swiper.min.css?ver=3.35.7 HTTP/1.1" 200 5486 "https://drspos.com/" "Mozilla/5.0 (Windows NT 10.0; Win64; x64) AppleWebKit/537.36 (KHTML, like Gecko) Chrome/143.0.0.0 Safari/537.36"
185.155.99.161 - - [21/Mar/2026:17:46:51 +0200] "GET /wp-content/plugins/elementor/assets/lib/animations/styles/e-animation-grow.min.css?ver=3.35.7 HTTP/1.1" 200 198 "https://drspos.com/" "Mozilla/5.0 (Windows NT 10.0; Win64; x64) AppleWebKit/537.36 (KHTML, like Gecko) Chrome/143.0.0.0 Safari/537.36"
185.155.99.161 - - [21/Mar/2026:17:46:52 +0200] "GET /wp-content/plugins/contact-form-7/includes/css/styles.css?ver=6.1.5 HTTP/1.1" 200 2947 "https://drspos.com/" "Mozilla/5.0 (Windows NT 10.0; Win64; x64) AppleWebKit/537.36 (KHTML, like Gecko) Chrome/143.0.0.0 Safari/537.36"
185.155.99.161 - - [21/Mar/2026:17:46:52 +0200] "GET /wp-includes/css/dashicons.min.css?ver=6.9.4 HTTP/1.1" 200 59004 "https://drspos.com/" "Mozilla/5.0 (Windows NT 10.0; Win64; x64) AppleWebKit/537.36 (KHTML, like Gecko) Chrome/143.0.0.0 Safari/537.36"
185.155.99.161 - - [21/Mar/2026:17:46:53 +0200] "GET /wp-content/themes/twentytwentyfive/style.css?ver=1.2 HTTP/1.1" 200 2503 "https://drspos.com/" "Mozilla/5.0 (Windows NT 10.0; Win64; x64) AppleWebKit/537.36 (KHTML, like Gecko) Chrome/143.0.0.0 Safari/537.36"
74.7.227.61 - - [21/Mar/2026:17:46:50 +0200] "GET /?p=46518 HTTP/1.1" 200 92267 "https://drspos.com/?p=46520" "Mozilla/5.0 AppleWebKit/537.36 (KHTML, like Gecko; compatible; GPTBot/1.3; +https://openai.com/gptbot)"
185.155.99.161 - - [21/Mar/2026:17:46:53 +0200] "GET /wp-content/plugins/elementor/assets/lib/eicons/css/elementor-icons.min.css?ver=5.47.0 HTTP/1.1" 200 21641 "https://drspos.com/" "Mozilla/5.0 (Windows NT 10.0; Win64; x64) AppleWebKit/537.36 (KHTML, like Gecko) Chrome/143.0.0.0 Safari/537.36"
185.155.99.161 - - [21/Mar/2026:17:46:54 +0200] "GET /wp-content/uploads/elementor/css/post-4.css?ver=1774106779 HTTP/1.1" 200 2129 "https://drspos.com/" "Mozilla/5.0 (Windows NT 10.0; Win64; x64) AppleWebKit/537.36 (KHTML, like Gecko) Chrome/143.0.0.0 Safari/537.36"
185.155.99.161 - - [21/Mar/2026:17:46:54 +0200] "GET /wp-content/plugins/elementor/assets/css/widget-heading.min.css?ver=3.35.7 HTTP/1.1" 200 560 "https://drspos.com/" "Mozilla/5.0 (Windows NT 10.0; Win64; x64) AppleWebKit/537.36 (KHTML, like Gecko) Chrome/143.0.0.0 Safari/537.36"
185.155.99.161 - - [21/Mar/2026:17:46:55 +0200] "GET /wp-content/plugins/elementor-pro/assets/css/widget-form.min.css?ver=3.29.0 HTTP/1.1" 200 6798 "https://drspos.com/" "Mozilla/5.0 (Windows NT 10.0; Win64; x64) AppleWebKit/537.36 (KHTML, like Gecko) Chrome/143.0.0.0 Safari/537.36"
52.167.144.227 - - [21/Mar/2026:17:46:53 +0200] "GET /shop/goods/aspire1046661465.phtml HTTP/1.1" 200 219128 "-" "Mozilla/5.0 AppleWebKit/537.36 (KHTML, like Gecko; compatible; bingbot/2.0; +http://www.bing.com/bingbot.htm) Chrome/116.0.1938.76 Safari/537.36"
185.155.99.161 - - [21/Mar/2026:17:46:55 +0200] "GET /wp-content/plugins/elementor/assets/css/widget-image.min.css?ver=3.35.7 HTTP/1.1" 200 214 "https://drspos.com/" "Mozilla/5.0 (Windows NT 10.0; Win64; x64) AppleWebKit/537.36 (KHTML, like Gecko) Chrome/143.0.0.0 Safari/537.36"
185.155.99.161 - - [21/Mar/2026:17:46:55 +0200] "GET /wp-content/plugins/elementor/assets/css/widget-image-carousel.min.css?ver=3.35.7 HTTP/1.1" 200 342 "https://drspos.com/" "Mozilla/5.0 (Windows NT 10.0; Win64; x64) AppleWebKit/537.36 (KHTML, like Gecko) Chrome/143.0.0.0 Safari/537.36"
185.155.99.161 - - [21/Mar/2026:17:46:56 +0200] "GET /wp-content/plugins/elementor/assets/css/widget-spacer.min.css?ver=3.35.7 HTTP/1.1" 200 1793 "https://drspos.com/" "Mozilla/5.0 (Windows NT 10.0; Win64; x64) AppleWebKit/537.36 (KHTML, like Gecko) Chrome/143.0.0.0 Safari/537.36"
74.7.227.61 - - [21/Mar/2026:17:46:54 +0200] "GET /?p=52772 HTTP/1.1" 200 92634 "https://drspos.com/?p=52774" "Mozilla/5.0 AppleWebKit/537.36 (KHTML, like Gecko; compatible; GPTBot/1.3; +https://openai.com/gptbot)"
185.155.99.161 - - [21/Mar/2026:17:46:56 +0200] "GET /wp-content/plugins/elementskit-lite/widgets/init/assets/css/widget-styles.css?ver=3.5.2 HTTP/1.1" 200 461827 "https://drspos.com/" "Mozilla/5.0 (Windows NT 10.0; Win64; x64) AppleWebKit/537.36 (KHTML, like Gecko) Chrome/143.0.0.0 Safari/537.36"
185.155.99.161 - - [21/Mar/2026:17:46:58 +0200] "GET /wp-content/plugins/elementskit-lite/widgets/init/assets/css/responsive.css?ver=3.5.2 HTTP/1.1" 200 30347 "https://drspos.com/" "Mozilla/5.0 (Windows NT 10.0; Win64; x64) AppleWebKit/537.36 (KHTML, like Gecko) Chrome/143.0.0.0 Safari/537.36"
185.155.99.161 - - [21/Mar/2026:17:46:59 +0200] "GET /wp-content/plugins/ele-custom-skin/assets/css/ecs-style.css?ver=3.1.9 HTTP/1.1" 200 9125 "https://drspos.com/" "Mozilla/5.0 (Windows NT 10.0; Win64; x64) AppleWebKit/537.36 (KHTML, like Gecko) Chrome/143.0.0.0 Safari/537.36"
185.155.99.161 - - [21/Mar/2026:17:46:59 +0200] "GET /wp-content/uploads/elementor/google-fonts/css/poppins.css?ver=1747086541 HTTP/1.1" 200 22361 "https://drspos.com/" "Mozilla/5.0 (Windows NT 10.0; Win64; x64) AppleWebKit/537.36 (KHTML, like Gecko) Chrome/143.0.0.0 Safari/537.36"
74.7.227.61 - - [21/Mar/2026:17:46:57 +0200] "GET /?p=13571 HTTP/1.1" 200 101734 "https://drspos.com/?p=11545" "Mozilla/5.0 AppleWebKit/537.36 (KHTML, like Gecko; compatible; GPTBot/1.3; +https://openai.com/gptbot)"
185.155.99.161 - - [21/Mar/2026:17:47:00 +0200] "GET /wp-content/uploads/elementor/google-fonts/css/roboto.css?ver=1747086522 HTTP/1.1" 200 102870 "https://drspos.com/" "Mozilla/5.0 (Windows NT 10.0; Win64; x64) AppleWebKit/537.36 (KHTML, like Gecko) Chrome/143.0.0.0 Safari/537.36"
40.77.167.243 - - [21/Mar/2026:17:46:59 +0200] "GET /shop/goods/cylinder15357029060.phtml HTTP/1.1" 200 215690 "-" "Mozilla/5.0 AppleWebKit/537.36 (KHTML, like Gecko; compatible; bingbot/2.0; +http://www.bing.com/bingbot.htm) Chrome/116.0.1938.76 Safari/537.36"
185.155.99.161 - - [21/Mar/2026:17:47:00 +0200] "GET /wp-content/uploads/elementor/google-fonts/css/playfairdisplay.css?ver=1747086558 HTTP/1.1" 200 20358 "https://drspos.com/" "Mozilla/5.0 (Windows NT 10.0; Win64; x64) AppleWebKit/537.36 (KHTML, like Gecko) Chrome/143.0.0.0 Safari/537.36"
185.155.99.161 - - [21/Mar/2026:17:47:01 +0200] "GET /wp-content/plugins/elementor/assets/lib/font-awesome/css/fontawesome.min.css?ver=5.15.3 HTTP/1.1" 200 58071 "https://drspos.com/" "Mozilla/5.0 (Windows NT 10.0; Win64; x64) AppleWebKit/537.36 (KHTML, like Gecko) Chrome/143.0.0.0 Safari/537.36"
185.155.99.161 - - [21/Mar/2026:17:47:02 +0200] "GET /wp-content/plugins/elementor/assets/lib/font-awesome/css/solid.min.css?ver=5.15.3 HTTP/1.1" 200 669 "https://drspos.com/" "Mozilla/5.0 (Windows NT 10.0; Win64; x64) AppleWebKit/537.36 (KHTML, like Gecko) Chrome/143.0.0.0 Safari/537.36"
185.155.99.161 - - [21/Mar/2026:17:47:02 +0200] "GET /wp-content/plugins/elementor/assets/lib/font-awesome/css/brands.min.css?ver=5.15.3 HTTP/1.1" 200 675 "https://drspos.com/" "Mozilla/5.0 (Windows NT 10.0; Win64; x64) AppleWebKit/537.36 (KHTML, like Gecko) Chrome/143.0.0.0 Safari/537.36"
185.155.99.161 - - [21/Mar/2026:17:47:02 +0200] "GET /wp-content/plugins/elementskit-lite/modules/elementskit-icon-pack/assets/css/ekiticons.css?ver=3.5.2 HTTP/1.1" 200 124992 "https://drspos.com/" "Mozilla/5.0 (Windows NT 10.0; Win64; x64) AppleWebKit/537.36 (KHTML, like Gecko) Chrome/143.0.0.0 Safari/537.36"
74.7.227.61 - - [21/Mar/2026:17:47:00 +0200] "GET /?p=30722 HTTP/1.1" 200 96198 "https://drspos.com/?p=30724" "Mozilla/5.0 AppleWebKit/537.36 (KHTML, like Gecko; compatible; GPTBot/1.3; +https://openai.com/gptbot)"
185.155.99.161 - - [21/Mar/2026:17:47:03 +0200] "GET /wp-content/plugins/elementor/assets/lib/font-awesome/css/regular.min.css?ver=5.15.3 HTTP/1.1" 200 677 "https://drspos.com/" "Mozilla/5.0 (Windows NT 10.0; Win64; x64) AppleWebKit/537.36 (KHTML, like Gecko) Chrome/143.0.0.0 Safari/537.36"
74.7.227.61 - - [21/Mar/2026:17:47:03 +0200] "GET /?p=3358 HTTP/1.1" 200 100932 "https://drspos.com/?p=6051" "Mozilla/5.0 AppleWebKit/537.36 (KHTML, like Gecko; compatible; GPTBot/1.3; +https://openai.com/gptbot)"
40.77.167.243 - - [21/Mar/2026:17:47:06 +0200] "GET /shop/goods/cynodont154161909185.phtml HTTP/1.1" 200 213108 "-" "Mozilla/5.0 AppleWebKit/537.36 (KHTML, like Gecko; compatible; bingbot/2.0; +http://www.bing.com/bingbot.htm) Chrome/116.0.1938.76 Safari/537.36"
74.7.227.61 - - [21/Mar/2026:17:47:07 +0200] "GET /?p=37221 HTTP/1.1" 200 102335 "https://drspos.com/?p=9415" "Mozilla/5.0 AppleWebKit/537.36 (KHTML, like Gecko; compatible; GPTBot/1.3; +https://openai.com/gptbot)"
74.7.227.61 - - [21/Mar/2026:17:47:10 +0200] "GET /?p=24417 HTTP/1.1" 200 102359 "https://drspos.com/?p=3122" "Mozilla/5.0 AppleWebKit/537.36 (KHTML, like Gecko; compatible; GPTBot/1.3; +https://openai.com/gptbot)"
185.155.99.161 - - [21/Mar/2026:17:47:13 +0200] "POST / HTTP/1.1" 200 150746 "https://drspos.com/" "Mozilla/5.0 (Windows NT 6.3; Win64; x64) AppleWebKit/537.36 (KHTML, like Gecko) Chrome/103.0.0.0 Safari/537.36"
216.73.216.163 - - [21/Mar/2026:17:47:14 +0200] "GET /shop/goods/anastomoses133962394564.phtml HTTP/1.1" 301 - "-" "Mozilla/5.0 AppleWebKit/537.36 (KHTML, like Gecko; compatible; ClaudeBot/1.0; +claudebot@anthropic.com)"
74.7.227.61 - - [21/Mar/2026:17:47:14 +0200] "GET /?p=3506 HTTP/1.1" 200 100905 "https://drspos.com/?p=3124" "Mozilla/5.0 AppleWebKit/537.36 (KHTML, like Gecko; compatible; GPTBot/1.3; +https://openai.com/gptbot)"
216.73.216.163 - - [21/Mar/2026:17:47:16 +0200] "GET /shop/goods/anastomoses133962394564.phtml/ HTTP/1.1" 200 150746 "https://www.drspos.com/shop/goods/anastomoses133962394564.phtml" "Mozilla/5.0 AppleWebKit/537.36 (KHTML, like Gecko; compatible; ClaudeBot/1.0; +claudebot@anthropic.com)"
74.7.227.61 - - [21/Mar/2026:17:47:17 +0200] "GET /?p=20770 HTTP/1.1" 200 102090 "https://drspos.com/?p=31343" "Mozilla/5.0 AppleWebKit/537.36 (KHTML, like Gecko; compatible; GPTBot/1.3; +https://openai.com/gptbot)"
74.7.227.61 - - [21/Mar/2026:17:47:20 +0200] "GET /?p=44372 HTTP/1.1" 200 92826 "https://drspos.com/?p=44370" "Mozilla/5.0 AppleWebKit/537.36 (KHTML, like Gecko; compatible; GPTBot/1.3; +https://openai.com/gptbot)"
52.167.144.227 - - [21/Mar/2026:17:47:22 +0200] "GET /shop/goods/remitted153121400337.phtml HTTP/1.1" 200 217384 "-" "Mozilla/5.0 AppleWebKit/537.36 (KHTML, like Gecko; compatible; bingbot/2.0; +http://www.bing.com/bingbot.htm) Chrome/116.0.1938.76 Safari/537.36"
52.167.144.227 - - [21/Mar/2026:17:47:24 +0200] "GET /shop/goods/meteorite15458334171.phtml HTTP/1.1" 200 206225 "-" "Mozilla/5.0 AppleWebKit/537.36 (KHTML, like Gecko; compatible; bingbot/2.0; +http://www.bing.com/bingbot.htm) Chrome/116.0.1938.76 Safari/537.36"
74.7.227.61 - - [21/Mar/2026:17:47:23 +0200] "GET /?p=48406 HTTP/1.1" 200 93918 "https://drspos.com/?p=48404" "Mozilla/5.0 AppleWebKit/537.36 (KHTML, like Gecko; compatible; GPTBot/1.3; +https://openai.com/gptbot)"
52.167.144.227 - - [21/Mar/2026:17:47:27 +0200] "GET /shop/goods/albolite151255475647.phtml HTTP/1.1" 200 205319 "-" "Mozilla/5.0 AppleWebKit/537.36 (KHTML, like Gecko; compatible; bingbot/2.0; +http://www.bing.com/bingbot.htm) Chrome/116.0.1938.76 Safari/537.36"
74.7.227.61 - - [21/Mar/2026:17:47:26 +0200] "GET /?p=46516 HTTP/1.1" 200 95564 "https://drspos.com/?p=46518" "Mozilla/5.0 AppleWebKit/537.36 (KHTML, like Gecko; compatible; GPTBot/1.3; +https://openai.com/gptbot)"
40.77.167.243 - - [21/Mar/2026:17:47:31 +0200] "GET /shop/goods/navigably153385573540.phtml HTTP/1.1" 200 199550 "-" "Mozilla/5.0 AppleWebKit/537.36 (KHTML, like Gecko; compatible; bingbot/2.0; +http://www.bing.com/bingbot.htm) Chrome/116.0.1938.76 Safari/537.36"
74.7.227.61 - - [21/Mar/2026:17:47:30 +0200] "GET /?p=52770 HTTP/1.1" 200 95801 "https://drspos.com/?p=52772" "Mozilla/5.0 AppleWebKit/537.36 (KHTML, like Gecko; compatible; GPTBot/1.3; +https://openai.com/gptbot)"
74.7.227.61 - - [21/Mar/2026:17:47:33 +0200] "GET /?p=41706 HTTP/1.1" 200 103878 "https://drspos.com/?p=13571" "Mozilla/5.0 AppleWebKit/537.36 (KHTML, like Gecko; compatible; GPTBot/1.3; +https://openai.com/gptbot)"
74.7.227.61 - - [21/Mar/2026:17:47:36 +0200] "GET /wp-content/uploads/essential-addons-elementor/eael-47.js?ver=1773850585 HTTP/1.1" 200 1328 "https://drspos.com/?p=41706" "Mozilla/5.0 AppleWebKit/537.36 (KHTML, like Gecko; compatible; GPTBot/1.3; +https://openai.com/gptbot)"
52.167.144.227 - - [21/Mar/2026:17:47:36 +0200] "GET /shop/goods/sorities153530997253.phtml HTTP/1.1" 200 203395 "-" "Mozilla/5.0 AppleWebKit/537.36 (KHTML, like Gecko; compatible; bingbot/2.0; +http://www.bing.com/bingbot.htm) Chrome/116.0.1938.76 Safari/537.36"
216.73.216.163 - - [21/Mar/2026:17:47:36 +0200] "GET /shop/goods/lernaea131867250259.phtml HTTP/1.1" 301 - "-" "Mozilla/5.0 AppleWebKit/537.36 (KHTML, like Gecko; compatible; ClaudeBot/1.0; +claudebot@anthropic.com)"
52.167.144.227 - - [21/Mar/2026:17:47:39 +0200] "GET /shop/goods/viscountcy152543613579.phtml HTTP/1.1" 200 206291 "-" "Mozilla/5.0 AppleWebKit/537.36 (KHTML, like Gecko; compatible; bingbot/2.0; +http://www.bing.com/bingbot.htm) Chrome/116.0.1938.76 Safari/537.36"
216.73.216.163 - - [21/Mar/2026:17:47:38 +0200] "GET /shop/goods/lernaea131867250259.phtml/ HTTP/1.1" 200 150746 "https://www.drspos.com/shop/goods/lernaea131867250259.phtml" "Mozilla/5.0 AppleWebKit/537.36 (KHTML, like Gecko; compatible; ClaudeBot/1.0; +claudebot@anthropic.com)"
74.7.227.61 - - [21/Mar/2026:17:47:39 +0200] "GET /index.php?format=xml&rest_route=%2Foembed%2F1.0%2Fembed&url=https%3A%2F%2Fdrspos.com%2F%3Fp%3D41706 HTTP/1.1" 200 2222 "https://drspos.com/?p=41706" "Mozilla/5.0 AppleWebKit/537.36 (KHTML, like Gecko; compatible; GPTBot/1.3; +https://openai.com/gptbot)"
52.167.144.227 - - [21/Mar/2026:17:47:42 +0200] "GET /shop/goods/thalamiflorous151137908008.phtml HTTP/1.1" 200 206735 "-" "Mozilla/5.0 AppleWebKit/537.36 (KHTML, like Gecko; compatible; bingbot/2.0; +http://www.bing.com/bingbot.htm) Chrome/116.0.1938.76 Safari/537.36"
207.46.13.154 - - [21/Mar/2026:17:47:44 +0200] "GET /shop/goods/knives151709498577.phtml HTTP/1.1" 200 208238 "-" "Mozilla/5.0 AppleWebKit/537.36 (KHTML, like Gecko; compatible; bingbot/2.0; +http://www.bing.com/bingbot.htm) Chrome/116.0.1938.76 Safari/537.36"
74.7.227.61 - - [21/Mar/2026:17:47:42 +0200] "GET /?feed=rss2&p=41706 HTTP/1.1" 200 727 "https://drspos.com/?p=41706" "Mozilla/5.0 AppleWebKit/537.36 (KHTML, like Gecko; compatible; GPTBot/1.3; +https://openai.com/gptbot)"
74.7.227.61 - - [21/Mar/2026:17:47:47 +0200] "GET /index.php?rest_route=/wp/v2/posts/41706 HTTP/1.1" 200 7847 "https://drspos.com/?p=41706" "Mozilla/5.0 AppleWebKit/537.36 (KHTML, like Gecko; compatible; GPTBot/1.3; +https://openai.com/gptbot)"
207.46.13.154 - - [21/Mar/2026:17:47:48 +0200] "GET /shop/goods/completely153653062065.phtml HTTP/1.1" 200 208174 "-" "Mozilla/5.0 AppleWebKit/537.36 (KHTML, like Gecko; compatible; bingbot/2.0; +http://www.bing.com/bingbot.htm) Chrome/116.0.1938.76 Safari/537.36"
74.7.227.61 - - [21/Mar/2026:17:47:50 +0200] "GET /wp-content/uploads/essential-addons-elementor/eael-47.css?ver=1773850585 HTTP/1.1" 200 16146 "https://drspos.com/?p=41706" "Mozilla/5.0 AppleWebKit/537.36 (KHTML, like Gecko; compatible; GPTBot/1.3; +https://openai.com/gptbot)"
74.7.227.61 - - [21/Mar/2026:17:47:53 +0200] "GET /index.php?rest_route=%2Foembed%2F1.0%2Fembed&url=https%3A%2F%2Fdrspos.com%2F%3Fp%3D41706 HTTP/1.1" 200 2073 "https://drspos.com/?p=41706" "Mozilla/5.0 AppleWebKit/537.36 (KHTML, like Gecko; compatible; GPTBot/1.3; +https://openai.com/gptbot)"
40.77.167.243 - - [21/Mar/2026:17:47:54 +0200] "GET /shop/goods/assured153215752861.phtml HTTP/1.1" 200 214445 "-" "Mozilla/5.0 AppleWebKit/537.36 (KHTML, like Gecko; compatible; bingbot/2.0; +http://www.bing.com/bingbot.htm) Chrome/116.0.1938.76 Safari/537.36"
68.178.171.4 - - [21/Mar/2026:17:47:55 +0200] "GET /wp-login.php?wp_lang=en_US HTTP/1.1" 200 6336 "-" "Mozilla/5.0 (Windows NT 10.0; Win64; x64) AppleWebKit/537.36 (KHTML, like Gecko) Chrome/124.0.6367.207 Safari/537.36"
74.7.227.61 - - [21/Mar/2026:17:47:56 +0200] "GET /?p=30720 HTTP/1.1" 200 96864 "https://drspos.com/?p=30722" "Mozilla/5.0 AppleWebKit/537.36 (KHTML, like Gecko; compatible; GPTBot/1.3; +https://openai.com/gptbot)"
207.46.13.154 - - [21/Mar/2026:17:47:58 +0200] "GET /shop/goods/scotsman153900138169.phtml HTTP/1.1" 200 214965 "-" "Mozilla/5.0 AppleWebKit/537.36 (KHTML, like Gecko; compatible; bingbot/2.0; +http://www.bing.com/bingbot.htm) Chrome/116.0.1938.76 Safari/537.36"
207.46.13.154 - - [21/Mar/2026:17:48:00 +0200] "GET /shop/goods/biogeny151702444550.phtml HTTP/1.1" 200 204864 "-" "Mozilla/5.0 AppleWebKit/537.36 (KHTML, like Gecko; compatible; bingbot/2.0; +http://www.bing.com/bingbot.htm) Chrome/116.0.1938.76 Safari/537.36"
74.7.227.61 - - [21/Mar/2026:17:48:00 +0200] "GET /?p=30642 HTTP/1.1" 200 101334 "https://drspos.com/?p=3358" "Mozilla/5.0 AppleWebKit/537.36 (KHTML, like Gecko; compatible; GPTBot/1.3; +https://openai.com/gptbot)"
68.178.171.4 - - [21/Mar/2026:17:48:01 +0200] "POST /wp-login.php?wp_lang=en_US HTTP/1.1" 302 - "https://drspos.com/wp-login.php?wp_lang=en_US" "Mozilla/5.0 (Windows NT 10.0; Win64; x64) AppleWebKit/537.36 (KHTML, like Gecko) Chrome/124.0.6367.207 Safari/537.36"
207.46.13.154 - - [21/Mar/2026:17:48:04 +0200] "GET /shop/goods/witcracker152963516680.phtml HTTP/1.1" 200 216019 "-" "Mozilla/5.0 AppleWebKit/537.36 (KHTML, like Gecko; compatible; bingbot/2.0; +http://www.bing.com/bingbot.htm) Chrome/116.0.1938.76 Safari/537.36"
74.7.227.61 - - [21/Mar/2026:17:48:03 +0200] "GET /?p=42235 HTTP/1.1" 200 101840 "https://drspos.com/?p=37221" "Mozilla/5.0 AppleWebKit/537.36 (KHTML, like Gecko; compatible; GPTBot/1.3; +https://openai.com/gptbot)"
207.46.13.154 - - [21/Mar/2026:17:48:06 +0200] "GET /shop/goods/utilization151572960430.phtml HTTP/1.1" 200 204822 "-" "Mozilla/5.0 AppleWebKit/537.36 (KHTML, like Gecko; compatible; bingbot/2.0; +http://www.bing.com/bingbot.htm) Chrome/116.0.1938.76 Safari/537.36"
68.178.171.4 - - [21/Mar/2026:17:48:05 +0200] "GET /wp-admin/ HTTP/1.1" 200 241931 "https://drspos.com/wp-login.php?wp_lang=en_US" "Mozilla/5.0 (Windows NT 10.0; Win64; x64) AppleWebKit/537.36 (KHTML, like Gecko) Chrome/124.0.6367.207 Safari/537.36"
74.7.227.61 - - [21/Mar/2026:17:48:06 +0200] "GET /?p=4001 HTTP/1.1" 200 99707 "https://drspos.com/?p=24417" "Mozilla/5.0 AppleWebKit/537.36 (KHTML, like Gecko; compatible; GPTBot/1.3; +https://openai.com/gptbot)"
216.73.216.163 - - [21/Mar/2026:17:48:07 +0200] "GET /shop/goods/encouraging123909468689.phtml HTTP/1.1" 301 - "-" "Mozilla/5.0 AppleWebKit/537.36 (KHTML, like Gecko; compatible; ClaudeBot/1.0; +claudebot@anthropic.com)"
74.7.227.61 - - [21/Mar/2026:17:48:09 +0200] "GET /?p=6690 HTTP/1.1" 200 100751 "https://drspos.com/?p=46640" "Mozilla/5.0 AppleWebKit/537.36 (KHTML, like Gecko; compatible; GPTBot/1.3; +https://openai.com/gptbot)"
216.73.216.163 - - [21/Mar/2026:17:48:10 +0200] "GET /shop/goods/encouraging123909468689.phtml/ HTTP/1.1" 200 150746 "https://www.drspos.com/shop/goods/encouraging123909468689.phtml" "Mozilla/5.0 AppleWebKit/537.36 (KHTML, like Gecko; compatible; ClaudeBot/1.0; +claudebot@anthropic.com)"
74.7.227.61 - - [21/Mar/2026:17:48:12 +0200] "GET /?p=38062 HTTP/1.1" 200 102139 "https://drspos.com/?p=20770" "Mozilla/5.0 AppleWebKit/537.36 (KHTML, like Gecko; compatible; GPTBot/1.3; +https://openai.com/gptbot)"
74.7.227.61 - - [21/Mar/2026:17:48:16 +0200] "GET /?p=44374 HTTP/1.1" 200 92365 "https://drspos.com/?p=44372" "Mozilla/5.0 AppleWebKit/537.36 (KHTML, like Gecko; compatible; GPTBot/1.3; +https://openai.com/gptbot)"
74.7.227.61 - - [21/Mar/2026:17:48:19 +0200] "GET /?p=48408 HTTP/1.1" 200 95297 "https://drspos.com/?p=48406" "Mozilla/5.0 AppleWebKit/537.36 (KHTML, like Gecko; compatible; GPTBot/1.3; +https://openai.com/gptbot)"
74.7.227.61 - - [21/Mar/2026:17:48:22 +0200] "GET /?p=46514 HTTP/1.1" 200 94119 "https://drspos.com/?p=46516" "Mozilla/5.0 AppleWebKit/537.36 (KHTML, like Gecko; compatible; GPTBot/1.3; +https://openai.com/gptbot)"
74.7.227.61 - - [21/Mar/2026:17:48:25 +0200] "GET /?p=52768 HTTP/1.1" 200 97081 "https://drspos.com/?p=52770" "Mozilla/5.0 AppleWebKit/537.36 (KHTML, like Gecko; compatible; GPTBot/1.3; +https://openai.com/gptbot)"
74.7.227.61 - - [21/Mar/2026:17:48:28 +0200] "GET /?p=3931 HTTP/1.1" 200 99709 "https://drspos.com/?p=3776" "Mozilla/5.0 AppleWebKit/537.36 (KHTML, like Gecko; compatible; GPTBot/1.3; +https://openai.com/gptbot)"
74.7.227.61 - - [21/Mar/2026:17:48:32 +0200] "GET /?p=30718 HTTP/1.1" 200 93904 "https://drspos.com/?p=30720" "Mozilla/5.0 AppleWebKit/537.36 (KHTML, like Gecko; compatible; GPTBot/1.3; +https://openai.com/gptbot)"
74.7.227.61 - - [21/Mar/2026:17:48:35 +0200] "GET /index.php?format=xml&rest_route=%2Foembed%2F1.0%2Fembed&url=https%3A%2F%2Fdrspos.com%2F%3Fp%3D30718 HTTP/1.1" 200 2409 "https://drspos.com/?p=30718" "Mozilla/5.0 AppleWebKit/537.36 (KHTML, like Gecko; compatible; GPTBot/1.3; +https://openai.com/gptbot)"
216.73.216.163 - - [21/Mar/2026:17:48:38 +0200] "GET /shop/goods/sadda132317069016.phtml HTTP/1.1" 301 - "-" "Mozilla/5.0 AppleWebKit/537.36 (KHTML, like Gecko; compatible; ClaudeBot/1.0; +claudebot@anthropic.com)"
74.7.227.61 - - [21/Mar/2026:17:48:38 +0200] "GET /?feed=rss2&p=30718 HTTP/1.1" 200 787 "https://drspos.com/?p=30718" "Mozilla/5.0 AppleWebKit/537.36 (KHTML, like Gecko; compatible; GPTBot/1.3; +https://openai.com/gptbot)"
52.167.144.166 - - [21/Mar/2026:17:48:41 +0200] "GET /shop/goods/somatical154161494539.phtml HTTP/1.1" 200 196436 "-" "Mozilla/5.0 AppleWebKit/537.36 (KHTML, like Gecko; compatible; bingbot/2.0; +http://www.bing.com/bingbot.htm) Chrome/116.0.1938.76 Safari/537.36"
216.73.216.163 - - [21/Mar/2026:17:48:41 +0200] "GET /shop/goods/sadda132317069016.phtml/ HTTP/1.1" 200 150746 "https://www.drspos.com/shop/goods/sadda132317069016.phtml" "Mozilla/5.0 AppleWebKit/537.36 (KHTML, like Gecko; compatible; ClaudeBot/1.0; +claudebot@anthropic.com)"
74.7.227.61 - - [21/Mar/2026:17:48:42 +0200] "GET /index.php?rest_route=/wp/v2/posts/30718 HTTP/1.1" 200 9923 "https://drspos.com/?p=30718" "Mozilla/5.0 AppleWebKit/537.36 (KHTML, like Gecko; compatible; GPTBot/1.3; +https://openai.com/gptbot)"
52.167.144.166 - - [21/Mar/2026:17:48:44 +0200] "GET /shop/goods/atlases151825594057.phtml HTTP/1.1" 200 203512 "-" "Mozilla/5.0 AppleWebKit/537.36 (KHTML, like Gecko; compatible; bingbot/2.0; +http://www.bing.com/bingbot.htm) Chrome/116.0.1938.76 Safari/537.36"
68.178.171.4 - - [21/Mar/2026:17:48:42 +0200] "GET /wp-admin/plugins.php HTTP/1.1" 200 284858 "-" "Mozilla/5.0 (Windows NT 10.0; Win64; x64) AppleWebKit/537.36 (KHTML, like Gecko) Chrome/124.0.6367.207 Safari/537.36"
74.7.227.61 - - [21/Mar/2026:17:48:45 +0200] "GET /index.php?rest_route=%2Foembed%2F1.0%2Fembed&url=https%3A%2F%2Fdrspos.com%2F%3Fp%3D30718 HTTP/1.1" 200 2253 "https://drspos.com/?p=30718" "Mozilla/5.0 AppleWebKit/537.36 (KHTML, like Gecko; compatible; GPTBot/1.3; +https://openai.com/gptbot)"
40.77.167.243 - - [21/Mar/2026:17:48:46 +0200] "GET /shop/goods/radioflagellata152656917470.phtml HTTP/1.1" 200 213900 "-" "Mozilla/5.0 AppleWebKit/537.36 (KHTML, like Gecko; compatible; bingbot/2.0; +http://www.bing.com/bingbot.htm) Chrome/116.0.1938.76 Safari/537.36"
74.7.227.61 - - [21/Mar/2026:17:48:48 +0200] "GET /wp-content/uploads/essential-addons-elementor/eael-47.css?ver=1773599356 HTTP/1.1" 200 16146 "https://drspos.com/?p=30718" "Mozilla/5.0 AppleWebKit/537.36 (KHTML, like Gecko; compatible; GPTBot/1.3; +https://openai.com/gptbot)"
74.7.227.61 - - [21/Mar/2026:17:48:52 +0200] "GET /wp-content/uploads/essential-addons-elementor/eael-47.js?ver=1773599356 HTTP/1.1" 200 1328 "https://drspos.com/?p=30718" "Mozilla/5.0 AppleWebKit/537.36 (KHTML, like Gecko; compatible; GPTBot/1.3; +https://openai.com/gptbot)"
207.46.13.154 - - [21/Mar/2026:17:48:53 +0200] "GET /shop/goods/cowleeching1516503211.phtml HTTP/1.1" 200 208823 "-" "Mozilla/5.0 AppleWebKit/537.36 (KHTML, like Gecko; compatible; bingbot/2.0; +http://www.bing.com/bingbot.htm) Chrome/116.0.1938.76 Safari/537.36"
74.7.227.61 - - [21/Mar/2026:17:48:55 +0200] "GET /?p=4073 HTTP/1.1" 200 101736 "https://drspos.com/?p=30642" "Mozilla/5.0 AppleWebKit/537.36 (KHTML, like Gecko; compatible; GPTBot/1.3; +https://openai.com/gptbot)"
74.7.227.61 - - [21/Mar/2026:17:48:58 +0200] "GET /?p=7097 HTTP/1.1" 200 100792 "https://drspos.com/?p=42235" "Mozilla/5.0 AppleWebKit/537.36 (KHTML, like Gecko; compatible; GPTBot/1.3; +https://openai.com/gptbot)"
52.167.144.166 - - [21/Mar/2026:17:49:02 +0200] "GET /shop/goods/vertig152770361647.phtml HTTP/1.1" 200 208882 "-" "Mozilla/5.0 AppleWebKit/537.36 (KHTML, like Gecko; compatible; bingbot/2.0; +http://www.bing.com/bingbot.htm) Chrome/116.0.1938.76 Safari/537.36"
74.7.227.61 - - [21/Mar/2026:17:49:01 +0200] "GET /?p=15425 HTTP/1.1" 200 102990 "https://drspos.com/?p=4001" "Mozilla/5.0 AppleWebKit/537.36 (KHTML, like Gecko; compatible; GPTBot/1.3; +https://openai.com/gptbot)"
74.7.227.61 - - [21/Mar/2026:17:49:04 +0200] "GET /?p=21757 HTTP/1.1" 200 101671 "https://drspos.com/?p=6690" "Mozilla/5.0 AppleWebKit/537.36 (KHTML, like Gecko; compatible; GPTBot/1.3; +https://openai.com/gptbot)"
40.77.167.243 - - [21/Mar/2026:17:49:06 +0200] "GET /shop/goods/perisoreus101767627445.phtml HTTP/1.1" 200 212308 "-" "Mozilla/5.0 AppleWebKit/537.36 (KHTML, like Gecko; compatible; bingbot/2.0; +http://www.bing.com/bingbot.htm) Chrome/116.0.1938.76 Safari/537.36"
68.178.171.4 - - [21/Mar/2026:17:49:06 +0200] "GET /wp-admin/plugins.php HTTP/1.1" 200 284858 "-" "Mozilla/5.0 (Windows NT 10.0; Win64; x64) AppleWebKit/537.36 (KHTML, like Gecko) Chrome/124.0.6367.207 Safari/537.36"
74.7.227.61 - - [21/Mar/2026:17:49:07 +0200] "GET /index.php?rest_route=/wp/v2/posts/38062 HTTP/1.1" 200 5962 "https://drspos.com/?p=38062" "Mozilla/5.0 AppleWebKit/537.36 (KHTML, like Gecko; compatible; GPTBot/1.3; +https://openai.com/gptbot)"
74.7.227.61 - - [21/Mar/2026:17:49:10 +0200] "GET /?p=44376 HTTP/1.1" 200 92031 "https://drspos.com/?p=44374" "Mozilla/5.0 AppleWebKit/537.36 (KHTML, like Gecko; compatible; GPTBot/1.3; +https://openai.com/gptbot)"
207.46.13.154 - - [21/Mar/2026:17:49:14 +0200] "GET /shop/goods/metastatic152633160551.phtml HTTP/1.1" 200 202749 "-" "Mozilla/5.0 AppleWebKit/537.36 (KHTML, like Gecko; compatible; bingbot/2.0; +http://www.bing.com/bingbot.htm) Chrome/116.0.1938.76 Safari/537.36"
74.7.227.61 - - [21/Mar/2026:17:49:14 +0200] "GET /?p=48410 HTTP/1.1" 200 91140 "https://drspos.com/?p=48408" "Mozilla/5.0 AppleWebKit/537.36 (KHTML, like Gecko; compatible; GPTBot/1.3; +https://openai.com/gptbot)"
216.73.216.163 - - [21/Mar/2026:17:49:17 +0200] "GET /shop/goods/scanted12999233981.phtml HTTP/1.1" 301 - "-" "Mozilla/5.0 AppleWebKit/537.36 (KHTML, like Gecko; compatible; ClaudeBot/1.0; +claudebot@anthropic.com)"
74.7.227.61 - - [21/Mar/2026:17:49:17 +0200] "GET /?p=46511 HTTP/1.1" 200 91432 "https://drspos.com/?p=46514" "Mozilla/5.0 AppleWebKit/537.36 (KHTML, like Gecko; compatible; GPTBot/1.3; +https://openai.com/gptbot)"
23.90.184.36 - - [21/Mar/2026:17:49:13 +0200] "POST /xmlrpc.php HTTP/1.1" 200 180 "-" "Mozilla/5.0 (Windows NT 10.0; Win64; x64) AppleWebKit/537.36 (KHTML, like Gecko) Chrome/114.0.0.0 Safari/537.36"
216.73.216.163 - - [21/Mar/2026:17:49:20 +0200] "GET /shop/goods/scanted12999233981.phtml/ HTTP/1.1" 200 150746 "https://www.drspos.com/shop/goods/scanted12999233981.phtml" "Mozilla/5.0 AppleWebKit/537.36 (KHTML, like Gecko; compatible; ClaudeBot/1.0; +claudebot@anthropic.com)"
74.7.227.61 - - [21/Mar/2026:17:49:20 +0200] "GET /?p=52766 HTTP/1.1" 200 99376 "https://drspos.com/?p=52768" "Mozilla/5.0 AppleWebKit/537.36 (KHTML, like Gecko; compatible; GPTBot/1.3; +https://openai.com/gptbot)"
207.46.13.154 - - [21/Mar/2026:17:49:24 +0200] "GET /shop/goods/immodesty153430843628.phtml HTTP/1.1" 200 210516 "-" "Mozilla/5.0 AppleWebKit/537.36 (KHTML, like Gecko; compatible; bingbot/2.0; +http://www.bing.com/bingbot.htm) Chrome/116.0.1938.76 Safari/537.36"
74.7.227.61 - - [21/Mar/2026:17:49:24 +0200] "GET /?p=17199 HTTP/1.1" 200 102933 "https://drspos.com/?p=3931" "Mozilla/5.0 AppleWebKit/537.36 (KHTML, like Gecko; compatible; GPTBot/1.3; +https://openai.com/gptbot)"
172.30.5.1 - - [21/Mar/2026:17:49:19 +0200] "POST /wp-cron.php?doing_wp_cron=1774108159.8506639003753662109375 HTTP/1.1" 200 - "-" "WordPress/6.9.4; https://drspos.com"
23.90.184.36 - - [21/Mar/2026:17:49:28 +0200] "POST /xmlrpc.php HTTP/1.1" 200 10239 "-" "Mozilla/5.0 (Windows NT 10.0; Win64; x64) AppleWebKit/537.36 (KHTML, like Gecko) Chrome/114.0.0.0 Safari/537.36"
74.7.227.61 - - [21/Mar/2026:17:49:27 +0200] "GET /?p=30716 HTTP/1.1" 200 96830 "https://drspos.com/?p=30718" "Mozilla/5.0 AppleWebKit/537.36 (KHTML, like Gecko; compatible; GPTBot/1.3; +https://openai.com/gptbot)"
68.178.171.4 - - [21/Mar/2026:17:49:27 +0200] "GET /wp-admin/plugin-install.php HTTP/1.1" 301 - "-" "Mozilla/5.0 (Windows NT 10.0; Win64; x64) AppleWebKit/537.36 (KHTML, like Gecko) Chrome/124.0.6367.207 Safari/537.36"
74.7.227.61 - - [21/Mar/2026:17:49:30 +0200] "GET /?p=4963 HTTP/1.1" 200 100245 "https://drspos.com/?p=38062" "Mozilla/5.0 AppleWebKit/537.36 (KHTML, like Gecko; compatible; GPTBot/1.3; +https://openai.com/gptbot)"
52.167.144.166 - - [21/Mar/2026:17:49:32 +0200] "GET /shop/goods/eumenes153953874551.phtml HTTP/1.1" 200 214260 "-" "Mozilla/5.0 AppleWebKit/537.36 (KHTML, like Gecko; compatible; bingbot/2.0; +http://www.bing.com/bingbot.htm) Chrome/116.0.1938.76 Safari/537.36"
23.90.184.36 - - [21/Mar/2026:17:49:31 +0200] "GET /?p=55771 HTTP/1.1" 200 92915 "-" "Mozilla/5.0 (Windows NT 10.0; Win64; x64) AppleWebKit/537.36 (KHTML, like Gecko) Chrome/122.0.0.0 Safari/537.36"
52.167.144.166 - - [21/Mar/2026:17:49:34 +0200] "GET /shop/goods/adaptness15830568997.phtml HTTP/1.1" 200 208947 "-" "Mozilla/5.0 AppleWebKit/537.36 (KHTML, like Gecko; compatible; bingbot/2.0; +http://www.bing.com/bingbot.htm) Chrome/116.0.1938.76 Safari/537.36"
68.178.171.4 - - [21/Mar/2026:17:49:32 +0200] "GET /wp-admin/plugin-install.php/ HTTP/1.1" 403 185098 "-" "Mozilla/5.0 (Windows NT 10.0; Win64; x64) AppleWebKit/537.36 (KHTML, like Gecko) Chrome/124.0.6367.207 Safari/537.36"
74.7.227.61 - - [21/Mar/2026:17:49:33 +0200] "GET /?p=5443 HTTP/1.1" 200 101067 "https://drspos.com/?p=4073" "Mozilla/5.0 AppleWebKit/537.36 (KHTML, like Gecko; compatible; GPTBot/1.3; +https://openai.com/gptbot)"
207.46.13.154 - - [21/Mar/2026:17:49:37 +0200] "GET /shop/goods/cowitch151454084801.phtml HTTP/1.1" 200 202270 "-" "Mozilla/5.0 AppleWebKit/537.36 (KHTML, like Gecko; compatible; bingbot/2.0; +http://www.bing.com/bingbot.htm) Chrome/116.0.1938.76 Safari/537.36"
74.7.227.61 - - [21/Mar/2026:17:49:37 +0200] "GET /?p=23705 HTTP/1.1" 200 103017 "https://drspos.com/?p=15425" "Mozilla/5.0 AppleWebKit/537.36 (KHTML, like Gecko; compatible; GPTBot/1.3; +https://openai.com/gptbot)"
74.7.227.61 - - [21/Mar/2026:17:49:40 +0200] "GET /?p=37948 HTTP/1.1" 200 101628 "https://drspos.com/?p=21757" "Mozilla/5.0 AppleWebKit/537.36 (KHTML, like Gecko; compatible; GPTBot/1.3; +https://openai.com/gptbot)"
207.46.13.154 - - [21/Mar/2026:17:49:43 +0200] "GET /shop/goods/planometry153400489378.phtml HTTP/1.1" 200 213388 "-" "Mozilla/5.0 AppleWebKit/537.36 (KHTML, like Gecko; compatible; bingbot/2.0; +http://www.bing.com/bingbot.htm) Chrome/116.0.1938.76 Safari/537.36"
74.7.227.61 - - [21/Mar/2026:17:49:43 +0200] "GET /?p=6369 HTTP/1.1" 200 100619 "https://drspos.com/?p=7097" "Mozilla/5.0 AppleWebKit/537.36 (KHTML, like Gecko; compatible; GPTBot/1.3; +https://openai.com/gptbot)"
74.7.227.61 - - [21/Mar/2026:17:49:47 +0200] "GET /?p=44378 HTTP/1.1" 200 102086 "https://drspos.com/?p=44376" "Mozilla/5.0 AppleWebKit/537.36 (KHTML, like Gecko; compatible; GPTBot/1.3; +https://openai.com/gptbot)"
40.77.167.243 - - [21/Mar/2026:17:49:48 +0200] "GET /shop/goods/petition15631732621.phtml HTTP/1.1" 200 205452 "-" "Mozilla/5.0 AppleWebKit/537.36 (KHTML, like Gecko; compatible; bingbot/2.0; +http://www.bing.com/bingbot.htm) Chrome/116.0.1938.76 Safari/537.36"
216.73.216.163 - - [21/Mar/2026:17:49:48 +0200] "GET /shop/goods/sludy13854404011.phtml HTTP/1.1" 301 - "-" "Mozilla/5.0 AppleWebKit/537.36 (KHTML, like Gecko; compatible; ClaudeBot/1.0; +claudebot@anthropic.com)"
40.77.167.243 - - [21/Mar/2026:17:49:51 +0200] "GET /shop/goods/cicatrize152504930013.phtml HTTP/1.1" 200 205237 "-" "Mozilla/5.0 AppleWebKit/537.36 (KHTML, like Gecko; compatible; bingbot/2.0; +http://www.bing.com/bingbot.htm) Chrome/116.0.1938.76 Safari/537.36"
74.7.227.61 - - [21/Mar/2026:17:49:50 +0200] "GET /?p=55771 HTTP/1.1" 200 92915 "https://drspos.com/?p=48410" "Mozilla/5.0 AppleWebKit/537.36 (KHTML, like Gecko; compatible; GPTBot/1.3; +https://openai.com/gptbot)"
216.73.216.163 - - [21/Mar/2026:17:49:51 +0200] "GET /shop/goods/sludy13854404011.phtml/ HTTP/1.1" 200 150746 "https://www.drspos.com/shop/goods/sludy13854404011.phtml" "Mozilla/5.0 AppleWebKit/537.36 (KHTML, like Gecko; compatible; ClaudeBot/1.0; +claudebot@anthropic.com)"
74.7.227.61 - - [21/Mar/2026:17:49:53 +0200] "GET /?p=46510 HTTP/1.1" 200 92686 "https://drspos.com/?p=46511" "Mozilla/5.0 AppleWebKit/537.36 (KHTML, like Gecko; compatible; GPTBot/1.3; +https://openai.com/gptbot)"
207.46.13.154 - - [21/Mar/2026:17:49:54 +0200] "GET /shop/goods/appositeness152059556673.phtml HTTP/1.1" 200 211642 "-" "Mozilla/5.0 AppleWebKit/537.36 (KHTML, like Gecko; compatible; bingbot/2.0; +http://www.bing.com/bingbot.htm) Chrome/116.0.1938.76 Safari/537.36"
68.178.171.4 - - [21/Mar/2026:17:49:55 +0200] "GET /wp-admin/plugin-install.php HTTP/1.1" 301 - "-" "Mozilla/5.0 (Windows NT 10.0; Win64; x64) AppleWebKit/537.36 (KHTML, like Gecko) Chrome/124.0.6367.207 Safari/537.36"
