216.73.216.163 - - [21/Mar/2026:17:05:56 +0200] "GET /shop/goods/taxableness14552496876.phtml/ HTTP/1.1" 200 150730 "https://www.drspos.com/shop/goods/taxableness14552496876.phtml" "Mozilla/5.0 AppleWebKit/537.36 (KHTML, like Gecko; compatible; ClaudeBot/1.0; +claudebot@anthropic.com)"
74.7.227.61 - - [21/Mar/2026:17:05:58 +0200] "GET /?p=52876 HTTP/1.1" 200 92577 "https://drspos.com/?p=52878" "Mozilla/5.0 AppleWebKit/537.36 (KHTML, like Gecko; compatible; GPTBot/1.3; +https://openai.com/gptbot)"
52.167.144.190 - - [21/Mar/2026:17:06:02 +0200] "GET /shop/goods/ganancial153250631435.phtml HTTP/1.1" 200 202969 "-" "Mozilla/5.0 AppleWebKit/537.36 (KHTML, like Gecko; compatible; bingbot/2.0; +http://www.bing.com/bingbot.htm) Chrome/116.0.1938.76 Safari/537.36"
74.7.227.61 - - [21/Mar/2026:17:06:01 +0200] "GET /shop/goods/skeletonizing173173665711.phtml HTTP/1.1" 301 - "https://drspos.com/%3C![CDATA[https:/eminencegroup.net.au/post-sitemap9.xml]]%3E" "Mozilla/5.0 AppleWebKit/537.36 (KHTML, like Gecko; compatible; GPTBot/1.3; +https://openai.com/gptbot)"
52.167.144.190 - - [21/Mar/2026:17:06:05 +0200] "GET /shop/goods/volitient151921460463.phtml HTTP/1.1" 200 202214 "-" "Mozilla/5.0 AppleWebKit/537.36 (KHTML, like Gecko; compatible; bingbot/2.0; +http://www.bing.com/bingbot.htm) Chrome/116.0.1938.76 Safari/537.36"
74.7.227.61 - - [21/Mar/2026:17:06:04 +0200] "GET /shop/goods/skeletonizing173173665711.phtml/ HTTP/1.1" 200 150746 "https://drspos.com/shop/goods/skeletonizing173173665711.phtml" "Mozilla/5.0 AppleWebKit/537.36 (KHTML, like Gecko; compatible; GPTBot/1.3; +https://openai.com/gptbot)"
216.73.216.163 - - [21/Mar/2026:17:06:06 +0200] "GET /shop/goods/birdwoman163040898819.phtml HTTP/1.1" 301 - "-" "Mozilla/5.0 AppleWebKit/537.36 (KHTML, like Gecko; compatible; ClaudeBot/1.0; +claudebot@anthropic.com)"
52.167.144.190 - - [21/Mar/2026:17:06:08 +0200] "GET /shop/goods/adipsous151918340908.phtml HTTP/1.1" 200 208642 "-" "Mozilla/5.0 AppleWebKit/537.36 (KHTML, like Gecko; compatible; bingbot/2.0; +http://www.bing.com/bingbot.htm) Chrome/116.0.1938.76 Safari/537.36"
74.7.227.61 - - [21/Mar/2026:17:06:07 +0200] "GET /?p=48296 HTTP/1.1" 200 94625 "https://drspos.com/?p=48294" "Mozilla/5.0 AppleWebKit/537.36 (KHTML, like Gecko; compatible; GPTBot/1.3; +https://openai.com/gptbot)"
216.73.216.163 - - [21/Mar/2026:17:06:09 +0200] "GET /shop/goods/birdwoman163040898819.phtml/ HTTP/1.1" 200 150746 "https://drspos.com/shop/goods/birdwoman163040898819.phtml" "Mozilla/5.0 AppleWebKit/537.36 (KHTML, like Gecko; compatible; ClaudeBot/1.0; +claudebot@anthropic.com)"
52.167.144.190 - - [21/Mar/2026:17:06:12 +0200] "GET /shop/goods/siser153272007203.phtml HTTP/1.1" 200 196309 "-" "Mozilla/5.0 AppleWebKit/537.36 (KHTML, like Gecko; compatible; bingbot/2.0; +http://www.bing.com/bingbot.htm) Chrome/116.0.1938.76 Safari/537.36"
74.7.227.61 - - [21/Mar/2026:17:06:10 +0200] "GET /shop/goods/hypochondriasm17424240237.phtml HTTP/1.1" 301 - "https://drspos.com/%3C![CDATA[https:/eminencegroup.net.au/post-sitemap9.xml]]%3E" "Mozilla/5.0 AppleWebKit/537.36 (KHTML, like Gecko; compatible; GPTBot/1.3; +https://openai.com/gptbot)"
52.167.144.190 - - [21/Mar/2026:17:06:14 +0200] "GET /shop/goods/obtemper153592472437.phtml HTTP/1.1" 200 212755 "-" "Mozilla/5.0 AppleWebKit/537.36 (KHTML, like Gecko; compatible; bingbot/2.0; +http://www.bing.com/bingbot.htm) Chrome/116.0.1938.76 Safari/537.36"
74.7.227.61 - - [21/Mar/2026:17:06:13 +0200] "GET /shop/goods/hypochondriasm17424240237.phtml/ HTTP/1.1" 200 150746 "https://drspos.com/shop/goods/hypochondriasm17424240237.phtml" "Mozilla/5.0 AppleWebKit/537.36 (KHTML, like Gecko; compatible; GPTBot/1.3; +https://openai.com/gptbot)"
52.167.144.190 - - [21/Mar/2026:17:06:17 +0200] "GET /shop/goods/batters151589215230.phtml HTTP/1.1" 200 206265 "-" "Mozilla/5.0 AppleWebKit/537.36 (KHTML, like Gecko; compatible; bingbot/2.0; +http://www.bing.com/bingbot.htm) Chrome/116.0.1938.76 Safari/537.36"
74.7.227.61 - - [21/Mar/2026:17:06:16 +0200] "GET /shop/goods/sanctijohannis17514061400.phtml HTTP/1.1" 301 - "https://drspos.com/%3C![CDATA[https:/eminencegroup.net.au/post-sitemap9.xml]]%3E" "Mozilla/5.0 AppleWebKit/537.36 (KHTML, like Gecko; compatible; GPTBot/1.3; +https://openai.com/gptbot)"
52.167.144.190 - - [21/Mar/2026:17:06:20 +0200] "GET /shop/goods/perinephritic153376989651.phtml HTTP/1.1" 200 204958 "-" "Mozilla/5.0 AppleWebKit/537.36 (KHTML, like Gecko; compatible; bingbot/2.0; +http://www.bing.com/bingbot.htm) Chrome/116.0.1938.76 Safari/537.36"
74.7.227.61 - - [21/Mar/2026:17:06:19 +0200] "GET /shop/goods/sanctijohannis17514061400.phtml/ HTTP/1.1" 200 150746 "https://drspos.com/shop/goods/sanctijohannis17514061400.phtml" "Mozilla/5.0 AppleWebKit/537.36 (KHTML, like Gecko; compatible; GPTBot/1.3; +https://openai.com/gptbot)"
74.7.227.61 - - [21/Mar/2026:17:06:22 +0200] "GET /shop/goods/atropurpurea171618695232.phtml HTTP/1.1" 301 - "https://drspos.com/%3C![CDATA[https:/eminencegroup.net.au/post-sitemap9.xml]]%3E" "Mozilla/5.0 AppleWebKit/537.36 (KHTML, like Gecko; compatible; GPTBot/1.3; +https://openai.com/gptbot)"
52.167.144.190 - - [21/Mar/2026:17:06:23 +0200] "GET /shop/goods/physiologic151330570260.phtml HTTP/1.1" 200 207344 "-" "Mozilla/5.0 AppleWebKit/537.36 (KHTML, like Gecko; compatible; bingbot/2.0; +http://www.bing.com/bingbot.htm) Chrome/116.0.1938.76 Safari/537.36"
74.7.227.61 - - [21/Mar/2026:17:06:24 +0200] "GET /shop/goods/atropurpurea171618695232.phtml/ HTTP/1.1" 200 150746 "https://drspos.com/shop/goods/atropurpurea171618695232.phtml" "Mozilla/5.0 AppleWebKit/537.36 (KHTML, like Gecko; compatible; GPTBot/1.3; +https://openai.com/gptbot)"
74.7.227.61 - - [21/Mar/2026:17:06:27 +0200] "GET /?p=46630 HTTP/1.1" 200 93317 "https://drspos.com/?p=46631" "Mozilla/5.0 AppleWebKit/537.36 (KHTML, like Gecko; compatible; GPTBot/1.3; +https://openai.com/gptbot)"
216.73.216.163 - - [21/Mar/2026:17:06:28 +0200] "GET /shop/goods/asilidae121343638892.phtml HTTP/1.1" 301 - "-" "Mozilla/5.0 AppleWebKit/537.36 (KHTML, like Gecko; compatible; ClaudeBot/1.0; +claudebot@anthropic.com)"
74.7.227.61 - - [21/Mar/2026:17:06:30 +0200] "GET /shop/goods/terebinthine172072041674.phtml HTTP/1.1" 301 - "https://drspos.com/%3C![CDATA[https:/eminencegroup.net.au/post-sitemap9.xml]]%3E" "Mozilla/5.0 AppleWebKit/537.36 (KHTML, like Gecko; compatible; GPTBot/1.3; +https://openai.com/gptbot)"
52.167.144.156 - - [21/Mar/2026:17:06:32 +0200] "GET /shop/goods/mysticetus104105775705.phtml HTTP/1.1" 200 209708 "-" "Mozilla/5.0 AppleWebKit/537.36 (KHTML, like Gecko; compatible; bingbot/2.0; +http://www.bing.com/bingbot.htm) Chrome/116.0.1938.76 Safari/537.36"
216.73.216.163 - - [21/Mar/2026:17:06:31 +0200] "GET /shop/goods/asilidae121343638892.phtml/ HTTP/1.1" 200 150746 "https://drspos.com/shop/goods/asilidae121343638892.phtml" "Mozilla/5.0 AppleWebKit/537.36 (KHTML, like Gecko; compatible; ClaudeBot/1.0; +claudebot@anthropic.com)"
74.7.227.61 - - [21/Mar/2026:17:06:33 +0200] "GET /shop/goods/terebinthine172072041674.phtml/ HTTP/1.1" 200 150746 "https://drspos.com/shop/goods/terebinthine172072041674.phtml" "Mozilla/5.0 AppleWebKit/537.36 (KHTML, like Gecko; compatible; GPTBot/1.3; +https://openai.com/gptbot)"
52.167.144.156 - - [21/Mar/2026:17:06:35 +0200] "GET /shop/goods/monkish15755115667.phtml HTTP/1.1" 200 200362 "-" "Mozilla/5.0 AppleWebKit/537.36 (KHTML, like Gecko; compatible; bingbot/2.0; +http://www.bing.com/bingbot.htm) Chrome/116.0.1938.76 Safari/537.36"
74.7.227.61 - - [21/Mar/2026:17:06:36 +0200] "GET /?p=30840 HTTP/1.1" 200 95546 "https://drspos.com/?p=30842" "Mozilla/5.0 AppleWebKit/537.36 (KHTML, like Gecko; compatible; GPTBot/1.3; +https://openai.com/gptbot)"
52.167.144.156 - - [21/Mar/2026:17:06:38 +0200] "GET /shop/goods/afore10723776020.phtml HTTP/1.1" 200 214519 "-" "Mozilla/5.0 AppleWebKit/537.36 (KHTML, like Gecko; compatible; bingbot/2.0; +http://www.bing.com/bingbot.htm) Chrome/116.0.1938.76 Safari/537.36"
74.7.227.61 - - [21/Mar/2026:17:06:39 +0200] "GET /shop/goods/highandmighty17936638005.phtml HTTP/1.1" 301 - "https://drspos.com/%3C![CDATA[https:/eminencegroup.net.au/post-sitemap9.xml]]%3E" "Mozilla/5.0 AppleWebKit/537.36 (KHTML, like Gecko; compatible; GPTBot/1.3; +https://openai.com/gptbot)"
52.167.144.156 - - [21/Mar/2026:17:06:41 +0200] "GET /shop/goods/incognizant102965855100.phtml HTTP/1.1" 200 206105 "-" "Mozilla/5.0 AppleWebKit/537.36 (KHTML, like Gecko; compatible; bingbot/2.0; +http://www.bing.com/bingbot.htm) Chrome/116.0.1938.76 Safari/537.36"
74.7.227.61 - - [21/Mar/2026:17:06:41 +0200] "GET /shop/goods/highandmighty17936638005.phtml/ HTTP/1.1" 200 150746 "https://drspos.com/shop/goods/highandmighty17936638005.phtml" "Mozilla/5.0 AppleWebKit/537.36 (KHTML, like Gecko; compatible; GPTBot/1.3; +https://openai.com/gptbot)"
52.167.144.156 - - [21/Mar/2026:17:06:44 +0200] "GET /shop/goods/cardiidae1579301131.phtml HTTP/1.1" 200 212015 "-" "Mozilla/5.0 AppleWebKit/537.36 (KHTML, like Gecko; compatible; bingbot/2.0; +http://www.bing.com/bingbot.htm) Chrome/116.0.1938.76 Safari/537.36"
74.7.227.61 - - [21/Mar/2026:17:06:44 +0200] "GET /?p=44248 HTTP/1.1" 200 92956 "https://drspos.com/?p=44246" "Mozilla/5.0 AppleWebKit/537.36 (KHTML, like Gecko; compatible; GPTBot/1.3; +https://openai.com/gptbot)"
52.167.144.156 - - [21/Mar/2026:17:06:47 +0200] "GET /shop/goods/inhabited15522896850.phtml HTTP/1.1" 200 207074 "-" "Mozilla/5.0 AppleWebKit/537.36 (KHTML, like Gecko; compatible; bingbot/2.0; +http://www.bing.com/bingbot.htm) Chrome/116.0.1938.76 Safari/537.36"
74.7.227.61 - - [21/Mar/2026:17:06:48 +0200] "GET /?p=52874 HTTP/1.1" 200 97756 "https://drspos.com/?p=52876" "Mozilla/5.0 AppleWebKit/537.36 (KHTML, like Gecko; compatible; GPTBot/1.3; +https://openai.com/gptbot)"
52.167.144.156 - - [21/Mar/2026:17:06:50 +0200] "GET /shop/goods/selfview153413732449.phtml HTTP/1.1" 200 207983 "-" "Mozilla/5.0 AppleWebKit/537.36 (KHTML, like Gecko; compatible; bingbot/2.0; +http://www.bing.com/bingbot.htm) Chrome/116.0.1938.76 Safari/537.36"
74.7.227.61 - - [21/Mar/2026:17:06:52 +0200] "GET /shop/goods/gracelessness172900868678.phtml HTTP/1.1" 301 - "https://drspos.com/%3C![CDATA[https:/eminencegroup.net.au/post-sitemap9.xml]]%3E" "Mozilla/5.0 AppleWebKit/537.36 (KHTML, like Gecko; compatible; GPTBot/1.3; +https://openai.com/gptbot)"
216.73.216.163 - - [21/Mar/2026:17:06:52 +0200] "GET /shop/goods/splenculi122328745581.phtml HTTP/1.1" 301 - "-" "Mozilla/5.0 AppleWebKit/537.36 (KHTML, like Gecko; compatible; ClaudeBot/1.0; +claudebot@anthropic.com)"
52.167.144.190 - - [21/Mar/2026:17:06:53 +0200] "GET /shop/goods/calyceal153326024763.phtml HTTP/1.1" 200 193928 "-" "Mozilla/5.0 AppleWebKit/537.36 (KHTML, like Gecko; compatible; bingbot/2.0; +http://www.bing.com/bingbot.htm) Chrome/116.0.1938.76 Safari/537.36"
74.7.227.61 - - [21/Mar/2026:17:06:54 +0200] "GET /shop/goods/gracelessness172900868678.phtml/ HTTP/1.1" 200 150746 "https://drspos.com/shop/goods/gracelessness172900868678.phtml" "Mozilla/5.0 AppleWebKit/537.36 (KHTML, like Gecko; compatible; GPTBot/1.3; +https://openai.com/gptbot)"
52.167.144.190 - - [21/Mar/2026:17:06:56 +0200] "GET /shop/goods/cadie151832506171.phtml HTTP/1.1" 200 216285 "-" "Mozilla/5.0 AppleWebKit/537.36 (KHTML, like Gecko; compatible; bingbot/2.0; +http://www.bing.com/bingbot.htm) Chrome/116.0.1938.76 Safari/537.36"
216.73.216.163 - - [21/Mar/2026:17:06:55 +0200] "GET /shop/goods/splenculi122328745581.phtml/ HTTP/1.1" 200 150746 "https://drspos.com/shop/goods/splenculi122328745581.phtml" "Mozilla/5.0 AppleWebKit/537.36 (KHTML, like Gecko; compatible; ClaudeBot/1.0; +claudebot@anthropic.com)"
207.46.13.170 - - [21/Mar/2026:17:06:58 +0200] "GET /shop/goods/nidamental151048775044.phtml HTTP/1.1" 200 204612 "-" "Mozilla/5.0 AppleWebKit/537.36 (KHTML, like Gecko; compatible; bingbot/2.0; +http://www.bing.com/bingbot.htm) Chrome/116.0.1938.76 Safari/537.36"
52.167.144.190 - - [21/Mar/2026:17:06:59 +0200] "GET /shop/goods/matthew152069877144.phtml HTTP/1.1" 200 211423 "-" "Mozilla/5.0 AppleWebKit/537.36 (KHTML, like Gecko; compatible; bingbot/2.0; +http://www.bing.com/bingbot.htm) Chrome/116.0.1938.76 Safari/537.36"
216.73.216.163 - - [21/Mar/2026:17:06:59 +0200] "GET /shop/goods/yokel13345773666.phtml HTTP/1.1" 301 - "-" "Mozilla/5.0 AppleWebKit/537.36 (KHTML, like Gecko; compatible; ClaudeBot/1.0; +claudebot@anthropic.com)"
52.167.144.190 - - [21/Mar/2026:17:07:01 +0200] "GET /shop/goods/parisyllabic10543268026.phtml HTTP/1.1" 200 218041 "-" "Mozilla/5.0 AppleWebKit/537.36 (KHTML, like Gecko; compatible; bingbot/2.0; +http://www.bing.com/bingbot.htm) Chrome/116.0.1938.76 Safari/537.36"
216.73.216.163 - - [21/Mar/2026:17:07:02 +0200] "GET /shop/goods/yokel13345773666.phtml/ HTTP/1.1" 200 150746 "https://www.drspos.com/shop/goods/yokel13345773666.phtml" "Mozilla/5.0 AppleWebKit/537.36 (KHTML, like Gecko; compatible; ClaudeBot/1.0; +claudebot@anthropic.com)"
74.7.227.61 - - [21/Mar/2026:17:06:57 +0200] "GET /?feed=rss2&p=52874 HTTP/1.1" 200 790 "https://drspos.com/?p=52874" "Mozilla/5.0 AppleWebKit/537.36 (KHTML, like Gecko; compatible; GPTBot/1.3; +https://openai.com/gptbot)"
74.7.227.61 - - [21/Mar/2026:17:07:07 +0200] "GET /?p=48298 HTTP/1.1" 200 91326 "https://drspos.com/?p=48296" "Mozilla/5.0 AppleWebKit/537.36 (KHTML, like Gecko; compatible; GPTBot/1.3; +https://openai.com/gptbot)"
207.46.13.170 - - [21/Mar/2026:17:07:11 +0200] "GET /shop/goods/chivarras10696357673.phtml HTTP/1.1" 200 218040 "-" "Mozilla/5.0 AppleWebKit/537.36 (KHTML, like Gecko; compatible; bingbot/2.0; +http://www.bing.com/bingbot.htm) Chrome/116.0.1938.76 Safari/537.36"
74.7.227.61 - - [21/Mar/2026:17:07:11 +0200] "GET /index.php?format=xml&rest_route=%2Foembed%2F1.0%2Fembed&url=https%3A%2F%2Fdrspos.com%2F%3Fp%3D52874 HTTP/1.1" 200 2418 "https://drspos.com/?p=52874" "Mozilla/5.0 AppleWebKit/537.36 (KHTML, like Gecko; compatible; GPTBot/1.3; +https://openai.com/gptbot)"
74.7.227.61 - - [21/Mar/2026:17:07:14 +0200] "GET /wp-content/uploads/essential-addons-elementor/eael-47.css?ver=1774033862 HTTP/1.1" 200 16146 "https://drspos.com/?p=52874" "Mozilla/5.0 AppleWebKit/537.36 (KHTML, like Gecko; compatible; GPTBot/1.3; +https://openai.com/gptbot)"
74.7.227.61 - - [21/Mar/2026:17:07:17 +0200] "GET /index.php?rest_route=%2Foembed%2F1.0%2Fembed&url=https%3A%2F%2Fdrspos.com%2F%3Fp%3D52874 HTTP/1.1" 200 2262 "https://drspos.com/?p=52874" "Mozilla/5.0 AppleWebKit/537.36 (KHTML, like Gecko; compatible; GPTBot/1.3; +https://openai.com/gptbot)"
74.7.227.61 - - [21/Mar/2026:17:07:20 +0200] "GET /wp-content/uploads/essential-addons-elementor/eael-47.js?ver=1774033862 HTTP/1.1" 200 1328 "https://drspos.com/?p=52874" "Mozilla/5.0 AppleWebKit/537.36 (KHTML, like Gecko; compatible; GPTBot/1.3; +https://openai.com/gptbot)"
52.167.144.190 - - [21/Mar/2026:17:07:19 +0200] "GET /shop/goods/flibbertigibbet153104259686.phtml HTTP/1.1" 200 207515 "-" "Mozilla/5.0 AppleWebKit/537.36 (KHTML, like Gecko; compatible; bingbot/2.0; +http://www.bing.com/bingbot.htm) Chrome/116.0.1938.76 Safari/537.36"
74.7.227.61 - - [21/Mar/2026:17:07:24 +0200] "GET /index.php?rest_route=/wp/v2/posts/52874 HTTP/1.1" 200 13905 "https://drspos.com/?p=52874" "Mozilla/5.0 AppleWebKit/537.36 (KHTML, like Gecko; compatible; GPTBot/1.3; +https://openai.com/gptbot)"
216.73.216.163 - - [21/Mar/2026:17:07:23 +0200] "GET /shop/goods/teetan121625800485.phtml HTTP/1.1" 301 - "-" "Mozilla/5.0 AppleWebKit/537.36 (KHTML, like Gecko; compatible; ClaudeBot/1.0; +claudebot@anthropic.com)"
216.73.216.163 - - [21/Mar/2026:17:07:26 +0200] "GET /shop/goods/teetan121625800485.phtml/ HTTP/1.1" 200 150746 "https://www.drspos.com/shop/goods/teetan121625800485.phtml" "Mozilla/5.0 AppleWebKit/537.36 (KHTML, like Gecko; compatible; ClaudeBot/1.0; +claudebot@anthropic.com)"
74.7.227.61 - - [21/Mar/2026:17:07:27 +0200] "GET /shop/goods/spotlessness173455384808.phtml HTTP/1.1" 301 - "https://drspos.com/%3C![CDATA[https:/eminencegroup.net.au/post-sitemap9.xml]]%3E" "Mozilla/5.0 AppleWebKit/537.36 (KHTML, like Gecko; compatible; GPTBot/1.3; +https://openai.com/gptbot)"
207.46.13.170 - - [21/Mar/2026:17:07:30 +0200] "GET /shop/goods/jambes153039884431.phtml HTTP/1.1" 200 207643 "-" "Mozilla/5.0 AppleWebKit/537.36 (KHTML, like Gecko; compatible; bingbot/2.0; +http://www.bing.com/bingbot.htm) Chrome/116.0.1938.76 Safari/537.36"
74.7.227.61 - - [21/Mar/2026:17:07:29 +0200] "GET /shop/goods/spotlessness173455384808.phtml/ HTTP/1.1" 200 150746 "https://drspos.com/shop/goods/spotlessness173455384808.phtml" "Mozilla/5.0 AppleWebKit/537.36 (KHTML, like Gecko; compatible; GPTBot/1.3; +https://openai.com/gptbot)"
216.73.216.163 - - [21/Mar/2026:17:07:31 +0200] "GET /shop/goods/footboard133818880388.phtml HTTP/1.1" 301 - "-" "Mozilla/5.0 AppleWebKit/537.36 (KHTML, like Gecko; compatible; ClaudeBot/1.0; +claudebot@anthropic.com)"
74.7.227.61 - - [21/Mar/2026:17:07:33 +0200] "GET /shop/goods/ophiomorphite174281813669.phtml HTTP/1.1" 301 - "https://drspos.com/%3C![CDATA[https:/eminencegroup.net.au/post-sitemap9.xml]]%3E" "Mozilla/5.0 AppleWebKit/537.36 (KHTML, like Gecko; compatible; GPTBot/1.3; +https://openai.com/gptbot)"
216.73.216.163 - - [21/Mar/2026:17:07:33 +0200] "GET /shop/goods/footboard133818880388.phtml/ HTTP/1.1" 200 150746 "https://www.drspos.com/shop/goods/footboard133818880388.phtml" "Mozilla/5.0 AppleWebKit/537.36 (KHTML, like Gecko; compatible; ClaudeBot/1.0; +claudebot@anthropic.com)"
74.7.227.61 - - [21/Mar/2026:17:07:35 +0200] "GET /shop/goods/ophiomorphite174281813669.phtml/ HTTP/1.1" 200 150746 "https://drspos.com/shop/goods/ophiomorphite174281813669.phtml" "Mozilla/5.0 AppleWebKit/537.36 (KHTML, like Gecko; compatible; GPTBot/1.3; +https://openai.com/gptbot)"
216.73.216.163 - - [21/Mar/2026:17:07:37 +0200] "GET /shop/goods/etter121575280846.phtml HTTP/1.1" 301 - "-" "Mozilla/5.0 AppleWebKit/537.36 (KHTML, like Gecko; compatible; ClaudeBot/1.0; +claudebot@anthropic.com)"
52.167.144.190 - - [21/Mar/2026:17:07:38 +0200] "GET /shop/goods/cigarette15321159160.phtml HTTP/1.1" 200 200033 "-" "Mozilla/5.0 AppleWebKit/537.36 (KHTML, like Gecko; compatible; bingbot/2.0; +http://www.bing.com/bingbot.htm) Chrome/116.0.1938.76 Safari/537.36"
74.7.227.61 - - [21/Mar/2026:17:07:38 +0200] "GET /shop/goods/lamprosperma173551732138.phtml HTTP/1.1" 301 - "https://drspos.com/%3C![CDATA[https:/eminencegroup.net.au/post-sitemap9.xml]]%3E" "Mozilla/5.0 AppleWebKit/537.36 (KHTML, like Gecko; compatible; GPTBot/1.3; +https://openai.com/gptbot)"
216.73.216.163 - - [21/Mar/2026:17:07:39 +0200] "GET /shop/goods/etter121575280846.phtml/ HTTP/1.1" 200 150730 "https://drspos.com/shop/goods/etter121575280846.phtml" "Mozilla/5.0 AppleWebKit/537.36 (KHTML, like Gecko; compatible; ClaudeBot/1.0; +claudebot@anthropic.com)"
74.7.227.61 - - [21/Mar/2026:17:07:41 +0200] "GET /shop/goods/lamprosperma173551732138.phtml/ HTTP/1.1" 200 150746 "https://drspos.com/shop/goods/lamprosperma173551732138.phtml" "Mozilla/5.0 AppleWebKit/537.36 (KHTML, like Gecko; compatible; GPTBot/1.3; +https://openai.com/gptbot)"
74.7.227.61 - - [21/Mar/2026:17:07:43 +0200] "GET /?p=46626 HTTP/1.1" 200 91777 "https://drspos.com/?p=46630" "Mozilla/5.0 AppleWebKit/537.36 (KHTML, like Gecko; compatible; GPTBot/1.3; +https://openai.com/gptbot)"
74.7.227.61 - - [21/Mar/2026:17:07:47 +0200] "GET /shop/goods/lagophthalmos173071683216.phtml HTTP/1.1" 301 - "https://drspos.com/%3C![CDATA[https:/eminencegroup.net.au/post-sitemap9.xml]]%3E" "Mozilla/5.0 AppleWebKit/537.36 (KHTML, like Gecko; compatible; GPTBot/1.3; +https://openai.com/gptbot)"
216.73.216.163 - - [21/Mar/2026:17:07:47 +0200] "GET /shop/goods/plumming131862156608.phtml HTTP/1.1" 301 - "-" "Mozilla/5.0 AppleWebKit/537.36 (KHTML, like Gecko; compatible; ClaudeBot/1.0; +claudebot@anthropic.com)"
74.7.227.61 - - [21/Mar/2026:17:07:49 +0200] "GET /shop/goods/lagophthalmos173071683216.phtml/ HTTP/1.1" 200 150746 "https://drspos.com/shop/goods/lagophthalmos173071683216.phtml" "Mozilla/5.0 AppleWebKit/537.36 (KHTML, like Gecko; compatible; GPTBot/1.3; +https://openai.com/gptbot)"
216.73.216.163 - - [21/Mar/2026:17:07:50 +0200] "GET /shop/goods/plumming131862156608.phtml/ HTTP/1.1" 200 150746 "https://www.drspos.com/shop/goods/plumming131862156608.phtml" "Mozilla/5.0 AppleWebKit/537.36 (KHTML, like Gecko; compatible; ClaudeBot/1.0; +claudebot@anthropic.com)"
74.7.227.61 - - [21/Mar/2026:17:07:53 +0200] "GET /?p=30838 HTTP/1.1" 200 93752 "https://drspos.com/?p=30840" "Mozilla/5.0 AppleWebKit/537.36 (KHTML, like Gecko; compatible; GPTBot/1.3; +https://openai.com/gptbot)"
207.46.13.170 - - [21/Mar/2026:17:07:56 +0200] "GET /shop/goods/cherty153346742562.phtml HTTP/1.1" 200 198991 "-" "Mozilla/5.0 AppleWebKit/537.36 (KHTML, like Gecko; compatible; bingbot/2.0; +http://www.bing.com/bingbot.htm) Chrome/116.0.1938.76 Safari/537.36"
74.7.227.61 - - [21/Mar/2026:17:07:56 +0200] "GET /shop/goods/allhallowmas172508710273.phtml HTTP/1.1" 301 - "https://drspos.com/%3C![CDATA[https:/eminencegroup.net.au/post-sitemap9.xml]]%3E" "Mozilla/5.0 AppleWebKit/537.36 (KHTML, like Gecko; compatible; GPTBot/1.3; +https://openai.com/gptbot)"
74.7.227.61 - - [21/Mar/2026:17:07:58 +0200] "GET /shop/goods/allhallowmas172508710273.phtml/ HTTP/1.1" 200 150746 "https://drspos.com/shop/goods/allhallowmas172508710273.phtml" "Mozilla/5.0 AppleWebKit/537.36 (KHTML, like Gecko; compatible; GPTBot/1.3; +https://openai.com/gptbot)"
74.7.227.61 - - [21/Mar/2026:17:08:01 +0200] "GET /?p=44250 HTTP/1.1" 200 91263 "https://drspos.com/?p=44248" "Mozilla/5.0 AppleWebKit/537.36 (KHTML, like Gecko; compatible; GPTBot/1.3; +https://openai.com/gptbot)"
74.7.227.61 - - [21/Mar/2026:17:08:05 +0200] "GET /?p=52872 HTTP/1.1" 200 92046 "https://drspos.com/?p=52874" "Mozilla/5.0 AppleWebKit/537.36 (KHTML, like Gecko; compatible; GPTBot/1.3; +https://openai.com/gptbot)"
207.46.13.170 - - [21/Mar/2026:17:08:07 +0200] "GET /shop/goods/cynanchin152078797964.phtml HTTP/1.1" 200 217426 "-" "Mozilla/5.0 AppleWebKit/537.36 (KHTML, like Gecko; compatible; bingbot/2.0; +http://www.bing.com/bingbot.htm) Chrome/116.0.1938.76 Safari/537.36"
74.7.227.61 - - [21/Mar/2026:17:08:09 +0200] "GET /shop/goods/intermedious172637552444.phtml HTTP/1.1" 301 - "https://drspos.com/%3C![CDATA[https:/eminencegroup.net.au/post-sitemap9.xml]]%3E" "Mozilla/5.0 AppleWebKit/537.36 (KHTML, like Gecko; compatible; GPTBot/1.3; +https://openai.com/gptbot)"
52.167.144.190 - - [21/Mar/2026:17:08:11 +0200] "GET /shop/goods/propaedeutical152602094760.phtml HTTP/1.1" 200 210717 "-" "Mozilla/5.0 AppleWebKit/537.36 (KHTML, like Gecko; compatible; bingbot/2.0; +http://www.bing.com/bingbot.htm) Chrome/116.0.1938.76 Safari/537.36"
74.7.227.61 - - [21/Mar/2026:17:08:11 +0200] "GET /shop/goods/intermedious172637552444.phtml/ HTTP/1.1" 200 150746 "https://drspos.com/shop/goods/intermedious172637552444.phtml" "Mozilla/5.0 AppleWebKit/537.36 (KHTML, like Gecko; compatible; GPTBot/1.3; +https://openai.com/gptbot)"
216.73.216.163 - - [21/Mar/2026:17:08:11 +0200] "GET /shop/goods/braccio123580615527.phtml HTTP/1.1" 301 - "-" "Mozilla/5.0 AppleWebKit/537.36 (KHTML, like Gecko; compatible; ClaudeBot/1.0; +claudebot@anthropic.com)"
52.167.144.190 - - [21/Mar/2026:17:08:15 +0200] "GET /shop/goods/lilacbreasted152757669488.phtml HTTP/1.1" 200 210622 "-" "Mozilla/5.0 AppleWebKit/537.36 (KHTML, like Gecko; compatible; bingbot/2.0; +http://www.bing.com/bingbot.htm) Chrome/116.0.1938.76 Safari/537.36"
74.7.227.61 - - [21/Mar/2026:17:08:14 +0200] "GET /?p=48304 HTTP/1.1" 200 94846 "https://drspos.com/?p=48298" "Mozilla/5.0 AppleWebKit/537.36 (KHTML, like Gecko; compatible; GPTBot/1.3; +https://openai.com/gptbot)"
216.73.216.163 - - [21/Mar/2026:17:08:15 +0200] "GET /shop/goods/braccio123580615527.phtml/ HTTP/1.1" 200 150746 "https://www.drspos.com/shop/goods/braccio123580615527.phtml" "Mozilla/5.0 AppleWebKit/537.36 (KHTML, like Gecko; compatible; ClaudeBot/1.0; +claudebot@anthropic.com)"
52.167.144.190 - - [21/Mar/2026:17:08:17 +0200] "GET /shop/goods/spectroheliograph152874380978.phtml HTTP/1.1" 200 198025 "-" "Mozilla/5.0 AppleWebKit/537.36 (KHTML, like Gecko; compatible; bingbot/2.0; +http://www.bing.com/bingbot.htm) Chrome/116.0.1938.76 Safari/537.36"
74.7.227.61 - - [21/Mar/2026:17:08:18 +0200] "GET /shop/goods/churchwarden174091222110.phtml HTTP/1.1" 301 - "https://drspos.com/%3C![CDATA[https:/eminencegroup.net.au/post-sitemap9.xml]]%3E" "Mozilla/5.0 AppleWebKit/537.36 (KHTML, like Gecko; compatible; GPTBot/1.3; +https://openai.com/gptbot)"
52.167.144.190 - - [21/Mar/2026:17:08:20 +0200] "GET /shop/goods/overscrupulousness151964799428.phtml HTTP/1.1" 200 228527 "-" "Mozilla/5.0 AppleWebKit/537.36 (KHTML, like Gecko; compatible; bingbot/2.0; +http://www.bing.com/bingbot.htm) Chrome/116.0.1938.76 Safari/537.36"
216.73.216.163 - - [21/Mar/2026:17:08:20 +0200] "GET /shop/goods/sighborn173308438204.phtml HTTP/1.1" 301 - "-" "Mozilla/5.0 AppleWebKit/537.36 (KHTML, like Gecko; compatible; ClaudeBot/1.0; +claudebot@anthropic.com)"
74.7.227.61 - - [21/Mar/2026:17:08:20 +0200] "GET /shop/goods/churchwarden174091222110.phtml/ HTTP/1.1" 200 150746 "https://drspos.com/shop/goods/churchwarden174091222110.phtml" "Mozilla/5.0 AppleWebKit/537.36 (KHTML, like Gecko; compatible; GPTBot/1.3; +https://openai.com/gptbot)"
52.167.144.190 - - [21/Mar/2026:17:08:23 +0200] "GET /shop/goods/bloodwood152118094645.phtml HTTP/1.1" 200 213234 "-" "Mozilla/5.0 AppleWebKit/537.36 (KHTML, like Gecko; compatible; bingbot/2.0; +http://www.bing.com/bingbot.htm) Chrome/116.0.1938.76 Safari/537.36"
216.73.216.163 - - [21/Mar/2026:17:08:23 +0200] "GET /shop/goods/sighborn173308438204.phtml/ HTTP/1.1" 200 150746 "https://www.drspos.com/shop/goods/sighborn173308438204.phtml" "Mozilla/5.0 AppleWebKit/537.36 (KHTML, like Gecko; compatible; ClaudeBot/1.0; +claudebot@anthropic.com)"
74.7.227.61 - - [21/Mar/2026:17:08:23 +0200] "GET /shop/goods/nonreflecting174204922279.phtml HTTP/1.1" 301 - "https://drspos.com/%3C![CDATA[https:/eminencegroup.net.au/post-sitemap9.xml]]%3E" "Mozilla/5.0 AppleWebKit/537.36 (KHTML, like Gecko; compatible; GPTBot/1.3; +https://openai.com/gptbot)"
74.7.227.61 - - [21/Mar/2026:17:08:26 +0200] "GET /shop/goods/nonreflecting174204922279.phtml/ HTTP/1.1" 200 150746 "https://drspos.com/shop/goods/nonreflecting174204922279.phtml" "Mozilla/5.0 AppleWebKit/537.36 (KHTML, like Gecko; compatible; GPTBot/1.3; +https://openai.com/gptbot)"
74.7.227.61 - - [21/Mar/2026:17:08:29 +0200] "GET /shop/goods/babingtonite17322517334.phtml HTTP/1.1" 301 - "https://drspos.com/%3C![CDATA[https:/eminencegroup.net.au/post-sitemap9.xml]]%3E" "Mozilla/5.0 AppleWebKit/537.36 (KHTML, like Gecko; compatible; GPTBot/1.3; +https://openai.com/gptbot)"
207.46.13.170 - - [21/Mar/2026:17:08:32 +0200] "GET /shop/goods/chalkcutter152020839705.phtml HTTP/1.1" 200 207384 "-" "Mozilla/5.0 AppleWebKit/537.36 (KHTML, like Gecko; compatible; bingbot/2.0; +http://www.bing.com/bingbot.htm) Chrome/116.0.1938.76 Safari/537.36"
74.7.227.61 - - [21/Mar/2026:17:08:32 +0200] "GET /shop/goods/babingtonite17322517334.phtml/ HTTP/1.1" 200 150746 "https://drspos.com/shop/goods/babingtonite17322517334.phtml" "Mozilla/5.0 AppleWebKit/537.36 (KHTML, like Gecko; compatible; GPTBot/1.3; +https://openai.com/gptbot)"
207.46.13.170 - - [21/Mar/2026:17:08:35 +0200] "GET /shop/goods/propaedeutic154196380743.phtml HTTP/1.1" 200 208283 "-" "Mozilla/5.0 AppleWebKit/537.36 (KHTML, like Gecko; compatible; bingbot/2.0; +http://www.bing.com/bingbot.htm) Chrome/116.0.1938.76 Safari/537.36"
74.7.227.61 - - [21/Mar/2026:17:08:35 +0200] "GET /?p=46624 HTTP/1.1" 200 92742 "https://drspos.com/?p=46626" "Mozilla/5.0 AppleWebKit/537.36 (KHTML, like Gecko; compatible; GPTBot/1.3; +https://openai.com/gptbot)"
207.46.13.170 - - [21/Mar/2026:17:08:38 +0200] "GET /shop/goods/polysyndeton15940977139.phtml HTTP/1.1" 200 209656 "-" "Mozilla/5.0 AppleWebKit/537.36 (KHTML, like Gecko; compatible; bingbot/2.0; +http://www.bing.com/bingbot.htm) Chrome/116.0.1938.76 Safari/537.36"
74.7.227.61 - - [21/Mar/2026:17:08:38 +0200] "GET /shop/goods/gestureless173068306527.phtml HTTP/1.1" 301 - "https://drspos.com/%3C![CDATA[https:/eminencegroup.net.au/post-sitemap9.xml]]%3E" "Mozilla/5.0 AppleWebKit/537.36 (KHTML, like Gecko; compatible; GPTBot/1.3; +https://openai.com/gptbot)"
52.167.144.190 - - [21/Mar/2026:17:08:42 +0200] "GET /shop/goods/goman151431006213.phtml HTTP/1.1" 200 201548 "-" "Mozilla/5.0 AppleWebKit/537.36 (KHTML, like Gecko; compatible; bingbot/2.0; +http://www.bing.com/bingbot.htm) Chrome/116.0.1938.76 Safari/537.36"
74.7.227.61 - - [21/Mar/2026:17:08:41 +0200] "GET /shop/goods/gestureless173068306527.phtml/ HTTP/1.1" 200 150746 "https://drspos.com/shop/goods/gestureless173068306527.phtml" "Mozilla/5.0 AppleWebKit/537.36 (KHTML, like Gecko; compatible; GPTBot/1.3; +https://openai.com/gptbot)"
216.73.216.163 - - [21/Mar/2026:17:08:44 +0200] "GET /shop/goods/gibberella173576482910.phtml HTTP/1.1" 301 - "-" "Mozilla/5.0 AppleWebKit/537.36 (KHTML, like Gecko; compatible; ClaudeBot/1.0; +claudebot@anthropic.com)"
52.167.144.190 - - [21/Mar/2026:17:08:45 +0200] "GET /shop/goods/staffman10580979979.phtml HTTP/1.1" 200 214621 "-" "Mozilla/5.0 AppleWebKit/537.36 (KHTML, like Gecko; compatible; bingbot/2.0; +http://www.bing.com/bingbot.htm) Chrome/116.0.1938.76 Safari/537.36"
74.7.227.61 - - [21/Mar/2026:17:08:45 +0200] "GET /?p=30836 HTTP/1.1" 200 93403 "https://drspos.com/?p=30838" "Mozilla/5.0 AppleWebKit/537.36 (KHTML, like Gecko; compatible; GPTBot/1.3; +https://openai.com/gptbot)"
216.73.216.163 - - [21/Mar/2026:17:08:46 +0200] "GET /shop/goods/gibberella173576482910.phtml/ HTTP/1.1" 200 150746 "https://www.drspos.com/shop/goods/gibberella173576482910.phtml" "Mozilla/5.0 AppleWebKit/537.36 (KHTML, like Gecko; compatible; ClaudeBot/1.0; +claudebot@anthropic.com)"
52.167.144.190 - - [21/Mar/2026:17:08:48 +0200] "GET /shop/goods/bantering154138262528.phtml HTTP/1.1" 200 202191 "-" "Mozilla/5.0 AppleWebKit/537.36 (KHTML, like Gecko; compatible; bingbot/2.0; +http://www.bing.com/bingbot.htm) Chrome/116.0.1938.76 Safari/537.36"
74.7.227.61 - - [21/Mar/2026:17:08:48 +0200] "GET /shop/goods/centumviral17791307553.phtml HTTP/1.1" 301 - "https://drspos.com/%3C![CDATA[https:/eminencegroup.net.au/post-sitemap9.xml]]%3E" "Mozilla/5.0 AppleWebKit/537.36 (KHTML, like Gecko; compatible; GPTBot/1.3; +https://openai.com/gptbot)"
207.46.13.170 - - [21/Mar/2026:17:08:52 +0200] "GET /shop/goods/calcification151292025026.phtml HTTP/1.1" 200 209487 "-" "Mozilla/5.0 AppleWebKit/537.36 (KHTML, like Gecko; compatible; bingbot/2.0; +http://www.bing.com/bingbot.htm) Chrome/116.0.1938.76 Safari/537.36"
74.7.227.61 - - [21/Mar/2026:17:08:50 +0200] "GET /shop/goods/centumviral17791307553.phtml/ HTTP/1.1" 200 150746 "https://drspos.com/shop/goods/centumviral17791307553.phtml" "Mozilla/5.0 AppleWebKit/537.36 (KHTML, like Gecko; compatible; GPTBot/1.3; +https://openai.com/gptbot)"
98.98.9.59 - - [21/Mar/2026:17:08:48 +0200] "POST /xmlrpc.php HTTP/1.1" 200 180 "-" "Mozilla/5.0 (Windows NT 10.0; Win64; x64) AppleWebKit/537.36 (KHTML, like Gecko) Chrome/114.0.0.0 Safari/537.36"
216.73.216.163 - - [21/Mar/2026:17:08:52 +0200] "GET /shop/goods/curvature171782188800.phtml HTTP/1.1" 301 - "-" "Mozilla/5.0 AppleWebKit/537.36 (KHTML, like Gecko; compatible; ClaudeBot/1.0; +claudebot@anthropic.com)"
74.7.227.61 - - [21/Mar/2026:17:08:54 +0200] "GET /?p=44252 HTTP/1.1" 200 92006 "https://drspos.com/?p=44250" "Mozilla/5.0 AppleWebKit/537.36 (KHTML, like Gecko; compatible; GPTBot/1.3; +https://openai.com/gptbot)"
216.73.216.163 - - [21/Mar/2026:17:08:54 +0200] "GET /shop/goods/curvature171782188800.phtml/ HTTP/1.1" 200 150746 "https://drspos.com/shop/goods/curvature171782188800.phtml" "Mozilla/5.0 AppleWebKit/537.36 (KHTML, like Gecko; compatible; ClaudeBot/1.0; +claudebot@anthropic.com)"
172.30.5.1 - - [21/Mar/2026:17:08:53 +0200] "POST /wp-cron.php?doing_wp_cron=1774105733.4531641006469726562500 HTTP/1.1" 200 - "-" "WordPress/6.9.4; https://drspos.com"
52.167.144.190 - - [21/Mar/2026:17:08:59 +0200] "GET /shop/goods/progenitress153370950000.phtml HTTP/1.1" 200 204698 "-" "Mozilla/5.0 AppleWebKit/537.36 (KHTML, like Gecko; compatible; bingbot/2.0; +http://www.bing.com/bingbot.htm) Chrome/116.0.1938.76 Safari/537.36"
74.7.227.61 - - [21/Mar/2026:17:08:57 +0200] "GET /?p=52870 HTTP/1.1" 200 98404 "https://drspos.com/?p=52872" "Mozilla/5.0 AppleWebKit/537.36 (KHTML, like Gecko; compatible; GPTBot/1.3; +https://openai.com/gptbot)"
52.167.144.190 - - [21/Mar/2026:17:09:01 +0200] "GET /shop/goods/outact10377598864.phtml HTTP/1.1" 200 211620 "-" "Mozilla/5.0 AppleWebKit/537.36 (KHTML, like Gecko; compatible; bingbot/2.0; +http://www.bing.com/bingbot.htm) Chrome/116.0.1938.76 Safari/537.36"
98.98.9.59 - - [21/Mar/2026:17:09:01 +0200] "POST /xmlrpc.php HTTP/1.1" 200 13600 "-" "Mozilla/5.0 (Windows NT 10.0; Win64; x64) AppleWebKit/537.36 (KHTML, like Gecko) Chrome/114.0.0.0 Safari/537.36"
74.7.227.61 - - [21/Mar/2026:17:09:01 +0200] "GET /shop/goods/spectroscopically17316552940.phtml HTTP/1.1" 301 - "https://drspos.com/%3C![CDATA[https:/eminencegroup.net.au/post-sitemap9.xml]]%3E" "Mozilla/5.0 AppleWebKit/537.36 (KHTML, like Gecko; compatible; GPTBot/1.3; +https://openai.com/gptbot)"
216.244.66.234 - - [21/Mar/2026:17:09:05 +0200] "GET /robots.txt HTTP/1.1" 200 80 "-" "Mozilla/5.0 (compatible; DotBot/1.2; +https://opensiteexplorer.org/dotbot; help@moz.com)"
23.90.184.36 - - [21/Mar/2026:17:08:56 +0200] "POST /xmlrpc.php HTTP/1.1" 200 180 "-" "Mozilla/5.0 (Windows NT 10.0; Win64; x64) AppleWebKit/537.36 (KHTML, like Gecko) Chrome/114.0.0.0 Safari/537.36"
74.7.227.61 - - [21/Mar/2026:17:09:04 +0200] "GET /shop/goods/spectroscopically17316552940.phtml/ HTTP/1.1" 200 150746 "https://drspos.com/shop/goods/spectroscopically17316552940.phtml" "Mozilla/5.0 AppleWebKit/537.36 (KHTML, like Gecko; compatible; GPTBot/1.3; +https://openai.com/gptbot)"
52.167.144.190 - - [21/Mar/2026:17:09:09 +0200] "GET /shop/goods/porrum151933740010.phtml HTTP/1.1" 200 209000 "-" "Mozilla/5.0 AppleWebKit/537.36 (KHTML, like Gecko; compatible; bingbot/2.0; +http://www.bing.com/bingbot.htm) Chrome/116.0.1938.76 Safari/537.36"
98.98.9.59 - - [21/Mar/2026:17:09:05 +0200] "GET /?p=55756 HTTP/1.1" 200 96076 "-" "Mozilla/5.0 (Windows NT 10.0; Win64; x64) AppleWebKit/537.36 (KHTML, like Gecko) Chrome/124.0.0.0 Safari/537.36"
74.7.227.61 - - [21/Mar/2026:17:09:08 +0200] "GET /?p=48302 HTTP/1.1" 200 91687 "https://drspos.com/?p=48304" "Mozilla/5.0 AppleWebKit/537.36 (KHTML, like Gecko; compatible; GPTBot/1.3; +https://openai.com/gptbot)"
52.167.144.190 - - [21/Mar/2026:17:09:12 +0200] "GET /shop/goods/thirtynine15413534895.phtml HTTP/1.1" 200 208694 "-" "Mozilla/5.0 AppleWebKit/537.36 (KHTML, like Gecko; compatible; bingbot/2.0; +http://www.bing.com/bingbot.htm) Chrome/116.0.1938.76 Safari/537.36"
74.7.227.61 - - [21/Mar/2026:17:09:13 +0200] "GET /shop/goods/adscititious17739734495.phtml HTTP/1.1" 301 - "https://drspos.com/%3C![CDATA[https:/eminencegroup.net.au/post-sitemap9.xml]]%3E" "Mozilla/5.0 AppleWebKit/537.36 (KHTML, like Gecko; compatible; GPTBot/1.3; +https://openai.com/gptbot)"
216.73.216.163 - - [21/Mar/2026:17:09:13 +0200] "GET /shop/goods/aneurismal13182023837.phtml HTTP/1.1" 301 - "-" "Mozilla/5.0 AppleWebKit/537.36 (KHTML, like Gecko; compatible; ClaudeBot/1.0; +claudebot@anthropic.com)"
74.7.227.61 - - [21/Mar/2026:17:09:15 +0200] "GET /shop/goods/adscititious17739734495.phtml/ HTTP/1.1" 200 150746 "https://drspos.com/shop/goods/adscititious17739734495.phtml" "Mozilla/5.0 AppleWebKit/537.36 (KHTML, like Gecko; compatible; GPTBot/1.3; +https://openai.com/gptbot)"
216.73.216.163 - - [21/Mar/2026:17:09:16 +0200] "GET /shop/goods/aneurismal13182023837.phtml/ HTTP/1.1" 200 150746 "https://www.drspos.com/shop/goods/aneurismal13182023837.phtml" "Mozilla/5.0 AppleWebKit/537.36 (KHTML, like Gecko; compatible; ClaudeBot/1.0; +claudebot@anthropic.com)"
23.90.184.36 - - [21/Mar/2026:17:09:17 +0200] "POST /xmlrpc.php HTTP/1.1" 200 8945 "-" "Mozilla/5.0 (Windows NT 10.0; Win64; x64) AppleWebKit/537.36 (KHTML, like Gecko) Chrome/114.0.0.0 Safari/537.36"
172.30.5.1 - - [21/Mar/2026:17:09:11 +0200] "POST /wp-cron.php?doing_wp_cron=1774105751.7608520984649658203125 HTTP/1.1" 200 - "-" "WordPress/6.9.4; https://drspos.com"
216.73.216.163 - - [21/Mar/2026:17:09:19 +0200] "GET /shop/goods/nebulosos172358223441.phtml HTTP/1.1" 301 - "-" "Mozilla/5.0 AppleWebKit/537.36 (KHTML, like Gecko; compatible; ClaudeBot/1.0; +claudebot@anthropic.com)"
74.7.227.61 - - [21/Mar/2026:17:09:19 +0200] "GET /shop/goods/shiftlessly171341071372.phtml HTTP/1.1" 301 - "https://drspos.com/%3C![CDATA[https:/eminencegroup.net.au/post-sitemap9.xml]]%3E" "Mozilla/5.0 AppleWebKit/537.36 (KHTML, like Gecko; compatible; GPTBot/1.3; +https://openai.com/gptbot)"
74.7.227.61 - - [21/Mar/2026:17:09:22 +0200] "GET /shop/goods/shiftlessly171341071372.phtml/ HTTP/1.1" 200 150746 "https://drspos.com/shop/goods/shiftlessly171341071372.phtml" "Mozilla/5.0 AppleWebKit/537.36 (KHTML, like Gecko; compatible; GPTBot/1.3; +https://openai.com/gptbot)"
216.73.216.163 - - [21/Mar/2026:17:09:22 +0200] "GET /shop/goods/nebulosos172358223441.phtml/ HTTP/1.1" 200 150746 "https://www.drspos.com/shop/goods/nebulosos172358223441.phtml" "Mozilla/5.0 AppleWebKit/537.36 (KHTML, like Gecko; compatible; ClaudeBot/1.0; +claudebot@anthropic.com)"
172.30.5.1 - - [21/Mar/2026:17:09:24 +0200] "POST /wp-cron.php?doing_wp_cron=1774105764.9384880065917968750000 HTTP/1.1" 200 - "-" "WordPress/6.9.4; https://drspos.com"
23.90.184.36 - - [21/Mar/2026:17:09:22 +0200] "GET /?p=55758 HTTP/1.1" 200 91666 "-" "Mozilla/5.0 (Windows NT 10.0; Win64; x64; rv:125.0) Gecko/20100101 Firefox/125.0"
74.7.227.61 - - [21/Mar/2026:17:09:25 +0200] "GET /shop/goods/resinousness17487201740.phtml HTTP/1.1" 301 - "https://drspos.com/%3C![CDATA[https:/eminencegroup.net.au/post-sitemap9.xml]]%3E" "Mozilla/5.0 AppleWebKit/537.36 (KHTML, like Gecko; compatible; GPTBot/1.3; +https://openai.com/gptbot)"
74.7.227.61 - - [21/Mar/2026:17:09:27 +0200] "GET /shop/goods/resinousness17487201740.phtml/ HTTP/1.1" 200 150746 "https://drspos.com/shop/goods/resinousness17487201740.phtml" "Mozilla/5.0 AppleWebKit/537.36 (KHTML, like Gecko; compatible; GPTBot/1.3; +https://openai.com/gptbot)"
74.7.227.61 - - [21/Mar/2026:17:09:31 +0200] "GET /?p=46622 HTTP/1.1" 200 91675 "https://drspos.com/?p=46624" "Mozilla/5.0 AppleWebKit/537.36 (KHTML, like Gecko; compatible; GPTBot/1.3; +https://openai.com/gptbot)"
207.46.13.170 - - [21/Mar/2026:17:09:33 +0200] "GET /shop/goods/vesiculata151174532354.phtml HTTP/1.1" 200 203787 "-" "Mozilla/5.0 AppleWebKit/537.36 (KHTML, like Gecko; compatible; bingbot/2.0; +http://www.bing.com/bingbot.htm) Chrome/116.0.1938.76 Safari/537.36"
74.7.227.61 - - [21/Mar/2026:17:09:35 +0200] "GET /shop/goods/gomphrena173509336672.phtml HTTP/1.1" 301 - "https://drspos.com/%3C![CDATA[https:/eminencegroup.net.au/post-sitemap9.xml]]%3E" "Mozilla/5.0 AppleWebKit/537.36 (KHTML, like Gecko; compatible; GPTBot/1.3; +https://openai.com/gptbot)"
207.46.13.170 - - [21/Mar/2026:17:09:37 +0200] "GET /shop/goods/filiety153233508468.phtml HTTP/1.1" 200 222052 "-" "Mozilla/5.0 AppleWebKit/537.36 (KHTML, like Gecko; compatible; bingbot/2.0; +http://www.bing.com/bingbot.htm) Chrome/116.0.1938.76 Safari/537.36"
74.7.227.61 - - [21/Mar/2026:17:09:37 +0200] "GET /shop/goods/gomphrena173509336672.phtml/ HTTP/1.1" 200 150746 "https://drspos.com/shop/goods/gomphrena173509336672.phtml" "Mozilla/5.0 AppleWebKit/537.36 (KHTML, like Gecko; compatible; GPTBot/1.3; +https://openai.com/gptbot)"
207.46.13.170 - - [21/Mar/2026:17:09:39 +0200] "GET /shop/goods/plowfoot151437220058.phtml HTTP/1.1" 200 235638 "-" "Mozilla/5.0 AppleWebKit/537.36 (KHTML, like Gecko; compatible; bingbot/2.0; +http://www.bing.com/bingbot.htm) Chrome/116.0.1938.76 Safari/537.36"
207.46.13.170 - - [21/Mar/2026:17:09:41 +0200] "GET /shop/goods/gabelleman152726359353.phtml HTTP/1.1" 200 206105 "-" "Mozilla/5.0 AppleWebKit/537.36 (KHTML, like Gecko; compatible; bingbot/2.0; +http://www.bing.com/bingbot.htm) Chrome/116.0.1938.76 Safari/537.36"
74.7.227.61 - - [21/Mar/2026:17:09:40 +0200] "GET /?p=30834 HTTP/1.1" 200 96697 "https://drspos.com/?p=30836" "Mozilla/5.0 AppleWebKit/537.36 (KHTML, like Gecko; compatible; GPTBot/1.3; +https://openai.com/gptbot)"
216.73.216.163 - - [21/Mar/2026:17:09:43 +0200] "GET /shop/goods/surviver173602130471.phtml HTTP/1.1" 301 - "-" "Mozilla/5.0 AppleWebKit/537.36 (KHTML, like Gecko; compatible; ClaudeBot/1.0; +claudebot@anthropic.com)"
207.46.13.170 - - [21/Mar/2026:17:09:45 +0200] "GET /shop/goods/jurisconsult15552788106.phtml HTTP/1.1" 200 212723 "-" "Mozilla/5.0 AppleWebKit/537.36 (KHTML, like Gecko; compatible; bingbot/2.0; +http://www.bing.com/bingbot.htm) Chrome/116.0.1938.76 Safari/537.36"
74.7.227.61 - - [21/Mar/2026:17:09:44 +0200] "GET /shop/goods/sciomachy173017340602.phtml HTTP/1.1" 301 - "https://drspos.com/%3C![CDATA[https:/eminencegroup.net.au/post-sitemap9.xml]]%3E" "Mozilla/5.0 AppleWebKit/537.36 (KHTML, like Gecko; compatible; GPTBot/1.3; +https://openai.com/gptbot)"
74.7.227.61 - - [21/Mar/2026:17:09:46 +0200] "GET /shop/goods/sciomachy173017340602.phtml/ HTTP/1.1" 200 150746 "https://drspos.com/shop/goods/sciomachy173017340602.phtml" "Mozilla/5.0 AppleWebKit/537.36 (KHTML, like Gecko; compatible; GPTBot/1.3; +https://openai.com/gptbot)"
216.73.216.163 - - [21/Mar/2026:17:09:46 +0200] "GET /shop/goods/surviver173602130471.phtml/ HTTP/1.1" 200 150746 "https://www.drspos.com/shop/goods/surviver173602130471.phtml" "Mozilla/5.0 AppleWebKit/537.36 (KHTML, like Gecko; compatible; ClaudeBot/1.0; +claudebot@anthropic.com)"
74.7.227.61 - - [21/Mar/2026:17:09:49 +0200] "GET /?p=44254 HTTP/1.1" 200 106462 "https://drspos.com/?p=44252" "Mozilla/5.0 AppleWebKit/537.36 (KHTML, like Gecko; compatible; GPTBot/1.3; +https://openai.com/gptbot)"
216.73.216.163 - - [21/Mar/2026:17:09:51 +0200] "GET /shop/goods/assemblage123498808665.phtml HTTP/1.1" 301 - "-" "Mozilla/5.0 AppleWebKit/537.36 (KHTML, like Gecko; compatible; ClaudeBot/1.0; +claudebot@anthropic.com)"
74.7.227.61 - - [21/Mar/2026:17:09:52 +0200] "GET /?p=52868 HTTP/1.1" 200 92605 "https://drspos.com/?p=52870" "Mozilla/5.0 AppleWebKit/537.36 (KHTML, like Gecko; compatible; GPTBot/1.3; +https://openai.com/gptbot)"
216.73.216.163 - - [21/Mar/2026:17:09:54 +0200] "GET /shop/goods/assemblage123498808665.phtml/ HTTP/1.1" 200 150746 "https://drspos.com/shop/goods/assemblage123498808665.phtml" "Mozilla/5.0 AppleWebKit/537.36 (KHTML, like Gecko; compatible; ClaudeBot/1.0; +claudebot@anthropic.com)"
74.7.227.61 - - [21/Mar/2026:17:09:55 +0200] "GET /?p=55756 HTTP/1.1" 200 96076 "https://drspos.com/?p=44252" "Mozilla/5.0 AppleWebKit/537.36 (KHTML, like Gecko; compatible; GPTBot/1.3; +https://openai.com/gptbot)"
207.46.13.170 - - [21/Mar/2026:17:10:00 +0200] "GET /shop/goods/chronographer154257832234.phtml HTTP/1.1" 200 201524 "-" "Mozilla/5.0 AppleWebKit/537.36 (KHTML, like Gecko; compatible; bingbot/2.0; +http://www.bing.com/bingbot.htm) Chrome/116.0.1938.76 Safari/537.36"
74.7.227.61 - - [21/Mar/2026:17:09:59 +0200] "GET /?p=48306 HTTP/1.1" 200 91567 "https://drspos.com/?p=48302" "Mozilla/5.0 AppleWebKit/537.36 (KHTML, like Gecko; compatible; GPTBot/1.3; +https://openai.com/gptbot)"
207.46.13.170 - - [21/Mar/2026:17:10:02 +0200] "GET /shop/goods/scambling152008475791.phtml HTTP/1.1" 200 208154 "-" "Mozilla/5.0 AppleWebKit/537.36 (KHTML, like Gecko; compatible; bingbot/2.0; +http://www.bing.com/bingbot.htm) Chrome/116.0.1938.76 Safari/537.36"
74.7.227.61 - - [21/Mar/2026:17:10:02 +0200] "GET /?p=55758 HTTP/1.1" 200 91666 "https://drspos.com/?p=52870" "Mozilla/5.0 AppleWebKit/537.36 (KHTML, like Gecko; compatible; GPTBot/1.3; +https://openai.com/gptbot)"
74.7.227.61 - - [21/Mar/2026:17:10:06 +0200] "GET /shop/goods/unanimity172115927159.phtml HTTP/1.1" 301 - "https://drspos.com/%3C![CDATA[https:/eminencegroup.net.au/post-sitemap9.xml]]%3E" "Mozilla/5.0 AppleWebKit/537.36 (KHTML, like Gecko; compatible; GPTBot/1.3; +https://openai.com/gptbot)"
74.7.227.61 - - [21/Mar/2026:17:10:09 +0200] "GET /shop/goods/unanimity172115927159.phtml/ HTTP/1.1" 200 150746 "https://drspos.com/shop/goods/unanimity172115927159.phtml" "Mozilla/5.0 AppleWebKit/537.36 (KHTML, like Gecko; compatible; GPTBot/1.3; +https://openai.com/gptbot)"
74.7.227.61 - - [21/Mar/2026:17:10:12 +0200] "GET /shop/goods/rapacious171417128386.phtml HTTP/1.1" 301 - "https://drspos.com/%3C![CDATA[https:/eminencegroup.net.au/post-sitemap9.xml]]%3E" "Mozilla/5.0 AppleWebKit/537.36 (KHTML, like Gecko; compatible; GPTBot/1.3; +https://openai.com/gptbot)"
216.73.216.163 - - [21/Mar/2026:17:10:15 +0200] "GET /shop/goods/echometer132146011686.phtml HTTP/1.1" 301 - "-" "Mozilla/5.0 AppleWebKit/537.36 (KHTML, like Gecko; compatible; ClaudeBot/1.0; +claudebot@anthropic.com)"
74.7.227.61 - - [21/Mar/2026:17:10:15 +0200] "GET /shop/goods/rapacious171417128386.phtml/ HTTP/1.1" 200 150746 "https://drspos.com/shop/goods/rapacious171417128386.phtml" "Mozilla/5.0 AppleWebKit/537.36 (KHTML, like Gecko; compatible; GPTBot/1.3; +https://openai.com/gptbot)"
216.73.216.163 - - [21/Mar/2026:17:10:19 +0200] "GET /shop/goods/echometer132146011686.phtml/ HTTP/1.1" 200 150746 "https://drspos.com/shop/goods/echometer132146011686.phtml" "Mozilla/5.0 AppleWebKit/537.36 (KHTML, like Gecko; compatible; ClaudeBot/1.0; +claudebot@anthropic.com)"
182.8.130.137 - - [21/Mar/2026:17:10:20 +0200] "GET /?p=4098 HTTP/1.1" 200 101080 "https://drspos.com/" "Mozilla/5.0 (Macintosh; Intel Mac OS X 12_5) AppleWebKit/537.36 (KHTML, like Gecko) Chrome/114.0.0.0 Safari/537.36 OPR/89.0.4447.51"
74.7.227.61 - - [21/Mar/2026:17:10:20 +0200] "GET /?p=46620 HTTP/1.1" 200 92772 "https://drspos.com/?p=46622" "Mozilla/5.0 AppleWebKit/537.36 (KHTML, like Gecko; compatible; GPTBot/1.3; +https://openai.com/gptbot)"
216.73.216.163 - - [21/Mar/2026:17:10:21 +0200] "GET /shop/goods/salework142451315794.phtml HTTP/1.1" 301 - "-" "Mozilla/5.0 AppleWebKit/537.36 (KHTML, like Gecko; compatible; ClaudeBot/1.0; +claudebot@anthropic.com)"
182.8.130.137 - - [21/Mar/2026:17:10:25 +0200] "GET /wp-content/plugins/elementor/assets/css/frontend.min.css?ver=3.35.7 HTTP/1.1" 200 54666 "https://drspos.com/?p=4098" "Mozilla/5.0 (Windows NT 10.0; Win64; x64) AppleWebKit/537.36 (KHTML, like Gecko) Chrome/143.0.0.0 Safari/537.36"
74.7.227.61 - - [21/Mar/2026:17:10:24 +0200] "GET /shop/goods/plenitude171171372864.phtml HTTP/1.1" 301 - "https://drspos.com/%3C![CDATA[https:/eminencegroup.net.au/post-sitemap9.xml]]%3E" "Mozilla/5.0 AppleWebKit/537.36 (KHTML, like Gecko; compatible; GPTBot/1.3; +https://openai.com/gptbot)"
182.8.130.137 - - [21/Mar/2026:17:10:27 +0200] "GET /wp-content/uploads/elementor/css/post-46.css?ver=1774018857 HTTP/1.1" 200 19635 "https://drspos.com/?p=4098" "Mozilla/5.0 (Windows NT 10.0; Win64; x64) AppleWebKit/537.36 (KHTML, like Gecko) Chrome/143.0.0.0 Safari/537.36"
216.73.216.163 - - [21/Mar/2026:17:10:24 +0200] "GET /shop/goods/salework142451315794.phtml/ HTTP/1.1" 200 150746 "https://drspos.com/shop/goods/salework142451315794.phtml" "Mozilla/5.0 AppleWebKit/537.36 (KHTML, like Gecko; compatible; ClaudeBot/1.0; +claudebot@anthropic.com)"
182.8.130.137 - - [21/Mar/2026:17:10:28 +0200] "GET /wp-content/plugins/essential-addons-for-elementor-lite/assets/front-end/css/view/general.min.css?ver=6.1.15 HTTP/1.1" 200 7418 "https://drspos.com/?p=4098" "Mozilla/5.0 (Windows NT 10.0; Win64; x64) AppleWebKit/537.36 (KHTML, like Gecko) Chrome/143.0.0.0 Safari/537.36"
74.7.227.61 - - [21/Mar/2026:17:10:26 +0200] "GET /shop/goods/plenitude171171372864.phtml/ HTTP/1.1" 200 150746 "https://drspos.com/shop/goods/plenitude171171372864.phtml" "Mozilla/5.0 AppleWebKit/537.36 (KHTML, like Gecko; compatible; GPTBot/1.3; +https://openai.com/gptbot)"
182.8.130.137 - - [21/Mar/2026:17:10:30 +0200] "GET /wp-content/uploads/essential-addons-elementor/eael-47.css?ver=1772585497 HTTP/1.1" 200 16146 "https://drspos.com/?p=4098" "Mozilla/5.0 (Windows NT 10.0; Win64; x64) AppleWebKit/537.36 (KHTML, like Gecko) Chrome/143.0.0.0 Safari/537.36"
182.8.130.137 - - [21/Mar/2026:17:10:31 +0200] "GET /wp-content/uploads/elementor/css/post-47.css?ver=1774018858 HTTP/1.1" 200 41305 "https://drspos.com/?p=4098" "Mozilla/5.0 (Windows NT 10.0; Win64; x64) AppleWebKit/537.36 (KHTML, like Gecko) Chrome/143.0.0.0 Safari/537.36"
74.7.227.61 - - [21/Mar/2026:17:10:30 +0200] "GET /?p=30832 HTTP/1.1" 200 93808 "https://drspos.com/?p=30834" "Mozilla/5.0 AppleWebKit/537.36 (KHTML, like Gecko; compatible; GPTBot/1.3; +https://openai.com/gptbot)"
182.8.130.137 - - [21/Mar/2026:17:10:33 +0200] "GET /wp-content/plugins/contact-form-7/includes/css/styles.css?ver=6.1.5 HTTP/1.1" 200 2947 "https://drspos.com/?p=4098" "Mozilla/5.0 (Windows NT 10.0; Win64; x64) AppleWebKit/537.36 (KHTML, like Gecko) Chrome/143.0.0.0 Safari/537.36"
182.8.130.137 - - [21/Mar/2026:17:10:34 +0200] "GET /wp-includes/css/dashicons.min.css?ver=6.9.4 HTTP/1.1" 200 59004 "https://drspos.com/?p=4098" "Mozilla/5.0 (Windows NT 10.0; Win64; x64) AppleWebKit/537.36 (KHTML, like Gecko) Chrome/143.0.0.0 Safari/537.36"
74.7.227.61 - - [21/Mar/2026:17:10:33 +0200] "GET /shop/goods/inexplicability17769200188.phtml HTTP/1.1" 301 - "https://drspos.com/%3C![CDATA[https:/eminencegroup.net.au/post-sitemap9.xml]]%3E" "Mozilla/5.0 AppleWebKit/537.36 (KHTML, like Gecko; compatible; GPTBot/1.3; +https://openai.com/gptbot)"
182.8.130.137 - - [21/Mar/2026:17:10:36 +0200] "GET /wp-content/themes/twentytwentyfive/style.css?ver=1.2 HTTP/1.1" 200 2503 "https://drspos.com/?p=4098" "Mozilla/5.0 (Windows NT 10.0; Win64; x64) AppleWebKit/537.36 (KHTML, like Gecko) Chrome/143.0.0.0 Safari/537.36"
