216.73.216.163 - - [21/Mar/2026:15:50:53 +0200] "GET /shop/goods/tinny122781392829.phtml HTTP/1.1" 301 - "-" "Mozilla/5.0 AppleWebKit/537.36 (KHTML, like Gecko; compatible; ClaudeBot/1.0; +claudebot@anthropic.com)"
207.46.13.92 - - [21/Mar/2026:15:50:54 +0200] "GET /shop/goods/sourkrout152401933944.phtml HTTP/1.1" 200 196708 "-" "Mozilla/5.0 AppleWebKit/537.36 (KHTML, like Gecko; compatible; bingbot/2.0; +http://www.bing.com/bingbot.htm) Chrome/116.0.1938.76 Safari/537.36"
74.7.227.61 - - [21/Mar/2026:15:50:54 +0200] "GET /shop/goods/glyphography171833740565.phtml/ HTTP/1.1" 200 150752 "https://drspos.com/shop/goods/glyphography171833740565.phtml" "Mozilla/5.0 AppleWebKit/537.36 (KHTML, like Gecko; compatible; GPTBot/1.3; +https://openai.com/gptbot)"
207.46.13.92 - - [21/Mar/2026:15:50:56 +0200] "GET /shop/goods/eriophyllum15952791642.phtml HTTP/1.1" 200 196982 "-" "Mozilla/5.0 AppleWebKit/537.36 (KHTML, like Gecko; compatible; bingbot/2.0; +http://www.bing.com/bingbot.htm) Chrome/116.0.1938.76 Safari/537.36"
216.73.216.163 - - [21/Mar/2026:15:50:55 +0200] "GET /shop/goods/tinny122781392829.phtml/ HTTP/1.1" 200 150752 "https://drspos.com/shop/goods/tinny122781392829.phtml" "Mozilla/5.0 AppleWebKit/537.36 (KHTML, like Gecko; compatible; ClaudeBot/1.0; +claudebot@anthropic.com)"
74.7.227.61 - - [21/Mar/2026:15:50:58 +0200] "GET /?p=31028 HTTP/1.1" 200 97102 "https://drspos.com/?p=31030" "Mozilla/5.0 AppleWebKit/537.36 (KHTML, like Gecko; compatible; GPTBot/1.3; +https://openai.com/gptbot)"
207.46.13.92 - - [21/Mar/2026:15:50:59 +0200] "GET /shop/goods/graffiti15331573212.phtml HTTP/1.1" 200 233554 "-" "Mozilla/5.0 AppleWebKit/537.36 (KHTML, like Gecko; compatible; bingbot/2.0; +http://www.bing.com/bingbot.htm) Chrome/116.0.1938.76 Safari/537.36"
207.46.13.92 - - [21/Mar/2026:15:51:01 +0200] "GET /shop/goods/mitella153474749834.phtml HTTP/1.1" 200 206627 "-" "Mozilla/5.0 AppleWebKit/537.36 (KHTML, like Gecko; compatible; bingbot/2.0; +http://www.bing.com/bingbot.htm) Chrome/116.0.1938.76 Safari/537.36"
74.7.227.61 - - [21/Mar/2026:15:51:01 +0200] "GET /shop/goods/indistinctible172298253712.phtml HTTP/1.1" 301 - "https://drspos.com/%3C![CDATA[https:/eminencegroup.net.au/post-sitemap9.xml]]%3E" "Mozilla/5.0 AppleWebKit/537.36 (KHTML, like Gecko; compatible; GPTBot/1.3; +https://openai.com/gptbot)"
74.7.227.61 - - [21/Mar/2026:15:51:03 +0200] "GET /shop/goods/indistinctible172298253712.phtml/ HTTP/1.1" 200 150752 "https://drspos.com/shop/goods/indistinctible172298253712.phtml" "Mozilla/5.0 AppleWebKit/537.36 (KHTML, like Gecko; compatible; GPTBot/1.3; +https://openai.com/gptbot)"
52.167.144.204 - - [21/Mar/2026:15:51:05 +0200] "GET /shop/goods/womens151392557935.phtml HTTP/1.1" 200 208345 "-" "Mozilla/5.0 AppleWebKit/537.36 (KHTML, like Gecko; compatible; bingbot/2.0; +http://www.bing.com/bingbot.htm) Chrome/116.0.1938.76 Safari/537.36"
74.7.227.61 - - [21/Mar/2026:15:51:06 +0200] "GET /shop/goods/misrecollect171572848529.phtml HTTP/1.1" 301 - "https://drspos.com/%3C![CDATA[https:/eminencegroup.net.au/post-sitemap9.xml]]%3E" "Mozilla/5.0 AppleWebKit/537.36 (KHTML, like Gecko; compatible; GPTBot/1.3; +https://openai.com/gptbot)"
52.167.144.204 - - [21/Mar/2026:15:51:08 +0200] "GET /shop/goods/amorphousness153869803598.phtml HTTP/1.1" 200 210812 "-" "Mozilla/5.0 AppleWebKit/537.36 (KHTML, like Gecko; compatible; bingbot/2.0; +http://www.bing.com/bingbot.htm) Chrome/116.0.1938.76 Safari/537.36"
74.7.227.61 - - [21/Mar/2026:15:51:08 +0200] "GET /shop/goods/misrecollect171572848529.phtml/ HTTP/1.1" 200 150752 "https://drspos.com/shop/goods/misrecollect171572848529.phtml" "Mozilla/5.0 AppleWebKit/537.36 (KHTML, like Gecko; compatible; GPTBot/1.3; +https://openai.com/gptbot)"
52.167.144.204 - - [21/Mar/2026:15:51:11 +0200] "GET /shop/goods/undisputableness15241668436.phtml HTTP/1.1" 200 204016 "-" "Mozilla/5.0 AppleWebKit/537.36 (KHTML, like Gecko; compatible; bingbot/2.0; +http://www.bing.com/bingbot.htm) Chrome/116.0.1938.76 Safari/537.36"
74.7.227.61 - - [21/Mar/2026:15:51:12 +0200] "GET /?p=44070 HTTP/1.1" 200 91361 "https://drspos.com/?p=44068" "Mozilla/5.0 AppleWebKit/537.36 (KHTML, like Gecko; compatible; GPTBot/1.3; +https://openai.com/gptbot)"
52.167.144.204 - - [21/Mar/2026:15:51:14 +0200] "GET /shop/goods/entamoeba151808113435.phtml HTTP/1.1" 200 215682 "-" "Mozilla/5.0 AppleWebKit/537.36 (KHTML, like Gecko; compatible; bingbot/2.0; +http://www.bing.com/bingbot.htm) Chrome/116.0.1938.76 Safari/537.36"
52.167.144.204 - - [21/Mar/2026:15:51:16 +0200] "GET /shop/goods/pocan153251060273.phtml HTTP/1.1" 200 206474 "-" "Mozilla/5.0 AppleWebKit/537.36 (KHTML, like Gecko; compatible; bingbot/2.0; +http://www.bing.com/bingbot.htm) Chrome/116.0.1938.76 Safari/537.36"
74.7.227.61 - - [21/Mar/2026:15:51:16 +0200] "GET /?p=53050 HTTP/1.1" 200 93522 "https://drspos.com/?p=53052" "Mozilla/5.0 AppleWebKit/537.36 (KHTML, like Gecko; compatible; GPTBot/1.3; +https://openai.com/gptbot)"
216.73.216.163 - - [21/Mar/2026:15:51:17 +0200] "GET /shop/goods/servants131942702323.phtml HTTP/1.1" 301 - "-" "Mozilla/5.0 AppleWebKit/537.36 (KHTML, like Gecko; compatible; ClaudeBot/1.0; +claudebot@anthropic.com)"
74.7.227.61 - - [21/Mar/2026:15:51:19 +0200] "GET /shop/goods/condemnatory172461102741.phtml HTTP/1.1" 301 - "https://drspos.com/%3C![CDATA[https:/eminencegroup.net.au/post-sitemap9.xml]]%3E" "Mozilla/5.0 AppleWebKit/537.36 (KHTML, like Gecko; compatible; GPTBot/1.3; +https://openai.com/gptbot)"
216.73.216.163 - - [21/Mar/2026:15:51:19 +0200] "GET /shop/goods/servants131942702323.phtml/ HTTP/1.1" 200 150752 "https://drspos.com/shop/goods/servants131942702323.phtml" "Mozilla/5.0 AppleWebKit/537.36 (KHTML, like Gecko; compatible; ClaudeBot/1.0; +claudebot@anthropic.com)"
52.167.144.204 - - [21/Mar/2026:15:51:20 +0200] "GET /shop/goods/acolythist15340710837.phtml HTTP/1.1" 200 210630 "-" "Mozilla/5.0 AppleWebKit/537.36 (KHTML, like Gecko; compatible; bingbot/2.0; +http://www.bing.com/bingbot.htm) Chrome/116.0.1938.76 Safari/537.36"
74.7.227.61 - - [21/Mar/2026:15:51:21 +0200] "GET /shop/goods/condemnatory172461102741.phtml/ HTTP/1.1" 200 150752 "https://drspos.com/shop/goods/condemnatory172461102741.phtml" "Mozilla/5.0 AppleWebKit/537.36 (KHTML, like Gecko; compatible; GPTBot/1.3; +https://openai.com/gptbot)"
52.167.144.218 - - [21/Mar/2026:15:51:23 +0200] "GET /shop/goods/saintism153856521436.phtml HTTP/1.1" 200 208818 "-" "Mozilla/5.0 AppleWebKit/537.36 (KHTML, like Gecko; compatible; bingbot/2.0; +http://www.bing.com/bingbot.htm) Chrome/116.0.1938.76 Safari/537.36"
74.7.227.61 - - [21/Mar/2026:15:51:24 +0200] "GET /?p=48120 HTTP/1.1" 200 91539 "https://drspos.com/?p=48116" "Mozilla/5.0 AppleWebKit/537.36 (KHTML, like Gecko; compatible; GPTBot/1.3; +https://openai.com/gptbot)"
216.73.216.163 - - [21/Mar/2026:15:51:25 +0200] "GET /shop/goods/frustum12329468845.phtml HTTP/1.1" 301 - "-" "Mozilla/5.0 AppleWebKit/537.36 (KHTML, like Gecko; compatible; ClaudeBot/1.0; +claudebot@anthropic.com)"
207.46.13.92 - - [21/Mar/2026:15:51:28 +0200] "GET /shop/goods/honeybird152060519321.phtml HTTP/1.1" 200 204140 "-" "Mozilla/5.0 AppleWebKit/537.36 (KHTML, like Gecko; compatible; bingbot/2.0; +http://www.bing.com/bingbot.htm) Chrome/116.0.1938.76 Safari/537.36"
74.7.227.61 - - [21/Mar/2026:15:51:27 +0200] "GET /?p=46815 HTTP/1.1" 200 94684 "https://drspos.com/?p=46818" "Mozilla/5.0 AppleWebKit/537.36 (KHTML, like Gecko; compatible; GPTBot/1.3; +https://openai.com/gptbot)"
216.73.216.163 - - [21/Mar/2026:15:51:28 +0200] "GET /shop/goods/frustum12329468845.phtml/ HTTP/1.1" 200 150752 "https://drspos.com/shop/goods/frustum12329468845.phtml" "Mozilla/5.0 AppleWebKit/537.36 (KHTML, like Gecko; compatible; ClaudeBot/1.0; +claudebot@anthropic.com)"
207.46.13.92 - - [21/Mar/2026:15:51:30 +0200] "GET /shop/goods/injudicial154070608439.phtml HTTP/1.1" 200 214859 "-" "Mozilla/5.0 AppleWebKit/537.36 (KHTML, like Gecko; compatible; bingbot/2.0; +http://www.bing.com/bingbot.htm) Chrome/116.0.1938.76 Safari/537.36"
74.7.227.61 - - [21/Mar/2026:15:51:30 +0200] "GET /shop/goods/doloriferous171608067502.phtml HTTP/1.1" 301 - "https://drspos.com/%3C![CDATA[https:/eminencegroup.net.au/post-sitemap9.xml]]%3E" "Mozilla/5.0 AppleWebKit/537.36 (KHTML, like Gecko; compatible; GPTBot/1.3; +https://openai.com/gptbot)"
160.250.186.93 - - [21/Mar/2026:15:51:31 +0200] "GET /?p=4098 HTTP/1.1" 200 101197 "https://drspos.com/" "Mozilla/5.0 (X11; Linux x86_64) AppleWebKit/537.36 (KHTML, like Gecko) Chrome/114.0.0.0 Safari/537.36 Vivaldi/5.3.2679.68"
74.7.227.61 - - [21/Mar/2026:15:51:33 +0200] "GET /shop/goods/doloriferous171608067502.phtml/ HTTP/1.1" 200 150752 "https://drspos.com/shop/goods/doloriferous171608067502.phtml" "Mozilla/5.0 AppleWebKit/537.36 (KHTML, like Gecko; compatible; GPTBot/1.3; +https://openai.com/gptbot)"
207.46.13.92 - - [21/Mar/2026:15:51:34 +0200] "GET /shop/goods/dumbbell15877796517.phtml HTTP/1.1" 200 216933 "-" "Mozilla/5.0 AppleWebKit/537.36 (KHTML, like Gecko; compatible; bingbot/2.0; +http://www.bing.com/bingbot.htm) Chrome/116.0.1938.76 Safari/537.36"
160.250.186.93 - - [21/Mar/2026:15:51:35 +0200] "GET /wp-content/plugins/elementor/assets/css/frontend.min.css?ver=3.35.7 HTTP/1.1" 200 54666 "https://drspos.com/?p=4098" "Mozilla/5.0 (Windows NT 10.0; Win64; x64) AppleWebKit/537.36 (KHTML, like Gecko) Chrome/143.0.0.0 Safari/537.36"
160.250.186.93 - - [21/Mar/2026:15:51:36 +0200] "GET /wp-content/uploads/elementor/css/post-46.css?ver=1774018857 HTTP/1.1" 200 19635 "https://drspos.com/?p=4098" "Mozilla/5.0 (Windows NT 10.0; Win64; x64) AppleWebKit/537.36 (KHTML, like Gecko) Chrome/143.0.0.0 Safari/537.36"
160.250.186.93 - - [21/Mar/2026:15:51:38 +0200] "GET /wp-content/plugins/essential-addons-for-elementor-lite/assets/front-end/css/view/general.min.css?ver=6.1.15 HTTP/1.1" 200 7418 "https://drspos.com/?p=4098" "Mozilla/5.0 (Windows NT 10.0; Win64; x64) AppleWebKit/537.36 (KHTML, like Gecko) Chrome/143.0.0.0 Safari/537.36"
74.7.227.61 - - [21/Mar/2026:15:51:35 +0200] "GET /shop/goods/nonmalignant173772652906.phtml HTTP/1.1" 301 - "https://drspos.com/%3C![CDATA[https:/eminencegroup.net.au/post-sitemap9.xml]]%3E" "Mozilla/5.0 AppleWebKit/537.36 (KHTML, like Gecko; compatible; GPTBot/1.3; +https://openai.com/gptbot)"
207.46.13.92 - - [21/Mar/2026:15:51:37 +0200] "GET /shop/goods/fissipedia151695387221.phtml HTTP/1.1" 200 204751 "-" "Mozilla/5.0 AppleWebKit/537.36 (KHTML, like Gecko; compatible; bingbot/2.0; +http://www.bing.com/bingbot.htm) Chrome/116.0.1938.76 Safari/537.36"
160.250.186.93 - - [21/Mar/2026:15:51:38 +0200] "GET /wp-content/uploads/essential-addons-elementor/eael-47.css?ver=1772585497 HTTP/1.1" 200 16146 "https://drspos.com/?p=4098" "Mozilla/5.0 (Windows NT 10.0; Win64; x64) AppleWebKit/537.36 (KHTML, like Gecko) Chrome/143.0.0.0 Safari/537.36"
160.250.186.93 - - [21/Mar/2026:15:51:39 +0200] "GET /wp-content/uploads/elementor/css/post-47.css?ver=1774018858 HTTP/1.1" 200 41305 "https://drspos.com/?p=4098" "Mozilla/5.0 (Windows NT 10.0; Win64; x64) AppleWebKit/537.36 (KHTML, like Gecko) Chrome/143.0.0.0 Safari/537.36"
74.7.227.61 - - [21/Mar/2026:15:51:38 +0200] "GET /shop/goods/nonmalignant173772652906.phtml/ HTTP/1.1" 200 150752 "https://drspos.com/shop/goods/nonmalignant173772652906.phtml" "Mozilla/5.0 AppleWebKit/537.36 (KHTML, like Gecko; compatible; GPTBot/1.3; +https://openai.com/gptbot)"
160.250.186.93 - - [21/Mar/2026:15:51:41 +0200] "GET /wp-content/plugins/contact-form-7/includes/css/styles.css?ver=6.1.5 HTTP/1.1" 200 2947 "https://drspos.com/?p=4098" "Mozilla/5.0 (Windows NT 10.0; Win64; x64) AppleWebKit/537.36 (KHTML, like Gecko) Chrome/143.0.0.0 Safari/537.36"
52.167.144.218 - - [21/Mar/2026:15:51:40 +0200] "GET /shop/goods/ophiuroid15683322124.phtml HTTP/1.1" 200 208419 "-" "Mozilla/5.0 AppleWebKit/537.36 (KHTML, like Gecko; compatible; bingbot/2.0; +http://www.bing.com/bingbot.htm) Chrome/116.0.1938.76 Safari/537.36"
160.250.186.93 - - [21/Mar/2026:15:51:42 +0200] "GET /wp-includes/css/dashicons.min.css?ver=6.9.4 HTTP/1.1" 200 59004 "https://drspos.com/?p=4098" "Mozilla/5.0 (Windows NT 10.0; Win64; x64) AppleWebKit/537.36 (KHTML, like Gecko) Chrome/143.0.0.0 Safari/537.36"
74.7.227.61 - - [21/Mar/2026:15:51:41 +0200] "GET /shop/goods/anisodactyls172476475040.phtml HTTP/1.1" 301 - "https://drspos.com/%3C![CDATA[https:/eminencegroup.net.au/post-sitemap9.xml]]%3E" "Mozilla/5.0 AppleWebKit/537.36 (KHTML, like Gecko; compatible; GPTBot/1.3; +https://openai.com/gptbot)"
160.250.186.93 - - [21/Mar/2026:15:51:43 +0200] "GET /wp-content/themes/twentytwentyfive/style.css?ver=1.2 HTTP/1.1" 200 2503 "https://drspos.com/?p=4098" "Mozilla/5.0 (Windows NT 10.0; Win64; x64) AppleWebKit/537.36 (KHTML, like Gecko) Chrome/143.0.0.0 Safari/537.36"
160.250.186.93 - - [21/Mar/2026:15:51:44 +0200] "GET /wp-content/plugins/elementskit-lite/widgets/init/assets/css/widget-styles.css?ver=3.5.2 HTTP/1.1" 200 461827 "https://drspos.com/?p=4098" "Mozilla/5.0 (Windows NT 10.0; Win64; x64) AppleWebKit/537.36 (KHTML, like Gecko) Chrome/143.0.0.0 Safari/537.36"
74.7.227.61 - - [21/Mar/2026:15:51:43 +0200] "GET /shop/goods/anisodactyls172476475040.phtml/ HTTP/1.1" 200 150752 "https://drspos.com/shop/goods/anisodactyls172476475040.phtml" "Mozilla/5.0 AppleWebKit/537.36 (KHTML, like Gecko; compatible; GPTBot/1.3; +https://openai.com/gptbot)"
160.250.186.93 - - [21/Mar/2026:15:51:47 +0200] "GET /wp-content/plugins/elementskit-lite/widgets/init/assets/css/responsive.css?ver=3.5.2 HTTP/1.1" 200 30347 "https://drspos.com/?p=4098" "Mozilla/5.0 (Windows NT 10.0; Win64; x64) AppleWebKit/537.36 (KHTML, like Gecko) Chrome/143.0.0.0 Safari/537.36"
74.7.227.61 - - [21/Mar/2026:15:51:46 +0200] "GET /?p=31026 HTTP/1.1" 200 93516 "https://drspos.com/?p=31028" "Mozilla/5.0 AppleWebKit/537.36 (KHTML, like Gecko; compatible; GPTBot/1.3; +https://openai.com/gptbot)"
160.250.186.93 - - [21/Mar/2026:15:51:48 +0200] "GET /wp-content/plugins/ele-custom-skin/assets/css/ecs-style.css?ver=3.1.9 HTTP/1.1" 200 9125 "https://drspos.com/?p=4098" "Mozilla/5.0 (Windows NT 10.0; Win64; x64) AppleWebKit/537.36 (KHTML, like Gecko) Chrome/143.0.0.0 Safari/537.36"
160.250.186.93 - - [21/Mar/2026:15:51:49 +0200] "GET /wp-content/uploads/elementor/google-fonts/css/poppins.css?ver=1747086541 HTTP/1.1" 200 22361 "https://drspos.com/?p=4098" "Mozilla/5.0 (Windows NT 10.0; Win64; x64) AppleWebKit/537.36 (KHTML, like Gecko) Chrome/143.0.0.0 Safari/537.36"
160.250.186.93 - - [21/Mar/2026:15:51:50 +0200] "GET /wp-content/uploads/elementor/google-fonts/css/roboto.css?ver=1747086522 HTTP/1.1" 200 102870 "https://drspos.com/?p=4098" "Mozilla/5.0 (Windows NT 10.0; Win64; x64) AppleWebKit/537.36 (KHTML, like Gecko) Chrome/143.0.0.0 Safari/537.36"
74.7.227.61 - - [21/Mar/2026:15:51:49 +0200] "GET /shop/goods/psychrometer171708698214.phtml HTTP/1.1" 301 - "https://drspos.com/%3C![CDATA[https:/eminencegroup.net.au/post-sitemap9.xml]]%3E" "Mozilla/5.0 AppleWebKit/537.36 (KHTML, like Gecko; compatible; GPTBot/1.3; +https://openai.com/gptbot)"
52.167.144.204 - - [21/Mar/2026:15:51:50 +0200] "GET /shop/goods/cacolet153126031764.phtml HTTP/1.1" 200 202515 "-" "Mozilla/5.0 AppleWebKit/537.36 (KHTML, like Gecko; compatible; bingbot/2.0; +http://www.bing.com/bingbot.htm) Chrome/116.0.1938.76 Safari/537.36"
160.250.186.93 - - [21/Mar/2026:15:51:52 +0200] "GET /wp-content/uploads/elementor/google-fonts/css/playfairdisplay.css?ver=1747086558 HTTP/1.1" 200 20358 "https://drspos.com/?p=4098" "Mozilla/5.0 (Windows NT 10.0; Win64; x64) AppleWebKit/537.36 (KHTML, like Gecko) Chrome/143.0.0.0 Safari/537.36"
160.250.186.93 - - [21/Mar/2026:15:51:53 +0200] "GET /wp-content/plugins/elementor/assets/lib/font-awesome/css/fontawesome.min.css?ver=5.15.3 HTTP/1.1" 200 58071 "https://drspos.com/?p=4098" "Mozilla/5.0 (Windows NT 10.0; Win64; x64) AppleWebKit/537.36 (KHTML, like Gecko) Chrome/143.0.0.0 Safari/537.36"
52.167.144.204 - - [21/Mar/2026:15:51:52 +0200] "GET /shop/goods/skutterudite154289789317.phtml HTTP/1.1" 200 211134 "-" "Mozilla/5.0 AppleWebKit/537.36 (KHTML, like Gecko; compatible; bingbot/2.0; +http://www.bing.com/bingbot.htm) Chrome/116.0.1938.76 Safari/537.36"
74.7.227.61 - - [21/Mar/2026:15:51:51 +0200] "GET /shop/goods/psychrometer171708698214.phtml/ HTTP/1.1" 200 150752 "https://drspos.com/shop/goods/psychrometer171708698214.phtml" "Mozilla/5.0 AppleWebKit/537.36 (KHTML, like Gecko; compatible; GPTBot/1.3; +https://openai.com/gptbot)"
216.73.216.163 - - [21/Mar/2026:15:51:52 +0200] "GET /shop/goods/hucksterage162391037776.phtml HTTP/1.1" 301 - "-" "Mozilla/5.0 AppleWebKit/537.36 (KHTML, like Gecko; compatible; ClaudeBot/1.0; +claudebot@anthropic.com)"
160.250.186.93 - - [21/Mar/2026:15:51:54 +0200] "GET /wp-content/plugins/elementor/assets/lib/font-awesome/css/solid.min.css?ver=5.15.3 HTTP/1.1" 200 669 "https://drspos.com/?p=4098" "Mozilla/5.0 (Windows NT 10.0; Win64; x64) AppleWebKit/537.36 (KHTML, like Gecko) Chrome/143.0.0.0 Safari/537.36"
160.250.186.93 - - [21/Mar/2026:15:51:55 +0200] "GET /wp-content/plugins/elementor/assets/lib/font-awesome/css/brands.min.css?ver=5.15.3 HTTP/1.1" 200 675 "https://drspos.com/?p=4098" "Mozilla/5.0 (Windows NT 10.0; Win64; x64) AppleWebKit/537.36 (KHTML, like Gecko) Chrome/143.0.0.0 Safari/537.36"
160.250.186.93 - - [21/Mar/2026:15:51:56 +0200] "GET /wp-content/plugins/elementskit-lite/modules/elementskit-icon-pack/assets/css/ekiticons.css?ver=3.5.2 HTTP/1.1" 200 124992 "https://drspos.com/?p=4098" "Mozilla/5.0 (Windows NT 10.0; Win64; x64) AppleWebKit/537.36 (KHTML, like Gecko) Chrome/143.0.0.0 Safari/537.36"
74.7.227.61 - - [21/Mar/2026:15:51:54 +0200] "GET /shop/goods/circumposition172191682429.phtml HTTP/1.1" 301 - "https://drspos.com/%3C![CDATA[https:/eminencegroup.net.au/post-sitemap9.xml]]%3E" "Mozilla/5.0 AppleWebKit/537.36 (KHTML, like Gecko; compatible; GPTBot/1.3; +https://openai.com/gptbot)"
216.73.216.163 - - [21/Mar/2026:15:51:54 +0200] "GET /shop/goods/hucksterage162391037776.phtml/ HTTP/1.1" 200 150752 "https://drspos.com/shop/goods/hucksterage162391037776.phtml" "Mozilla/5.0 AppleWebKit/537.36 (KHTML, like Gecko; compatible; ClaudeBot/1.0; +claudebot@anthropic.com)"
52.167.144.204 - - [21/Mar/2026:15:51:56 +0200] "GET /shop/goods/spewed15294119237.phtml HTTP/1.1" 200 207625 "-" "Mozilla/5.0 AppleWebKit/537.36 (KHTML, like Gecko; compatible; bingbot/2.0; +http://www.bing.com/bingbot.htm) Chrome/116.0.1938.76 Safari/537.36"
74.7.227.61 - - [21/Mar/2026:15:51:56 +0200] "GET /shop/goods/circumposition172191682429.phtml/ HTTP/1.1" 200 150752 "https://drspos.com/shop/goods/circumposition172191682429.phtml" "Mozilla/5.0 AppleWebKit/537.36 (KHTML, like Gecko; compatible; GPTBot/1.3; +https://openai.com/gptbot)"
52.167.144.204 - - [21/Mar/2026:15:51:58 +0200] "GET /shop/goods/restlessly153124656084.phtml HTTP/1.1" 200 207614 "-" "Mozilla/5.0 AppleWebKit/537.36 (KHTML, like Gecko; compatible; bingbot/2.0; +http://www.bing.com/bingbot.htm) Chrome/116.0.1938.76 Safari/537.36"
160.250.186.93 - - [21/Mar/2026:15:51:58 +0200] "POST /wp-comments-post.php HTTP/1.1" 302 - "https://drspos.com/?p=4098" "Mozilla/5.0 (X11; Linux x86_64) AppleWebKit/537.36 (KHTML, like Gecko) Chrome/114.0.0.0 Safari/537.36 Vivaldi/5.3.2679.68"
74.7.227.61 - - [21/Mar/2026:15:51:59 +0200] "GET /?p=44072 HTTP/1.1" 200 93093 "https://drspos.com/?p=44070" "Mozilla/5.0 AppleWebKit/537.36 (KHTML, like Gecko; compatible; GPTBot/1.3; +https://openai.com/gptbot)"
52.167.144.204 - - [21/Mar/2026:15:52:02 +0200] "GET /shop/goods/anaesthetized15951977121.phtml HTTP/1.1" 200 216678 "-" "Mozilla/5.0 AppleWebKit/537.36 (KHTML, like Gecko; compatible; bingbot/2.0; +http://www.bing.com/bingbot.htm) Chrome/116.0.1938.76 Safari/537.36"
160.250.186.93 - - [21/Mar/2026:15:52:01 +0200] "GET /?p=4098&unapproved=1297&moderation-hash=d23842041263a094b8f06b7140d3f71b HTTP/1.1" 200 101197 "https://drspos.com/wp-comments-post.php" "Mozilla/5.0 (X11; Linux x86_64) AppleWebKit/537.36 (KHTML, like Gecko) Chrome/114.0.0.0 Safari/537.36 Vivaldi/5.3.2679.68"
74.7.227.61 - - [21/Mar/2026:15:52:02 +0200] "GET /?p=53048 HTTP/1.1" 200 95275 "https://drspos.com/?p=53050" "Mozilla/5.0 AppleWebKit/537.36 (KHTML, like Gecko; compatible; GPTBot/1.3; +https://openai.com/gptbot)"
52.167.144.204 - - [21/Mar/2026:15:52:05 +0200] "GET /shop/goods/electrology154271888768.phtml HTTP/1.1" 200 212385 "-" "Mozilla/5.0 AppleWebKit/537.36 (KHTML, like Gecko; compatible; bingbot/2.0; +http://www.bing.com/bingbot.htm) Chrome/116.0.1938.76 Safari/537.36"
74.7.227.61 - - [21/Mar/2026:15:52:06 +0200] "GET /shop/goods/anticausodic172146768474.phtml HTTP/1.1" 301 - "https://drspos.com/%3C![CDATA[https:/eminencegroup.net.au/post-sitemap9.xml]]%3E" "Mozilla/5.0 AppleWebKit/537.36 (KHTML, like Gecko; compatible; GPTBot/1.3; +https://openai.com/gptbot)"
160.250.186.93 - - [21/Mar/2026:15:52:05 +0200] "GET /?p=4098 HTTP/1.1" 200 101197 "-" "Mozilla/5.0 (X11; Linux x86_64) AppleWebKit/537.36 (KHTML, like Gecko) Chrome/114.0.0.0 Safari/537.36 Vivaldi/5.3.2679.68"
52.167.144.204 - - [21/Mar/2026:15:52:08 +0200] "GET /shop/goods/radiolaria153080647623.phtml HTTP/1.1" 200 216320 "-" "Mozilla/5.0 AppleWebKit/537.36 (KHTML, like Gecko; compatible; bingbot/2.0; +http://www.bing.com/bingbot.htm) Chrome/116.0.1938.76 Safari/537.36"
74.7.227.61 - - [21/Mar/2026:15:52:08 +0200] "GET /shop/goods/anticausodic172146768474.phtml/ HTTP/1.1" 200 150752 "https://drspos.com/shop/goods/anticausodic172146768474.phtml" "Mozilla/5.0 AppleWebKit/537.36 (KHTML, like Gecko; compatible; GPTBot/1.3; +https://openai.com/gptbot)"
52.167.144.204 - - [21/Mar/2026:15:52:11 +0200] "GET /shop/goods/omniparity15273288691.phtml HTTP/1.1" 200 199784 "-" "Mozilla/5.0 AppleWebKit/537.36 (KHTML, like Gecko; compatible; bingbot/2.0; +http://www.bing.com/bingbot.htm) Chrome/116.0.1938.76 Safari/537.36"
74.7.227.61 - - [21/Mar/2026:15:52:11 +0200] "GET /?p=48122 HTTP/1.1" 200 93264 "https://drspos.com/?p=48120" "Mozilla/5.0 AppleWebKit/537.36 (KHTML, like Gecko; compatible; GPTBot/1.3; +https://openai.com/gptbot)"
52.167.144.204 - - [21/Mar/2026:15:52:14 +0200] "GET /shop/goods/chromograph151450518040.phtml HTTP/1.1" 200 210898 "-" "Mozilla/5.0 AppleWebKit/537.36 (KHTML, like Gecko; compatible; bingbot/2.0; +http://www.bing.com/bingbot.htm) Chrome/116.0.1938.76 Safari/537.36"
74.7.227.61 - - [21/Mar/2026:15:52:14 +0200] "GET /?p=46814 HTTP/1.1" 200 92781 "https://drspos.com/?p=46815" "Mozilla/5.0 AppleWebKit/537.36 (KHTML, like Gecko; compatible; GPTBot/1.3; +https://openai.com/gptbot)"
52.167.144.204 - - [21/Mar/2026:15:52:17 +0200] "GET /shop/goods/aigulet151193110830.phtml HTTP/1.1" 200 213002 "-" "Mozilla/5.0 AppleWebKit/537.36 (KHTML, like Gecko; compatible; bingbot/2.0; +http://www.bing.com/bingbot.htm) Chrome/116.0.1938.76 Safari/537.36"
216.73.216.163 - - [21/Mar/2026:15:52:16 +0200] "GET /shop/goods/verbascum163195618880.phtml HTTP/1.1" 301 - "-" "Mozilla/5.0 AppleWebKit/537.36 (KHTML, like Gecko; compatible; ClaudeBot/1.0; +claudebot@anthropic.com)"
160.250.186.93 - - [21/Mar/2026:15:52:16 +0200] "GET /?p=4098 HTTP/1.1" 200 101197 "-" "Mozilla/5.0 (Windows NT 10.0; WOW64) AppleWebKit/537.36 (KHTML, like Gecko) Chrome/114.0.0.0 YaBrowser/22.7.0 Yowser/2.5 Safari/537.36"
74.7.227.61 - - [21/Mar/2026:15:52:17 +0200] "GET /shop/goods/mangoldwurzel171080157751.phtml HTTP/1.1" 301 - "https://drspos.com/%3C![CDATA[https:/eminencegroup.net.au/post-sitemap9.xml]]%3E" "Mozilla/5.0 AppleWebKit/537.36 (KHTML, like Gecko; compatible; GPTBot/1.3; +https://openai.com/gptbot)"
216.73.216.163 - - [21/Mar/2026:15:52:18 +0200] "GET /shop/goods/verbascum163195618880.phtml/ HTTP/1.1" 200 150752 "https://drspos.com/shop/goods/verbascum163195618880.phtml" "Mozilla/5.0 AppleWebKit/537.36 (KHTML, like Gecko; compatible; ClaudeBot/1.0; +claudebot@anthropic.com)"
74.7.227.61 - - [21/Mar/2026:15:52:19 +0200] "GET /shop/goods/mangoldwurzel171080157751.phtml/ HTTP/1.1" 200 150752 "https://drspos.com/shop/goods/mangoldwurzel171080157751.phtml" "Mozilla/5.0 AppleWebKit/537.36 (KHTML, like Gecko; compatible; GPTBot/1.3; +https://openai.com/gptbot)"
207.46.13.92 - - [21/Mar/2026:15:52:20 +0200] "GET /shop/goods/felling152978176112.phtml HTTP/1.1" 200 205127 "-" "Mozilla/5.0 AppleWebKit/537.36 (KHTML, like Gecko; compatible; bingbot/2.0; +http://www.bing.com/bingbot.htm) Chrome/116.0.1938.76 Safari/537.36"
74.7.227.61 - - [21/Mar/2026:15:52:22 +0200] "GET /shop/goods/syphilitically173283523909.phtml HTTP/1.1" 301 - "https://drspos.com/%3C![CDATA[https:/eminencegroup.net.au/post-sitemap9.xml]]%3E" "Mozilla/5.0 AppleWebKit/537.36 (KHTML, like Gecko; compatible; GPTBot/1.3; +https://openai.com/gptbot)"
207.46.13.92 - - [21/Mar/2026:15:52:23 +0200] "GET /shop/goods/unchain153679671520.phtml HTTP/1.1" 200 214932 "-" "Mozilla/5.0 AppleWebKit/537.36 (KHTML, like Gecko; compatible; bingbot/2.0; +http://www.bing.com/bingbot.htm) Chrome/116.0.1938.76 Safari/537.36"
216.73.216.163 - - [21/Mar/2026:15:52:23 +0200] "GET /shop/goods/horsehead124286427680.phtml HTTP/1.1" 301 - "-" "Mozilla/5.0 AppleWebKit/537.36 (KHTML, like Gecko; compatible; ClaudeBot/1.0; +claudebot@anthropic.com)"
74.7.227.61 - - [21/Mar/2026:15:52:24 +0200] "GET /shop/goods/syphilitically173283523909.phtml/ HTTP/1.1" 200 150752 "https://drspos.com/shop/goods/syphilitically173283523909.phtml" "Mozilla/5.0 AppleWebKit/537.36 (KHTML, like Gecko; compatible; GPTBot/1.3; +https://openai.com/gptbot)"
52.167.144.204 - - [21/Mar/2026:15:52:26 +0200] "GET /shop/goods/volatilization15900079210.phtml HTTP/1.1" 200 205213 "-" "Mozilla/5.0 AppleWebKit/537.36 (KHTML, like Gecko; compatible; bingbot/2.0; +http://www.bing.com/bingbot.htm) Chrome/116.0.1938.76 Safari/537.36"
216.73.216.163 - - [21/Mar/2026:15:52:25 +0200] "GET /shop/goods/horsehead124286427680.phtml/ HTTP/1.1" 200 150752 "https://drspos.com/shop/goods/horsehead124286427680.phtml" "Mozilla/5.0 AppleWebKit/537.36 (KHTML, like Gecko; compatible; ClaudeBot/1.0; +claudebot@anthropic.com)"
74.7.227.61 - - [21/Mar/2026:15:52:27 +0200] "GET /shop/goods/modifiability172515886782.phtml HTTP/1.1" 301 - "https://drspos.com/%3C![CDATA[https:/eminencegroup.net.au/post-sitemap9.xml]]%3E" "Mozilla/5.0 AppleWebKit/537.36 (KHTML, like Gecko; compatible; GPTBot/1.3; +https://openai.com/gptbot)"
52.167.144.204 - - [21/Mar/2026:15:52:30 +0200] "GET /shop/goods/medicean15203175348.phtml HTTP/1.1" 200 212898 "-" "Mozilla/5.0 AppleWebKit/537.36 (KHTML, like Gecko; compatible; bingbot/2.0; +http://www.bing.com/bingbot.htm) Chrome/116.0.1938.76 Safari/537.36"
74.7.227.61 - - [21/Mar/2026:15:52:30 +0200] "GET /shop/goods/modifiability172515886782.phtml/ HTTP/1.1" 200 150752 "https://drspos.com/shop/goods/modifiability172515886782.phtml" "Mozilla/5.0 AppleWebKit/537.36 (KHTML, like Gecko; compatible; GPTBot/1.3; +https://openai.com/gptbot)"
52.167.144.204 - - [21/Mar/2026:15:52:31 +0200] "GET /shop/goods/cacti151853426628.phtml HTTP/1.1" 200 211099 "-" "Mozilla/5.0 AppleWebKit/537.36 (KHTML, like Gecko; compatible; bingbot/2.0; +http://www.bing.com/bingbot.htm) Chrome/116.0.1938.76 Safari/537.36"
74.7.227.61 - - [21/Mar/2026:15:52:32 +0200] "GET /?p=31024 HTTP/1.1" 200 95717 "https://drspos.com/?p=31026" "Mozilla/5.0 AppleWebKit/537.36 (KHTML, like Gecko; compatible; GPTBot/1.3; +https://openai.com/gptbot)"
52.167.144.204 - - [21/Mar/2026:15:52:35 +0200] "GET /shop/goods/albicore153305027825.phtml HTTP/1.1" 200 216657 "-" "Mozilla/5.0 AppleWebKit/537.36 (KHTML, like Gecko; compatible; bingbot/2.0; +http://www.bing.com/bingbot.htm) Chrome/116.0.1938.76 Safari/537.36"
74.7.227.61 - - [21/Mar/2026:15:52:36 +0200] "GET /shop/goods/epipedometry172313789518.phtml HTTP/1.1" 301 - "https://drspos.com/%3C![CDATA[https:/eminencegroup.net.au/post-sitemap9.xml]]%3E" "Mozilla/5.0 AppleWebKit/537.36 (KHTML, like Gecko; compatible; GPTBot/1.3; +https://openai.com/gptbot)"
52.167.144.204 - - [21/Mar/2026:15:52:38 +0200] "GET /shop/goods/inconsistencies151411009358.phtml HTTP/1.1" 200 209687 "-" "Mozilla/5.0 AppleWebKit/537.36 (KHTML, like Gecko; compatible; bingbot/2.0; +http://www.bing.com/bingbot.htm) Chrome/116.0.1938.76 Safari/537.36"
74.7.227.61 - - [21/Mar/2026:15:52:38 +0200] "GET /shop/goods/epipedometry172313789518.phtml/ HTTP/1.1" 200 150752 "https://drspos.com/shop/goods/epipedometry172313789518.phtml" "Mozilla/5.0 AppleWebKit/537.36 (KHTML, like Gecko; compatible; GPTBot/1.3; +https://openai.com/gptbot)"
207.46.13.92 - - [21/Mar/2026:15:52:41 +0200] "GET /shop/goods/spiritualized153628345349.phtml HTTP/1.1" 200 201799 "-" "Mozilla/5.0 AppleWebKit/537.36 (KHTML, like Gecko; compatible; bingbot/2.0; +http://www.bing.com/bingbot.htm) Chrome/116.0.1938.76 Safari/537.36"
74.7.227.61 - - [21/Mar/2026:15:52:41 +0200] "GET /shop/goods/inconsequent172022729307.phtml HTTP/1.1" 301 - "https://drspos.com/%3C![CDATA[https:/eminencegroup.net.au/post-sitemap9.xml]]%3E" "Mozilla/5.0 AppleWebKit/537.36 (KHTML, like Gecko; compatible; GPTBot/1.3; +https://openai.com/gptbot)"
74.7.227.61 - - [21/Mar/2026:15:52:43 +0200] "GET /shop/goods/inconsequent172022729307.phtml/ HTTP/1.1" 200 150752 "https://drspos.com/shop/goods/inconsequent172022729307.phtml" "Mozilla/5.0 AppleWebKit/537.36 (KHTML, like Gecko; compatible; GPTBot/1.3; +https://openai.com/gptbot)"
52.167.144.218 - - [21/Mar/2026:15:52:46 +0200] "GET /shop/goods/forbiddingly152598243218.phtml HTTP/1.1" 200 207800 "-" "Mozilla/5.0 AppleWebKit/537.36 (KHTML, like Gecko; compatible; bingbot/2.0; +http://www.bing.com/bingbot.htm) Chrome/116.0.1938.76 Safari/537.36"
74.7.227.61 - - [21/Mar/2026:15:52:47 +0200] "GET /?p=44073 HTTP/1.1" 200 103835 "https://drspos.com/?p=44072" "Mozilla/5.0 AppleWebKit/537.36 (KHTML, like Gecko; compatible; GPTBot/1.3; +https://openai.com/gptbot)"
216.73.216.163 - - [21/Mar/2026:15:52:47 +0200] "GET /shop/goods/attitudinizer164103015014.phtml HTTP/1.1" 301 - "-" "Mozilla/5.0 AppleWebKit/537.36 (KHTML, like Gecko; compatible; ClaudeBot/1.0; +claudebot@anthropic.com)"
52.167.144.218 - - [21/Mar/2026:15:52:49 +0200] "GET /shop/goods/pairing152158757863.phtml HTTP/1.1" 200 214898 "-" "Mozilla/5.0 AppleWebKit/537.36 (KHTML, like Gecko; compatible; bingbot/2.0; +http://www.bing.com/bingbot.htm) Chrome/116.0.1938.76 Safari/537.36"
216.73.216.163 - - [21/Mar/2026:15:52:50 +0200] "GET /shop/goods/attitudinizer164103015014.phtml/ HTTP/1.1" 200 150752 "https://drspos.com/shop/goods/attitudinizer164103015014.phtml" "Mozilla/5.0 AppleWebKit/537.36 (KHTML, like Gecko; compatible; ClaudeBot/1.0; +claudebot@anthropic.com)"
74.7.227.61 - - [21/Mar/2026:15:52:50 +0200] "GET /?p=53046 HTTP/1.1" 200 94130 "https://drspos.com/?p=53048" "Mozilla/5.0 AppleWebKit/537.36 (KHTML, like Gecko; compatible; GPTBot/1.3; +https://openai.com/gptbot)"
98.98.9.59 - - [21/Mar/2026:15:52:48 +0200] "POST /xmlrpc.php HTTP/1.1" 200 180 "-" "Mozilla/5.0 (Windows NT 10.0; Win64; x64) AppleWebKit/537.36 (KHTML, like Gecko) Chrome/114.0.0.0 Safari/537.36"
52.167.144.218 - - [21/Mar/2026:15:52:53 +0200] "GET /shop/goods/turbulence151652488955.phtml HTTP/1.1" 200 215548 "-" "Mozilla/5.0 AppleWebKit/537.36 (KHTML, like Gecko; compatible; bingbot/2.0; +http://www.bing.com/bingbot.htm) Chrome/116.0.1938.76 Safari/537.36"
74.7.227.61 - - [21/Mar/2026:15:52:53 +0200] "GET /shop/goods/disembowelment172747920290.phtml HTTP/1.1" 301 - "https://drspos.com/%3C![CDATA[https:/eminencegroup.net.au/post-sitemap9.xml]]%3E" "Mozilla/5.0 AppleWebKit/537.36 (KHTML, like Gecko; compatible; GPTBot/1.3; +https://openai.com/gptbot)"
216.73.216.163 - - [21/Mar/2026:15:52:54 +0200] "GET /shop/goods/clumber142650477780.phtml HTTP/1.1" 301 - "-" "Mozilla/5.0 AppleWebKit/537.36 (KHTML, like Gecko; compatible; ClaudeBot/1.0; +claudebot@anthropic.com)"
52.167.144.204 - - [21/Mar/2026:15:52:55 +0200] "GET /shop/goods/briticism153822731946.phtml HTTP/1.1" 200 215438 "-" "Mozilla/5.0 AppleWebKit/537.36 (KHTML, like Gecko; compatible; bingbot/2.0; +http://www.bing.com/bingbot.htm) Chrome/116.0.1938.76 Safari/537.36"
74.7.227.61 - - [21/Mar/2026:15:52:55 +0200] "GET /shop/goods/disembowelment172747920290.phtml/ HTTP/1.1" 200 150752 "https://drspos.com/shop/goods/disembowelment172747920290.phtml" "Mozilla/5.0 AppleWebKit/537.36 (KHTML, like Gecko; compatible; GPTBot/1.3; +https://openai.com/gptbot)"
172.30.5.1 - - [21/Mar/2026:15:52:52 +0200] "POST /wp-cron.php?doing_wp_cron=1774101172.6778440475463867187500 HTTP/1.1" 200 - "-" "WordPress/6.9.4; https://drspos.com"
216.73.216.163 - - [21/Mar/2026:15:52:57 +0200] "GET /shop/goods/clumber142650477780.phtml/ HTTP/1.1" 200 150752 "https://drspos.com/shop/goods/clumber142650477780.phtml" "Mozilla/5.0 AppleWebKit/537.36 (KHTML, like Gecko; compatible; ClaudeBot/1.0; +claudebot@anthropic.com)"
74.7.227.61 - - [21/Mar/2026:15:52:58 +0200] "GET /?p=48124 HTTP/1.1" 200 91152 "https://drspos.com/?p=48122" "Mozilla/5.0 AppleWebKit/537.36 (KHTML, like Gecko; compatible; GPTBot/1.3; +https://openai.com/gptbot)"
207.46.13.92 - - [21/Mar/2026:15:52:59 +0200] "GET /shop/goods/zealotism10880797316.phtml HTTP/1.1" 200 207922 "-" "Mozilla/5.0 AppleWebKit/537.36 (KHTML, like Gecko; compatible; bingbot/2.0; +http://www.bing.com/bingbot.htm) Chrome/116.0.1938.76 Safari/537.36"
98.98.9.59 - - [21/Mar/2026:15:53:00 +0200] "POST /xmlrpc.php HTTP/1.1" 200 13881 "-" "Mozilla/5.0 (Windows NT 10.0; Win64; x64) AppleWebKit/537.36 (KHTML, like Gecko) Chrome/114.0.0.0 Safari/537.36"
207.46.13.92 - - [21/Mar/2026:15:53:02 +0200] "GET /shop/goods/breviped154102524265.phtml HTTP/1.1" 200 194990 "-" "Mozilla/5.0 AppleWebKit/537.36 (KHTML, like Gecko; compatible; bingbot/2.0; +http://www.bing.com/bingbot.htm) Chrome/116.0.1938.76 Safari/537.36"
74.7.227.61 - - [21/Mar/2026:15:53:01 +0200] "GET /?p=46812 HTTP/1.1" 200 90747 "https://drspos.com/?p=46814" "Mozilla/5.0 AppleWebKit/537.36 (KHTML, like Gecko; compatible; GPTBot/1.3; +https://openai.com/gptbot)"
98.98.9.59 - - [21/Mar/2026:15:53:03 +0200] "GET /?p=55732 HTTP/1.1" 200 96316 "-" "Mozilla/5.0 (Windows NT 10.0; Win64; x64) AppleWebKit/537.36 (KHTML, like Gecko) Chrome/124.0.0.0 Safari/537.36"
74.7.227.61 - - [21/Mar/2026:15:53:05 +0200] "GET /shop/goods/deuterozooid171018495922.phtml HTTP/1.1" 301 - "https://drspos.com/%3C![CDATA[https:/eminencegroup.net.au/post-sitemap9.xml]]%3E" "Mozilla/5.0 AppleWebKit/537.36 (KHTML, like Gecko; compatible; GPTBot/1.3; +https://openai.com/gptbot)"
207.46.13.92 - - [21/Mar/2026:15:53:06 +0200] "GET /shop/goods/appeach151778163557.phtml HTTP/1.1" 200 217193 "-" "Mozilla/5.0 AppleWebKit/537.36 (KHTML, like Gecko; compatible; bingbot/2.0; +http://www.bing.com/bingbot.htm) Chrome/116.0.1938.76 Safari/537.36"
74.7.227.61 - - [21/Mar/2026:15:53:07 +0200] "GET /shop/goods/deuterozooid171018495922.phtml/ HTTP/1.1" 200 150752 "https://drspos.com/shop/goods/deuterozooid171018495922.phtml" "Mozilla/5.0 AppleWebKit/537.36 (KHTML, like Gecko; compatible; GPTBot/1.3; +https://openai.com/gptbot)"
207.46.13.92 - - [21/Mar/2026:15:53:09 +0200] "GET /shop/goods/judger153078773493.phtml HTTP/1.1" 200 212350 "-" "Mozilla/5.0 AppleWebKit/537.36 (KHTML, like Gecko; compatible; bingbot/2.0; +http://www.bing.com/bingbot.htm) Chrome/116.0.1938.76 Safari/537.36"
207.46.13.92 - - [21/Mar/2026:15:53:11 +0200] "GET /shop/goods/pusillanimity153649201524.phtml HTTP/1.1" 200 212272 "-" "Mozilla/5.0 AppleWebKit/537.36 (KHTML, like Gecko; compatible; bingbot/2.0; +http://www.bing.com/bingbot.htm) Chrome/116.0.1938.76 Safari/537.36"
74.7.227.61 - - [21/Mar/2026:15:53:10 +0200] "GET /shop/goods/skeletogenous173048623360.phtml HTTP/1.1" 301 - "https://drspos.com/%3C![CDATA[https:/eminencegroup.net.au/post-sitemap9.xml]]%3E" "Mozilla/5.0 AppleWebKit/537.36 (KHTML, like Gecko; compatible; GPTBot/1.3; +https://openai.com/gptbot)"
74.7.227.61 - - [21/Mar/2026:15:53:12 +0200] "GET /shop/goods/skeletogenous173048623360.phtml/ HTTP/1.1" 200 150752 "https://drspos.com/shop/goods/skeletogenous173048623360.phtml" "Mozilla/5.0 AppleWebKit/537.36 (KHTML, like Gecko; compatible; GPTBot/1.3; +https://openai.com/gptbot)"
216.73.216.163 - - [21/Mar/2026:15:53:13 +0200] "GET /shop/goods/prayingly171459908783.phtml HTTP/1.1" 301 - "-" "Mozilla/5.0 AppleWebKit/537.36 (KHTML, like Gecko; compatible; ClaudeBot/1.0; +claudebot@anthropic.com)"
52.167.144.218 - - [21/Mar/2026:15:53:15 +0200] "GET /shop/goods/recipient152549337081.phtml HTTP/1.1" 200 210549 "-" "Mozilla/5.0 AppleWebKit/537.36 (KHTML, like Gecko; compatible; bingbot/2.0; +http://www.bing.com/bingbot.htm) Chrome/116.0.1938.76 Safari/537.36"
74.7.227.61 - - [21/Mar/2026:15:53:16 +0200] "GET /shop/goods/northeastern172921763944.phtml HTTP/1.1" 301 - "https://drspos.com/%3C![CDATA[https:/eminencegroup.net.au/post-sitemap9.xml]]%3E" "Mozilla/5.0 AppleWebKit/537.36 (KHTML, like Gecko; compatible; GPTBot/1.3; +https://openai.com/gptbot)"
216.73.216.163 - - [21/Mar/2026:15:53:16 +0200] "GET /shop/goods/prayingly171459908783.phtml/ HTTP/1.1" 200 150752 "https://www.drspos.com/shop/goods/prayingly171459908783.phtml" "Mozilla/5.0 AppleWebKit/537.36 (KHTML, like Gecko; compatible; ClaudeBot/1.0; +claudebot@anthropic.com)"
52.167.144.218 - - [21/Mar/2026:15:53:18 +0200] "GET /shop/goods/amorphousness152031691982.phtml HTTP/1.1" 200 202636 "-" "Mozilla/5.0 AppleWebKit/537.36 (KHTML, like Gecko; compatible; bingbot/2.0; +http://www.bing.com/bingbot.htm) Chrome/116.0.1938.76 Safari/537.36"
74.7.227.61 - - [21/Mar/2026:15:53:18 +0200] "GET /shop/goods/northeastern172921763944.phtml/ HTTP/1.1" 200 150752 "https://drspos.com/shop/goods/northeastern172921763944.phtml" "Mozilla/5.0 AppleWebKit/537.36 (KHTML, like Gecko; compatible; GPTBot/1.3; +https://openai.com/gptbot)"
216.73.216.163 - - [21/Mar/2026:15:53:20 +0200] "GET /shop/goods/fytte133021777568.phtml HTTP/1.1" 301 - "-" "Mozilla/5.0 AppleWebKit/537.36 (KHTML, like Gecko; compatible; ClaudeBot/1.0; +claudebot@anthropic.com)"
207.46.13.92 - - [21/Mar/2026:15:53:21 +0200] "GET /shop/goods/etude152470580586.phtml HTTP/1.1" 200 204255 "-" "Mozilla/5.0 AppleWebKit/537.36 (KHTML, like Gecko; compatible; bingbot/2.0; +http://www.bing.com/bingbot.htm) Chrome/116.0.1938.76 Safari/537.36"
74.7.227.61 - - [21/Mar/2026:15:53:21 +0200] "GET /?p=31022 HTTP/1.1" 200 96856 "https://drspos.com/?p=31024" "Mozilla/5.0 AppleWebKit/537.36 (KHTML, like Gecko; compatible; GPTBot/1.3; +https://openai.com/gptbot)"
216.73.216.163 - - [21/Mar/2026:15:53:22 +0200] "GET /shop/goods/mosstone122827379200.phtml HTTP/1.1" 301 - "-" "Mozilla/5.0 AppleWebKit/537.36 (KHTML, like Gecko; compatible; ClaudeBot/1.0; +claudebot@anthropic.com)"
216.73.216.163 - - [21/Mar/2026:15:53:22 +0200] "GET /shop/goods/fytte133021777568.phtml/ HTTP/1.1" 200 150752 "https://drspos.com/shop/goods/fytte133021777568.phtml" "Mozilla/5.0 AppleWebKit/537.36 (KHTML, like Gecko; compatible; ClaudeBot/1.0; +claudebot@anthropic.com)"
74.7.227.61 - - [21/Mar/2026:15:53:25 +0200] "GET /shop/goods/deformational172802262872.phtml HTTP/1.1" 301 - "https://drspos.com/%3C![CDATA[https:/eminencegroup.net.au/post-sitemap9.xml]]%3E" "Mozilla/5.0 AppleWebKit/537.36 (KHTML, like Gecko; compatible; GPTBot/1.3; +https://openai.com/gptbot)"
216.73.216.163 - - [21/Mar/2026:15:53:25 +0200] "GET /shop/goods/mosstone122827379200.phtml/ HTTP/1.1" 200 150736 "https://drspos.com/shop/goods/mosstone122827379200.phtml" "Mozilla/5.0 AppleWebKit/537.36 (KHTML, like Gecko; compatible; ClaudeBot/1.0; +claudebot@anthropic.com)"
52.167.144.218 - - [21/Mar/2026:15:53:26 +0200] "GET /shop/goods/baramunda15758399591.phtml HTTP/1.1" 200 220749 "-" "Mozilla/5.0 AppleWebKit/537.36 (KHTML, like Gecko; compatible; bingbot/2.0; +http://www.bing.com/bingbot.htm) Chrome/116.0.1938.76 Safari/537.36"
74.7.227.61 - - [21/Mar/2026:15:53:27 +0200] "GET /shop/goods/deformational172802262872.phtml/ HTTP/1.1" 200 150752 "https://drspos.com/shop/goods/deformational172802262872.phtml" "Mozilla/5.0 AppleWebKit/537.36 (KHTML, like Gecko; compatible; GPTBot/1.3; +https://openai.com/gptbot)"
52.167.144.204 - - [21/Mar/2026:15:53:31 +0200] "GET /shop/goods/edentation152337261970.phtml HTTP/1.1" 200 213725 "-" "Mozilla/5.0 AppleWebKit/537.36 (KHTML, like Gecko; compatible; bingbot/2.0; +http://www.bing.com/bingbot.htm) Chrome/116.0.1938.76 Safari/537.36"
74.7.227.61 - - [21/Mar/2026:15:53:30 +0200] "GET /shop/goods/ventriloquy172798886183.phtml HTTP/1.1" 301 - "https://drspos.com/%3C![CDATA[https:/eminencegroup.net.au/post-sitemap9.xml]]%3E" "Mozilla/5.0 AppleWebKit/537.36 (KHTML, like Gecko; compatible; GPTBot/1.3; +https://openai.com/gptbot)"
52.167.144.204 - - [21/Mar/2026:15:53:33 +0200] "GET /shop/goods/dryobstes1537588111.phtml HTTP/1.1" 200 203997 "-" "Mozilla/5.0 AppleWebKit/537.36 (KHTML, like Gecko; compatible; bingbot/2.0; +http://www.bing.com/bingbot.htm) Chrome/116.0.1938.76 Safari/537.36"
74.7.227.61 - - [21/Mar/2026:15:53:33 +0200] "GET /shop/goods/ventriloquy172798886183.phtml/ HTTP/1.1" 200 150752 "https://drspos.com/shop/goods/ventriloquy172798886183.phtml" "Mozilla/5.0 AppleWebKit/537.36 (KHTML, like Gecko; compatible; GPTBot/1.3; +https://openai.com/gptbot)"
52.167.144.204 - - [21/Mar/2026:15:53:37 +0200] "GET /shop/goods/volunteered15921858159.phtml HTTP/1.1" 200 201173 "-" "Mozilla/5.0 AppleWebKit/537.36 (KHTML, like Gecko; compatible; bingbot/2.0; +http://www.bing.com/bingbot.htm) Chrome/116.0.1938.76 Safari/537.36"
74.7.227.61 - - [21/Mar/2026:15:53:36 +0200] "GET /?p=44076 HTTP/1.1" 200 91345 "https://drspos.com/?p=44073" "Mozilla/5.0 AppleWebKit/537.36 (KHTML, like Gecko; compatible; GPTBot/1.3; +https://openai.com/gptbot)"
52.167.144.204 - - [21/Mar/2026:15:53:39 +0200] "GET /shop/goods/sturdier151955319969.phtml HTTP/1.1" 200 200962 "-" "Mozilla/5.0 AppleWebKit/537.36 (KHTML, like Gecko; compatible; bingbot/2.0; +http://www.bing.com/bingbot.htm) Chrome/116.0.1938.76 Safari/537.36"
74.7.227.61 - - [21/Mar/2026:15:53:39 +0200] "GET /?p=53044 HTTP/1.1" 200 92622 "https://drspos.com/?p=53046" "Mozilla/5.0 AppleWebKit/537.36 (KHTML, like Gecko; compatible; GPTBot/1.3; +https://openai.com/gptbot)"
52.167.144.204 - - [21/Mar/2026:15:53:42 +0200] "GET /shop/goods/pickmeup101557931615.phtml HTTP/1.1" 200 199461 "-" "Mozilla/5.0 AppleWebKit/537.36 (KHTML, like Gecko; compatible; bingbot/2.0; +http://www.bing.com/bingbot.htm) Chrome/116.0.1938.76 Safari/537.36"
74.7.227.61 - - [21/Mar/2026:15:53:43 +0200] "GET /?p=55732 HTTP/1.1" 200 96316 "https://drspos.com/?p=53046" "Mozilla/5.0 AppleWebKit/537.36 (KHTML, like Gecko; compatible; GPTBot/1.3; +https://openai.com/gptbot)"
216.73.216.163 - - [21/Mar/2026:15:53:44 +0200] "GET /shop/goods/desecrating16179360799.phtml HTTP/1.1" 301 - "-" "Mozilla/5.0 AppleWebKit/537.36 (KHTML, like Gecko; compatible; ClaudeBot/1.0; +claudebot@anthropic.com)"
52.167.144.204 - - [21/Mar/2026:15:53:45 +0200] "GET /shop/goods/interdashed151307157187.phtml HTTP/1.1" 200 201558 "-" "Mozilla/5.0 AppleWebKit/537.36 (KHTML, like Gecko; compatible; bingbot/2.0; +http://www.bing.com/bingbot.htm) Chrome/116.0.1938.76 Safari/537.36"
74.7.227.61 - - [21/Mar/2026:15:53:46 +0200] "GET /?p=48126 HTTP/1.1" 200 94837 "https://drspos.com/?p=48124" "Mozilla/5.0 AppleWebKit/537.36 (KHTML, like Gecko; compatible; GPTBot/1.3; +https://openai.com/gptbot)"
216.73.216.163 - - [21/Mar/2026:15:53:46 +0200] "GET /shop/goods/desecrating16179360799.phtml/ HTTP/1.1" 200 150752 "https://drspos.com/shop/goods/desecrating16179360799.phtml" "Mozilla/5.0 AppleWebKit/537.36 (KHTML, like Gecko; compatible; ClaudeBot/1.0; +claudebot@anthropic.com)"
52.167.144.204 - - [21/Mar/2026:15:53:48 +0200] "GET /shop/goods/monographous15882737694.phtml HTTP/1.1" 200 215375 "-" "Mozilla/5.0 AppleWebKit/537.36 (KHTML, like Gecko; compatible; bingbot/2.0; +http://www.bing.com/bingbot.htm) Chrome/116.0.1938.76 Safari/537.36"
74.7.227.61 - - [21/Mar/2026:15:53:49 +0200] "GET /?p=46810 HTTP/1.1" 200 96039 "https://drspos.com/?p=46812" "Mozilla/5.0 AppleWebKit/537.36 (KHTML, like Gecko; compatible; GPTBot/1.3; +https://openai.com/gptbot)"
52.167.144.204 - - [21/Mar/2026:15:53:51 +0200] "GET /shop/goods/chlortetracycline15582466720.phtml HTTP/1.1" 200 213915 "-" "Mozilla/5.0 AppleWebKit/537.36 (KHTML, like Gecko; compatible; bingbot/2.0; +http://www.bing.com/bingbot.htm) Chrome/116.0.1938.76 Safari/537.36"
74.7.227.61 - - [21/Mar/2026:15:53:52 +0200] "GET /shop/goods/meliaceous173333114196.phtml HTTP/1.1" 301 - "https://drspos.com/%3C![CDATA[https:/eminencegroup.net.au/post-sitemap9.xml]]%3E" "Mozilla/5.0 AppleWebKit/537.36 (KHTML, like Gecko; compatible; GPTBot/1.3; +https://openai.com/gptbot)"
52.167.144.204 - - [21/Mar/2026:15:53:54 +0200] "GET /shop/goods/anoxia1536409340.phtml HTTP/1.1" 200 206463 "-" "Mozilla/5.0 AppleWebKit/537.36 (KHTML, like Gecko; compatible; bingbot/2.0; +http://www.bing.com/bingbot.htm) Chrome/116.0.1938.76 Safari/537.36"
74.7.227.61 - - [21/Mar/2026:15:53:54 +0200] "GET /shop/goods/meliaceous173333114196.phtml/ HTTP/1.1" 200 150752 "https://drspos.com/shop/goods/meliaceous173333114196.phtml" "Mozilla/5.0 AppleWebKit/537.36 (KHTML, like Gecko; compatible; GPTBot/1.3; +https://openai.com/gptbot)"
216.73.216.163 - - [21/Mar/2026:15:53:56 +0200] "GET /shop/goods/train1747940658.phtml HTTP/1.1" 301 - "-" "Mozilla/5.0 AppleWebKit/537.36 (KHTML, like Gecko; compatible; ClaudeBot/1.0; +claudebot@anthropic.com)"
52.167.144.204 - - [21/Mar/2026:15:53:57 +0200] "GET /shop/goods/crocataria152438798103.phtml HTTP/1.1" 200 213097 "-" "Mozilla/5.0 AppleWebKit/537.36 (KHTML, like Gecko; compatible; bingbot/2.0; +http://www.bing.com/bingbot.htm) Chrome/116.0.1938.76 Safari/537.36"
74.7.227.61 - - [21/Mar/2026:15:53:57 +0200] "GET /shop/goods/legibility171638983333.phtml HTTP/1.1" 301 - "https://drspos.com/%3C![CDATA[https:/eminencegroup.net.au/post-sitemap9.xml]]%3E" "Mozilla/5.0 AppleWebKit/537.36 (KHTML, like Gecko; compatible; GPTBot/1.3; +https://openai.com/gptbot)"
216.73.216.163 - - [21/Mar/2026:15:53:59 +0200] "GET /shop/goods/train1747940658.phtml/ HTTP/1.1" 200 150752 "https://www.drspos.com/shop/goods/train1747940658.phtml" "Mozilla/5.0 AppleWebKit/537.36 (KHTML, like Gecko; compatible; ClaudeBot/1.0; +claudebot@anthropic.com)"
52.167.144.218 - - [21/Mar/2026:15:54:00 +0200] "GET /shop/goods/equivocator152330981395.phtml HTTP/1.1" 200 204899 "-" "Mozilla/5.0 AppleWebKit/537.36 (KHTML, like Gecko; compatible; bingbot/2.0; +http://www.bing.com/bingbot.htm) Chrome/116.0.1938.76 Safari/537.36"
74.7.227.61 - - [21/Mar/2026:15:53:59 +0200] "GET /shop/goods/legibility171638983333.phtml/ HTTP/1.1" 200 150752 "https://drspos.com/shop/goods/legibility171638983333.phtml" "Mozilla/5.0 AppleWebKit/537.36 (KHTML, like Gecko; compatible; GPTBot/1.3; +https://openai.com/gptbot)"
216.73.216.163 - - [21/Mar/2026:15:54:02 +0200] "GET /shop/goods/persian132703979052.phtml HTTP/1.1" 301 - "-" "Mozilla/5.0 AppleWebKit/537.36 (KHTML, like Gecko; compatible; ClaudeBot/1.0; +claudebot@anthropic.com)"
52.167.144.218 - - [21/Mar/2026:15:54:04 +0200] "GET /shop/goods/detailed101690404611.phtml HTTP/1.1" 200 211824 "-" "Mozilla/5.0 AppleWebKit/537.36 (KHTML, like Gecko; compatible; bingbot/2.0; +http://www.bing.com/bingbot.htm) Chrome/116.0.1938.76 Safari/537.36"
74.7.227.61 - - [21/Mar/2026:15:54:03 +0200] "GET /shop/goods/strontitic171111836528.phtml HTTP/1.1" 301 - "https://drspos.com/%3C![CDATA[https:/eminencegroup.net.au/post-sitemap9.xml]]%3E" "Mozilla/5.0 AppleWebKit/537.36 (KHTML, like Gecko; compatible; GPTBot/1.3; +https://openai.com/gptbot)"
216.73.216.163 - - [21/Mar/2026:15:54:05 +0200] "GET /shop/goods/persian132703979052.phtml/ HTTP/1.1" 200 150752 "https://drspos.com/shop/goods/persian132703979052.phtml" "Mozilla/5.0 AppleWebKit/537.36 (KHTML, like Gecko; compatible; ClaudeBot/1.0; +claudebot@anthropic.com)"
52.167.144.218 - - [21/Mar/2026:15:54:06 +0200] "GET /shop/goods/crumpler15199434963.phtml HTTP/1.1" 200 203123 "-" "Mozilla/5.0 AppleWebKit/537.36 (KHTML, like Gecko; compatible; bingbot/2.0; +http://www.bing.com/bingbot.htm) Chrome/116.0.1938.76 Safari/537.36"
74.7.227.61 - - [21/Mar/2026:15:54:05 +0200] "GET /shop/goods/strontitic171111836528.phtml/ HTTP/1.1" 200 150752 "https://drspos.com/shop/goods/strontitic171111836528.phtml" "Mozilla/5.0 AppleWebKit/537.36 (KHTML, like Gecko; compatible; GPTBot/1.3; +https://openai.com/gptbot)"
52.167.144.218 - - [21/Mar/2026:15:54:09 +0200] "GET /shop/goods/berob133591982608.phtml HTTP/1.1" 200 213115 "-" "Mozilla/5.0 AppleWebKit/537.36 (KHTML, like Gecko; compatible; bingbot/2.0; +http://www.bing.com/bingbot.htm) Chrome/116.0.1938.76 Safari/537.36"
74.7.227.61 - - [21/Mar/2026:15:54:09 +0200] "GET /?p=31020 HTTP/1.1" 200 93841 "https://drspos.com/?p=31022" "Mozilla/5.0 AppleWebKit/537.36 (KHTML, like Gecko; compatible; GPTBot/1.3; +https://openai.com/gptbot)"
52.167.144.218 - - [21/Mar/2026:15:54:13 +0200] "GET /shop/goods/shory151303840315.phtml HTTP/1.1" 200 204546 "-" "Mozilla/5.0 AppleWebKit/537.36 (KHTML, like Gecko; compatible; bingbot/2.0; +http://www.bing.com/bingbot.htm) Chrome/116.0.1938.76 Safari/537.36"
74.7.227.61 - - [21/Mar/2026:15:54:12 +0200] "GET /shop/goods/englishman17729951969.phtml HTTP/1.1" 301 - "https://drspos.com/%3C![CDATA[https:/eminencegroup.net.au/post-sitemap9.xml]]%3E" "Mozilla/5.0 AppleWebKit/537.36 (KHTML, like Gecko; compatible; GPTBot/1.3; +https://openai.com/gptbot)"
74.7.227.61 - - [21/Mar/2026:15:54:14 +0200] "GET /shop/goods/englishman17729951969.phtml/ HTTP/1.1" 200 150752 "https://drspos.com/shop/goods/englishman17729951969.phtml" "Mozilla/5.0 AppleWebKit/537.36 (KHTML, like Gecko; compatible; GPTBot/1.3; +https://openai.com/gptbot)"
52.167.144.218 - - [21/Mar/2026:15:54:16 +0200] "GET /shop/goods/preceptial151738125689.phtml HTTP/1.1" 200 193957 "-" "Mozilla/5.0 AppleWebKit/537.36 (KHTML, like Gecko; compatible; bingbot/2.0; +http://www.bing.com/bingbot.htm) Chrome/116.0.1938.76 Safari/537.36"
