40.77.167.42 - - [21/Mar/2026:15:03:15 +0200] "GET /shop/goods/barbaric152443954061.phtml HTTP/1.1" 200 210230 "-" "Mozilla/5.0 AppleWebKit/537.36 (KHTML, like Gecko; compatible; bingbot/2.0; +http://www.bing.com/bingbot.htm) Chrome/116.0.1938.76 Safari/537.36"
74.7.227.61 - - [21/Mar/2026:15:03:13 +0200] "GET /?feed=rss2&p=35457 HTTP/1.1" 200 786 "https://drspos.com/?p=35457" "Mozilla/5.0 AppleWebKit/537.36 (KHTML, like Gecko; compatible; GPTBot/1.3; +https://openai.com/gptbot)"
74.7.227.61 - - [21/Mar/2026:15:03:17 +0200] "GET /index.php?rest_route=%2Foembed%2F1.0%2Fembed&url=https%3A%2F%2Fdrspos.com%2F%3Fp%3D35457 HTTP/1.1" 200 2250 "https://drspos.com/?p=35457" "Mozilla/5.0 AppleWebKit/537.36 (KHTML, like Gecko; compatible; GPTBot/1.3; +https://openai.com/gptbot)"
40.77.167.42 - - [21/Mar/2026:15:03:20 +0200] "GET /shop/goods/negligent141002834416.phtml HTTP/1.1" 200 201846 "-" "Mozilla/5.0 AppleWebKit/537.36 (KHTML, like Gecko; compatible; bingbot/2.0; +http://www.bing.com/bingbot.htm) Chrome/116.0.1938.76 Safari/537.36"
74.7.227.61 - - [21/Mar/2026:15:03:21 +0200] "GET /?p=39959 HTTP/1.1" 200 93978 "https://drspos.com/?p=39957" "Mozilla/5.0 AppleWebKit/537.36 (KHTML, like Gecko; compatible; GPTBot/1.3; +https://openai.com/gptbot)"
40.77.167.42 - - [21/Mar/2026:15:03:23 +0200] "GET /shop/goods/ribbonwood153152738834.phtml HTTP/1.1" 200 207649 "-" "Mozilla/5.0 AppleWebKit/537.36 (KHTML, like Gecko; compatible; bingbot/2.0; +http://www.bing.com/bingbot.htm) Chrome/116.0.1938.76 Safari/537.36"
74.7.227.61 - - [21/Mar/2026:15:03:24 +0200] "GET /?p=40111 HTTP/1.1" 200 94328 "https://drspos.com/?p=40113" "Mozilla/5.0 AppleWebKit/537.36 (KHTML, like Gecko; compatible; GPTBot/1.3; +https://openai.com/gptbot)"
74.7.227.61 - - [21/Mar/2026:15:03:27 +0200] "GET /wp-content/uploads/essential-addons-elementor/eael-47.css?ver=1773814169 HTTP/1.1" 200 16146 "https://drspos.com/?p=39957" "Mozilla/5.0 AppleWebKit/537.36 (KHTML, like Gecko; compatible; GPTBot/1.3; +https://openai.com/gptbot)"
52.167.144.204 - - [21/Mar/2026:15:03:26 +0200] "GET /shop/goods/tonguelet151974837092.phtml HTTP/1.1" 200 218411 "-" "Mozilla/5.0 AppleWebKit/537.36 (KHTML, like Gecko; compatible; bingbot/2.0; +http://www.bing.com/bingbot.htm) Chrome/116.0.1938.76 Safari/537.36"
216.73.216.163 - - [21/Mar/2026:15:03:26 +0200] "GET /shop/goods/multiflue172549585672.phtml HTTP/1.1" 301 - "-" "Mozilla/5.0 AppleWebKit/537.36 (KHTML, like Gecko; compatible; ClaudeBot/1.0; +claudebot@anthropic.com)"
52.167.144.204 - - [21/Mar/2026:15:03:29 +0200] "GET /shop/goods/promulge151052221285.phtml HTTP/1.1" 200 213588 "-" "Mozilla/5.0 AppleWebKit/537.36 (KHTML, like Gecko; compatible; bingbot/2.0; +http://www.bing.com/bingbot.htm) Chrome/116.0.1938.76 Safari/537.36"
216.73.216.163 - - [21/Mar/2026:15:03:29 +0200] "GET /shop/goods/multiflue172549585672.phtml/ HTTP/1.1" 200 150752 "https://www.drspos.com/shop/goods/multiflue172549585672.phtml" "Mozilla/5.0 AppleWebKit/537.36 (KHTML, like Gecko; compatible; ClaudeBot/1.0; +claudebot@anthropic.com)"
52.167.144.228 - - [21/Mar/2026:15:03:33 +0200] "GET /shop/goods/marshalled151505694592.phtml HTTP/1.1" 200 205195 "-" "Mozilla/5.0 AppleWebKit/537.36 (KHTML, like Gecko; compatible; bingbot/2.0; +http://www.bing.com/bingbot.htm) Chrome/116.0.1938.76 Safari/537.36"
207.46.13.130 - - [21/Mar/2026:15:03:36 +0200] "GET /shop/goods/goddess153810571519.phtml HTTP/1.1" 200 207577 "-" "Mozilla/5.0 AppleWebKit/537.36 (KHTML, like Gecko; compatible; bingbot/2.0; +http://www.bing.com/bingbot.htm) Chrome/116.0.1938.76 Safari/537.36"
207.46.13.130 - - [21/Mar/2026:15:03:38 +0200] "GET /shop/goods/exciple151237323202.phtml HTTP/1.1" 200 209162 "-" "Mozilla/5.0 AppleWebKit/537.36 (KHTML, like Gecko; compatible; bingbot/2.0; +http://www.bing.com/bingbot.htm) Chrome/116.0.1938.76 Safari/537.36"
74.7.227.61 - - [21/Mar/2026:15:03:39 +0200] "GET /shop/goods/oceanology173394636373.phtml HTTP/1.1" 301 - "https://drspos.com/%3C![CDATA[https:/eminencegroup.net.au/post-sitemap9.xml]]%3E" "Mozilla/5.0 AppleWebKit/537.36 (KHTML, like Gecko; compatible; GPTBot/1.3; +https://openai.com/gptbot)"
207.46.13.130 - - [21/Mar/2026:15:03:41 +0200] "GET /shop/goods/bountied151406537798.phtml HTTP/1.1" 200 214604 "-" "Mozilla/5.0 AppleWebKit/537.36 (KHTML, like Gecko; compatible; bingbot/2.0; +http://www.bing.com/bingbot.htm) Chrome/116.0.1938.76 Safari/537.36"
74.7.227.61 - - [21/Mar/2026:15:03:41 +0200] "GET /shop/goods/oceanology173394636373.phtml/ HTTP/1.1" 200 150752 "https://drspos.com/shop/goods/oceanology173394636373.phtml" "Mozilla/5.0 AppleWebKit/537.36 (KHTML, like Gecko; compatible; GPTBot/1.3; +https://openai.com/gptbot)"
74.7.227.61 - - [21/Mar/2026:15:03:52 +0200] "GET /?p=53144 HTTP/1.1" 200 93679 "https://drspos.com/?p=53146" "Mozilla/5.0 AppleWebKit/537.36 (KHTML, like Gecko; compatible; GPTBot/1.3; +https://openai.com/gptbot)"
74.7.227.61 - - [21/Mar/2026:15:03:55 +0200] "GET /?p=46928 HTTP/1.1" 200 94673 "https://drspos.com/?p=46930" "Mozilla/5.0 AppleWebKit/537.36 (KHTML, like Gecko; compatible; GPTBot/1.3; +https://openai.com/gptbot)"
216.73.216.163 - - [21/Mar/2026:15:03:58 +0200] "GET /shop/goods/purposing122179104515.phtml HTTP/1.1" 301 - "-" "Mozilla/5.0 AppleWebKit/537.36 (KHTML, like Gecko; compatible; ClaudeBot/1.0; +claudebot@anthropic.com)"
74.7.227.61 - - [21/Mar/2026:15:03:59 +0200] "GET /?p=43972 HTTP/1.1" 200 91634 "https://drspos.com/?p=43970" "Mozilla/5.0 AppleWebKit/537.36 (KHTML, like Gecko; compatible; GPTBot/1.3; +https://openai.com/gptbot)"
216.73.216.163 - - [21/Mar/2026:15:04:01 +0200] "GET /shop/goods/purposing122179104515.phtml/ HTTP/1.1" 200 150752 "https://www.drspos.com/shop/goods/purposing122179104515.phtml" "Mozilla/5.0 AppleWebKit/537.36 (KHTML, like Gecko; compatible; ClaudeBot/1.0; +claudebot@anthropic.com)"
74.7.227.61 - - [21/Mar/2026:15:04:02 +0200] "GET /?p=35499 HTTP/1.1" 200 97988 "https://drspos.com/?p=35501" "Mozilla/5.0 AppleWebKit/537.36 (KHTML, like Gecko; compatible; GPTBot/1.3; +https://openai.com/gptbot)"
74.7.227.61 - - [21/Mar/2026:15:04:05 +0200] "GET /?p=48028 HTTP/1.1" 200 91250 "https://drspos.com/?p=48026" "Mozilla/5.0 AppleWebKit/537.36 (KHTML, like Gecko; compatible; GPTBot/1.3; +https://openai.com/gptbot)"
94.187.171.125 - - [21/Mar/2026:15:04:06 +0200] "POST /xmlrpc.php HTTP/1.1" 200 403 "-" "Mozilla/5.0 (Macintosh; Intel Mac OS X 10_15_7; x86) AppleWebKit/537.36 (KHTML, like Gecko) Chrome/92.0.0.0 Safari/537.36"
74.7.227.61 - - [21/Mar/2026:15:04:08 +0200] "GET /?p=35459 HTTP/1.1" 200 92294 "https://drspos.com/?p=35457" "Mozilla/5.0 AppleWebKit/537.36 (KHTML, like Gecko; compatible; GPTBot/1.3; +https://openai.com/gptbot)"
207.46.13.130 - - [21/Mar/2026:15:04:10 +0200] "GET /shop/goods/nettling15598603068.phtml HTTP/1.1" 200 206899 "-" "Mozilla/5.0 AppleWebKit/537.36 (KHTML, like Gecko; compatible; bingbot/2.0; +http://www.bing.com/bingbot.htm) Chrome/116.0.1938.76 Safari/537.36"
216.73.216.163 - - [21/Mar/2026:15:04:16 +0200] "GET /shop/goods/unbreeched12848102626.phtml HTTP/1.1" 301 - "-" "Mozilla/5.0 AppleWebKit/537.36 (KHTML, like Gecko; compatible; ClaudeBot/1.0; +claudebot@anthropic.com)"
37.59.204.140 - - [21/Mar/2026:15:04:21 +0200] "GET /robots.txt HTTP/1.1" 200 80 "-" "Mozilla/5.0 (compatible; AhrefsBot/7.0; +http://ahrefs.com/robot/)"
216.73.216.163 - - [21/Mar/2026:15:04:19 +0200] "GET /shop/goods/unbreeched12848102626.phtml/ HTTP/1.1" 200 150752 "https://www.drspos.com/shop/goods/unbreeched12848102626.phtml" "Mozilla/5.0 AppleWebKit/537.36 (KHTML, like Gecko; compatible; ClaudeBot/1.0; +claudebot@anthropic.com)"
74.7.227.61 - - [21/Mar/2026:15:04:19 +0200] "GET /?p=31143 HTTP/1.1" 200 94404 "https://drspos.com/?p=31145" "Mozilla/5.0 AppleWebKit/537.36 (KHTML, like Gecko; compatible; GPTBot/1.3; +https://openai.com/gptbot)"
51.195.244.218 - - [21/Mar/2026:15:04:24 +0200] "GET / HTTP/1.1" 200 150752 "-" "Mozilla/5.0 (compatible; AhrefsBot/7.0; +http://ahrefs.com/robot/)"
74.7.227.61 - - [21/Mar/2026:15:04:26 +0200] "GET /?p=39961 HTTP/1.1" 200 93271 "https://drspos.com/?p=39959" "Mozilla/5.0 AppleWebKit/537.36 (KHTML, like Gecko; compatible; GPTBot/1.3; +https://openai.com/gptbot)"
74.7.227.61 - - [21/Mar/2026:15:04:29 +0200] "GET /shop/goods/anthoxanthum17491790528.phtml HTTP/1.1" 301 - "https://drspos.com/%3C![CDATA[https:/eminencegroup.net.au/post-sitemap9.xml]]%3E" "Mozilla/5.0 AppleWebKit/537.36 (KHTML, like Gecko; compatible; GPTBot/1.3; +https://openai.com/gptbot)"
74.7.227.61 - - [21/Mar/2026:15:04:31 +0200] "GET /shop/goods/anthoxanthum17491790528.phtml/ HTTP/1.1" 200 150752 "https://drspos.com/shop/goods/anthoxanthum17491790528.phtml" "Mozilla/5.0 AppleWebKit/537.36 (KHTML, like Gecko; compatible; GPTBot/1.3; +https://openai.com/gptbot)"
74.7.227.61 - - [21/Mar/2026:15:04:34 +0200] "GET /shop/goods/catchmeadow173737311810.phtml HTTP/1.1" 301 - "https://drspos.com/%3C![CDATA[https:/eminencegroup.net.au/post-sitemap9.xml]]%3E" "Mozilla/5.0 AppleWebKit/537.36 (KHTML, like Gecko; compatible; GPTBot/1.3; +https://openai.com/gptbot)"
74.7.227.61 - - [21/Mar/2026:15:04:37 +0200] "GET /shop/goods/catchmeadow173737311810.phtml/ HTTP/1.1" 200 150752 "https://drspos.com/shop/goods/catchmeadow173737311810.phtml" "Mozilla/5.0 AppleWebKit/537.36 (KHTML, like Gecko; compatible; GPTBot/1.3; +https://openai.com/gptbot)"
74.7.227.61 - - [21/Mar/2026:15:04:40 +0200] "GET /?p=40109 HTTP/1.1" 200 93214 "https://drspos.com/?p=40111" "Mozilla/5.0 AppleWebKit/537.36 (KHTML, like Gecko; compatible; GPTBot/1.3; +https://openai.com/gptbot)"
74.7.227.61 - - [21/Mar/2026:15:04:43 +0200] "GET /shop/goods/sphondylium17127564198.phtml HTTP/1.1" 301 - "https://drspos.com/%3C![CDATA[https:/eminencegroup.net.au/post-sitemap9.xml]]%3E" "Mozilla/5.0 AppleWebKit/537.36 (KHTML, like Gecko; compatible; GPTBot/1.3; +https://openai.com/gptbot)"
74.7.227.61 - - [21/Mar/2026:15:04:46 +0200] "GET /shop/goods/sphondylium17127564198.phtml/ HTTP/1.1" 200 150752 "https://drspos.com/shop/goods/sphondylium17127564198.phtml" "Mozilla/5.0 AppleWebKit/537.36 (KHTML, like Gecko; compatible; GPTBot/1.3; +https://openai.com/gptbot)"
52.167.144.228 - - [21/Mar/2026:15:04:47 +0200] "GET /shop/goods/kibbutz151916108396.phtml HTTP/1.1" 200 207248 "-" "Mozilla/5.0 AppleWebKit/537.36 (KHTML, like Gecko; compatible; bingbot/2.0; +http://www.bing.com/bingbot.htm) Chrome/116.0.1938.76 Safari/537.36"
216.73.216.163 - - [21/Mar/2026:15:04:46 +0200] "GET /shop/goods/unrightwisely1367716487.phtml HTTP/1.1" 301 - "-" "Mozilla/5.0 AppleWebKit/537.36 (KHTML, like Gecko; compatible; ClaudeBot/1.0; +claudebot@anthropic.com)"
74.7.227.61 - - [21/Mar/2026:15:04:49 +0200] "GET /?p=46926 HTTP/1.1" 200 92807 "https://drspos.com/?p=46928" "Mozilla/5.0 AppleWebKit/537.36 (KHTML, like Gecko; compatible; GPTBot/1.3; +https://openai.com/gptbot)"
216.73.216.163 - - [21/Mar/2026:15:04:49 +0200] "GET /shop/goods/unrightwisely1367716487.phtml/ HTTP/1.1" 200 150752 "https://www.drspos.com/shop/goods/unrightwisely1367716487.phtml" "Mozilla/5.0 AppleWebKit/537.36 (KHTML, like Gecko; compatible; ClaudeBot/1.0; +claudebot@anthropic.com)"
74.7.227.61 - - [21/Mar/2026:15:04:52 +0200] "GET /?p=43974 HTTP/1.1" 200 92687 "https://drspos.com/?p=43972" "Mozilla/5.0 AppleWebKit/537.36 (KHTML, like Gecko; compatible; GPTBot/1.3; +https://openai.com/gptbot)"
40.77.167.42 - - [21/Mar/2026:15:04:59 +0200] "GET /shop/goods/contemporaries151144666656.phtml HTTP/1.1" 200 204636 "-" "Mozilla/5.0 AppleWebKit/537.36 (KHTML, like Gecko; compatible; bingbot/2.0; +http://www.bing.com/bingbot.htm) Chrome/116.0.1938.76 Safari/537.36"
98.98.9.59 - - [21/Mar/2026:15:04:58 +0200] "POST /xmlrpc.php HTTP/1.1" 200 180 "-" "Mozilla/5.0 (Windows NT 10.0; Win64; x64) AppleWebKit/537.36 (KHTML, like Gecko) Chrome/114.0.0.0 Safari/537.36"
172.30.5.1 - - [21/Mar/2026:15:05:01 +0200] "POST /wp-cron.php?doing_wp_cron=1774098301.8489270210266113281250 HTTP/1.1" 200 - "-" "WordPress/6.9.4; https://drspos.com"
216.73.216.163 - - [21/Mar/2026:15:05:06 +0200] "GET /shop/goods/quint122048402091.phtml HTTP/1.1" 301 - "-" "Mozilla/5.0 AppleWebKit/537.36 (KHTML, like Gecko; compatible; ClaudeBot/1.0; +claudebot@anthropic.com)"
216.73.216.163 - - [21/Mar/2026:15:05:08 +0200] "GET /shop/goods/quint122048402091.phtml/ HTTP/1.1" 200 150752 "https://drspos.com/shop/goods/quint122048402091.phtml" "Mozilla/5.0 AppleWebKit/537.36 (KHTML, like Gecko; compatible; ClaudeBot/1.0; +claudebot@anthropic.com)"
98.98.9.59 - - [21/Mar/2026:15:05:09 +0200] "POST /xmlrpc.php HTTP/1.1" 200 13940 "-" "Mozilla/5.0 (Windows NT 10.0; Win64; x64) AppleWebKit/537.36 (KHTML, like Gecko) Chrome/114.0.0.0 Safari/537.36"
74.7.227.61 - - [21/Mar/2026:15:05:14 +0200] "GET /shop/goods/cantharidal17973283293.phtml HTTP/1.1" 301 - "https://drspos.com/%3C![CDATA[https:/eminencegroup.net.au/post-sitemap9.xml]]%3E" "Mozilla/5.0 AppleWebKit/537.36 (KHTML, like Gecko; compatible; GPTBot/1.3; +https://openai.com/gptbot)"
98.98.9.59 - - [21/Mar/2026:15:05:13 +0200] "GET /?p=55722 HTTP/1.1" 200 96164 "-" "Mozilla/5.0 (Windows NT 10.0; rv:125.0) Gecko/20100101 Firefox/125.0"
74.7.227.61 - - [21/Mar/2026:15:05:16 +0200] "GET /shop/goods/cantharidal17973283293.phtml/ HTTP/1.1" 200 150752 "https://drspos.com/shop/goods/cantharidal17973283293.phtml" "Mozilla/5.0 AppleWebKit/537.36 (KHTML, like Gecko; compatible; GPTBot/1.3; +https://openai.com/gptbot)"
94.187.171.125 - - [21/Mar/2026:15:05:18 +0200] "POST /xmlrpc.php HTTP/1.1" 200 403 "-" "Mozilla/5.0 (Windows NT 6.2; x64) AppleWebKit/537.36 (KHTML, like Gecko) Opera/75.0.0.0 Safari/537.36"
207.46.13.130 - - [21/Mar/2026:15:05:21 +0200] "GET /shop/goods/zacco152952278997.phtml HTTP/1.1" 200 209573 "-" "Mozilla/5.0 AppleWebKit/537.36 (KHTML, like Gecko; compatible; bingbot/2.0; +http://www.bing.com/bingbot.htm) Chrome/116.0.1938.76 Safari/537.36"
74.7.227.61 - - [21/Mar/2026:15:05:22 +0200] "GET /shop/goods/thinskinned17200851672.phtml HTTP/1.1" 301 - "https://drspos.com/%3C![CDATA[https:/eminencegroup.net.au/post-sitemap9.xml]]%3E" "Mozilla/5.0 AppleWebKit/537.36 (KHTML, like Gecko; compatible; GPTBot/1.3; +https://openai.com/gptbot)"
207.46.13.130 - - [21/Mar/2026:15:05:23 +0200] "GET /shop/goods/archaist154247247338.phtml HTTP/1.1" 200 211614 "-" "Mozilla/5.0 AppleWebKit/537.36 (KHTML, like Gecko; compatible; bingbot/2.0; +http://www.bing.com/bingbot.htm) Chrome/116.0.1938.76 Safari/537.36"
216.73.216.163 - - [21/Mar/2026:15:05:24 +0200] "GET /shop/goods/umpired133092640844.phtml HTTP/1.1" 301 - "-" "Mozilla/5.0 AppleWebKit/537.36 (KHTML, like Gecko; compatible; ClaudeBot/1.0; +claudebot@anthropic.com)"
74.7.227.61 - - [21/Mar/2026:15:05:24 +0200] "GET /shop/goods/thinskinned17200851672.phtml/ HTTP/1.1" 200 150752 "https://drspos.com/shop/goods/thinskinned17200851672.phtml" "Mozilla/5.0 AppleWebKit/537.36 (KHTML, like Gecko; compatible; GPTBot/1.3; +https://openai.com/gptbot)"
52.167.144.228 - - [21/Mar/2026:15:05:26 +0200] "GET /shop/goods/navigableness153962884409.phtml HTTP/1.1" 200 203988 "-" "Mozilla/5.0 AppleWebKit/537.36 (KHTML, like Gecko; compatible; bingbot/2.0; +http://www.bing.com/bingbot.htm) Chrome/116.0.1938.76 Safari/537.36"
216.73.216.163 - - [21/Mar/2026:15:05:26 +0200] "GET /shop/goods/umpired133092640844.phtml/ HTTP/1.1" 200 150752 "https://drspos.com/shop/goods/umpired133092640844.phtml" "Mozilla/5.0 AppleWebKit/537.36 (KHTML, like Gecko; compatible; ClaudeBot/1.0; +claudebot@anthropic.com)"
74.7.227.61 - - [21/Mar/2026:15:05:27 +0200] "GET /?p=53141 HTTP/1.1" 200 93750 "https://drspos.com/?p=53144" "Mozilla/5.0 AppleWebKit/537.36 (KHTML, like Gecko; compatible; GPTBot/1.3; +https://openai.com/gptbot)"
52.167.144.228 - - [21/Mar/2026:15:05:29 +0200] "GET /shop/goods/indifferently132558334207.phtml HTTP/1.1" 200 209928 "-" "Mozilla/5.0 AppleWebKit/537.36 (KHTML, like Gecko; compatible; bingbot/2.0; +http://www.bing.com/bingbot.htm) Chrome/116.0.1938.76 Safari/537.36"
207.46.13.130 - - [21/Mar/2026:15:05:33 +0200] "GET /shop/goods/unseam152955311637.phtml HTTP/1.1" 200 200742 "-" "Mozilla/5.0 AppleWebKit/537.36 (KHTML, like Gecko; compatible; bingbot/2.0; +http://www.bing.com/bingbot.htm) Chrome/116.0.1938.76 Safari/537.36"
74.7.227.61 - - [21/Mar/2026:15:05:33 +0200] "GET /?p=35461 HTTP/1.1" 200 91499 "https://drspos.com/?p=35459" "Mozilla/5.0 AppleWebKit/537.36 (KHTML, like Gecko; compatible; GPTBot/1.3; +https://openai.com/gptbot)"
52.167.144.228 - - [21/Mar/2026:15:05:37 +0200] "GET /shop/goods/antiabortion154160243262.phtml HTTP/1.1" 200 217148 "-" "Mozilla/5.0 AppleWebKit/537.36 (KHTML, like Gecko; compatible; bingbot/2.0; +http://www.bing.com/bingbot.htm) Chrome/116.0.1938.76 Safari/537.36"
207.46.13.130 - - [21/Mar/2026:15:05:42 +0200] "GET /shop/goods/apyrexial151526776114.phtml HTTP/1.1" 200 200716 "-" "Mozilla/5.0 AppleWebKit/537.36 (KHTML, like Gecko; compatible; bingbot/2.0; +http://www.bing.com/bingbot.htm) Chrome/116.0.1938.76 Safari/537.36"
74.7.227.61 - - [21/Mar/2026:15:05:44 +0200] "GET /?p=35497 HTTP/1.1" 200 93827 "https://drspos.com/?p=35499" "Mozilla/5.0 AppleWebKit/537.36 (KHTML, like Gecko; compatible; GPTBot/1.3; +https://openai.com/gptbot)"
40.77.167.42 - - [21/Mar/2026:15:05:49 +0200] "GET /shop/goods/ushering15963741556.phtml HTTP/1.1" 200 207990 "-" "Mozilla/5.0 AppleWebKit/537.36 (KHTML, like Gecko; compatible; bingbot/2.0; +http://www.bing.com/bingbot.htm) Chrome/116.0.1938.76 Safari/537.36"
74.7.227.61 - - [21/Mar/2026:15:05:48 +0200] "GET /?p=31140 HTTP/1.1" 200 94285 "https://drspos.com/?p=31143" "Mozilla/5.0 AppleWebKit/537.36 (KHTML, like Gecko; compatible; GPTBot/1.3; +https://openai.com/gptbot)"
40.77.167.42 - - [21/Mar/2026:15:05:51 +0200] "GET /shop/goods/indowment152724317319.phtml HTTP/1.1" 200 209267 "-" "Mozilla/5.0 AppleWebKit/537.36 (KHTML, like Gecko; compatible; bingbot/2.0; +http://www.bing.com/bingbot.htm) Chrome/116.0.1938.76 Safari/537.36"
74.7.227.61 - - [21/Mar/2026:15:05:51 +0200] "GET /?p=39963 HTTP/1.1" 200 92792 "https://drspos.com/?p=39961" "Mozilla/5.0 AppleWebKit/537.36 (KHTML, like Gecko; compatible; GPTBot/1.3; +https://openai.com/gptbot)"
207.46.13.130 - - [21/Mar/2026:15:05:55 +0200] "GET /shop/goods/unmoving152780707687.phtml HTTP/1.1" 200 213194 "-" "Mozilla/5.0 AppleWebKit/537.36 (KHTML, like Gecko; compatible; bingbot/2.0; +http://www.bing.com/bingbot.htm) Chrome/116.0.1938.76 Safari/537.36"
216.73.216.163 - - [21/Mar/2026:15:05:55 +0200] "GET /shop/goods/broaching161489838517.phtml HTTP/1.1" 301 - "-" "Mozilla/5.0 AppleWebKit/537.36 (KHTML, like Gecko; compatible; ClaudeBot/1.0; +claudebot@anthropic.com)"
216.73.216.163 - - [21/Mar/2026:15:05:58 +0200] "GET /shop/goods/broaching161489838517.phtml/ HTTP/1.1" 200 150736 "https://drspos.com/shop/goods/broaching161489838517.phtml" "Mozilla/5.0 AppleWebKit/537.36 (KHTML, like Gecko; compatible; ClaudeBot/1.0; +claudebot@anthropic.com)"
207.46.13.130 - - [21/Mar/2026:15:06:02 +0200] "GET /shop/goods/chrysothrix101365338973.phtml HTTP/1.1" 200 207758 "-" "Mozilla/5.0 AppleWebKit/537.36 (KHTML, like Gecko; compatible; bingbot/2.0; +http://www.bing.com/bingbot.htm) Chrome/116.0.1938.76 Safari/537.36"
74.7.227.61 - - [21/Mar/2026:15:06:02 +0200] "GET /?p=40107 HTTP/1.1" 200 93128 "https://drspos.com/?p=40109" "Mozilla/5.0 AppleWebKit/537.36 (KHTML, like Gecko; compatible; GPTBot/1.3; +https://openai.com/gptbot)"
216.73.216.163 - - [21/Mar/2026:15:06:03 +0200] "GET /shop/goods/cowslipped122919374340.phtml HTTP/1.1" 301 - "-" "Mozilla/5.0 AppleWebKit/537.36 (KHTML, like Gecko; compatible; ClaudeBot/1.0; +claudebot@anthropic.com)"
207.46.13.130 - - [21/Mar/2026:15:06:05 +0200] "GET /shop/goods/mastery1517843497.phtml HTTP/1.1" 200 202809 "-" "Mozilla/5.0 AppleWebKit/537.36 (KHTML, like Gecko; compatible; bingbot/2.0; +http://www.bing.com/bingbot.htm) Chrome/116.0.1938.76 Safari/537.36"
216.73.216.163 - - [21/Mar/2026:15:06:05 +0200] "GET /shop/goods/cowslipped122919374340.phtml/ HTTP/1.1" 200 150752 "https://www.drspos.com/shop/goods/cowslipped122919374340.phtml" "Mozilla/5.0 AppleWebKit/537.36 (KHTML, like Gecko; compatible; ClaudeBot/1.0; +claudebot@anthropic.com)"
74.7.227.61 - - [21/Mar/2026:15:06:19 +0200] "GET /?p=48030 HTTP/1.1" 200 91423 "https://drspos.com/?p=48028" "Mozilla/5.0 AppleWebKit/537.36 (KHTML, like Gecko; compatible; GPTBot/1.3; +https://openai.com/gptbot)"
207.46.13.130 - - [21/Mar/2026:15:06:21 +0200] "GET /shop/goods/politicaster151184010969.phtml HTTP/1.1" 200 207496 "-" "Mozilla/5.0 AppleWebKit/537.36 (KHTML, like Gecko; compatible; bingbot/2.0; +http://www.bing.com/bingbot.htm) Chrome/116.0.1938.76 Safari/537.36"
94.187.171.125 - - [21/Mar/2026:15:06:23 +0200] "POST /xmlrpc.php HTTP/1.1" 200 403 "-" "Mozilla/5.0 (X11; Ubuntu; Linux x86_64; arm64) AppleWebKit/537.36 (KHTML, like Gecko) Firefox/71.0.0.0 Safari/537.36"
74.7.227.61 - - [21/Mar/2026:15:06:24 +0200] "GET /index.php?rest_route=%2Foembed%2F1.0%2Fembed&url=https%3A%2F%2Fdrspos.com%2F%3Fp%3D48028 HTTP/1.1" 200 2307 "https://drspos.com/?p=48028" "Mozilla/5.0 AppleWebKit/537.36 (KHTML, like Gecko; compatible; GPTBot/1.3; +https://openai.com/gptbot)"
52.167.144.228 - - [21/Mar/2026:15:06:27 +0200] "GET /shop/goods/assistive151432044514.phtml HTTP/1.1" 200 205550 "-" "Mozilla/5.0 AppleWebKit/537.36 (KHTML, like Gecko; compatible; bingbot/2.0; +http://www.bing.com/bingbot.htm) Chrome/116.0.1938.76 Safari/537.36"
52.167.144.228 - - [21/Mar/2026:15:06:30 +0200] "GET /shop/goods/saintship15937756553.phtml HTTP/1.1" 200 212926 "-" "Mozilla/5.0 AppleWebKit/537.36 (KHTML, like Gecko; compatible; bingbot/2.0; +http://www.bing.com/bingbot.htm) Chrome/116.0.1938.76 Safari/537.36"
74.7.227.61 - - [21/Mar/2026:15:06:29 +0200] "GET /shop/goods/subsulphate17387643427.phtml HTTP/1.1" 301 - "https://drspos.com/%3C![CDATA[https:/eminencegroup.net.au/post-sitemap9.xml]]%3E" "Mozilla/5.0 AppleWebKit/537.36 (KHTML, like Gecko; compatible; GPTBot/1.3; +https://openai.com/gptbot)"
216.73.216.163 - - [21/Mar/2026:15:06:31 +0200] "GET /shop/goods/vanity124126069893.phtml HTTP/1.1" 301 - "-" "Mozilla/5.0 AppleWebKit/537.36 (KHTML, like Gecko; compatible; ClaudeBot/1.0; +claudebot@anthropic.com)"
74.7.227.61 - - [21/Mar/2026:15:06:31 +0200] "GET /shop/goods/subsulphate17387643427.phtml/ HTTP/1.1" 200 150752 "https://drspos.com/shop/goods/subsulphate17387643427.phtml" "Mozilla/5.0 AppleWebKit/537.36 (KHTML, like Gecko; compatible; GPTBot/1.3; +https://openai.com/gptbot)"
216.73.216.163 - - [21/Mar/2026:15:06:33 +0200] "GET /shop/goods/vanity124126069893.phtml/ HTTP/1.1" 200 150752 "https://drspos.com/shop/goods/vanity124126069893.phtml" "Mozilla/5.0 AppleWebKit/537.36 (KHTML, like Gecko; compatible; ClaudeBot/1.0; +claudebot@anthropic.com)"
74.7.227.61 - - [21/Mar/2026:15:06:34 +0200] "GET /?p=46924 HTTP/1.1" 200 96468 "https://drspos.com/?p=46926" "Mozilla/5.0 AppleWebKit/537.36 (KHTML, like Gecko; compatible; GPTBot/1.3; +https://openai.com/gptbot)"
74.7.227.61 - - [21/Mar/2026:15:06:37 +0200] "GET /shop/goods/utilization17508097006.phtml HTTP/1.1" 301 - "https://drspos.com/%3C![CDATA[https:/eminencegroup.net.au/post-sitemap9.xml]]%3E" "Mozilla/5.0 AppleWebKit/537.36 (KHTML, like Gecko; compatible; GPTBot/1.3; +https://openai.com/gptbot)"
198.98.48.6 - - [21/Mar/2026:15:06:40 +0200] "GET /wp-login.php HTTP/1.1" 200 6336 "-" "Mozilla/5.0 (Macintosh; Intel Mac OS X 10_9_3) AppleWebKit/537.36 (KHTML, like Gecko) Chrome/35.0.1916.153 Safari/537.36"
74.7.227.61 - - [21/Mar/2026:15:06:40 +0200] "GET /shop/goods/utilization17508097006.phtml/ HTTP/1.1" 200 150752 "https://drspos.com/shop/goods/utilization17508097006.phtml" "Mozilla/5.0 AppleWebKit/537.36 (KHTML, like Gecko; compatible; GPTBot/1.3; +https://openai.com/gptbot)"
74.7.227.61 - - [21/Mar/2026:15:06:42 +0200] "GET /shop/goods/boustorphic17892077949.phtml HTTP/1.1" 301 - "https://drspos.com/%3C![CDATA[https:/eminencegroup.net.au/post-sitemap9.xml]]%3E" "Mozilla/5.0 AppleWebKit/537.36 (KHTML, like Gecko; compatible; GPTBot/1.3; +https://openai.com/gptbot)"
198.98.48.6 - - [21/Mar/2026:15:06:45 +0200] "POST /wp-login.php HTTP/1.1" 200 6759 "-" "Mozilla/5.0 (Macintosh; Intel Mac OS X 10_9_3) AppleWebKit/537.36 (KHTML, like Gecko) Chrome/35.0.1916.153 Safari/537.36"
74.7.227.61 - - [21/Mar/2026:15:06:45 +0200] "GET /shop/goods/boustorphic17892077949.phtml/ HTTP/1.1" 200 150752 "https://drspos.com/shop/goods/boustorphic17892077949.phtml" "Mozilla/5.0 AppleWebKit/537.36 (KHTML, like Gecko; compatible; GPTBot/1.3; +https://openai.com/gptbot)"
74.7.227.61 - - [21/Mar/2026:15:06:48 +0200] "GET /?p=43975 HTTP/1.1" 200 105748 "https://drspos.com/?p=43974" "Mozilla/5.0 AppleWebKit/537.36 (KHTML, like Gecko; compatible; GPTBot/1.3; +https://openai.com/gptbot)"
74.7.227.61 - - [21/Mar/2026:15:06:51 +0200] "GET /?p=53140 HTTP/1.1" 200 93472 "https://drspos.com/?p=53141" "Mozilla/5.0 AppleWebKit/537.36 (KHTML, like Gecko; compatible; GPTBot/1.3; +https://openai.com/gptbot)"
74.7.227.61 - - [21/Mar/2026:15:06:54 +0200] "GET /?p=35495 HTTP/1.1" 200 98261 "https://drspos.com/?p=35497" "Mozilla/5.0 AppleWebKit/537.36 (KHTML, like Gecko; compatible; GPTBot/1.3; +https://openai.com/gptbot)"
74.7.227.61 - - [21/Mar/2026:15:06:57 +0200] "GET /?p=35463 HTTP/1.1" 200 97201 "https://drspos.com/?p=35461" "Mozilla/5.0 AppleWebKit/537.36 (KHTML, like Gecko; compatible; GPTBot/1.3; +https://openai.com/gptbot)"
74.7.227.61 - - [21/Mar/2026:15:07:00 +0200] "GET /?p=55722 HTTP/1.1" 200 96164 "https://drspos.com/?p=53141" "Mozilla/5.0 AppleWebKit/537.36 (KHTML, like Gecko; compatible; GPTBot/1.3; +https://openai.com/gptbot)"
216.73.216.163 - - [21/Mar/2026:15:07:01 +0200] "GET /shop/goods/glozed174207731408.phtml HTTP/1.1" 301 - "-" "Mozilla/5.0 AppleWebKit/537.36 (KHTML, like Gecko; compatible; ClaudeBot/1.0; +claudebot@anthropic.com)"
52.167.144.228 - - [21/Mar/2026:15:07:04 +0200] "GET /shop/goods/dissemblingly153927400284.phtml HTTP/1.1" 200 211176 "-" "Mozilla/5.0 AppleWebKit/537.36 (KHTML, like Gecko; compatible; bingbot/2.0; +http://www.bing.com/bingbot.htm) Chrome/116.0.1938.76 Safari/537.36"
74.7.227.61 - - [21/Mar/2026:15:07:03 +0200] "GET /shop/goods/lithologist17517438089.phtml HTTP/1.1" 301 - "https://drspos.com/%3C![CDATA[https:/eminencegroup.net.au/post-sitemap9.xml]]%3E" "Mozilla/5.0 AppleWebKit/537.36 (KHTML, like Gecko; compatible; GPTBot/1.3; +https://openai.com/gptbot)"
216.73.216.163 - - [21/Mar/2026:15:07:04 +0200] "GET /shop/goods/glozed174207731408.phtml/ HTTP/1.1" 200 150752 "https://www.drspos.com/shop/goods/glozed174207731408.phtml" "Mozilla/5.0 AppleWebKit/537.36 (KHTML, like Gecko; compatible; ClaudeBot/1.0; +claudebot@anthropic.com)"
104.244.73.186 - - [21/Mar/2026:15:07:05 +0200] "GET /wp-login.php HTTP/1.1" 200 6336 "-" "Mozilla/5.0 (Macintosh; Intel Mac OS X 10_15_7)"
52.167.144.228 - - [21/Mar/2026:15:07:06 +0200] "GET /shop/goods/biddery151603007205.phtml HTTP/1.1" 200 214021 "-" "Mozilla/5.0 AppleWebKit/537.36 (KHTML, like Gecko; compatible; bingbot/2.0; +http://www.bing.com/bingbot.htm) Chrome/116.0.1938.76 Safari/537.36"
104.244.73.186 - - [21/Mar/2026:15:07:07 +0200] "POST /wp-login.php HTTP/1.1" 200 6777 "-" "Mozilla/5.0 (Macintosh; Intel Mac OS X 10_15_7)"
74.7.227.61 - - [21/Mar/2026:15:07:06 +0200] "GET /shop/goods/lithologist17517438089.phtml/ HTTP/1.1" 200 150752 "https://drspos.com/shop/goods/lithologist17517438089.phtml" "Mozilla/5.0 AppleWebKit/537.36 (KHTML, like Gecko; compatible; GPTBot/1.3; +https://openai.com/gptbot)"
74.7.227.61 - - [21/Mar/2026:15:07:09 +0200] "GET /?p=48032 HTTP/1.1" 200 92182 "https://drspos.com/?p=48030" "Mozilla/5.0 AppleWebKit/537.36 (KHTML, like Gecko; compatible; GPTBot/1.3; +https://openai.com/gptbot)"
94.187.171.125 - - [21/Mar/2026:15:07:13 +0200] "POST /xmlrpc.php HTTP/1.1" 200 403 "-" "Mozilla/5.0 (Linux; Android 10; arm64) AppleWebKit/537.36 (KHTML, like Gecko) Safari/11.0.0.0 Safari/537.36"
74.7.227.61 - - [21/Mar/2026:15:07:12 +0200] "GET /?p=31139 HTTP/1.1" 200 97249 "https://drspos.com/?p=31140" "Mozilla/5.0 AppleWebKit/537.36 (KHTML, like Gecko; compatible; GPTBot/1.3; +https://openai.com/gptbot)"
74.7.227.61 - - [21/Mar/2026:15:07:15 +0200] "GET /?p=40105 HTTP/1.1" 200 93481 "https://drspos.com/?p=40107" "Mozilla/5.0 AppleWebKit/537.36 (KHTML, like Gecko; compatible; GPTBot/1.3; +https://openai.com/gptbot)"
207.46.13.130 - - [21/Mar/2026:15:07:22 +0200] "GET /shop/goods/flown15945884490.phtml HTTP/1.1" 200 205051 "-" "Mozilla/5.0 AppleWebKit/537.36 (KHTML, like Gecko; compatible; bingbot/2.0; +http://www.bing.com/bingbot.htm) Chrome/116.0.1938.76 Safari/537.36"
74.7.227.61 - - [21/Mar/2026:15:07:31 +0200] "GET /?p=39965 HTTP/1.1" 200 93608 "https://drspos.com/?p=39963" "Mozilla/5.0 AppleWebKit/537.36 (KHTML, like Gecko; compatible; GPTBot/1.3; +https://openai.com/gptbot)"
52.167.144.228 - - [21/Mar/2026:15:07:36 +0200] "GET /shop/goods/exhausted152038199665.phtml HTTP/1.1" 200 216989 "-" "Mozilla/5.0 AppleWebKit/537.36 (KHTML, like Gecko; compatible; bingbot/2.0; +http://www.bing.com/bingbot.htm) Chrome/116.0.1938.76 Safari/537.36"
216.73.216.163 - - [21/Mar/2026:15:07:37 +0200] "GET /shop/goods/holsteinfriesian171908788592.phtml HTTP/1.1" 301 - "-" "Mozilla/5.0 AppleWebKit/537.36 (KHTML, like Gecko; compatible; ClaudeBot/1.0; +claudebot@anthropic.com)"
52.167.144.228 - - [21/Mar/2026:15:07:39 +0200] "GET /shop/goods/inveighed15703318135.phtml HTTP/1.1" 200 214006 "-" "Mozilla/5.0 AppleWebKit/537.36 (KHTML, like Gecko; compatible; bingbot/2.0; +http://www.bing.com/bingbot.htm) Chrome/116.0.1938.76 Safari/537.36"
216.73.216.163 - - [21/Mar/2026:15:07:40 +0200] "GET /shop/goods/holsteinfriesian171908788592.phtml/ HTTP/1.1" 200 150752 "https://drspos.com/shop/goods/holsteinfriesian171908788592.phtml" "Mozilla/5.0 AppleWebKit/537.36 (KHTML, like Gecko; compatible; ClaudeBot/1.0; +claudebot@anthropic.com)"
52.167.144.228 - - [21/Mar/2026:15:07:42 +0200] "GET /shop/goods/fumades151841165681.phtml HTTP/1.1" 200 199975 "-" "Mozilla/5.0 AppleWebKit/537.36 (KHTML, like Gecko; compatible; bingbot/2.0; +http://www.bing.com/bingbot.htm) Chrome/116.0.1938.76 Safari/537.36"
74.7.227.61 - - [21/Mar/2026:15:07:42 +0200] "GET /?p=46922 HTTP/1.1" 200 90786 "https://drspos.com/?p=46924" "Mozilla/5.0 AppleWebKit/537.36 (KHTML, like Gecko; compatible; GPTBot/1.3; +https://openai.com/gptbot)"
74.7.227.61 - - [21/Mar/2026:15:07:45 +0200] "GET /?p=43978 HTTP/1.1" 200 91414 "https://drspos.com/?p=43975" "Mozilla/5.0 AppleWebKit/537.36 (KHTML, like Gecko; compatible; GPTBot/1.3; +https://openai.com/gptbot)"
74.7.227.61 - - [21/Mar/2026:15:07:48 +0200] "GET /?p=53138 HTTP/1.1" 200 93821 "https://drspos.com/?p=53140" "Mozilla/5.0 AppleWebKit/537.36 (KHTML, like Gecko; compatible; GPTBot/1.3; +https://openai.com/gptbot)"
207.46.13.130 - - [21/Mar/2026:15:07:50 +0200] "GET /shop/goods/reside152052656420.phtml HTTP/1.1" 200 205732 "-" "Mozilla/5.0 AppleWebKit/537.36 (KHTML, like Gecko; compatible; bingbot/2.0; +http://www.bing.com/bingbot.htm) Chrome/116.0.1938.76 Safari/537.36"
74.7.227.61 - - [21/Mar/2026:15:07:51 +0200] "GET /?p=35493 HTTP/1.1" 200 91653 "https://drspos.com/?p=35495" "Mozilla/5.0 AppleWebKit/537.36 (KHTML, like Gecko; compatible; GPTBot/1.3; +https://openai.com/gptbot)"
74.7.227.61 - - [21/Mar/2026:15:07:54 +0200] "GET /?p=35465 HTTP/1.1" 200 91919 "https://drspos.com/?p=35463" "Mozilla/5.0 AppleWebKit/537.36 (KHTML, like Gecko; compatible; GPTBot/1.3; +https://openai.com/gptbot)"
207.46.13.130 - - [21/Mar/2026:15:08:00 +0200] "GET /shop/goods/bighead151529553091.phtml HTTP/1.1" 200 214254 "-" "Mozilla/5.0 AppleWebKit/537.36 (KHTML, like Gecko; compatible; bingbot/2.0; +http://www.bing.com/bingbot.htm) Chrome/116.0.1938.76 Safari/537.36"
74.7.227.61 - - [21/Mar/2026:15:08:04 +0200] "GET /shop/goods/impastation17785506650.phtml HTTP/1.1" 301 - "https://drspos.com/%3C![CDATA[https:/eminencegroup.net.au/post-sitemap9.xml]]%3E" "Mozilla/5.0 AppleWebKit/537.36 (KHTML, like Gecko; compatible; GPTBot/1.3; +https://openai.com/gptbot)"
52.167.144.228 - - [21/Mar/2026:15:08:06 +0200] "GET /shop/goods/ferraro15162039539.phtml HTTP/1.1" 200 214390 "-" "Mozilla/5.0 AppleWebKit/537.36 (KHTML, like Gecko; compatible; bingbot/2.0; +http://www.bing.com/bingbot.htm) Chrome/116.0.1938.76 Safari/537.36"
74.7.227.61 - - [21/Mar/2026:15:08:07 +0200] "GET /shop/goods/impastation17785506650.phtml/ HTTP/1.1" 200 150752 "https://drspos.com/shop/goods/impastation17785506650.phtml" "Mozilla/5.0 AppleWebKit/537.36 (KHTML, like Gecko; compatible; GPTBot/1.3; +https://openai.com/gptbot)"
216.73.216.163 - - [21/Mar/2026:15:08:08 +0200] "GET /shop/goods/schismatical16308991938.phtml HTTP/1.1" 301 - "-" "Mozilla/5.0 AppleWebKit/537.36 (KHTML, like Gecko; compatible; ClaudeBot/1.0; +claudebot@anthropic.com)"
74.7.227.61 - - [21/Mar/2026:15:08:10 +0200] "GET /shop/goods/depolarized17817610741.phtml HTTP/1.1" 301 - "https://drspos.com/%3C![CDATA[https:/eminencegroup.net.au/post-sitemap9.xml]]%3E" "Mozilla/5.0 AppleWebKit/537.36 (KHTML, like Gecko; compatible; GPTBot/1.3; +https://openai.com/gptbot)"
216.73.216.163 - - [21/Mar/2026:15:08:10 +0200] "GET /shop/goods/schismatical16308991938.phtml/ HTTP/1.1" 200 150752 "https://www.drspos.com/shop/goods/schismatical16308991938.phtml" "Mozilla/5.0 AppleWebKit/537.36 (KHTML, like Gecko; compatible; ClaudeBot/1.0; +claudebot@anthropic.com)"
74.7.227.61 - - [21/Mar/2026:15:08:12 +0200] "GET /shop/goods/depolarized17817610741.phtml/ HTTP/1.1" 200 150752 "https://drspos.com/shop/goods/depolarized17817610741.phtml" "Mozilla/5.0 AppleWebKit/537.36 (KHTML, like Gecko; compatible; GPTBot/1.3; +https://openai.com/gptbot)"
74.7.227.61 - - [21/Mar/2026:15:08:15 +0200] "GET /?p=48034 HTTP/1.1" 200 94496 "https://drspos.com/?p=48032" "Mozilla/5.0 AppleWebKit/537.36 (KHTML, like Gecko; compatible; GPTBot/1.3; +https://openai.com/gptbot)"
52.167.144.228 - - [21/Mar/2026:15:08:17 +0200] "GET /shop/goods/duplicative151291286110.phtml HTTP/1.1" 200 197173 "-" "Mozilla/5.0 AppleWebKit/537.36 (KHTML, like Gecko; compatible; bingbot/2.0; +http://www.bing.com/bingbot.htm) Chrome/116.0.1938.76 Safari/537.36"
94.187.171.125 - - [21/Mar/2026:15:08:17 +0200] "POST /xmlrpc.php HTTP/1.1" 200 403 "-" "Mozilla/5.0 (Windows NT 6.2; arm64) AppleWebKit/537.36 (KHTML, like Gecko) Edge/95.0.0.0 Safari/537.36"
74.7.227.61 - - [21/Mar/2026:15:08:27 +0200] "GET /shop/goods/advisedness17744323267.phtml HTTP/1.1" 301 - "https://drspos.com/%3C![CDATA[https:/eminencegroup.net.au/post-sitemap9.xml]]%3E" "Mozilla/5.0 AppleWebKit/537.36 (KHTML, like Gecko; compatible; GPTBot/1.3; +https://openai.com/gptbot)"
74.7.227.61 - - [21/Mar/2026:15:08:29 +0200] "GET /shop/goods/advisedness17744323267.phtml/ HTTP/1.1" 200 150752 "https://drspos.com/shop/goods/advisedness17744323267.phtml" "Mozilla/5.0 AppleWebKit/537.36 (KHTML, like Gecko; compatible; GPTBot/1.3; +https://openai.com/gptbot)"
74.7.227.61 - - [21/Mar/2026:15:08:32 +0200] "GET /shop/goods/stipulating17958188914.phtml HTTP/1.1" 301 - "https://drspos.com/%3C![CDATA[https:/eminencegroup.net.au/post-sitemap9.xml]]%3E" "Mozilla/5.0 AppleWebKit/537.36 (KHTML, like Gecko; compatible; GPTBot/1.3; +https://openai.com/gptbot)"
209.141.43.172 - - [21/Mar/2026:15:08:33 +0200] "GET /wp-login.php HTTP/1.1" 200 6336 "-" "Mozilla/5.0 (X11; Linux x86_64) AppleWebKit/537.36 (KHTML, like Gecko) Ubuntu Chromium/34.0.1847.116 Chrome/34.0.1847.116 Safari/537.36"
209.141.43.172 - - [21/Mar/2026:15:08:35 +0200] "POST /wp-login.php HTTP/1.1" 200 6763 "-" "Mozilla/5.0 (X11; Linux x86_64) AppleWebKit/537.36 (KHTML, like Gecko) Ubuntu Chromium/34.0.1847.116 Chrome/34.0.1847.116 Safari/537.36"
74.7.227.61 - - [21/Mar/2026:15:08:34 +0200] "GET /shop/goods/stipulating17958188914.phtml/ HTTP/1.1" 200 150752 "https://drspos.com/shop/goods/stipulating17958188914.phtml" "Mozilla/5.0 AppleWebKit/537.36 (KHTML, like Gecko; compatible; GPTBot/1.3; +https://openai.com/gptbot)"
74.7.227.61 - - [21/Mar/2026:15:08:37 +0200] "GET /shop/goods/physophorae17203621228.phtml HTTP/1.1" 301 - "https://drspos.com/%3C![CDATA[https:/eminencegroup.net.au/post-sitemap9.xml]]%3E" "Mozilla/5.0 AppleWebKit/537.36 (KHTML, like Gecko; compatible; GPTBot/1.3; +https://openai.com/gptbot)"
74.7.227.61 - - [21/Mar/2026:15:08:40 +0200] "GET /shop/goods/physophorae17203621228.phtml/ HTTP/1.1" 200 150752 "https://drspos.com/shop/goods/physophorae17203621228.phtml" "Mozilla/5.0 AppleWebKit/537.36 (KHTML, like Gecko; compatible; GPTBot/1.3; +https://openai.com/gptbot)"
207.46.13.130 - - [21/Mar/2026:15:08:41 +0200] "GET /shop/goods/cutaway152352769686.phtml HTTP/1.1" 200 216484 "-" "Mozilla/5.0 AppleWebKit/537.36 (KHTML, like Gecko; compatible; bingbot/2.0; +http://www.bing.com/bingbot.htm) Chrome/116.0.1938.76 Safari/537.36"
74.7.227.61 - - [21/Mar/2026:15:08:42 +0200] "GET /?p=31137 HTTP/1.1" 200 94547 "https://drspos.com/?p=31139" "Mozilla/5.0 AppleWebKit/537.36 (KHTML, like Gecko; compatible; GPTBot/1.3; +https://openai.com/gptbot)"
216.73.216.163 - - [21/Mar/2026:15:08:44 +0200] "GET /shop/goods/mariottes164067566615.phtml HTTP/1.1" 301 - "-" "Mozilla/5.0 AppleWebKit/537.36 (KHTML, like Gecko; compatible; ClaudeBot/1.0; +claudebot@anthropic.com)"
74.7.227.61 - - [21/Mar/2026:15:08:46 +0200] "GET /?p=43980 HTTP/1.1" 200 90997 "https://drspos.com/?p=43978" "Mozilla/5.0 AppleWebKit/537.36 (KHTML, like Gecko; compatible; GPTBot/1.3; +https://openai.com/gptbot)"
52.167.144.228 - - [21/Mar/2026:15:08:47 +0200] "GET /shop/goods/aramaean152415916355.phtml HTTP/1.1" 200 204681 "-" "Mozilla/5.0 AppleWebKit/537.36 (KHTML, like Gecko; compatible; bingbot/2.0; +http://www.bing.com/bingbot.htm) Chrome/116.0.1938.76 Safari/537.36"
216.73.216.163 - - [21/Mar/2026:15:08:46 +0200] "GET /shop/goods/mariottes164067566615.phtml/ HTTP/1.1" 200 150752 "https://www.drspos.com/shop/goods/mariottes164067566615.phtml" "Mozilla/5.0 AppleWebKit/537.36 (KHTML, like Gecko; compatible; ClaudeBot/1.0; +claudebot@anthropic.com)"
51.89.129.18 - - [21/Mar/2026:15:08:49 +0200] "GET /wp-content/uploads/elementor/css/post-7.css?ver=1774018862 HTTP/1.1" 200 71520 "-" "Mozilla/5.0 (compatible; AhrefsBot/7.0; +http://ahrefs.com/robot/)"
51.195.244.164 - - [21/Mar/2026:15:08:50 +0200] "GET /wp-content/uploads/elementor/css/post-46.css?ver=1774018857 HTTP/1.1" 200 19635 "-" "Mozilla/5.0 (compatible; AhrefsBot/7.0; +http://ahrefs.com/robot/)"
198.244.226.26 - - [21/Mar/2026:15:08:51 +0200] "GET /wp-content/uploads/elementor/css/post-47.css?ver=1774018858 HTTP/1.1" 200 41305 "-" "Mozilla/5.0 (compatible; AhrefsBot/7.0; +http://ahrefs.com/robot/)"
74.7.227.61 - - [21/Mar/2026:15:08:49 +0200] "GET /?p=46920 HTTP/1.1" 200 94172 "https://drspos.com/?p=46922" "Mozilla/5.0 AppleWebKit/537.36 (KHTML, like Gecko; compatible; GPTBot/1.3; +https://openai.com/gptbot)"
74.7.227.61 - - [21/Mar/2026:15:08:52 +0200] "GET /?p=39967 HTTP/1.1" 200 93252 "https://drspos.com/?p=39965" "Mozilla/5.0 AppleWebKit/537.36 (KHTML, like Gecko; compatible; GPTBot/1.3; +https://openai.com/gptbot)"
74.7.227.61 - - [21/Mar/2026:15:08:55 +0200] "GET /?p=35491 HTTP/1.1" 200 92112 "https://drspos.com/?p=35493" "Mozilla/5.0 AppleWebKit/537.36 (KHTML, like Gecko; compatible; GPTBot/1.3; +https://openai.com/gptbot)"
198.244.226.207 - - [21/Mar/2026:15:08:58 +0200] "GET /wp-content/uploads/elementor/css/post-4.css?ver=1774018863 HTTP/1.1" 200 2129 "-" "Mozilla/5.0 (compatible; AhrefsBot/7.0; +http://ahrefs.com/robot/)"
216.73.216.163 - - [21/Mar/2026:15:08:56 +0200] "GET /shop/goods/incorporating12629762874.phtml HTTP/1.1" 301 - "-" "Mozilla/5.0 AppleWebKit/537.36 (KHTML, like Gecko; compatible; ClaudeBot/1.0; +claudebot@anthropic.com)"
74.7.227.61 - - [21/Mar/2026:15:08:59 +0200] "GET /?p=35467 HTTP/1.1" 200 91495 "https://drspos.com/?p=35465" "Mozilla/5.0 AppleWebKit/537.36 (KHTML, like Gecko; compatible; GPTBot/1.3; +https://openai.com/gptbot)"
216.73.216.163 - - [21/Mar/2026:15:08:58 +0200] "GET /shop/goods/incorporating12629762874.phtml/ HTTP/1.1" 200 150752 "https://www.drspos.com/shop/goods/incorporating12629762874.phtml" "Mozilla/5.0 AppleWebKit/537.36 (KHTML, like Gecko; compatible; ClaudeBot/1.0; +claudebot@anthropic.com)"
74.7.227.61 - - [21/Mar/2026:15:09:02 +0200] "GET /?p=53136 HTTP/1.1" 200 92537 "https://drspos.com/?p=53138" "Mozilla/5.0 AppleWebKit/537.36 (KHTML, like Gecko; compatible; GPTBot/1.3; +https://openai.com/gptbot)"
74.7.227.61 - - [21/Mar/2026:15:09:05 +0200] "GET /?p=48036 HTTP/1.1" 200 91154 "https://drspos.com/?p=48034" "Mozilla/5.0 AppleWebKit/537.36 (KHTML, like Gecko; compatible; GPTBot/1.3; +https://openai.com/gptbot)"
74.7.227.61 - - [21/Mar/2026:15:09:08 +0200] "GET /?p=40103 HTTP/1.1" 200 93472 "https://drspos.com/?p=40105" "Mozilla/5.0 AppleWebKit/537.36 (KHTML, like Gecko; compatible; GPTBot/1.3; +https://openai.com/gptbot)"
94.187.171.125 - - [21/Mar/2026:15:09:17 +0200] "POST /xmlrpc.php HTTP/1.1" 200 403 "-" "Mozilla/5.0 (Macintosh; Intel Mac OS X 10_15_7; arm64) AppleWebKit/537.36 (KHTML, like Gecko) Chrome/95.0.0.0 Safari/537.36"
172.30.5.1 - - [21/Mar/2026:15:09:18 +0200] "POST /wp-cron.php?doing_wp_cron=1774098558.6306879520416259765625 HTTP/1.1" 200 - "-" "WordPress/6.9.4; https://drspos.com"
74.7.227.61 - - [21/Mar/2026:15:09:24 +0200] "GET /shop/goods/comptometer17353540468.phtml HTTP/1.1" 301 - "https://drspos.com/%3C![CDATA[https:/eminencegroup.net.au/post-sitemap9.xml]]%3E" "Mozilla/5.0 AppleWebKit/537.36 (KHTML, like Gecko; compatible; GPTBot/1.3; +https://openai.com/gptbot)"
216.73.216.163 - - [21/Mar/2026:15:09:26 +0200] "GET /shop/goods/rashness17397792588.phtml HTTP/1.1" 301 - "-" "Mozilla/5.0 AppleWebKit/537.36 (KHTML, like Gecko; compatible; ClaudeBot/1.0; +claudebot@anthropic.com)"
74.7.227.61 - - [21/Mar/2026:15:09:26 +0200] "GET /shop/goods/comptometer17353540468.phtml/ HTTP/1.1" 200 150752 "https://drspos.com/shop/goods/comptometer17353540468.phtml" "Mozilla/5.0 AppleWebKit/537.36 (KHTML, like Gecko; compatible; GPTBot/1.3; +https://openai.com/gptbot)"
216.73.216.163 - - [21/Mar/2026:15:09:29 +0200] "GET /shop/goods/rashness17397792588.phtml/ HTTP/1.1" 200 150752 "https://www.drspos.com/shop/goods/rashness17397792588.phtml" "Mozilla/5.0 AppleWebKit/537.36 (KHTML, like Gecko; compatible; ClaudeBot/1.0; +claudebot@anthropic.com)"
74.7.227.61 - - [21/Mar/2026:15:09:35 +0200] "GET /shop/goods/tyrannizing17318881053.phtml HTTP/1.1" 301 - "https://drspos.com/%3C![CDATA[https:/eminencegroup.net.au/post-sitemap9.xml]]%3E" "Mozilla/5.0 AppleWebKit/537.36 (KHTML, like Gecko; compatible; GPTBot/1.3; +https://openai.com/gptbot)"
74.7.227.61 - - [21/Mar/2026:15:09:37 +0200] "GET /shop/goods/tyrannizing17318881053.phtml/ HTTP/1.1" 200 150752 "https://drspos.com/shop/goods/tyrannizing17318881053.phtml" "Mozilla/5.0 AppleWebKit/537.36 (KHTML, like Gecko; compatible; GPTBot/1.3; +https://openai.com/gptbot)"
216.73.216.163 - - [21/Mar/2026:15:09:42 +0200] "GET /shop/goods/lutestring161212058908.phtml HTTP/1.1" 301 - "-" "Mozilla/5.0 AppleWebKit/537.36 (KHTML, like Gecko; compatible; ClaudeBot/1.0; +claudebot@anthropic.com)"
216.73.216.163 - - [21/Mar/2026:15:09:45 +0200] "GET /shop/goods/lutestring161212058908.phtml/ HTTP/1.1" 200 150752 "https://drspos.com/shop/goods/lutestring161212058908.phtml" "Mozilla/5.0 AppleWebKit/537.36 (KHTML, like Gecko; compatible; ClaudeBot/1.0; +claudebot@anthropic.com)"
74.7.227.61 - - [21/Mar/2026:15:09:49 +0200] "GET /?p=31135 HTTP/1.1" 200 95515 "https://drspos.com/?p=31137" "Mozilla/5.0 AppleWebKit/537.36 (KHTML, like Gecko; compatible; GPTBot/1.3; +https://openai.com/gptbot)"
74.7.227.61 - - [21/Mar/2026:15:09:54 +0200] "GET /?p=43982 HTTP/1.1" 200 91238 "https://drspos.com/?p=43980" "Mozilla/5.0 AppleWebKit/537.36 (KHTML, like Gecko; compatible; GPTBot/1.3; +https://openai.com/gptbot)"
74.7.227.61 - - [21/Mar/2026:15:09:57 +0200] "GET /?p=46918 HTTP/1.1" 200 91241 "https://drspos.com/?p=46920" "Mozilla/5.0 AppleWebKit/537.36 (KHTML, like Gecko; compatible; GPTBot/1.3; +https://openai.com/gptbot)"
74.7.227.61 - - [21/Mar/2026:15:10:00 +0200] "GET /?p=39969 HTTP/1.1" 200 92675 "https://drspos.com/?p=39967" "Mozilla/5.0 AppleWebKit/537.36 (KHTML, like Gecko; compatible; GPTBot/1.3; +https://openai.com/gptbot)"
216.73.216.163 - - [21/Mar/2026:15:10:13 +0200] "GET /shop/goods/imago17466068143.phtml HTTP/1.1" 301 - "-" "Mozilla/5.0 AppleWebKit/537.36 (KHTML, like Gecko; compatible; ClaudeBot/1.0; +claudebot@anthropic.com)"
94.187.171.125 - - [21/Mar/2026:15:10:17 +0200] "POST /xmlrpc.php HTTP/1.1" 200 403 "-" "Mozilla/5.0 (Linux; Android 10; arm64) AppleWebKit/537.36 (KHTML, like Gecko) Firefox/72.0.0.0 Safari/537.36"
216.73.216.163 - - [21/Mar/2026:15:10:16 +0200] "GET /shop/goods/imago17466068143.phtml/ HTTP/1.1" 200 150752 "https://www.drspos.com/shop/goods/imago17466068143.phtml" "Mozilla/5.0 AppleWebKit/537.36 (KHTML, like Gecko; compatible; ClaudeBot/1.0; +claudebot@anthropic.com)"
74.7.227.61 - - [21/Mar/2026:15:10:16 +0200] "GET /?p=35487 HTTP/1.1" 200 91482 "https://drspos.com/?p=35491" "Mozilla/5.0 AppleWebKit/537.36 (KHTML, like Gecko; compatible; GPTBot/1.3; +https://openai.com/gptbot)"
74.7.227.61 - - [21/Mar/2026:15:10:22 +0200] "GET /?p=35469 HTTP/1.1" 200 91520 "https://drspos.com/?p=35467" "Mozilla/5.0 AppleWebKit/537.36 (KHTML, like Gecko; compatible; GPTBot/1.3; +https://openai.com/gptbot)"
74.7.227.61 - - [21/Mar/2026:15:10:26 +0200] "GET /shop/goods/telemechanic1733413855.phtml HTTP/1.1" 301 - "https://drspos.com/%3C![CDATA[https:/eminencegroup.net.au/post-sitemap9.xml]]%3E" "Mozilla/5.0 AppleWebKit/537.36 (KHTML, like Gecko; compatible; GPTBot/1.3; +https://openai.com/gptbot)"
74.7.227.61 - - [21/Mar/2026:15:10:28 +0200] "GET /shop/goods/telemechanic1733413855.phtml/ HTTP/1.1" 200 150752 "https://drspos.com/shop/goods/telemechanic1733413855.phtml" "Mozilla/5.0 AppleWebKit/537.36 (KHTML, like Gecko; compatible; GPTBot/1.3; +https://openai.com/gptbot)"
216.73.216.163 - - [21/Mar/2026:15:10:43 +0200] "GET /shop/goods/imaginativeness121100316955.phtml HTTP/1.1" 301 - "-" "Mozilla/5.0 AppleWebKit/537.36 (KHTML, like Gecko; compatible; ClaudeBot/1.0; +claudebot@anthropic.com)"
74.7.227.61 - - [21/Mar/2026:15:10:45 +0200] "GET /primux.es HTTP/1.1" 301 - "https://drspos.com/?p=43102" "Mozilla/5.0 AppleWebKit/537.36 (KHTML, like Gecko; compatible; GPTBot/1.3; +https://openai.com/gptbot)"
216.73.216.163 - - [21/Mar/2026:15:10:45 +0200] "GET /shop/goods/imaginativeness121100316955.phtml/ HTTP/1.1" 200 150752 "https://www.drspos.com/shop/goods/imaginativeness121100316955.phtml" "Mozilla/5.0 AppleWebKit/537.36 (KHTML, like Gecko; compatible; ClaudeBot/1.0; +claudebot@anthropic.com)"
74.7.227.61 - - [21/Mar/2026:15:10:47 +0200] "GET /primux.es/ HTTP/1.1" 200 150752 "https://drspos.com/primux.es" "Mozilla/5.0 AppleWebKit/537.36 (KHTML, like Gecko; compatible; GPTBot/1.3; +https://openai.com/gptbot)"
74.7.227.61 - - [21/Mar/2026:15:10:51 +0200] "GET /shop/goods/supraglotic17248017777.phtml HTTP/1.1" 301 - "https://drspos.com/%3C![CDATA[https:/eminencegroup.net.au/post-sitemap9.xml]]%3E" "Mozilla/5.0 AppleWebKit/537.36 (KHTML, like Gecko; compatible; GPTBot/1.3; +https://openai.com/gptbot)"
74.7.227.61 - - [21/Mar/2026:15:10:53 +0200] "GET /shop/goods/supraglotic17248017777.phtml/ HTTP/1.1" 200 150752 "https://drspos.com/shop/goods/supraglotic17248017777.phtml" "Mozilla/5.0 AppleWebKit/537.36 (KHTML, like Gecko; compatible; GPTBot/1.3; +https://openai.com/gptbot)"
74.7.227.61 - - [21/Mar/2026:15:10:56 +0200] "GET /shop/goods/contracted173631002334.phtml HTTP/1.1" 301 - "https://drspos.com/%3C![CDATA[https:/eminencegroup.net.au/post-sitemap9.xml]]%3E" "Mozilla/5.0 AppleWebKit/537.36 (KHTML, like Gecko; compatible; GPTBot/1.3; +https://openai.com/gptbot)"
74.7.227.61 - - [21/Mar/2026:15:10:59 +0200] "GET /shop/goods/contracted173631002334.phtml/ HTTP/1.1" 200 150752 "https://drspos.com/shop/goods/contracted173631002334.phtml" "Mozilla/5.0 AppleWebKit/537.36 (KHTML, like Gecko; compatible; GPTBot/1.3; +https://openai.com/gptbot)"
74.7.227.61 - - [21/Mar/2026:15:11:02 +0200] "GET /shop/goods/arraigning173031875455.phtml HTTP/1.1" 301 - "https://drspos.com/%3C![CDATA[https:/eminencegroup.net.au/post-sitemap9.xml]]%3E" "Mozilla/5.0 AppleWebKit/537.36 (KHTML, like Gecko; compatible; GPTBot/1.3; +https://openai.com/gptbot)"
74.7.227.61 - - [21/Mar/2026:15:11:04 +0200] "GET /shop/goods/arraigning173031875455.phtml/ HTTP/1.1" 200 150752 "https://drspos.com/shop/goods/arraigning173031875455.phtml" "Mozilla/5.0 AppleWebKit/537.36 (KHTML, like Gecko; compatible; GPTBot/1.3; +https://openai.com/gptbot)"
74.7.227.61 - - [21/Mar/2026:15:11:07 +0200] "GET /?p=40101 HTTP/1.1" 200 92566 "https://drspos.com/?p=40103" "Mozilla/5.0 AppleWebKit/537.36 (KHTML, like Gecko; compatible; GPTBot/1.3; +https://openai.com/gptbot)"
216.73.216.163 - - [21/Mar/2026:15:11:14 +0200] "GET /shop/goods/misfeasance142432748641.phtml HTTP/1.1" 301 - "-" "Mozilla/5.0 AppleWebKit/537.36 (KHTML, like Gecko; compatible; ClaudeBot/1.0; +claudebot@anthropic.com)"
216.73.216.163 - - [21/Mar/2026:15:11:16 +0200] "GET /shop/goods/misfeasance142432748641.phtml/ HTTP/1.1" 200 150752 "https://www.drspos.com/shop/goods/misfeasance142432748641.phtml" "Mozilla/5.0 AppleWebKit/537.36 (KHTML, like Gecko; compatible; ClaudeBot/1.0; +claudebot@anthropic.com)"
94.187.171.125 - - [21/Mar/2026:15:11:21 +0200] "POST /xmlrpc.php HTTP/1.1" 200 403 "-" "Mozilla/5.0 (Windows NT 6.3; x64) AppleWebKit/537.36 (KHTML, like Gecko) Firefox/92.0.0.0 Safari/537.36"
74.7.227.61 - - [21/Mar/2026:15:11:26 +0200] "GET /?p=53134 HTTP/1.1" 200 92510 "https://drspos.com/?p=53136" "Mozilla/5.0 AppleWebKit/537.36 (KHTML, like Gecko; compatible; GPTBot/1.3; +https://openai.com/gptbot)"
74.7.227.61 - - [21/Mar/2026:15:11:37 +0200] "GET /?p=48038 HTTP/1.1" 200 94533 "https://drspos.com/?p=48036" "Mozilla/5.0 AppleWebKit/537.36 (KHTML, like Gecko; compatible; GPTBot/1.3; +https://openai.com/gptbot)"
