40.77.167.54 - - [21/Mar/2026:16:10:08 +0200] "GET /shop/goods/trant154170700200.phtml HTTP/1.1" 200 216292 "-" "Mozilla/5.0 AppleWebKit/537.36 (KHTML, like Gecko; compatible; bingbot/2.0; +http://www.bing.com/bingbot.htm) Chrome/116.0.1938.76 Safari/537.36"
216.73.216.163 - - [21/Mar/2026:16:10:08 +0200] "GET /shop/goods/nocturnally124288834774.phtml/ HTTP/1.1" 200 150752 "https://drspos.com/shop/goods/nocturnally124288834774.phtml" "Mozilla/5.0 AppleWebKit/537.36 (KHTML, like Gecko; compatible; ClaudeBot/1.0; +claudebot@anthropic.com)"
74.7.227.61 - - [21/Mar/2026:16:10:08 +0200] "GET /?p=44116 HTTP/1.1" 200 94108 "https://drspos.com/?p=44114" "Mozilla/5.0 AppleWebKit/537.36 (KHTML, like Gecko; compatible; GPTBot/1.3; +https://openai.com/gptbot)"
40.77.167.54 - - [21/Mar/2026:16:10:11 +0200] "GET /shop/goods/stibious103900833120.phtml HTTP/1.1" 200 212152 "-" "Mozilla/5.0 AppleWebKit/537.36 (KHTML, like Gecko; compatible; bingbot/2.0; +http://www.bing.com/bingbot.htm) Chrome/116.0.1938.76 Safari/537.36"
74.7.227.61 - - [21/Mar/2026:16:10:11 +0200] "GET /?p=53004 HTTP/1.1" 200 93421 "https://drspos.com/?p=53006" "Mozilla/5.0 AppleWebKit/537.36 (KHTML, like Gecko; compatible; GPTBot/1.3; +https://openai.com/gptbot)"
40.77.167.54 - - [21/Mar/2026:16:10:14 +0200] "GET /shop/goods/cothurnus152743565117.phtml HTTP/1.1" 200 204096 "-" "Mozilla/5.0 AppleWebKit/537.36 (KHTML, like Gecko; compatible; bingbot/2.0; +http://www.bing.com/bingbot.htm) Chrome/116.0.1938.76 Safari/537.36"
74.7.227.61 - - [21/Mar/2026:16:10:15 +0200] "GET /shop/goods/abstersive17444182996.phtml HTTP/1.1" 301 - "https://drspos.com/%3C![CDATA[https:/eminencegroup.net.au/post-sitemap9.xml]]%3E" "Mozilla/5.0 AppleWebKit/537.36 (KHTML, like Gecko; compatible; GPTBot/1.3; +https://openai.com/gptbot)"
40.77.167.54 - - [21/Mar/2026:16:10:17 +0200] "GET /shop/goods/binding151407036684.phtml HTTP/1.1" 200 207367 "-" "Mozilla/5.0 AppleWebKit/537.36 (KHTML, like Gecko; compatible; bingbot/2.0; +http://www.bing.com/bingbot.htm) Chrome/116.0.1938.76 Safari/537.36"
74.7.227.61 - - [21/Mar/2026:16:10:17 +0200] "GET /shop/goods/abstersive17444182996.phtml/ HTTP/1.1" 200 150752 "https://drspos.com/shop/goods/abstersive17444182996.phtml" "Mozilla/5.0 AppleWebKit/537.36 (KHTML, like Gecko; compatible; GPTBot/1.3; +https://openai.com/gptbot)"
40.77.167.54 - - [21/Mar/2026:16:10:20 +0200] "GET /shop/goods/wagoning1074773816.phtml HTTP/1.1" 200 212512 "-" "Mozilla/5.0 AppleWebKit/537.36 (KHTML, like Gecko; compatible; bingbot/2.0; +http://www.bing.com/bingbot.htm) Chrome/116.0.1938.76 Safari/537.36"
74.7.227.61 - - [21/Mar/2026:16:10:21 +0200] "GET /?p=48166 HTTP/1.1" 200 91246 "https://drspos.com/?p=48164" "Mozilla/5.0 AppleWebKit/537.36 (KHTML, like Gecko; compatible; GPTBot/1.3; +https://openai.com/gptbot)"
207.46.13.52 - - [21/Mar/2026:16:10:23 +0200] "GET /shop/goods/newfashioned151377363833.phtml HTTP/1.1" 200 211422 "-" "Mozilla/5.0 AppleWebKit/537.36 (KHTML, like Gecko; compatible; bingbot/2.0; +http://www.bing.com/bingbot.htm) Chrome/116.0.1938.76 Safari/537.36"
74.7.227.61 - - [21/Mar/2026:16:10:24 +0200] "GET /?p=46766 HTTP/1.1" 200 92925 "https://drspos.com/?p=46768" "Mozilla/5.0 AppleWebKit/537.36 (KHTML, like Gecko; compatible; GPTBot/1.3; +https://openai.com/gptbot)"
74.7.227.61 - - [21/Mar/2026:16:10:27 +0200] "GET /shop/goods/proscript173134417476.phtml HTTP/1.1" 301 - "https://drspos.com/%3C![CDATA[https:/eminencegroup.net.au/post-sitemap9.xml]]%3E" "Mozilla/5.0 AppleWebKit/537.36 (KHTML, like Gecko; compatible; GPTBot/1.3; +https://openai.com/gptbot)"
216.73.216.163 - - [21/Mar/2026:16:10:29 +0200] "GET /shop/goods/thricecock123750133786.phtml HTTP/1.1" 301 - "-" "Mozilla/5.0 AppleWebKit/537.36 (KHTML, like Gecko; compatible; ClaudeBot/1.0; +claudebot@anthropic.com)"
74.7.227.61 - - [21/Mar/2026:16:10:30 +0200] "GET /shop/goods/proscript173134417476.phtml/ HTTP/1.1" 200 150752 "https://drspos.com/shop/goods/proscript173134417476.phtml" "Mozilla/5.0 AppleWebKit/537.36 (KHTML, like Gecko; compatible; GPTBot/1.3; +https://openai.com/gptbot)"
40.77.167.58 - - [21/Mar/2026:16:10:32 +0200] "GET /shop/goods/professed152858769113.phtml HTTP/1.1" 200 216352 "-" "Mozilla/5.0 AppleWebKit/537.36 (KHTML, like Gecko; compatible; bingbot/2.0; +http://www.bing.com/bingbot.htm) Chrome/116.0.1938.76 Safari/537.36"
216.73.216.163 - - [21/Mar/2026:16:10:32 +0200] "GET /shop/goods/thricecock123750133786.phtml/ HTTP/1.1" 200 150752 "https://drspos.com/shop/goods/thricecock123750133786.phtml" "Mozilla/5.0 AppleWebKit/537.36 (KHTML, like Gecko; compatible; ClaudeBot/1.0; +claudebot@anthropic.com)"
74.7.227.61 - - [21/Mar/2026:16:10:33 +0200] "GET /shop/goods/solicited173804101370.phtml HTTP/1.1" 301 - "https://drspos.com/%3C![CDATA[https:/eminencegroup.net.au/post-sitemap9.xml]]%3E" "Mozilla/5.0 AppleWebKit/537.36 (KHTML, like Gecko; compatible; GPTBot/1.3; +https://openai.com/gptbot)"
216.73.216.163 - - [21/Mar/2026:16:10:35 +0200] "GET /shop/goods/sneakcup132173295989.phtml HTTP/1.1" 301 - "-" "Mozilla/5.0 AppleWebKit/537.36 (KHTML, like Gecko; compatible; ClaudeBot/1.0; +claudebot@anthropic.com)"
74.7.227.61 - - [21/Mar/2026:16:10:36 +0200] "GET /shop/goods/solicited173804101370.phtml/ HTTP/1.1" 200 150752 "https://drspos.com/shop/goods/solicited173804101370.phtml" "Mozilla/5.0 AppleWebKit/537.36 (KHTML, like Gecko; compatible; GPTBot/1.3; +https://openai.com/gptbot)"
207.46.13.52 - - [21/Mar/2026:16:10:38 +0200] "GET /shop/goods/biotite15545354479.phtml HTTP/1.1" 200 207734 "-" "Mozilla/5.0 AppleWebKit/537.36 (KHTML, like Gecko; compatible; bingbot/2.0; +http://www.bing.com/bingbot.htm) Chrome/116.0.1938.76 Safari/537.36"
216.73.216.163 - - [21/Mar/2026:16:10:38 +0200] "GET /shop/goods/sneakcup132173295989.phtml/ HTTP/1.1" 200 150752 "https://drspos.com/shop/goods/sneakcup132173295989.phtml" "Mozilla/5.0 AppleWebKit/537.36 (KHTML, like Gecko; compatible; ClaudeBot/1.0; +claudebot@anthropic.com)"
74.7.227.61 - - [21/Mar/2026:16:10:39 +0200] "GET /shop/goods/midrashim172281899627.phtml HTTP/1.1" 301 - "https://drspos.com/%3C![CDATA[https:/eminencegroup.net.au/post-sitemap9.xml]]%3E" "Mozilla/5.0 AppleWebKit/537.36 (KHTML, like Gecko; compatible; GPTBot/1.3; +https://openai.com/gptbot)"
196.198.13.211 - - [21/Mar/2026:16:10:42 +0200] "GET /?p=4098 HTTP/1.1" 200 208441 "-" "Mozilla/5.0 (compatible; Googlebot/2.1; +http://www.google.com/bot.html)"
74.7.227.61 - - [21/Mar/2026:16:10:41 +0200] "GET /shop/goods/midrashim172281899627.phtml/ HTTP/1.1" 200 150752 "https://drspos.com/shop/goods/midrashim172281899627.phtml" "Mozilla/5.0 AppleWebKit/537.36 (KHTML, like Gecko; compatible; GPTBot/1.3; +https://openai.com/gptbot)"
74.7.227.61 - - [21/Mar/2026:16:10:45 +0200] "GET /shop/goods/sniggling172673819977.phtml HTTP/1.1" 301 - "https://drspos.com/%3C![CDATA[https:/eminencegroup.net.au/post-sitemap9.xml]]%3E" "Mozilla/5.0 AppleWebKit/537.36 (KHTML, like Gecko; compatible; GPTBot/1.3; +https://openai.com/gptbot)"
74.7.227.61 - - [21/Mar/2026:16:10:48 +0200] "GET /shop/goods/sniggling172673819977.phtml/ HTTP/1.1" 200 150752 "https://drspos.com/shop/goods/sniggling172673819977.phtml" "Mozilla/5.0 AppleWebKit/537.36 (KHTML, like Gecko; compatible; GPTBot/1.3; +https://openai.com/gptbot)"
74.7.227.61 - - [21/Mar/2026:16:10:51 +0200] "GET /?p=30980 HTTP/1.1" 200 96645 "https://drspos.com/?p=30982" "Mozilla/5.0 AppleWebKit/537.36 (KHTML, like Gecko; compatible; GPTBot/1.3; +https://openai.com/gptbot)"
74.7.227.61 - - [21/Mar/2026:16:10:54 +0200] "GET /shop/goods/salacious173813672782.phtml HTTP/1.1" 301 - "https://drspos.com/%3C![CDATA[https:/eminencegroup.net.au/post-sitemap9.xml]]%3E" "Mozilla/5.0 AppleWebKit/537.36 (KHTML, like Gecko; compatible; GPTBot/1.3; +https://openai.com/gptbot)"
74.7.227.61 - - [21/Mar/2026:16:10:56 +0200] "GET /shop/goods/salacious173813672782.phtml/ HTTP/1.1" 200 150752 "https://drspos.com/shop/goods/salacious173813672782.phtml" "Mozilla/5.0 AppleWebKit/537.36 (KHTML, like Gecko; compatible; GPTBot/1.3; +https://openai.com/gptbot)"
74.7.227.61 - - [21/Mar/2026:16:10:59 +0200] "GET /?p=44118 HTTP/1.1" 200 91113 "https://drspos.com/?p=44116" "Mozilla/5.0 AppleWebKit/537.36 (KHTML, like Gecko; compatible; GPTBot/1.3; +https://openai.com/gptbot)"
216.73.216.163 - - [21/Mar/2026:16:10:59 +0200] "GET /shop/goods/municipalize12304661550.phtml HTTP/1.1" 301 - "-" "Mozilla/5.0 AppleWebKit/537.36 (KHTML, like Gecko; compatible; ClaudeBot/1.0; +claudebot@anthropic.com)"
216.73.216.163 - - [21/Mar/2026:16:11:02 +0200] "GET /shop/goods/municipalize12304661550.phtml/ HTTP/1.1" 200 150752 "https://drspos.com/shop/goods/municipalize12304661550.phtml" "Mozilla/5.0 AppleWebKit/537.36 (KHTML, like Gecko; compatible; ClaudeBot/1.0; +claudebot@anthropic.com)"
74.7.227.61 - - [21/Mar/2026:16:11:02 +0200] "GET /?p=53002 HTTP/1.1" 200 97599 "https://drspos.com/?p=53004" "Mozilla/5.0 AppleWebKit/537.36 (KHTML, like Gecko; compatible; GPTBot/1.3; +https://openai.com/gptbot)"
74.7.227.61 - - [21/Mar/2026:16:11:05 +0200] "GET /shop/goods/newsprung171121177627.phtml HTTP/1.1" 301 - "https://drspos.com/%3C![CDATA[https:/eminencegroup.net.au/post-sitemap9.xml]]%3E" "Mozilla/5.0 AppleWebKit/537.36 (KHTML, like Gecko; compatible; GPTBot/1.3; +https://openai.com/gptbot)"
74.7.227.61 - - [21/Mar/2026:16:11:08 +0200] "GET /shop/goods/newsprung171121177627.phtml/ HTTP/1.1" 200 150752 "https://drspos.com/shop/goods/newsprung171121177627.phtml" "Mozilla/5.0 AppleWebKit/537.36 (KHTML, like Gecko; compatible; GPTBot/1.3; +https://openai.com/gptbot)"
216.73.216.163 - - [21/Mar/2026:16:11:09 +0200] "GET /shop/goods/departmental133894844289.phtml HTTP/1.1" 301 - "-" "Mozilla/5.0 AppleWebKit/537.36 (KHTML, like Gecko; compatible; ClaudeBot/1.0; +claudebot@anthropic.com)"
74.7.227.61 - - [21/Mar/2026:16:11:11 +0200] "GET /?p=48168 HTTP/1.1" 200 94750 "https://drspos.com/?p=48166" "Mozilla/5.0 AppleWebKit/537.36 (KHTML, like Gecko; compatible; GPTBot/1.3; +https://openai.com/gptbot)"
216.73.216.163 - - [21/Mar/2026:16:11:12 +0200] "GET /shop/goods/departmental133894844289.phtml/ HTTP/1.1" 200 150752 "https://drspos.com/shop/goods/departmental133894844289.phtml" "Mozilla/5.0 AppleWebKit/537.36 (KHTML, like Gecko; compatible; ClaudeBot/1.0; +claudebot@anthropic.com)"
74.7.227.61 - - [21/Mar/2026:16:11:14 +0200] "GET /?p=46764 HTTP/1.1" 200 92077 "https://drspos.com/?p=46766" "Mozilla/5.0 AppleWebKit/537.36 (KHTML, like Gecko; compatible; GPTBot/1.3; +https://openai.com/gptbot)"
74.7.227.61 - - [21/Mar/2026:16:11:18 +0200] "GET /shop/goods/geologies173438636903.phtml HTTP/1.1" 301 - "https://drspos.com/%3C![CDATA[https:/eminencegroup.net.au/post-sitemap9.xml]]%3E" "Mozilla/5.0 AppleWebKit/537.36 (KHTML, like Gecko; compatible; GPTBot/1.3; +https://openai.com/gptbot)"
74.7.227.61 - - [21/Mar/2026:16:11:20 +0200] "GET /shop/goods/geologies173438636903.phtml/ HTTP/1.1" 200 150752 "https://drspos.com/shop/goods/geologies173438636903.phtml" "Mozilla/5.0 AppleWebKit/537.36 (KHTML, like Gecko; compatible; GPTBot/1.3; +https://openai.com/gptbot)"
74.7.227.61 - - [21/Mar/2026:16:11:23 +0200] "GET /shop/goods/dolourous172328720358.phtml HTTP/1.1" 301 - "https://drspos.com/%3C![CDATA[https:/eminencegroup.net.au/post-sitemap9.xml]]%3E" "Mozilla/5.0 AppleWebKit/537.36 (KHTML, like Gecko; compatible; GPTBot/1.3; +https://openai.com/gptbot)"
216.73.216.163 - - [21/Mar/2026:16:11:26 +0200] "GET /shop/goods/misseek123530420306.phtml HTTP/1.1" 301 - "-" "Mozilla/5.0 AppleWebKit/537.36 (KHTML, like Gecko; compatible; ClaudeBot/1.0; +claudebot@anthropic.com)"
74.7.227.61 - - [21/Mar/2026:16:11:26 +0200] "GET /shop/goods/dolourous172328720358.phtml/ HTTP/1.1" 200 150752 "https://drspos.com/shop/goods/dolourous172328720358.phtml" "Mozilla/5.0 AppleWebKit/537.36 (KHTML, like Gecko; compatible; GPTBot/1.3; +https://openai.com/gptbot)"
216.73.216.163 - - [21/Mar/2026:16:11:28 +0200] "GET /shop/goods/misseek123530420306.phtml/ HTTP/1.1" 200 150752 "https://drspos.com/shop/goods/misseek123530420306.phtml" "Mozilla/5.0 AppleWebKit/537.36 (KHTML, like Gecko; compatible; ClaudeBot/1.0; +claudebot@anthropic.com)"
74.7.227.61 - - [21/Mar/2026:16:11:29 +0200] "GET /shop/goods/homophony172759078422.phtml HTTP/1.1" 301 - "https://drspos.com/%3C![CDATA[https:/eminencegroup.net.au/post-sitemap9.xml]]%3E" "Mozilla/5.0 AppleWebKit/537.36 (KHTML, like Gecko; compatible; GPTBot/1.3; +https://openai.com/gptbot)"
74.7.227.61 - - [21/Mar/2026:16:11:31 +0200] "GET /shop/goods/homophony172759078422.phtml/ HTTP/1.1" 200 150752 "https://drspos.com/shop/goods/homophony172759078422.phtml" "Mozilla/5.0 AppleWebKit/537.36 (KHTML, like Gecko; compatible; GPTBot/1.3; +https://openai.com/gptbot)"
74.7.227.61 - - [21/Mar/2026:16:11:34 +0200] "GET /shop/goods/contadino173596733637.phtml HTTP/1.1" 301 - "https://drspos.com/%3C![CDATA[https:/eminencegroup.net.au/post-sitemap9.xml]]%3E" "Mozilla/5.0 AppleWebKit/537.36 (KHTML, like Gecko; compatible; GPTBot/1.3; +https://openai.com/gptbot)"
74.7.227.61 - - [21/Mar/2026:16:11:36 +0200] "GET /shop/goods/contadino173596733637.phtml/ HTTP/1.1" 200 150752 "https://drspos.com/shop/goods/contadino173596733637.phtml" "Mozilla/5.0 AppleWebKit/537.36 (KHTML, like Gecko; compatible; GPTBot/1.3; +https://openai.com/gptbot)"
74.7.227.61 - - [21/Mar/2026:16:11:39 +0200] "GET /?p=30978 HTTP/1.1" 200 93394 "https://drspos.com/?p=30980" "Mozilla/5.0 AppleWebKit/537.36 (KHTML, like Gecko; compatible; GPTBot/1.3; +https://openai.com/gptbot)"
74.7.227.61 - - [21/Mar/2026:16:11:42 +0200] "GET /shop/goods/pipemouth173560302565.phtml HTTP/1.1" 301 - "https://drspos.com/%3C![CDATA[https:/eminencegroup.net.au/post-sitemap9.xml]]%3E" "Mozilla/5.0 AppleWebKit/537.36 (KHTML, like Gecko; compatible; GPTBot/1.3; +https://openai.com/gptbot)"
74.7.227.61 - - [21/Mar/2026:16:11:45 +0200] "GET /shop/goods/pipemouth173560302565.phtml/ HTTP/1.1" 200 150752 "https://drspos.com/shop/goods/pipemouth173560302565.phtml" "Mozilla/5.0 AppleWebKit/537.36 (KHTML, like Gecko; compatible; GPTBot/1.3; +https://openai.com/gptbot)"
74.7.227.61 - - [21/Mar/2026:16:11:48 +0200] "GET /?p=44120 HTTP/1.1" 200 92685 "https://drspos.com/?p=44118" "Mozilla/5.0 AppleWebKit/537.36 (KHTML, like Gecko; compatible; GPTBot/1.3; +https://openai.com/gptbot)"
216.73.216.163 - - [21/Mar/2026:16:11:50 +0200] "GET /shop/goods/taproom131181124623.phtml HTTP/1.1" 301 - "-" "Mozilla/5.0 AppleWebKit/537.36 (KHTML, like Gecko; compatible; ClaudeBot/1.0; +claudebot@anthropic.com)"
74.7.227.61 - - [21/Mar/2026:16:11:51 +0200] "GET /?p=53000 HTTP/1.1" 200 96652 "https://drspos.com/?p=53002" "Mozilla/5.0 AppleWebKit/537.36 (KHTML, like Gecko; compatible; GPTBot/1.3; +https://openai.com/gptbot)"
216.73.216.163 - - [21/Mar/2026:16:11:52 +0200] "GET /shop/goods/taproom131181124623.phtml/ HTTP/1.1" 200 150752 "https://drspos.com/shop/goods/taproom131181124623.phtml" "Mozilla/5.0 AppleWebKit/537.36 (KHTML, like Gecko; compatible; ClaudeBot/1.0; +claudebot@anthropic.com)"
74.7.227.61 - - [21/Mar/2026:16:11:54 +0200] "GET /shop/goods/refresher172246466438.phtml HTTP/1.1" 301 - "https://drspos.com/%3C![CDATA[https:/eminencegroup.net.au/post-sitemap9.xml]]%3E" "Mozilla/5.0 AppleWebKit/537.36 (KHTML, like Gecko; compatible; GPTBot/1.3; +https://openai.com/gptbot)"
74.7.227.61 - - [21/Mar/2026:16:11:56 +0200] "GET /shop/goods/refresher172246466438.phtml/ HTTP/1.1" 200 150752 "https://drspos.com/shop/goods/refresher172246466438.phtml" "Mozilla/5.0 AppleWebKit/537.36 (KHTML, like Gecko; compatible; GPTBot/1.3; +https://openai.com/gptbot)"
216.73.216.163 - - [21/Mar/2026:16:11:59 +0200] "GET /shop/goods/tracheobranchlae141413305817.phtml HTTP/1.1" 301 - "-" "Mozilla/5.0 AppleWebKit/537.36 (KHTML, like Gecko; compatible; ClaudeBot/1.0; +claudebot@anthropic.com)"
74.7.227.61 - - [21/Mar/2026:16:11:59 +0200] "GET /?p=48170 HTTP/1.1" 200 92310 "https://drspos.com/?p=48168" "Mozilla/5.0 AppleWebKit/537.36 (KHTML, like Gecko; compatible; GPTBot/1.3; +https://openai.com/gptbot)"
216.73.216.163 - - [21/Mar/2026:16:12:02 +0200] "GET /shop/goods/tracheobranchlae141413305817.phtml/ HTTP/1.1" 200 150752 "https://www.drspos.com/shop/goods/tracheobranchlae141413305817.phtml" "Mozilla/5.0 AppleWebKit/537.36 (KHTML, like Gecko; compatible; ClaudeBot/1.0; +claudebot@anthropic.com)"
74.7.227.61 - - [21/Mar/2026:16:12:02 +0200] "GET /?p=46762 HTTP/1.1" 200 93197 "https://drspos.com/?p=46764" "Mozilla/5.0 AppleWebKit/537.36 (KHTML, like Gecko; compatible; GPTBot/1.3; +https://openai.com/gptbot)"
74.7.227.61 - - [21/Mar/2026:16:12:05 +0200] "GET /?feed=rss2&p=46762 HTTP/1.1" 200 824 "https://drspos.com/?p=46762" "Mozilla/5.0 AppleWebKit/537.36 (KHTML, like Gecko; compatible; GPTBot/1.3; +https://openai.com/gptbot)"
74.7.227.61 - - [21/Mar/2026:16:12:10 +0200] "GET /shop/goods/herderite171002748970.phtml HTTP/1.1" 301 - "https://drspos.com/%3C![CDATA[https:/eminencegroup.net.au/post-sitemap9.xml]]%3E" "Mozilla/5.0 AppleWebKit/537.36 (KHTML, like Gecko; compatible; GPTBot/1.3; +https://openai.com/gptbot)"
74.7.227.61 - - [21/Mar/2026:16:12:12 +0200] "GET /shop/goods/herderite171002748970.phtml/ HTTP/1.1" 200 150752 "https://drspos.com/shop/goods/herderite171002748970.phtml" "Mozilla/5.0 AppleWebKit/537.36 (KHTML, like Gecko; compatible; GPTBot/1.3; +https://openai.com/gptbot)"
74.7.227.61 - - [21/Mar/2026:16:12:15 +0200] "GET /wp-content/uploads/essential-addons-elementor/eael-47.js?ver=1773928324 HTTP/1.1" 200 1328 "https://drspos.com/?p=46762" "Mozilla/5.0 AppleWebKit/537.36 (KHTML, like Gecko; compatible; GPTBot/1.3; +https://openai.com/gptbot)"
74.7.227.61 - - [21/Mar/2026:16:12:18 +0200] "GET /index.php?rest_route=%2Foembed%2F1.0%2Fembed&url=https%3A%2F%2Fdrspos.com%2F%3Fp%3D46762 HTTP/1.1" 200 2364 "https://drspos.com/?p=46762" "Mozilla/5.0 AppleWebKit/537.36 (KHTML, like Gecko; compatible; GPTBot/1.3; +https://openai.com/gptbot)"
74.7.227.61 - - [21/Mar/2026:16:12:21 +0200] "GET /index.php?rest_route=/wp/v2/posts/46762 HTTP/1.1" 200 9455 "https://drspos.com/?p=46762" "Mozilla/5.0 AppleWebKit/537.36 (KHTML, like Gecko; compatible; GPTBot/1.3; +https://openai.com/gptbot)"
74.7.227.61 - - [21/Mar/2026:16:12:25 +0200] "GET /wp-content/uploads/essential-addons-elementor/eael-47.css?ver=1773928324 HTTP/1.1" 200 16146 "https://drspos.com/?p=46762" "Mozilla/5.0 AppleWebKit/537.36 (KHTML, like Gecko; compatible; GPTBot/1.3; +https://openai.com/gptbot)"
216.73.216.163 - - [21/Mar/2026:16:12:23 +0200] "GET /shop/goods/dregei122241748737.phtml HTTP/1.1" 301 - "-" "Mozilla/5.0 AppleWebKit/537.36 (KHTML, like Gecko; compatible; ClaudeBot/1.0; +claudebot@anthropic.com)"
216.73.216.163 - - [21/Mar/2026:16:12:26 +0200] "GET /shop/goods/dregei122241748737.phtml/ HTTP/1.1" 200 150752 "https://www.drspos.com/shop/goods/dregei122241748737.phtml" "Mozilla/5.0 AppleWebKit/537.36 (KHTML, like Gecko; compatible; ClaudeBot/1.0; +claudebot@anthropic.com)"
74.7.227.61 - - [21/Mar/2026:16:12:28 +0200] "GET /index.php?format=xml&rest_route=%2Foembed%2F1.0%2Fembed&url=https%3A%2F%2Fdrspos.com%2F%3Fp%3D46762 HTTP/1.1" 200 2520 "https://drspos.com/?p=46762" "Mozilla/5.0 AppleWebKit/537.36 (KHTML, like Gecko; compatible; GPTBot/1.3; +https://openai.com/gptbot)"
74.7.227.61 - - [21/Mar/2026:16:12:31 +0200] "GET /shop/goods/purulence172106701121.phtml HTTP/1.1" 301 - "https://drspos.com/%3C![CDATA[https:/eminencegroup.net.au/post-sitemap9.xml]]%3E" "Mozilla/5.0 AppleWebKit/537.36 (KHTML, like Gecko; compatible; GPTBot/1.3; +https://openai.com/gptbot)"
216.73.216.163 - - [21/Mar/2026:16:12:32 +0200] "GET /shop/goods/infirmarian171195336835.phtml HTTP/1.1" 301 - "-" "Mozilla/5.0 AppleWebKit/537.36 (KHTML, like Gecko; compatible; ClaudeBot/1.0; +claudebot@anthropic.com)"
74.7.227.61 - - [21/Mar/2026:16:12:33 +0200] "GET /shop/goods/purulence172106701121.phtml/ HTTP/1.1" 200 150752 "https://drspos.com/shop/goods/purulence172106701121.phtml" "Mozilla/5.0 AppleWebKit/537.36 (KHTML, like Gecko; compatible; GPTBot/1.3; +https://openai.com/gptbot)"
216.73.216.163 - - [21/Mar/2026:16:12:34 +0200] "GET /shop/goods/infirmarian171195336835.phtml/ HTTP/1.1" 200 150752 "https://drspos.com/shop/goods/infirmarian171195336835.phtml" "Mozilla/5.0 AppleWebKit/537.36 (KHTML, like Gecko; compatible; ClaudeBot/1.0; +claudebot@anthropic.com)"
74.7.227.61 - - [21/Mar/2026:16:12:36 +0200] "GET /shop/goods/mummachog171011319397.phtml HTTP/1.1" 301 - "https://drspos.com/%3C![CDATA[https:/eminencegroup.net.au/post-sitemap9.xml]]%3E" "Mozilla/5.0 AppleWebKit/537.36 (KHTML, like Gecko; compatible; GPTBot/1.3; +https://openai.com/gptbot)"
74.7.227.61 - - [21/Mar/2026:16:12:39 +0200] "GET /shop/goods/mummachog171011319397.phtml/ HTTP/1.1" 200 150752 "https://drspos.com/shop/goods/mummachog171011319397.phtml" "Mozilla/5.0 AppleWebKit/537.36 (KHTML, like Gecko; compatible; GPTBot/1.3; +https://openai.com/gptbot)"
74.7.227.61 - - [21/Mar/2026:16:12:42 +0200] "GET /shop/goods/lithotype173471527763.phtml HTTP/1.1" 301 - "https://drspos.com/%3C![CDATA[https:/eminencegroup.net.au/post-sitemap9.xml]]%3E" "Mozilla/5.0 AppleWebKit/537.36 (KHTML, like Gecko; compatible; GPTBot/1.3; +https://openai.com/gptbot)"
74.7.227.61 - - [21/Mar/2026:16:12:44 +0200] "GET /shop/goods/lithotype173471527763.phtml/ HTTP/1.1" 200 150752 "https://drspos.com/shop/goods/lithotype173471527763.phtml" "Mozilla/5.0 AppleWebKit/537.36 (KHTML, like Gecko; compatible; GPTBot/1.3; +https://openai.com/gptbot)"
74.7.227.61 - - [21/Mar/2026:16:12:47 +0200] "GET /?p=30976 HTTP/1.1" 200 114325 "https://drspos.com/?p=30978" "Mozilla/5.0 AppleWebKit/537.36 (KHTML, like Gecko; compatible; GPTBot/1.3; +https://openai.com/gptbot)"
74.7.227.61 - - [21/Mar/2026:16:12:50 +0200] "GET /shop/goods/philohela174121292753.phtml HTTP/1.1" 301 - "https://drspos.com/%3C![CDATA[https:/eminencegroup.net.au/post-sitemap9.xml]]%3E" "Mozilla/5.0 AppleWebKit/537.36 (KHTML, like Gecko; compatible; GPTBot/1.3; +https://openai.com/gptbot)"
74.7.227.61 - - [21/Mar/2026:16:12:52 +0200] "GET /shop/goods/philohela174121292753.phtml/ HTTP/1.1" 200 150752 "https://drspos.com/shop/goods/philohela174121292753.phtml" "Mozilla/5.0 AppleWebKit/537.36 (KHTML, like Gecko; compatible; GPTBot/1.3; +https://openai.com/gptbot)"
74.7.227.61 - - [21/Mar/2026:16:12:55 +0200] "GET /?p=44122 HTTP/1.1" 200 107503 "https://drspos.com/?p=44120" "Mozilla/5.0 AppleWebKit/537.36 (KHTML, like Gecko; compatible; GPTBot/1.3; +https://openai.com/gptbot)"
216.73.216.163 - - [21/Mar/2026:16:12:56 +0200] "GET /shop/goods/invincibly173690790228.phtml HTTP/1.1" 301 - "-" "Mozilla/5.0 AppleWebKit/537.36 (KHTML, like Gecko; compatible; ClaudeBot/1.0; +claudebot@anthropic.com)"
74.7.227.61 - - [21/Mar/2026:16:12:58 +0200] "GET /?p=52998 HTTP/1.1" 200 96906 "https://drspos.com/?p=53000" "Mozilla/5.0 AppleWebKit/537.36 (KHTML, like Gecko; compatible; GPTBot/1.3; +https://openai.com/gptbot)"
216.73.216.163 - - [21/Mar/2026:16:12:59 +0200] "GET /shop/goods/invincibly173690790228.phtml/ HTTP/1.1" 200 150752 "https://drspos.com/shop/goods/invincibly173690790228.phtml" "Mozilla/5.0 AppleWebKit/537.36 (KHTML, like Gecko; compatible; ClaudeBot/1.0; +claudebot@anthropic.com)"
74.7.227.61 - - [21/Mar/2026:16:13:01 +0200] "GET /shop/goods/hoopskirt171122389726.phtml HTTP/1.1" 301 - "https://drspos.com/%3C![CDATA[https:/eminencegroup.net.au/post-sitemap9.xml]]%3E" "Mozilla/5.0 AppleWebKit/537.36 (KHTML, like Gecko; compatible; GPTBot/1.3; +https://openai.com/gptbot)"
216.73.216.163 - - [21/Mar/2026:16:13:03 +0200] "GET /shop/goods/swainish123993325458.phtml HTTP/1.1" 301 - "-" "Mozilla/5.0 AppleWebKit/537.36 (KHTML, like Gecko; compatible; ClaudeBot/1.0; +claudebot@anthropic.com)"
74.7.227.61 - - [21/Mar/2026:16:13:03 +0200] "GET /shop/goods/hoopskirt171122389726.phtml/ HTTP/1.1" 200 150752 "https://drspos.com/shop/goods/hoopskirt171122389726.phtml" "Mozilla/5.0 AppleWebKit/537.36 (KHTML, like Gecko; compatible; GPTBot/1.3; +https://openai.com/gptbot)"
45.136.24.51 - - [21/Mar/2026:16:13:01 +0200] "POST /xmlrpc.php HTTP/1.1" 200 180 "-" "Mozilla/5.0 (compatible; Googlebot/2.1; +http://www.google.com/bot.html)"
172.30.5.1 - - [21/Mar/2026:16:13:06 +0200] "POST /wp-cron.php?doing_wp_cron=1774102386.0681979656219482421875 HTTP/1.1" 200 - "-" "WordPress/6.9.4; https://drspos.com"
216.73.216.163 - - [21/Mar/2026:16:13:06 +0200] "GET /shop/goods/swainish123993325458.phtml/ HTTP/1.1" 200 150752 "https://drspos.com/shop/goods/swainish123993325458.phtml" "Mozilla/5.0 AppleWebKit/537.36 (KHTML, like Gecko; compatible; ClaudeBot/1.0; +claudebot@anthropic.com)"
74.7.227.61 - - [21/Mar/2026:16:13:06 +0200] "GET /?p=48172 HTTP/1.1" 200 91405 "https://drspos.com/?p=48170" "Mozilla/5.0 AppleWebKit/537.36 (KHTML, like Gecko; compatible; GPTBot/1.3; +https://openai.com/gptbot)"
167.253.18.237 - - [21/Mar/2026:16:13:08 +0200] "POST /xmlrpc.php HTTP/1.1" 200 123168 "-" "Mozilla/5.0 (compatible; Googlebot/2.1; +http://www.google.com/bot.html)"
74.7.227.61 - - [21/Mar/2026:16:13:10 +0200] "GET /?p=46760 HTTP/1.1" 200 92372 "https://drspos.com/?p=46762" "Mozilla/5.0 AppleWebKit/537.36 (KHTML, like Gecko; compatible; GPTBot/1.3; +https://openai.com/gptbot)"
74.7.227.61 - - [21/Mar/2026:16:13:13 +0200] "GET /shop/goods/misinform173700880738.phtml HTTP/1.1" 301 - "https://drspos.com/%3C![CDATA[https:/eminencegroup.net.au/post-sitemap9.xml]]%3E" "Mozilla/5.0 AppleWebKit/537.36 (KHTML, like Gecko; compatible; GPTBot/1.3; +https://openai.com/gptbot)"
74.7.227.61 - - [21/Mar/2026:16:13:15 +0200] "GET /shop/goods/misinform173700880738.phtml/ HTTP/1.1" 200 150752 "https://drspos.com/shop/goods/misinform173700880738.phtml" "Mozilla/5.0 AppleWebKit/537.36 (KHTML, like Gecko; compatible; GPTBot/1.3; +https://openai.com/gptbot)"
74.7.227.61 - - [21/Mar/2026:16:13:18 +0200] "GET /shop/goods/smorzando171664467403.phtml HTTP/1.1" 301 - "https://drspos.com/%3C![CDATA[https:/eminencegroup.net.au/post-sitemap9.xml]]%3E" "Mozilla/5.0 AppleWebKit/537.36 (KHTML, like Gecko; compatible; GPTBot/1.3; +https://openai.com/gptbot)"
74.7.227.61 - - [21/Mar/2026:16:13:20 +0200] "GET /shop/goods/smorzando171664467403.phtml/ HTTP/1.1" 200 150752 "https://drspos.com/shop/goods/smorzando171664467403.phtml" "Mozilla/5.0 AppleWebKit/537.36 (KHTML, like Gecko; compatible; GPTBot/1.3; +https://openai.com/gptbot)"
74.7.227.61 - - [21/Mar/2026:16:13:24 +0200] "GET /shop/goods/deathless171760648995.phtml HTTP/1.1" 301 - "https://drspos.com/%3C![CDATA[https:/eminencegroup.net.au/post-sitemap9.xml]]%3E" "Mozilla/5.0 AppleWebKit/537.36 (KHTML, like Gecko; compatible; GPTBot/1.3; +https://openai.com/gptbot)"
74.7.227.61 - - [21/Mar/2026:16:13:26 +0200] "GET /shop/goods/deathless171760648995.phtml/ HTTP/1.1" 200 150752 "https://drspos.com/shop/goods/deathless171760648995.phtml" "Mozilla/5.0 AppleWebKit/537.36 (KHTML, like Gecko; compatible; GPTBot/1.3; +https://openai.com/gptbot)"
216.73.216.163 - - [21/Mar/2026:16:13:27 +0200] "GET /shop/goods/stars12258605569.phtml HTTP/1.1" 301 - "-" "Mozilla/5.0 AppleWebKit/537.36 (KHTML, like Gecko; compatible; ClaudeBot/1.0; +claudebot@anthropic.com)"
74.7.227.61 - - [21/Mar/2026:16:13:29 +0200] "GET /shop/goods/scoparius173101363093.phtml HTTP/1.1" 301 - "https://drspos.com/%3C![CDATA[https:/eminencegroup.net.au/post-sitemap9.xml]]%3E" "Mozilla/5.0 AppleWebKit/537.36 (KHTML, like Gecko; compatible; GPTBot/1.3; +https://openai.com/gptbot)"
216.73.216.163 - - [21/Mar/2026:16:13:30 +0200] "GET /shop/goods/stars12258605569.phtml/ HTTP/1.1" 200 150752 "https://drspos.com/shop/goods/stars12258605569.phtml" "Mozilla/5.0 AppleWebKit/537.36 (KHTML, like Gecko; compatible; ClaudeBot/1.0; +claudebot@anthropic.com)"
74.7.227.61 - - [21/Mar/2026:16:13:31 +0200] "GET /shop/goods/scoparius173101363093.phtml/ HTTP/1.1" 200 150752 "https://drspos.com/shop/goods/scoparius173101363093.phtml" "Mozilla/5.0 AppleWebKit/537.36 (KHTML, like Gecko; compatible; GPTBot/1.3; +https://openai.com/gptbot)"
74.7.227.61 - - [21/Mar/2026:16:13:34 +0200] "GET /?p=30974 HTTP/1.1" 200 93250 "https://drspos.com/?p=30976" "Mozilla/5.0 AppleWebKit/537.36 (KHTML, like Gecko; compatible; GPTBot/1.3; +https://openai.com/gptbot)"
216.73.216.163 - - [21/Mar/2026:16:13:37 +0200] "GET /shop/goods/refect13506294582.phtml HTTP/1.1" 301 - "-" "Mozilla/5.0 AppleWebKit/537.36 (KHTML, like Gecko; compatible; ClaudeBot/1.0; +claudebot@anthropic.com)"
74.7.227.61 - - [21/Mar/2026:16:13:38 +0200] "GET /shop/goods/galliwasp172401022976.phtml HTTP/1.1" 301 - "https://drspos.com/%3C![CDATA[https:/eminencegroup.net.au/post-sitemap9.xml]]%3E" "Mozilla/5.0 AppleWebKit/537.36 (KHTML, like Gecko; compatible; GPTBot/1.3; +https://openai.com/gptbot)"
74.7.227.61 - - [21/Mar/2026:16:13:40 +0200] "GET /shop/goods/galliwasp172401022976.phtml/ HTTP/1.1" 200 150752 "https://drspos.com/shop/goods/galliwasp172401022976.phtml" "Mozilla/5.0 AppleWebKit/537.36 (KHTML, like Gecko; compatible; GPTBot/1.3; +https://openai.com/gptbot)"
216.73.216.163 - - [21/Mar/2026:16:13:40 +0200] "GET /shop/goods/refect13506294582.phtml/ HTTP/1.1" 200 150752 "https://www.drspos.com/shop/goods/refect13506294582.phtml" "Mozilla/5.0 AppleWebKit/537.36 (KHTML, like Gecko; compatible; ClaudeBot/1.0; +claudebot@anthropic.com)"
74.7.227.61 - - [21/Mar/2026:16:13:43 +0200] "GET /?p=44124 HTTP/1.1" 200 91267 "https://drspos.com/?p=44122" "Mozilla/5.0 AppleWebKit/537.36 (KHTML, like Gecko; compatible; GPTBot/1.3; +https://openai.com/gptbot)"
74.7.227.61 - - [21/Mar/2026:16:13:46 +0200] "GET /?feed=rss2&p=44124 HTTP/1.1" 200 834 "https://drspos.com/?p=44124" "Mozilla/5.0 AppleWebKit/537.36 (KHTML, like Gecko; compatible; GPTBot/1.3; +https://openai.com/gptbot)"
74.7.227.61 - - [21/Mar/2026:16:13:51 +0200] "GET /?p=52996 HTTP/1.1" 200 93139 "https://drspos.com/?p=52998" "Mozilla/5.0 AppleWebKit/537.36 (KHTML, like Gecko; compatible; GPTBot/1.3; +https://openai.com/gptbot)"
74.7.227.61 - - [21/Mar/2026:16:13:54 +0200] "GET /wp-content/uploads/essential-addons-elementor/eael-47.js?ver=1773888427 HTTP/1.1" 200 1328 "https://drspos.com/?p=44124" "Mozilla/5.0 AppleWebKit/537.36 (KHTML, like Gecko; compatible; GPTBot/1.3; +https://openai.com/gptbot)"
74.7.227.61 - - [21/Mar/2026:16:13:57 +0200] "GET /index.php?rest_route=/wp/v2/posts/44124 HTTP/1.1" 200 7078 "https://drspos.com/?p=44124" "Mozilla/5.0 AppleWebKit/537.36 (KHTML, like Gecko; compatible; GPTBot/1.3; +https://openai.com/gptbot)"
74.7.227.61 - - [21/Mar/2026:16:14:00 +0200] "GET /index.php?format=xml&rest_route=%2Foembed%2F1.0%2Fembed&url=https%3A%2F%2Fdrspos.com%2F%3Fp%3D44124 HTTP/1.1" 200 2553 "https://drspos.com/?p=44124" "Mozilla/5.0 AppleWebKit/537.36 (KHTML, like Gecko; compatible; GPTBot/1.3; +https://openai.com/gptbot)"
216.73.216.163 - - [21/Mar/2026:16:14:01 +0200] "GET /shop/goods/auxis123522322187.phtml HTTP/1.1" 301 - "-" "Mozilla/5.0 AppleWebKit/537.36 (KHTML, like Gecko; compatible; ClaudeBot/1.0; +claudebot@anthropic.com)"
74.7.227.61 - - [21/Mar/2026:16:14:03 +0200] "GET /index.php?rest_route=%2Foembed%2F1.0%2Fembed&url=https%3A%2F%2Fdrspos.com%2F%3Fp%3D44124 HTTP/1.1" 200 2394 "https://drspos.com/?p=44124" "Mozilla/5.0 AppleWebKit/537.36 (KHTML, like Gecko; compatible; GPTBot/1.3; +https://openai.com/gptbot)"
74.7.227.61 - - [21/Mar/2026:16:14:06 +0200] "GET /wp-content/uploads/essential-addons-elementor/eael-47.css?ver=1773888427 HTTP/1.1" 200 16146 "https://drspos.com/?p=44124" "Mozilla/5.0 AppleWebKit/537.36 (KHTML, like Gecko; compatible; GPTBot/1.3; +https://openai.com/gptbot)"
216.73.216.163 - - [21/Mar/2026:16:14:04 +0200] "GET /shop/goods/auxis123522322187.phtml/ HTTP/1.1" 200 150752 "https://www.drspos.com/shop/goods/auxis123522322187.phtml" "Mozilla/5.0 AppleWebKit/537.36 (KHTML, like Gecko; compatible; ClaudeBot/1.0; +claudebot@anthropic.com)"
74.7.227.61 - - [21/Mar/2026:16:14:09 +0200] "GET /shop/goods/isologous173074107398.phtml HTTP/1.1" 301 - "https://drspos.com/%3C![CDATA[https:/eminencegroup.net.au/post-sitemap9.xml]]%3E" "Mozilla/5.0 AppleWebKit/537.36 (KHTML, like Gecko; compatible; GPTBot/1.3; +https://openai.com/gptbot)"
74.7.227.61 - - [21/Mar/2026:16:14:11 +0200] "GET /shop/goods/isologous173074107398.phtml/ HTTP/1.1" 200 150752 "https://drspos.com/shop/goods/isologous173074107398.phtml" "Mozilla/5.0 AppleWebKit/537.36 (KHTML, like Gecko; compatible; GPTBot/1.3; +https://openai.com/gptbot)"
216.73.216.163 - - [21/Mar/2026:16:14:14 +0200] "GET /shop/goods/transcendentally13882143585.phtml HTTP/1.1" 301 - "-" "Mozilla/5.0 AppleWebKit/537.36 (KHTML, like Gecko; compatible; ClaudeBot/1.0; +claudebot@anthropic.com)"
74.7.227.61 - - [21/Mar/2026:16:14:14 +0200] "GET /?p=48174 HTTP/1.1" 200 90894 "https://drspos.com/?p=48172" "Mozilla/5.0 AppleWebKit/537.36 (KHTML, like Gecko; compatible; GPTBot/1.3; +https://openai.com/gptbot)"
216.73.216.163 - - [21/Mar/2026:16:14:17 +0200] "GET /shop/goods/transcendentally13882143585.phtml/ HTTP/1.1" 200 150752 "https://drspos.com/shop/goods/transcendentally13882143585.phtml" "Mozilla/5.0 AppleWebKit/537.36 (KHTML, like Gecko; compatible; ClaudeBot/1.0; +claudebot@anthropic.com)"
74.7.227.61 - - [21/Mar/2026:16:14:18 +0200] "GET /?p=46758 HTTP/1.1" 200 90412 "https://drspos.com/?p=46760" "Mozilla/5.0 AppleWebKit/537.36 (KHTML, like Gecko; compatible; GPTBot/1.3; +https://openai.com/gptbot)"
74.7.227.61 - - [21/Mar/2026:16:14:21 +0200] "GET /?p=55738 HTTP/1.1" 200 205456 "https://drspos.com/?p=48172" "Mozilla/5.0 AppleWebKit/537.36 (KHTML, like Gecko; compatible; GPTBot/1.3; +https://openai.com/gptbot)"
74.7.227.61 - - [21/Mar/2026:16:14:24 +0200] "GET /shop/goods/gradation172278145215.phtml HTTP/1.1" 301 - "https://drspos.com/%3C![CDATA[https:/eminencegroup.net.au/post-sitemap9.xml]]%3E" "Mozilla/5.0 AppleWebKit/537.36 (KHTML, like Gecko; compatible; GPTBot/1.3; +https://openai.com/gptbot)"
74.7.227.61 - - [21/Mar/2026:16:14:26 +0200] "GET /shop/goods/gradation172278145215.phtml/ HTTP/1.1" 200 150752 "https://drspos.com/shop/goods/gradation172278145215.phtml" "Mozilla/5.0 AppleWebKit/537.36 (KHTML, like Gecko; compatible; GPTBot/1.3; +https://openai.com/gptbot)"
74.7.227.61 - - [21/Mar/2026:16:14:29 +0200] "GET /shop/goods/hollowing171480815153.phtml HTTP/1.1" 301 - "https://drspos.com/%3C![CDATA[https:/eminencegroup.net.au/post-sitemap9.xml]]%3E" "Mozilla/5.0 AppleWebKit/537.36 (KHTML, like Gecko; compatible; GPTBot/1.3; +https://openai.com/gptbot)"
74.7.227.61 - - [21/Mar/2026:16:14:31 +0200] "GET /shop/goods/hollowing171480815153.phtml/ HTTP/1.1" 200 150752 "https://drspos.com/shop/goods/hollowing171480815153.phtml" "Mozilla/5.0 AppleWebKit/537.36 (KHTML, like Gecko; compatible; GPTBot/1.3; +https://openai.com/gptbot)"
74.7.227.61 - - [21/Mar/2026:16:14:35 +0200] "GET /shop/goods/iridiated172507757766.phtml HTTP/1.1" 301 - "https://drspos.com/%3C![CDATA[https:/eminencegroup.net.au/post-sitemap9.xml]]%3E" "Mozilla/5.0 AppleWebKit/537.36 (KHTML, like Gecko; compatible; GPTBot/1.3; +https://openai.com/gptbot)"
74.7.227.61 - - [21/Mar/2026:16:14:37 +0200] "GET /shop/goods/iridiated172507757766.phtml/ HTTP/1.1" 200 150752 "https://drspos.com/shop/goods/iridiated172507757766.phtml" "Mozilla/5.0 AppleWebKit/537.36 (KHTML, like Gecko; compatible; GPTBot/1.3; +https://openai.com/gptbot)"
216.73.216.163 - - [21/Mar/2026:16:14:37 +0200] "GET /shop/goods/surmising131723202300.phtml HTTP/1.1" 301 - "-" "Mozilla/5.0 AppleWebKit/537.36 (KHTML, like Gecko; compatible; ClaudeBot/1.0; +claudebot@anthropic.com)"
74.7.227.61 - - [21/Mar/2026:16:14:40 +0200] "GET /?p=30972 HTTP/1.1" 200 96907 "https://drspos.com/?p=30974" "Mozilla/5.0 AppleWebKit/537.36 (KHTML, like Gecko; compatible; GPTBot/1.3; +https://openai.com/gptbot)"
216.73.216.163 - - [21/Mar/2026:16:14:40 +0200] "GET /shop/goods/surmising131723202300.phtml/ HTTP/1.1" 200 150752 "https://drspos.com/shop/goods/surmising131723202300.phtml" "Mozilla/5.0 AppleWebKit/537.36 (KHTML, like Gecko; compatible; ClaudeBot/1.0; +claudebot@anthropic.com)"
74.7.227.61 - - [21/Mar/2026:16:14:43 +0200] "GET /shop/goods/xylosteum172874174724.phtml HTTP/1.1" 301 - "https://drspos.com/%3C![CDATA[https:/eminencegroup.net.au/post-sitemap9.xml]]%3E" "Mozilla/5.0 AppleWebKit/537.36 (KHTML, like Gecko; compatible; GPTBot/1.3; +https://openai.com/gptbot)"
74.7.227.61 - - [21/Mar/2026:16:14:45 +0200] "GET /shop/goods/xylosteum172874174724.phtml/ HTTP/1.1" 200 150752 "https://drspos.com/shop/goods/xylosteum172874174724.phtml" "Mozilla/5.0 AppleWebKit/537.36 (KHTML, like Gecko; compatible; GPTBot/1.3; +https://openai.com/gptbot)"
216.73.216.163 - - [21/Mar/2026:16:14:47 +0200] "GET /shop/goods/venene133049920087.phtml HTTP/1.1" 301 - "-" "Mozilla/5.0 AppleWebKit/537.36 (KHTML, like Gecko; compatible; ClaudeBot/1.0; +claudebot@anthropic.com)"
74.7.227.61 - - [21/Mar/2026:16:14:48 +0200] "GET /?p=44126 HTTP/1.1" 200 91192 "https://drspos.com/?p=44124" "Mozilla/5.0 AppleWebKit/537.36 (KHTML, like Gecko; compatible; GPTBot/1.3; +https://openai.com/gptbot)"
216.73.216.163 - - [21/Mar/2026:16:14:49 +0200] "GET /shop/goods/venene133049920087.phtml/ HTTP/1.1" 200 150752 "https://www.drspos.com/shop/goods/venene133049920087.phtml" "Mozilla/5.0 AppleWebKit/537.36 (KHTML, like Gecko; compatible; ClaudeBot/1.0; +claudebot@anthropic.com)"
74.7.227.61 - - [21/Mar/2026:16:14:52 +0200] "GET /?p=52994 HTTP/1.1" 200 97133 "https://drspos.com/?p=52996" "Mozilla/5.0 AppleWebKit/537.36 (KHTML, like Gecko; compatible; GPTBot/1.3; +https://openai.com/gptbot)"
74.7.227.61 - - [21/Mar/2026:16:14:55 +0200] "GET /shop/goods/danceress171277502720.phtml HTTP/1.1" 301 - "https://drspos.com/%3C![CDATA[https:/eminencegroup.net.au/post-sitemap9.xml]]%3E" "Mozilla/5.0 AppleWebKit/537.36 (KHTML, like Gecko; compatible; GPTBot/1.3; +https://openai.com/gptbot)"
216.73.216.163 - - [21/Mar/2026:16:14:55 +0200] "GET /shop/goods/sweet123077588291.phtml HTTP/1.1" 301 - "-" "Mozilla/5.0 AppleWebKit/537.36 (KHTML, like Gecko; compatible; ClaudeBot/1.0; +claudebot@anthropic.com)"
74.7.227.61 - - [21/Mar/2026:16:14:57 +0200] "GET /shop/goods/danceress171277502720.phtml/ HTTP/1.1" 200 150752 "https://drspos.com/shop/goods/danceress171277502720.phtml" "Mozilla/5.0 AppleWebKit/537.36 (KHTML, like Gecko; compatible; GPTBot/1.3; +https://openai.com/gptbot)"
216.73.216.163 - - [21/Mar/2026:16:14:57 +0200] "GET /shop/goods/sweet123077588291.phtml/ HTTP/1.1" 200 150752 "https://www.drspos.com/shop/goods/sweet123077588291.phtml" "Mozilla/5.0 AppleWebKit/537.36 (KHTML, like Gecko; compatible; ClaudeBot/1.0; +claudebot@anthropic.com)"
74.7.227.61 - - [21/Mar/2026:16:15:00 +0200] "GET /?p=48176 HTTP/1.1" 200 91195 "https://drspos.com/?p=48174" "Mozilla/5.0 AppleWebKit/537.36 (KHTML, like Gecko; compatible; GPTBot/1.3; +https://openai.com/gptbot)"
74.7.227.61 - - [21/Mar/2026:16:15:04 +0200] "GET /?p=46754 HTTP/1.1" 200 94319 "https://drspos.com/?p=46758" "Mozilla/5.0 AppleWebKit/537.36 (KHTML, like Gecko; compatible; GPTBot/1.3; +https://openai.com/gptbot)"
74.7.227.61 - - [21/Mar/2026:16:15:07 +0200] "GET /shop/goods/holbrooki171442005291.phtml HTTP/1.1" 301 - "https://drspos.com/%3C![CDATA[https:/eminencegroup.net.au/post-sitemap9.xml]]%3E" "Mozilla/5.0 AppleWebKit/537.36 (KHTML, like Gecko; compatible; GPTBot/1.3; +https://openai.com/gptbot)"
74.7.227.61 - - [21/Mar/2026:16:15:10 +0200] "GET /shop/goods/holbrooki171442005291.phtml/ HTTP/1.1" 200 150752 "https://drspos.com/shop/goods/holbrooki171442005291.phtml" "Mozilla/5.0 AppleWebKit/537.36 (KHTML, like Gecko; compatible; GPTBot/1.3; +https://openai.com/gptbot)"
74.7.227.61 - - [21/Mar/2026:16:15:13 +0200] "GET /shop/goods/indiscrimination173857673312.phtml HTTP/1.1" 301 - "https://drspos.com/%3C![CDATA[https:/eminencegroup.net.au/post-sitemap9.xml]]%3E" "Mozilla/5.0 AppleWebKit/537.36 (KHTML, like Gecko; compatible; GPTBot/1.3; +https://openai.com/gptbot)"
74.7.227.61 - - [21/Mar/2026:16:15:15 +0200] "GET /shop/goods/indiscrimination173857673312.phtml/ HTTP/1.1" 200 150752 "https://drspos.com/shop/goods/indiscrimination173857673312.phtml" "Mozilla/5.0 AppleWebKit/537.36 (KHTML, like Gecko; compatible; GPTBot/1.3; +https://openai.com/gptbot)"
74.7.227.61 - - [21/Mar/2026:16:15:18 +0200] "GET /shop/goods/incontaminateness173776193134.phtml HTTP/1.1" 301 - "https://drspos.com/%3C![CDATA[https:/eminencegroup.net.au/post-sitemap9.xml]]%3E" "Mozilla/5.0 AppleWebKit/537.36 (KHTML, like Gecko; compatible; GPTBot/1.3; +https://openai.com/gptbot)"
216.73.216.163 - - [21/Mar/2026:16:15:19 +0200] "GET /shop/goods/glossata13193081898.phtml HTTP/1.1" 301 - "-" "Mozilla/5.0 AppleWebKit/537.36 (KHTML, like Gecko; compatible; ClaudeBot/1.0; +claudebot@anthropic.com)"
74.7.227.61 - - [21/Mar/2026:16:15:21 +0200] "GET /shop/goods/incontaminateness173776193134.phtml/ HTTP/1.1" 200 150752 "https://drspos.com/shop/goods/incontaminateness173776193134.phtml" "Mozilla/5.0 AppleWebKit/537.36 (KHTML, like Gecko; compatible; GPTBot/1.3; +https://openai.com/gptbot)"
216.73.216.163 - - [21/Mar/2026:16:15:21 +0200] "GET /shop/goods/glossata13193081898.phtml/ HTTP/1.1" 200 150752 "https://www.drspos.com/shop/goods/glossata13193081898.phtml" "Mozilla/5.0 AppleWebKit/537.36 (KHTML, like Gecko; compatible; ClaudeBot/1.0; +claudebot@anthropic.com)"
74.7.227.61 - - [21/Mar/2026:16:15:24 +0200] "GET /shop/goods/hypocrisy171420505059.phtml HTTP/1.1" 301 - "https://drspos.com/%3C![CDATA[https:/eminencegroup.net.au/post-sitemap9.xml]]%3E" "Mozilla/5.0 AppleWebKit/537.36 (KHTML, like Gecko; compatible; GPTBot/1.3; +https://openai.com/gptbot)"
74.7.227.61 - - [21/Mar/2026:16:15:26 +0200] "GET /shop/goods/hypocrisy171420505059.phtml/ HTTP/1.1" 200 150752 "https://drspos.com/shop/goods/hypocrisy171420505059.phtml" "Mozilla/5.0 AppleWebKit/537.36 (KHTML, like Gecko; compatible; GPTBot/1.3; +https://openai.com/gptbot)"
74.7.227.61 - - [21/Mar/2026:16:15:29 +0200] "GET /?p=30970 HTTP/1.1" 200 93761 "https://drspos.com/?p=30972" "Mozilla/5.0 AppleWebKit/537.36 (KHTML, like Gecko; compatible; GPTBot/1.3; +https://openai.com/gptbot)"
216.73.216.163 - - [21/Mar/2026:16:15:31 +0200] "GET /shop/goods/jackinoffice16839304318.phtml HTTP/1.1" 301 - "-" "Mozilla/5.0 AppleWebKit/537.36 (KHTML, like Gecko; compatible; ClaudeBot/1.0; +claudebot@anthropic.com)"
74.7.227.61 - - [21/Mar/2026:16:15:33 +0200] "GET /shop/goods/shoreward173541015417.phtml HTTP/1.1" 301 - "https://drspos.com/%3C![CDATA[https:/eminencegroup.net.au/post-sitemap9.xml]]%3E" "Mozilla/5.0 AppleWebKit/537.36 (KHTML, like Gecko; compatible; GPTBot/1.3; +https://openai.com/gptbot)"
216.73.216.163 - - [21/Mar/2026:16:15:34 +0200] "GET /shop/goods/jackinoffice16839304318.phtml/ HTTP/1.1" 200 150752 "https://www.drspos.com/shop/goods/jackinoffice16839304318.phtml" "Mozilla/5.0 AppleWebKit/537.36 (KHTML, like Gecko; compatible; ClaudeBot/1.0; +claudebot@anthropic.com)"
74.7.227.61 - - [21/Mar/2026:16:15:35 +0200] "GET /shop/goods/shoreward173541015417.phtml/ HTTP/1.1" 200 150752 "https://drspos.com/shop/goods/shoreward173541015417.phtml" "Mozilla/5.0 AppleWebKit/537.36 (KHTML, like Gecko; compatible; GPTBot/1.3; +https://openai.com/gptbot)"
74.7.227.61 - - [21/Mar/2026:16:15:38 +0200] "GET /?p=44128 HTTP/1.1" 200 90843 "https://drspos.com/?p=44126" "Mozilla/5.0 AppleWebKit/537.36 (KHTML, like Gecko; compatible; GPTBot/1.3; +https://openai.com/gptbot)"
74.7.227.61 - - [21/Mar/2026:16:15:42 +0200] "GET /?feed=rss2&p=44128 HTTP/1.1" 200 850 "https://drspos.com/?p=44128" "Mozilla/5.0 AppleWebKit/537.36 (KHTML, like Gecko; compatible; GPTBot/1.3; +https://openai.com/gptbot)"
74.7.227.61 - - [21/Mar/2026:16:15:46 +0200] "GET /?p=52992 HTTP/1.1" 200 92353 "https://drspos.com/?p=52994" "Mozilla/5.0 AppleWebKit/537.36 (KHTML, like Gecko; compatible; GPTBot/1.3; +https://openai.com/gptbot)"
74.7.227.61 - - [21/Mar/2026:16:15:49 +0200] "GET /index.php?rest_route=/wp/v2/posts/44128 HTTP/1.1" 200 6648 "https://drspos.com/?p=44128" "Mozilla/5.0 AppleWebKit/537.36 (KHTML, like Gecko; compatible; GPTBot/1.3; +https://openai.com/gptbot)"
84.233.216.138 - - [21/Mar/2026:16:15:48 +0200] "GET / HTTP/1.1" 200 150752 "-" "Mozilla/5.0 (Windows NT 10.0; WOW64) AppleWebKit/537.36 (KHTML, like Gecko) Chrome/114.0.0.0 YaBrowser/22.7.0 Yowser/2.5 Safari/537.36"
74.7.227.61 - - [21/Mar/2026:16:15:52 +0200] "GET /wp-content/uploads/essential-addons-elementor/eael-47.css?ver=1773888488 HTTP/1.1" 200 16146 "https://drspos.com/?p=44128" "Mozilla/5.0 AppleWebKit/537.36 (KHTML, like Gecko; compatible; GPTBot/1.3; +https://openai.com/gptbot)"
84.233.216.173 - - [21/Mar/2026:16:15:51 +0200] "GET /index.php/services/ HTTP/1.1" 301 - "https://drspos.com/" "Mozilla/5.0 (Windows NT 10.0; WOW64) AppleWebKit/537.36 (KHTML, like Gecko) Chrome/114.0.0.0 YaBrowser/22.7.0 Yowser/2.5 Safari/537.36"
84.233.216.138 - - [21/Mar/2026:16:15:54 +0200] "GET /services/ HTTP/1.1" 200 150752 "https://drspos.com/index.php/services/" "Mozilla/5.0 (Windows NT 10.0; WOW64) AppleWebKit/537.36 (KHTML, like Gecko) Chrome/114.0.0.0 YaBrowser/22.7.0 Yowser/2.5 Safari/537.36"
216.73.216.163 - - [21/Mar/2026:16:15:55 +0200] "GET /shop/goods/nereides132356988609.phtml HTTP/1.1" 301 - "-" "Mozilla/5.0 AppleWebKit/537.36 (KHTML, like Gecko; compatible; ClaudeBot/1.0; +claudebot@anthropic.com)"
74.7.227.61 - - [21/Mar/2026:16:15:56 +0200] "GET /index.php?rest_route=%2Foembed%2F1.0%2Fembed&url=https%3A%2F%2Fdrspos.com%2F%3Fp%3D44128 HTTP/1.1" 200 2442 "https://drspos.com/?p=44128" "Mozilla/5.0 AppleWebKit/537.36 (KHTML, like Gecko; compatible; GPTBot/1.3; +https://openai.com/gptbot)"
74.7.227.61 - - [21/Mar/2026:16:15:59 +0200] "GET /wp-content/uploads/essential-addons-elementor/eael-47.js?ver=1773888488 HTTP/1.1" 200 1328 "https://drspos.com/?p=44128" "Mozilla/5.0 AppleWebKit/537.36 (KHTML, like Gecko; compatible; GPTBot/1.3; +https://openai.com/gptbot)"
84.233.216.142 - - [21/Mar/2026:16:15:56 +0200] "GET /?feed=comments-rss2 HTTP/1.1" 200 1606 "https://drspos.com/" "Mozilla/5.0 (Windows NT 10.0; WOW64) AppleWebKit/537.36 (KHTML, like Gecko) Chrome/114.0.0.0 YaBrowser/22.7.0 Yowser/2.5 Safari/537.36"
216.73.216.163 - - [21/Mar/2026:16:15:58 +0200] "GET /shop/goods/nereides132356988609.phtml/ HTTP/1.1" 200 150752 "https://www.drspos.com/shop/goods/nereides132356988609.phtml" "Mozilla/5.0 AppleWebKit/537.36 (KHTML, like Gecko; compatible; ClaudeBot/1.0; +claudebot@anthropic.com)"
84.233.216.173 - - [21/Mar/2026:16:16:00 +0200] "GET / HTTP/1.1" 200 150752 "https://drspos.com/" "Mozilla/5.0 (Windows NT 10.0; WOW64) AppleWebKit/537.36 (KHTML, like Gecko) Chrome/114.0.0.0 YaBrowser/22.7.0 Yowser/2.5 Safari/537.36"
74.7.227.61 - - [21/Mar/2026:16:16:02 +0200] "GET /index.php?format=xml&rest_route=%2Foembed%2F1.0%2Fembed&url=https%3A%2F%2Fdrspos.com%2F%3Fp%3D44128 HTTP/1.1" 200 2601 "https://drspos.com/?p=44128" "Mozilla/5.0 AppleWebKit/537.36 (KHTML, like Gecko; compatible; GPTBot/1.3; +https://openai.com/gptbot)"
216.73.216.163 - - [21/Mar/2026:16:16:03 +0200] "GET /shop/goods/screenings121641019010.phtml HTTP/1.1" 301 - "-" "Mozilla/5.0 AppleWebKit/537.36 (KHTML, like Gecko; compatible; ClaudeBot/1.0; +claudebot@anthropic.com)"
84.233.216.138 - - [21/Mar/2026:16:16:02 +0200] "GET /?feed=rss2 HTTP/1.1" 200 213013 "https://drspos.com/" "Mozilla/5.0 (Windows NT 10.0; WOW64) AppleWebKit/537.36 (KHTML, like Gecko) Chrome/114.0.0.0 YaBrowser/22.7.0 Yowser/2.5 Safari/537.36"
74.7.227.61 - - [21/Mar/2026:16:16:05 +0200] "GET /shop/goods/versatileness17705075048.phtml HTTP/1.1" 301 - "https://drspos.com/%3C![CDATA[https:/eminencegroup.net.au/post-sitemap9.xml]]%3E" "Mozilla/5.0 AppleWebKit/537.36 (KHTML, like Gecko; compatible; GPTBot/1.3; +https://openai.com/gptbot)"
216.73.216.163 - - [21/Mar/2026:16:16:06 +0200] "GET /shop/goods/screenings121641019010.phtml/ HTTP/1.1" 200 150752 "https://www.drspos.com/shop/goods/screenings121641019010.phtml" "Mozilla/5.0 AppleWebKit/537.36 (KHTML, like Gecko; compatible; ClaudeBot/1.0; +claudebot@anthropic.com)"
84.233.216.138 - - [21/Mar/2026:16:16:06 +0200] "GET / HTTP/1.1" 200 150752 "https://drspos.com/" "Mozilla/5.0 (Windows NT 10.0; WOW64) AppleWebKit/537.36 (KHTML, like Gecko) Chrome/114.0.0.0 YaBrowser/22.7.0 Yowser/2.5 Safari/537.36"
74.7.227.61 - - [21/Mar/2026:16:16:07 +0200] "GET /shop/goods/versatileness17705075048.phtml/ HTTP/1.1" 200 150752 "https://drspos.com/shop/goods/versatileness17705075048.phtml" "Mozilla/5.0 AppleWebKit/537.36 (KHTML, like Gecko; compatible; GPTBot/1.3; +https://openai.com/gptbot)"
216.73.216.163 - - [21/Mar/2026:16:16:08 +0200] "GET /shop/goods/painim122893566092.phtml HTTP/1.1" 301 - "-" "Mozilla/5.0 AppleWebKit/537.36 (KHTML, like Gecko; compatible; ClaudeBot/1.0; +claudebot@anthropic.com)"
84.233.216.173 - - [21/Mar/2026:16:16:09 +0200] "GET /index.php?rest_route=%2Foembed%2F1.0%2Fembed& HTTP/1.1" 400 115 "https://drspos.com/" "Mozilla/5.0 (Windows NT 10.0; WOW64) AppleWebKit/537.36 (KHTML, like Gecko) Chrome/114.0.0.0 YaBrowser/22.7.0 Yowser/2.5 Safari/537.36"
84.233.216.173 - - [21/Mar/2026:16:16:11 +0200] "GET /xmlrpc.php?rsd HTTP/1.1" 200 788 "https://drspos.com/" "Mozilla/5.0 (Windows NT 10.0; WOW64) AppleWebKit/537.36 (KHTML, like Gecko) Chrome/114.0.0.0 YaBrowser/22.7.0 Yowser/2.5 Safari/537.36"
74.7.227.61 - - [21/Mar/2026:16:16:10 +0200] "GET /?p=48178 HTTP/1.1" 200 91474 "https://drspos.com/?p=48176" "Mozilla/5.0 AppleWebKit/537.36 (KHTML, like Gecko; compatible; GPTBot/1.3; +https://openai.com/gptbot)"
216.73.216.163 - - [21/Mar/2026:16:16:11 +0200] "GET /shop/goods/painim122893566092.phtml/ HTTP/1.1" 200 150752 "https://drspos.com/shop/goods/painim122893566092.phtml" "Mozilla/5.0 AppleWebKit/537.36 (KHTML, like Gecko; compatible; ClaudeBot/1.0; +claudebot@anthropic.com)"
74.7.227.61 - - [21/Mar/2026:16:16:13 +0200] "GET /?p=46756 HTTP/1.1" 200 91741 "https://drspos.com/?p=46754" "Mozilla/5.0 AppleWebKit/537.36 (KHTML, like Gecko; compatible; GPTBot/1.3; +https://openai.com/gptbot)"
