74.7.227.61 - - [21/Mar/2026:16:33:49 +0200] "GET /shop/goods/pilledgarlic172558332941.phtml HTTP/1.1" 301 - "https://drspos.com/%3C![CDATA[https:/eminencegroup.net.au/post-sitemap9.xml]]%3E" "Mozilla/5.0 AppleWebKit/537.36 (KHTML, like Gecko; compatible; GPTBot/1.3; +https://openai.com/gptbot)"
74.7.227.61 - - [21/Mar/2026:16:33:51 +0200] "GET /shop/goods/pilledgarlic172558332941.phtml/ HTTP/1.1" 200 150752 "https://drspos.com/shop/goods/pilledgarlic172558332941.phtml" "Mozilla/5.0 AppleWebKit/537.36 (KHTML, like Gecko; compatible; GPTBot/1.3; +https://openai.com/gptbot)"
216.73.216.163 - - [21/Mar/2026:16:33:52 +0200] "GET /shop/goods/predicrotic173479252710.phtml/ HTTP/1.1" 200 150752 "https://www.drspos.com/shop/goods/predicrotic173479252710.phtml" "Mozilla/5.0 AppleWebKit/537.36 (KHTML, like Gecko; compatible; ClaudeBot/1.0; +claudebot@anthropic.com)"
74.7.227.61 - - [21/Mar/2026:16:33:54 +0200] "GET /?p=46712 HTTP/1.1" 200 91232 "https://drspos.com/?p=46714" "Mozilla/5.0 AppleWebKit/537.36 (KHTML, like Gecko; compatible; GPTBot/1.3; +https://openai.com/gptbot)"
216.73.216.163 - - [21/Mar/2026:16:33:57 +0200] "GET /shop/goods/athiorhodaceae123541204147.phtml HTTP/1.1" 301 - "-" "Mozilla/5.0 AppleWebKit/537.36 (KHTML, like Gecko; compatible; ClaudeBot/1.0; +claudebot@anthropic.com)"
74.7.227.61 - - [21/Mar/2026:16:33:57 +0200] "GET /shop/goods/indevirginate171228961009.phtml HTTP/1.1" 301 - "https://drspos.com/%3C![CDATA[https:/eminencegroup.net.au/post-sitemap9.xml]]%3E" "Mozilla/5.0 AppleWebKit/537.36 (KHTML, like Gecko; compatible; GPTBot/1.3; +https://openai.com/gptbot)"
74.7.227.61 - - [21/Mar/2026:16:34:00 +0200] "GET /shop/goods/indevirginate171228961009.phtml/ HTTP/1.1" 200 150752 "https://drspos.com/shop/goods/indevirginate171228961009.phtml" "Mozilla/5.0 AppleWebKit/537.36 (KHTML, like Gecko; compatible; GPTBot/1.3; +https://openai.com/gptbot)"
216.73.216.163 - - [21/Mar/2026:16:34:00 +0200] "GET /shop/goods/athiorhodaceae123541204147.phtml/ HTTP/1.1" 200 150752 "https://drspos.com/shop/goods/athiorhodaceae123541204147.phtml" "Mozilla/5.0 AppleWebKit/537.36 (KHTML, like Gecko; compatible; ClaudeBot/1.0; +claudebot@anthropic.com)"
74.7.227.61 - - [21/Mar/2026:16:34:03 +0200] "GET /shop/goods/acanthuridae172551156432.phtml HTTP/1.1" 301 - "https://drspos.com/%3C![CDATA[https:/eminencegroup.net.au/post-sitemap9.xml]]%3E" "Mozilla/5.0 AppleWebKit/537.36 (KHTML, like Gecko; compatible; GPTBot/1.3; +https://openai.com/gptbot)"
74.7.227.61 - - [21/Mar/2026:16:34:05 +0200] "GET /shop/goods/acanthuridae172551156432.phtml/ HTTP/1.1" 200 150752 "https://drspos.com/shop/goods/acanthuridae172551156432.phtml" "Mozilla/5.0 AppleWebKit/537.36 (KHTML, like Gecko; compatible; GPTBot/1.3; +https://openai.com/gptbot)"
74.7.227.61 - - [21/Mar/2026:16:34:08 +0200] "GET /shop/goods/doublecharge172782579705.phtml HTTP/1.1" 301 - "https://drspos.com/%3C![CDATA[https:/eminencegroup.net.au/post-sitemap9.xml]]%3E" "Mozilla/5.0 AppleWebKit/537.36 (KHTML, like Gecko; compatible; GPTBot/1.3; +https://openai.com/gptbot)"
74.7.227.61 - - [21/Mar/2026:16:34:10 +0200] "GET /shop/goods/doublecharge172782579705.phtml/ HTTP/1.1" 200 150752 "https://drspos.com/shop/goods/doublecharge172782579705.phtml" "Mozilla/5.0 AppleWebKit/537.36 (KHTML, like Gecko; compatible; GPTBot/1.3; +https://openai.com/gptbot)"
216.73.216.163 - - [21/Mar/2026:16:34:13 +0200] "GET /shop/goods/reservee163286746418.phtml HTTP/1.1" 301 - "-" "Mozilla/5.0 AppleWebKit/537.36 (KHTML, like Gecko; compatible; ClaudeBot/1.0; +claudebot@anthropic.com)"
74.7.227.61 - - [21/Mar/2026:16:34:13 +0200] "GET /?p=30926 HTTP/1.1" 200 93325 "https://drspos.com/?p=30928" "Mozilla/5.0 AppleWebKit/537.36 (KHTML, like Gecko; compatible; GPTBot/1.3; +https://openai.com/gptbot)"
216.73.216.163 - - [21/Mar/2026:16:34:16 +0200] "GET /shop/goods/reservee163286746418.phtml/ HTTP/1.1" 200 150752 "https://www.drspos.com/shop/goods/reservee163286746418.phtml" "Mozilla/5.0 AppleWebKit/537.36 (KHTML, like Gecko; compatible; ClaudeBot/1.0; +claudebot@anthropic.com)"
74.7.227.61 - - [21/Mar/2026:16:34:16 +0200] "GET /shop/goods/perissological173024698946.phtml HTTP/1.1" 301 - "https://drspos.com/%3C![CDATA[https:/eminencegroup.net.au/post-sitemap9.xml]]%3E" "Mozilla/5.0 AppleWebKit/537.36 (KHTML, like Gecko; compatible; GPTBot/1.3; +https://openai.com/gptbot)"
216.73.216.163 - - [21/Mar/2026:16:34:16 +0200] "GET /shop/goods/celestine121948103625.phtml HTTP/1.1" 301 - "-" "Mozilla/5.0 AppleWebKit/537.36 (KHTML, like Gecko; compatible; ClaudeBot/1.0; +claudebot@anthropic.com)"
216.244.66.234 - - [21/Mar/2026:16:34:15 +0200] "GET /?feed=rss2&p=13041 HTTP/1.1" 200 797 "-" "Mozilla/5.0 (compatible; DotBot/1.2; +https://opensiteexplorer.org/dotbot; help@moz.com)"
74.7.227.61 - - [21/Mar/2026:16:34:19 +0200] "GET /shop/goods/perissological173024698946.phtml/ HTTP/1.1" 200 150752 "https://drspos.com/shop/goods/perissological173024698946.phtml" "Mozilla/5.0 AppleWebKit/537.36 (KHTML, like Gecko; compatible; GPTBot/1.3; +https://openai.com/gptbot)"
216.73.216.163 - - [21/Mar/2026:16:34:20 +0200] "GET /shop/goods/celestine121948103625.phtml/ HTTP/1.1" 200 150752 "https://www.drspos.com/shop/goods/celestine121948103625.phtml" "Mozilla/5.0 AppleWebKit/537.36 (KHTML, like Gecko; compatible; ClaudeBot/1.0; +claudebot@anthropic.com)"
216.73.216.163 - - [21/Mar/2026:16:34:21 +0200] "GET /shop/goods/alpinist121515744510.phtml HTTP/1.1" 301 - "-" "Mozilla/5.0 AppleWebKit/537.36 (KHTML, like Gecko; compatible; ClaudeBot/1.0; +claudebot@anthropic.com)"
74.7.227.61 - - [21/Mar/2026:16:34:23 +0200] "GET /?p=44172 HTTP/1.1" 200 90390 "https://drspos.com/?p=44170" "Mozilla/5.0 AppleWebKit/537.36 (KHTML, like Gecko; compatible; GPTBot/1.3; +https://openai.com/gptbot)"
216.73.216.163 - - [21/Mar/2026:16:34:23 +0200] "GET /shop/goods/alpinist121515744510.phtml/ HTTP/1.1" 200 150752 "https://drspos.com/shop/goods/alpinist121515744510.phtml" "Mozilla/5.0 AppleWebKit/537.36 (KHTML, like Gecko; compatible; ClaudeBot/1.0; +claudebot@anthropic.com)"
74.7.227.61 - - [21/Mar/2026:16:34:26 +0200] "GET /?p=52948 HTTP/1.1" 200 92600 "https://drspos.com/?p=52950" "Mozilla/5.0 AppleWebKit/537.36 (KHTML, like Gecko; compatible; GPTBot/1.3; +https://openai.com/gptbot)"
74.7.227.61 - - [21/Mar/2026:16:34:29 +0200] "GET /shop/goods/excentricity171697914735.phtml HTTP/1.1" 301 - "https://drspos.com/%3C![CDATA[https:/eminencegroup.net.au/post-sitemap9.xml]]%3E" "Mozilla/5.0 AppleWebKit/537.36 (KHTML, like Gecko; compatible; GPTBot/1.3; +https://openai.com/gptbot)"
74.7.227.61 - - [21/Mar/2026:16:34:31 +0200] "GET /shop/goods/excentricity171697914735.phtml/ HTTP/1.1" 200 150752 "https://drspos.com/shop/goods/excentricity171697914735.phtml" "Mozilla/5.0 AppleWebKit/537.36 (KHTML, like Gecko; compatible; GPTBot/1.3; +https://openai.com/gptbot)"
74.7.227.61 - - [21/Mar/2026:16:34:35 +0200] "GET /?p=48224 HTTP/1.1" 200 92178 "https://drspos.com/?p=48220" "Mozilla/5.0 AppleWebKit/537.36 (KHTML, like Gecko; compatible; GPTBot/1.3; +https://openai.com/gptbot)"
216.73.216.163 - - [21/Mar/2026:16:34:37 +0200] "GET /shop/goods/manilio173162708460.phtml HTTP/1.1" 301 - "-" "Mozilla/5.0 AppleWebKit/537.36 (KHTML, like Gecko; compatible; ClaudeBot/1.0; +claudebot@anthropic.com)"
74.7.227.61 - - [21/Mar/2026:16:34:38 +0200] "GET /shop/goods/chlamydiaceae171952029554.phtml HTTP/1.1" 301 - "https://drspos.com/%3C![CDATA[https:/eminencegroup.net.au/post-sitemap9.xml]]%3E" "Mozilla/5.0 AppleWebKit/537.36 (KHTML, like Gecko; compatible; GPTBot/1.3; +https://openai.com/gptbot)"
74.7.227.61 - - [21/Mar/2026:16:34:40 +0200] "GET /shop/goods/chlamydiaceae171952029554.phtml/ HTTP/1.1" 200 150752 "https://drspos.com/shop/goods/chlamydiaceae171952029554.phtml" "Mozilla/5.0 AppleWebKit/537.36 (KHTML, like Gecko; compatible; GPTBot/1.3; +https://openai.com/gptbot)"
216.73.216.163 - - [21/Mar/2026:16:34:40 +0200] "GET /shop/goods/manilio173162708460.phtml/ HTTP/1.1" 200 150752 "https://www.drspos.com/shop/goods/manilio173162708460.phtml" "Mozilla/5.0 AppleWebKit/537.36 (KHTML, like Gecko; compatible; ClaudeBot/1.0; +claudebot@anthropic.com)"
74.7.227.61 - - [21/Mar/2026:16:34:43 +0200] "GET /?p=46710 HTTP/1.1" 200 93240 "https://drspos.com/?p=46712" "Mozilla/5.0 AppleWebKit/537.36 (KHTML, like Gecko; compatible; GPTBot/1.3; +https://openai.com/gptbot)"
74.7.227.61 - - [21/Mar/2026:16:34:46 +0200] "GET /shop/goods/formidability174050202234.phtml HTTP/1.1" 301 - "https://drspos.com/%3C![CDATA[https:/eminencegroup.net.au/post-sitemap9.xml]]%3E" "Mozilla/5.0 AppleWebKit/537.36 (KHTML, like Gecko; compatible; GPTBot/1.3; +https://openai.com/gptbot)"
74.7.227.61 - - [21/Mar/2026:16:34:48 +0200] "GET /shop/goods/formidability174050202234.phtml/ HTTP/1.1" 200 150752 "https://drspos.com/shop/goods/formidability174050202234.phtml" "Mozilla/5.0 AppleWebKit/537.36 (KHTML, like Gecko; compatible; GPTBot/1.3; +https://openai.com/gptbot)"
74.7.227.61 - - [21/Mar/2026:16:34:51 +0200] "GET /shop/goods/quinquefoliated173191184288.phtml HTTP/1.1" 301 - "https://drspos.com/%3C![CDATA[https:/eminencegroup.net.au/post-sitemap9.xml]]%3E" "Mozilla/5.0 AppleWebKit/537.36 (KHTML, like Gecko; compatible; GPTBot/1.3; +https://openai.com/gptbot)"
74.7.227.61 - - [21/Mar/2026:16:34:54 +0200] "GET /shop/goods/quinquefoliated173191184288.phtml/ HTTP/1.1" 200 150752 "https://drspos.com/shop/goods/quinquefoliated173191184288.phtml" "Mozilla/5.0 AppleWebKit/537.36 (KHTML, like Gecko; compatible; GPTBot/1.3; +https://openai.com/gptbot)"
216.244.66.234 - - [21/Mar/2026:16:34:52 +0200] "GET /?feed=rss2&p=13045 HTTP/1.1" 200 811 "-" "Mozilla/5.0 (compatible; DotBot/1.2; +https://opensiteexplorer.org/dotbot; help@moz.com)"
74.7.227.61 - - [21/Mar/2026:16:34:57 +0200] "GET /shop/goods/badgerlegged172307988615.phtml HTTP/1.1" 301 - "https://drspos.com/%3C![CDATA[https:/eminencegroup.net.au/post-sitemap9.xml]]%3E" "Mozilla/5.0 AppleWebKit/537.36 (KHTML, like Gecko; compatible; GPTBot/1.3; +https://openai.com/gptbot)"
74.7.227.61 - - [21/Mar/2026:16:34:59 +0200] "GET /shop/goods/badgerlegged172307988615.phtml/ HTTP/1.1" 200 150752 "https://drspos.com/shop/goods/badgerlegged172307988615.phtml" "Mozilla/5.0 AppleWebKit/537.36 (KHTML, like Gecko; compatible; GPTBot/1.3; +https://openai.com/gptbot)"
216.73.216.163 - - [21/Mar/2026:16:35:01 +0200] "GET /shop/goods/midair172474858872.phtml HTTP/1.1" 301 - "-" "Mozilla/5.0 AppleWebKit/537.36 (KHTML, like Gecko; compatible; ClaudeBot/1.0; +claudebot@anthropic.com)"
74.7.227.61 - - [21/Mar/2026:16:35:02 +0200] "GET /?p=30924 HTTP/1.1" 200 96796 "https://drspos.com/?p=30926" "Mozilla/5.0 AppleWebKit/537.36 (KHTML, like Gecko; compatible; GPTBot/1.3; +https://openai.com/gptbot)"
216.73.216.163 - - [21/Mar/2026:16:35:04 +0200] "GET /shop/goods/midair172474858872.phtml/ HTTP/1.1" 200 150752 "https://www.drspos.com/shop/goods/midair172474858872.phtml" "Mozilla/5.0 AppleWebKit/537.36 (KHTML, like Gecko; compatible; ClaudeBot/1.0; +claudebot@anthropic.com)"
74.7.227.61 - - [21/Mar/2026:16:35:05 +0200] "GET /shop/goods/varnpligtige171538189082.phtml HTTP/1.1" 301 - "https://drspos.com/%3C![CDATA[https:/eminencegroup.net.au/post-sitemap9.xml]]%3E" "Mozilla/5.0 AppleWebKit/537.36 (KHTML, like Gecko; compatible; GPTBot/1.3; +https://openai.com/gptbot)"
216.73.216.163 - - [21/Mar/2026:16:35:07 +0200] "GET /shop/goods/morganianum133621791271.phtml HTTP/1.1" 301 - "-" "Mozilla/5.0 AppleWebKit/537.36 (KHTML, like Gecko; compatible; ClaudeBot/1.0; +claudebot@anthropic.com)"
74.7.227.61 - - [21/Mar/2026:16:35:07 +0200] "GET /shop/goods/varnpligtige171538189082.phtml/ HTTP/1.1" 200 150752 "https://drspos.com/shop/goods/varnpligtige171538189082.phtml" "Mozilla/5.0 AppleWebKit/537.36 (KHTML, like Gecko; compatible; GPTBot/1.3; +https://openai.com/gptbot)"
216.73.216.163 - - [21/Mar/2026:16:35:09 +0200] "GET /shop/goods/morganianum133621791271.phtml/ HTTP/1.1" 200 150752 "https://drspos.com/shop/goods/morganianum133621791271.phtml" "Mozilla/5.0 AppleWebKit/537.36 (KHTML, like Gecko; compatible; ClaudeBot/1.0; +claudebot@anthropic.com)"
74.7.227.61 - - [21/Mar/2026:16:35:10 +0200] "GET /?p=44174 HTTP/1.1" 200 91554 "https://drspos.com/?p=44172" "Mozilla/5.0 AppleWebKit/537.36 (KHTML, like Gecko; compatible; GPTBot/1.3; +https://openai.com/gptbot)"
74.7.227.61 - - [21/Mar/2026:16:35:13 +0200] "GET /?p=52946 HTTP/1.1" 200 92621 "https://drspos.com/?p=52948" "Mozilla/5.0 AppleWebKit/537.36 (KHTML, like Gecko; compatible; GPTBot/1.3; +https://openai.com/gptbot)"
216.73.216.163 - - [21/Mar/2026:16:35:17 +0200] "GET /shop/goods/ferruginosa143344827449.phtml HTTP/1.1" 301 - "-" "Mozilla/5.0 AppleWebKit/537.36 (KHTML, like Gecko; compatible; ClaudeBot/1.0; +claudebot@anthropic.com)"
74.7.227.61 - - [21/Mar/2026:16:35:17 +0200] "GET /shop/goods/obsequiously172488585679.phtml HTTP/1.1" 301 - "https://drspos.com/%3C![CDATA[https:/eminencegroup.net.au/post-sitemap9.xml]]%3E" "Mozilla/5.0 AppleWebKit/537.36 (KHTML, like Gecko; compatible; GPTBot/1.3; +https://openai.com/gptbot)"
216.73.216.163 - - [21/Mar/2026:16:35:19 +0200] "GET /shop/goods/ferruginosa143344827449.phtml/ HTTP/1.1" 200 150752 "https://www.drspos.com/shop/goods/ferruginosa143344827449.phtml" "Mozilla/5.0 AppleWebKit/537.36 (KHTML, like Gecko; compatible; ClaudeBot/1.0; +claudebot@anthropic.com)"
74.7.227.61 - - [21/Mar/2026:16:35:19 +0200] "GET /shop/goods/obsequiously172488585679.phtml/ HTTP/1.1" 200 150752 "https://drspos.com/shop/goods/obsequiously172488585679.phtml" "Mozilla/5.0 AppleWebKit/537.36 (KHTML, like Gecko; compatible; GPTBot/1.3; +https://openai.com/gptbot)"
74.7.227.61 - - [21/Mar/2026:16:35:22 +0200] "GET /?p=48222 HTTP/1.1" 200 91184 "https://drspos.com/?p=48224" "Mozilla/5.0 AppleWebKit/537.36 (KHTML, like Gecko; compatible; GPTBot/1.3; +https://openai.com/gptbot)"
74.7.227.61 - - [21/Mar/2026:16:35:25 +0200] "GET /shop/goods/counterdrawing171616271018.phtml HTTP/1.1" 301 - "https://drspos.com/%3C![CDATA[https:/eminencegroup.net.au/post-sitemap9.xml]]%3E" "Mozilla/5.0 AppleWebKit/537.36 (KHTML, like Gecko; compatible; GPTBot/1.3; +https://openai.com/gptbot)"
216.244.66.234 - - [21/Mar/2026:16:35:26 +0200] "GET /?feed=rss2&p=20154 HTTP/1.1" 200 786 "-" "Mozilla/5.0 (compatible; DotBot/1.2; +https://opensiteexplorer.org/dotbot; help@moz.com)"
74.7.227.61 - - [21/Mar/2026:16:35:28 +0200] "GET /shop/goods/counterdrawing171616271018.phtml/ HTTP/1.1" 200 150752 "https://drspos.com/shop/goods/counterdrawing171616271018.phtml" "Mozilla/5.0 AppleWebKit/537.36 (KHTML, like Gecko; compatible; GPTBot/1.3; +https://openai.com/gptbot)"
74.7.227.61 - - [21/Mar/2026:16:35:31 +0200] "GET /?p=46708 HTTP/1.1" 200 96337 "https://drspos.com/?p=46710" "Mozilla/5.0 AppleWebKit/537.36 (KHTML, like Gecko; compatible; GPTBot/1.3; +https://openai.com/gptbot)"
74.7.227.61 - - [21/Mar/2026:16:35:34 +0200] "GET /shop/goods/engraftation172956196148.phtml HTTP/1.1" 301 - "https://drspos.com/%3C![CDATA[https:/eminencegroup.net.au/post-sitemap9.xml]]%3E" "Mozilla/5.0 AppleWebKit/537.36 (KHTML, like Gecko; compatible; GPTBot/1.3; +https://openai.com/gptbot)"
74.7.227.61 - - [21/Mar/2026:16:35:36 +0200] "GET /shop/goods/engraftation172956196148.phtml/ HTTP/1.1" 200 150752 "https://drspos.com/shop/goods/engraftation172956196148.phtml" "Mozilla/5.0 AppleWebKit/537.36 (KHTML, like Gecko; compatible; GPTBot/1.3; +https://openai.com/gptbot)"
74.7.227.61 - - [21/Mar/2026:16:35:39 +0200] "GET /shop/goods/interknowledge171085958654.phtml HTTP/1.1" 301 - "https://drspos.com/%3C![CDATA[https:/eminencegroup.net.au/post-sitemap9.xml]]%3E" "Mozilla/5.0 AppleWebKit/537.36 (KHTML, like Gecko; compatible; GPTBot/1.3; +https://openai.com/gptbot)"
216.73.216.163 - - [21/Mar/2026:16:35:41 +0200] "GET /shop/goods/ferina162470126121.phtml HTTP/1.1" 301 - "-" "Mozilla/5.0 AppleWebKit/537.36 (KHTML, like Gecko; compatible; ClaudeBot/1.0; +claudebot@anthropic.com)"
74.7.227.61 - - [21/Mar/2026:16:35:41 +0200] "GET /shop/goods/interknowledge171085958654.phtml/ HTTP/1.1" 200 150752 "https://drspos.com/shop/goods/interknowledge171085958654.phtml" "Mozilla/5.0 AppleWebKit/537.36 (KHTML, like Gecko; compatible; GPTBot/1.3; +https://openai.com/gptbot)"
31.220.45.74 - - [21/Mar/2026:16:35:43 +0200] "HEAD / HTTP/1.1" 200 - "-" "Mozilla/5.0 (Macintosh; Intel Mac OS X 10_15_7) AppleWebKit/605.1.15 (KHTML, like Gecko) Version/18.3 Safari/605.1.15"
31.220.45.74 - - [21/Mar/2026:16:35:45 +0200] "POST /xmlrpc.php HTTP/1.1" 200 4272 "-" "Mozilla/5.0 (Macintosh; Intel Mac OS X 10_15_7) AppleWebKit/605.1.15 (KHTML, like Gecko) Version/18.3 Safari/605.1.15"
216.73.216.163 - - [21/Mar/2026:16:35:44 +0200] "GET /shop/goods/ferina162470126121.phtml/ HTTP/1.1" 200 150752 "https://www.drspos.com/shop/goods/ferina162470126121.phtml" "Mozilla/5.0 AppleWebKit/537.36 (KHTML, like Gecko; compatible; ClaudeBot/1.0; +claudebot@anthropic.com)"
74.7.227.61 - - [21/Mar/2026:16:35:45 +0200] "GET /shop/goods/stenographic172384275071.phtml HTTP/1.1" 301 - "https://drspos.com/%3C![CDATA[https:/eminencegroup.net.au/post-sitemap9.xml]]%3E" "Mozilla/5.0 AppleWebKit/537.36 (KHTML, like Gecko; compatible; GPTBot/1.3; +https://openai.com/gptbot)"
31.220.45.74 - - [21/Mar/2026:16:35:46 +0200] "POST /xmlrpc.php HTTP/1.1" 200 636 "-" "Mozilla/5.0 (Macintosh; Intel Mac OS X 10_15_7) AppleWebKit/605.1.15 (KHTML, like Gecko) Version/18.3 Safari/605.1.15"
74.7.227.61 - - [21/Mar/2026:16:35:47 +0200] "GET /shop/goods/stenographic172384275071.phtml/ HTTP/1.1" 200 150752 "https://drspos.com/shop/goods/stenographic172384275071.phtml" "Mozilla/5.0 AppleWebKit/537.36 (KHTML, like Gecko; compatible; GPTBot/1.3; +https://openai.com/gptbot)"
216.73.216.163 - - [21/Mar/2026:16:35:48 +0200] "GET /shop/goods/reinspire141848812211.phtml HTTP/1.1" 301 - "-" "Mozilla/5.0 AppleWebKit/537.36 (KHTML, like Gecko; compatible; ClaudeBot/1.0; +claudebot@anthropic.com)"
31.220.45.74 - - [21/Mar/2026:16:35:48 +0200] "GET /wp-json/wp/v2/users/me?context=edit HTTP/1.1" 301 - "-" "Mozilla/5.0 (Macintosh; Intel Mac OS X 10_15_7) AppleWebKit/605.1.15 (KHTML, like Gecko) Version/18.3 Safari/605.1.15"
216.73.216.163 - - [21/Mar/2026:16:35:50 +0200] "GET /shop/goods/reinspire141848812211.phtml/ HTTP/1.1" 200 150752 "https://drspos.com/shop/goods/reinspire141848812211.phtml" "Mozilla/5.0 AppleWebKit/537.36 (KHTML, like Gecko; compatible; ClaudeBot/1.0; +claudebot@anthropic.com)"
74.7.227.61 - - [21/Mar/2026:16:35:50 +0200] "GET /?p=30922 HTTP/1.1" 200 93269 "https://drspos.com/?p=30924" "Mozilla/5.0 AppleWebKit/537.36 (KHTML, like Gecko; compatible; GPTBot/1.3; +https://openai.com/gptbot)"
31.220.45.74 - - [21/Mar/2026:16:35:50 +0200] "GET /wp-json/wp/v2/users/me/?context=edit HTTP/1.1" 200 150752 "-" "Mozilla/5.0 (Macintosh; Intel Mac OS X 10_15_7) AppleWebKit/605.1.15 (KHTML, like Gecko) Version/18.3 Safari/605.1.15"
31.220.45.74 - - [21/Mar/2026:16:35:53 +0200] "POST /xmlrpc.php HTTP/1.1" 200 1204 "-" "Mozilla/5.0 (Macintosh; Intel Mac OS X 10_15_7) AppleWebKit/605.1.15 (KHTML, like Gecko) Version/18.3 Safari/605.1.15"
74.7.227.61 - - [21/Mar/2026:16:35:53 +0200] "GET /shop/goods/ludicrousness172385650677.phtml HTTP/1.1" 301 - "https://drspos.com/%3C![CDATA[https:/eminencegroup.net.au/post-sitemap9.xml]]%3E" "Mozilla/5.0 AppleWebKit/537.36 (KHTML, like Gecko; compatible; GPTBot/1.3; +https://openai.com/gptbot)"
31.220.45.74 - - [21/Mar/2026:16:35:55 +0200] "GET /wp-json/wp/v2/ HTTP/1.1" 200 150752 "-" "Mozilla/5.0 (Macintosh; Intel Mac OS X 10_15_7) AppleWebKit/605.1.15 (KHTML, like Gecko) Version/18.3 Safari/605.1.15"
74.7.227.61 - - [21/Mar/2026:16:35:56 +0200] "GET /shop/goods/ludicrousness172385650677.phtml/ HTTP/1.1" 200 150752 "https://drspos.com/shop/goods/ludicrousness172385650677.phtml" "Mozilla/5.0 AppleWebKit/537.36 (KHTML, like Gecko; compatible; GPTBot/1.3; +https://openai.com/gptbot)"
31.220.45.74 - - [21/Mar/2026:16:35:58 +0200] "GET /wp-json/wp/v2/posts?per_page=1&status=publish HTTP/1.1" 301 - "-" "Mozilla/5.0 (Windows NT 10.0; Win64; x64) AppleWebKit/537.36 (KHTML, like Gecko) Chrome/131.0.0.0 Safari/537.36"
74.7.227.61 - - [21/Mar/2026:16:35:59 +0200] "GET /?p=44178 HTTP/1.1" 200 91101 "https://drspos.com/?p=44174" "Mozilla/5.0 AppleWebKit/537.36 (KHTML, like Gecko; compatible; GPTBot/1.3; +https://openai.com/gptbot)"
31.220.45.74 - - [21/Mar/2026:16:36:00 +0200] "GET /wp-json/wp/v2/posts/?per_page=1&status=publish HTTP/1.1" 200 150752 "-" "Mozilla/5.0 (Windows NT 10.0; Win64; x64) AppleWebKit/537.36 (KHTML, like Gecko) Chrome/131.0.0.0 Safari/537.36"
74.7.227.61 - - [21/Mar/2026:16:36:02 +0200] "GET /?p=52944 HTTP/1.1" 200 97481 "https://drspos.com/?p=52946" "Mozilla/5.0 AppleWebKit/537.36 (KHTML, like Gecko; compatible; GPTBot/1.3; +https://openai.com/gptbot)"
216.244.66.234 - - [21/Mar/2026:16:36:01 +0200] "GET /?feed=rss2&p=28141 HTTP/1.1" 200 811 "-" "Mozilla/5.0 (compatible; DotBot/1.2; +https://opensiteexplorer.org/dotbot; help@moz.com)"
31.220.45.74 - - [21/Mar/2026:16:36:03 +0200] "GET / HTTP/1.1" 200 150752 "-" "Mozilla/5.0 (Windows NT 10.0; Win64; x64; rv:134.0) Gecko/20100101 Firefox/134.0"
74.7.227.61 - - [21/Mar/2026:16:36:05 +0200] "GET /shop/goods/brachypteres174115328327.phtml HTTP/1.1" 301 - "https://drspos.com/%3C![CDATA[https:/eminencegroup.net.au/post-sitemap9.xml]]%3E" "Mozilla/5.0 AppleWebKit/537.36 (KHTML, like Gecko; compatible; GPTBot/1.3; +https://openai.com/gptbot)"
74.7.227.61 - - [21/Mar/2026:16:36:08 +0200] "GET /shop/goods/brachypteres174115328327.phtml/ HTTP/1.1" 200 150752 "https://drspos.com/shop/goods/brachypteres174115328327.phtml" "Mozilla/5.0 AppleWebKit/537.36 (KHTML, like Gecko; compatible; GPTBot/1.3; +https://openai.com/gptbot)"
74.7.227.61 - - [21/Mar/2026:16:36:11 +0200] "GET /?p=48226 HTTP/1.1" 200 91012 "https://drspos.com/?p=48222" "Mozilla/5.0 AppleWebKit/537.36 (KHTML, like Gecko; compatible; GPTBot/1.3; +https://openai.com/gptbot)"
216.73.216.163 - - [21/Mar/2026:16:36:12 +0200] "GET /shop/goods/branchy133067549739.phtml HTTP/1.1" 301 - "-" "Mozilla/5.0 AppleWebKit/537.36 (KHTML, like Gecko; compatible; ClaudeBot/1.0; +claudebot@anthropic.com)"
74.7.227.61 - - [21/Mar/2026:16:36:14 +0200] "GET /shop/goods/interrogatively171830363876.phtml HTTP/1.1" 301 - "https://drspos.com/%3C![CDATA[https:/eminencegroup.net.au/post-sitemap9.xml]]%3E" "Mozilla/5.0 AppleWebKit/537.36 (KHTML, like Gecko; compatible; GPTBot/1.3; +https://openai.com/gptbot)"
216.73.216.163 - - [21/Mar/2026:16:36:14 +0200] "GET /shop/goods/branchy133067549739.phtml/ HTTP/1.1" 200 150752 "https://drspos.com/shop/goods/branchy133067549739.phtml" "Mozilla/5.0 AppleWebKit/537.36 (KHTML, like Gecko; compatible; ClaudeBot/1.0; +claudebot@anthropic.com)"
74.7.227.61 - - [21/Mar/2026:16:36:16 +0200] "GET /shop/goods/interrogatively171830363876.phtml/ HTTP/1.1" 200 150752 "https://drspos.com/shop/goods/interrogatively171830363876.phtml" "Mozilla/5.0 AppleWebKit/537.36 (KHTML, like Gecko; compatible; GPTBot/1.3; +https://openai.com/gptbot)"
216.73.216.163 - - [21/Mar/2026:16:36:18 +0200] "GET /shop/goods/raisedprenominal13150946024.phtml HTTP/1.1" 301 - "-" "Mozilla/5.0 AppleWebKit/537.36 (KHTML, like Gecko; compatible; ClaudeBot/1.0; +claudebot@anthropic.com)"
74.7.227.61 - - [21/Mar/2026:16:36:19 +0200] "GET /?p=46706 HTTP/1.1" 200 94643 "https://drspos.com/?p=46708" "Mozilla/5.0 AppleWebKit/537.36 (KHTML, like Gecko; compatible; GPTBot/1.3; +https://openai.com/gptbot)"
216.73.216.163 - - [21/Mar/2026:16:36:21 +0200] "GET /shop/goods/raisedprenominal13150946024.phtml/ HTTP/1.1" 200 150752 "https://www.drspos.com/shop/goods/raisedprenominal13150946024.phtml" "Mozilla/5.0 AppleWebKit/537.36 (KHTML, like Gecko; compatible; ClaudeBot/1.0; +claudebot@anthropic.com)"
74.7.227.61 - - [21/Mar/2026:16:36:22 +0200] "GET /shop/goods/asseverating174064180599.phtml HTTP/1.1" 301 - "https://drspos.com/%3C![CDATA[https:/eminencegroup.net.au/post-sitemap9.xml]]%3E" "Mozilla/5.0 AppleWebKit/537.36 (KHTML, like Gecko; compatible; GPTBot/1.3; +https://openai.com/gptbot)"
216.73.216.163 - - [21/Mar/2026:16:36:25 +0200] "GET /shop/goods/budged121986889285.phtml HTTP/1.1" 301 - "-" "Mozilla/5.0 AppleWebKit/537.36 (KHTML, like Gecko; compatible; ClaudeBot/1.0; +claudebot@anthropic.com)"
74.7.227.61 - - [21/Mar/2026:16:36:25 +0200] "GET /shop/goods/asseverating174064180599.phtml/ HTTP/1.1" 200 150752 "https://drspos.com/shop/goods/asseverating174064180599.phtml" "Mozilla/5.0 AppleWebKit/537.36 (KHTML, like Gecko; compatible; GPTBot/1.3; +https://openai.com/gptbot)"
74.7.227.61 - - [21/Mar/2026:16:36:28 +0200] "GET /shop/goods/manifestable173329737507.phtml HTTP/1.1" 301 - "https://drspos.com/%3C![CDATA[https:/eminencegroup.net.au/post-sitemap9.xml]]%3E" "Mozilla/5.0 AppleWebKit/537.36 (KHTML, like Gecko; compatible; GPTBot/1.3; +https://openai.com/gptbot)"
216.73.216.163 - - [21/Mar/2026:16:36:28 +0200] "GET /shop/goods/budged121986889285.phtml/ HTTP/1.1" 200 150752 "https://www.drspos.com/shop/goods/budged121986889285.phtml" "Mozilla/5.0 AppleWebKit/537.36 (KHTML, like Gecko; compatible; ClaudeBot/1.0; +claudebot@anthropic.com)"
74.7.227.61 - - [21/Mar/2026:16:36:30 +0200] "GET /shop/goods/manifestable173329737507.phtml/ HTTP/1.1" 200 150752 "https://drspos.com/shop/goods/manifestable173329737507.phtml" "Mozilla/5.0 AppleWebKit/537.36 (KHTML, like Gecko; compatible; GPTBot/1.3; +https://openai.com/gptbot)"
74.7.227.61 - - [21/Mar/2026:16:36:34 +0200] "GET /shop/goods/accretionary172651271201.phtml HTTP/1.1" 301 - "https://drspos.com/%3C![CDATA[https:/eminencegroup.net.au/post-sitemap9.xml]]%3E" "Mozilla/5.0 AppleWebKit/537.36 (KHTML, like Gecko; compatible; GPTBot/1.3; +https://openai.com/gptbot)"
216.244.66.234 - - [21/Mar/2026:16:36:34 +0200] "GET /?p=23405 HTTP/1.1" 200 93924 "-" "Mozilla/5.0 (compatible; DotBot/1.2; +https://opensiteexplorer.org/dotbot; help@moz.com)"
74.7.227.61 - - [21/Mar/2026:16:36:37 +0200] "GET /shop/goods/accretionary172651271201.phtml/ HTTP/1.1" 200 150752 "https://drspos.com/shop/goods/accretionary172651271201.phtml" "Mozilla/5.0 AppleWebKit/537.36 (KHTML, like Gecko; compatible; GPTBot/1.3; +https://openai.com/gptbot)"
74.7.227.61 - - [21/Mar/2026:16:36:40 +0200] "GET /?p=30919 HTTP/1.1" 200 93814 "https://drspos.com/?p=30922" "Mozilla/5.0 AppleWebKit/537.36 (KHTML, like Gecko; compatible; GPTBot/1.3; +https://openai.com/gptbot)"
74.7.227.61 - - [21/Mar/2026:16:36:43 +0200] "GET /shop/goods/christianize171056139077.phtml HTTP/1.1" 301 - "https://drspos.com/%3C![CDATA[https:/eminencegroup.net.au/post-sitemap9.xml]]%3E" "Mozilla/5.0 AppleWebKit/537.36 (KHTML, like Gecko; compatible; GPTBot/1.3; +https://openai.com/gptbot)"
74.7.227.61 - - [21/Mar/2026:16:36:46 +0200] "GET /shop/goods/christianize171056139077.phtml/ HTTP/1.1" 200 150752 "https://drspos.com/shop/goods/christianize171056139077.phtml" "Mozilla/5.0 AppleWebKit/537.36 (KHTML, like Gecko; compatible; GPTBot/1.3; +https://openai.com/gptbot)"
216.73.216.163 - - [21/Mar/2026:16:36:49 +0200] "GET /shop/goods/unburthen121798153850.phtml HTTP/1.1" 301 - "-" "Mozilla/5.0 AppleWebKit/537.36 (KHTML, like Gecko; compatible; ClaudeBot/1.0; +claudebot@anthropic.com)"
74.7.227.61 - - [21/Mar/2026:16:36:49 +0200] "GET /?p=44180 HTTP/1.1" 200 91711 "https://drspos.com/?p=44178" "Mozilla/5.0 AppleWebKit/537.36 (KHTML, like Gecko; compatible; GPTBot/1.3; +https://openai.com/gptbot)"
216.73.216.163 - - [21/Mar/2026:16:36:52 +0200] "GET /shop/goods/unburthen121798153850.phtml/ HTTP/1.1" 200 150752 "https://www.drspos.com/shop/goods/unburthen121798153850.phtml" "Mozilla/5.0 AppleWebKit/537.36 (KHTML, like Gecko; compatible; ClaudeBot/1.0; +claudebot@anthropic.com)"
74.7.227.61 - - [21/Mar/2026:16:36:52 +0200] "GET /?p=52942 HTTP/1.1" 200 93411 "https://drspos.com/?p=52944" "Mozilla/5.0 AppleWebKit/537.36 (KHTML, like Gecko; compatible; GPTBot/1.3; +https://openai.com/gptbot)"
74.7.227.61 - - [21/Mar/2026:16:36:55 +0200] "GET /wp-content/uploads/essential-addons-elementor/eael-47.js?ver=1774035115 HTTP/1.1" 200 1328 "https://drspos.com/?p=52944" "Mozilla/5.0 AppleWebKit/537.36 (KHTML, like Gecko; compatible; GPTBot/1.3; +https://openai.com/gptbot)"
216.73.216.163 - - [21/Mar/2026:16:36:57 +0200] "GET /shop/goods/pisasphaltum12254170555.phtml HTTP/1.1" 301 - "-" "Mozilla/5.0 AppleWebKit/537.36 (KHTML, like Gecko; compatible; ClaudeBot/1.0; +claudebot@anthropic.com)"
74.7.227.61 - - [21/Mar/2026:16:36:59 +0200] "GET /?p=48228 HTTP/1.1" 200 93474 "https://drspos.com/?p=48226" "Mozilla/5.0 AppleWebKit/537.36 (KHTML, like Gecko; compatible; GPTBot/1.3; +https://openai.com/gptbot)"
216.73.216.163 - - [21/Mar/2026:16:37:00 +0200] "GET /shop/goods/pisasphaltum12254170555.phtml/ HTTP/1.1" 200 150752 "https://www.drspos.com/shop/goods/pisasphaltum12254170555.phtml" "Mozilla/5.0 AppleWebKit/537.36 (KHTML, like Gecko; compatible; ClaudeBot/1.0; +claudebot@anthropic.com)"
74.7.227.61 - - [21/Mar/2026:16:37:02 +0200] "GET /shop/goods/cochleariform172512346554.phtml HTTP/1.1" 301 - "https://drspos.com/%3C![CDATA[https:/eminencegroup.net.au/post-sitemap9.xml]]%3E" "Mozilla/5.0 AppleWebKit/537.36 (KHTML, like Gecko; compatible; GPTBot/1.3; +https://openai.com/gptbot)"
74.7.227.61 - - [21/Mar/2026:16:37:04 +0200] "GET /shop/goods/cochleariform172512346554.phtml/ HTTP/1.1" 200 150752 "https://drspos.com/shop/goods/cochleariform172512346554.phtml" "Mozilla/5.0 AppleWebKit/537.36 (KHTML, like Gecko; compatible; GPTBot/1.3; +https://openai.com/gptbot)"
74.7.227.61 - - [21/Mar/2026:16:37:07 +0200] "GET /?p=46704 HTTP/1.1" 200 91325 "https://drspos.com/?p=46706" "Mozilla/5.0 AppleWebKit/537.36 (KHTML, like Gecko; compatible; GPTBot/1.3; +https://openai.com/gptbot)"
74.7.227.61 - - [21/Mar/2026:16:37:11 +0200] "GET /shop/goods/marcobrunner173262187232.phtml HTTP/1.1" 301 - "https://drspos.com/%3C![CDATA[https:/eminencegroup.net.au/post-sitemap9.xml]]%3E" "Mozilla/5.0 AppleWebKit/537.36 (KHTML, like Gecko; compatible; GPTBot/1.3; +https://openai.com/gptbot)"
216.244.66.234 - - [21/Mar/2026:16:37:10 +0200] "GET /?p=23869 HTTP/1.1" 200 96641 "-" "Mozilla/5.0 (compatible; DotBot/1.2; +https://opensiteexplorer.org/dotbot; help@moz.com)"
74.7.227.61 - - [21/Mar/2026:16:37:13 +0200] "GET /shop/goods/marcobrunner173262187232.phtml/ HTTP/1.1" 200 150752 "https://drspos.com/shop/goods/marcobrunner173262187232.phtml" "Mozilla/5.0 AppleWebKit/537.36 (KHTML, like Gecko; compatible; GPTBot/1.3; +https://openai.com/gptbot)"
74.7.227.61 - - [21/Mar/2026:16:37:16 +0200] "GET /shop/goods/ranunculaceae172801310397.phtml HTTP/1.1" 301 - "https://drspos.com/%3C![CDATA[https:/eminencegroup.net.au/post-sitemap9.xml]]%3E" "Mozilla/5.0 AppleWebKit/537.36 (KHTML, like Gecko; compatible; GPTBot/1.3; +https://openai.com/gptbot)"
74.7.227.61 - - [21/Mar/2026:16:37:18 +0200] "GET /shop/goods/ranunculaceae172801310397.phtml/ HTTP/1.1" 200 150752 "https://drspos.com/shop/goods/ranunculaceae172801310397.phtml" "Mozilla/5.0 AppleWebKit/537.36 (KHTML, like Gecko; compatible; GPTBot/1.3; +https://openai.com/gptbot)"
216.73.216.163 - - [21/Mar/2026:16:37:21 +0200] "GET /shop/goods/unitarianism1315961610.phtml HTTP/1.1" 301 - "-" "Mozilla/5.0 AppleWebKit/537.36 (KHTML, like Gecko; compatible; ClaudeBot/1.0; +claudebot@anthropic.com)"
74.7.227.61 - - [21/Mar/2026:16:37:22 +0200] "GET /shop/goods/cymnoblastea173853084524.phtml HTTP/1.1" 301 - "https://drspos.com/%3C![CDATA[https:/eminencegroup.net.au/post-sitemap9.xml]]%3E" "Mozilla/5.0 AppleWebKit/537.36 (KHTML, like Gecko; compatible; GPTBot/1.3; +https://openai.com/gptbot)"
74.7.227.61 - - [21/Mar/2026:16:37:24 +0200] "GET /shop/goods/cymnoblastea173853084524.phtml/ HTTP/1.1" 200 150752 "https://drspos.com/shop/goods/cymnoblastea173853084524.phtml" "Mozilla/5.0 AppleWebKit/537.36 (KHTML, like Gecko; compatible; GPTBot/1.3; +https://openai.com/gptbot)"
216.73.216.163 - - [21/Mar/2026:16:37:24 +0200] "GET /shop/goods/unitarianism1315961610.phtml/ HTTP/1.1" 200 150752 "https://www.drspos.com/shop/goods/unitarianism1315961610.phtml" "Mozilla/5.0 AppleWebKit/537.36 (KHTML, like Gecko; compatible; ClaudeBot/1.0; +claudebot@anthropic.com)"
74.7.227.61 - - [21/Mar/2026:16:37:27 +0200] "GET /?p=30918 HTTP/1.1" 200 93613 "https://drspos.com/?p=30919" "Mozilla/5.0 AppleWebKit/537.36 (KHTML, like Gecko; compatible; GPTBot/1.3; +https://openai.com/gptbot)"
216.73.216.163 - - [21/Mar/2026:16:37:29 +0200] "GET /shop/goods/disdainfulness122808331502.phtml HTTP/1.1" 301 - "-" "Mozilla/5.0 AppleWebKit/537.36 (KHTML, like Gecko; compatible; ClaudeBot/1.0; +claudebot@anthropic.com)"
74.7.227.61 - - [21/Mar/2026:16:37:30 +0200] "GET /shop/goods/flickermouse173632214433.phtml HTTP/1.1" 301 - "https://drspos.com/%3C![CDATA[https:/eminencegroup.net.au/post-sitemap9.xml]]%3E" "Mozilla/5.0 AppleWebKit/537.36 (KHTML, like Gecko; compatible; GPTBot/1.3; +https://openai.com/gptbot)"
74.7.227.61 - - [21/Mar/2026:16:37:33 +0200] "GET /shop/goods/flickermouse173632214433.phtml/ HTTP/1.1" 200 150752 "https://drspos.com/shop/goods/flickermouse173632214433.phtml" "Mozilla/5.0 AppleWebKit/537.36 (KHTML, like Gecko; compatible; GPTBot/1.3; +https://openai.com/gptbot)"
216.73.216.163 - - [21/Mar/2026:16:37:33 +0200] "GET /shop/goods/disdainfulness122808331502.phtml/ HTTP/1.1" 200 150752 "https://www.drspos.com/shop/goods/disdainfulness122808331502.phtml" "Mozilla/5.0 AppleWebKit/537.36 (KHTML, like Gecko; compatible; ClaudeBot/1.0; +claudebot@anthropic.com)"
52.167.144.218 - - [21/Mar/2026:16:37:35 +0200] "GET /shop/goods/purveyor152742714282.phtml HTTP/1.1" 200 207960 "-" "Mozilla/5.0 AppleWebKit/537.36 (KHTML, like Gecko; compatible; bingbot/2.0; +http://www.bing.com/bingbot.htm) Chrome/116.0.1938.76 Safari/537.36"
74.7.227.61 - - [21/Mar/2026:16:37:36 +0200] "GET /?p=44182 HTTP/1.1" 200 91527 "https://drspos.com/?p=44180" "Mozilla/5.0 AppleWebKit/537.36 (KHTML, like Gecko; compatible; GPTBot/1.3; +https://openai.com/gptbot)"
52.167.144.176 - - [21/Mar/2026:16:37:39 +0200] "GET /shop/goods/eluctate154243044267.phtml HTTP/1.1" 200 195661 "-" "Mozilla/5.0 AppleWebKit/537.36 (KHTML, like Gecko; compatible; bingbot/2.0; +http://www.bing.com/bingbot.htm) Chrome/116.0.1938.76 Safari/537.36"
74.7.227.61 - - [21/Mar/2026:16:37:39 +0200] "GET /?p=52940 HTTP/1.1" 200 95792 "https://drspos.com/?p=52942" "Mozilla/5.0 AppleWebKit/537.36 (KHTML, like Gecko; compatible; GPTBot/1.3; +https://openai.com/gptbot)"
52.167.144.176 - - [21/Mar/2026:16:37:42 +0200] "GET /shop/goods/offguard152116710014.phtml HTTP/1.1" 200 215589 "-" "Mozilla/5.0 AppleWebKit/537.36 (KHTML, like Gecko; compatible; bingbot/2.0; +http://www.bing.com/bingbot.htm) Chrome/116.0.1938.76 Safari/537.36"
74.7.227.61 - - [21/Mar/2026:16:37:42 +0200] "GET /shop/goods/accentuating173235327540.phtml HTTP/1.1" 301 - "https://drspos.com/%3C![CDATA[https:/eminencegroup.net.au/post-sitemap9.xml]]%3E" "Mozilla/5.0 AppleWebKit/537.36 (KHTML, like Gecko; compatible; GPTBot/1.3; +https://openai.com/gptbot)"
157.55.39.14 - - [21/Mar/2026:16:37:45 +0200] "GET /shop/goods/uttermost151302707213.phtml HTTP/1.1" 200 200345 "-" "Mozilla/5.0 AppleWebKit/537.36 (KHTML, like Gecko; compatible; bingbot/2.0; +http://www.bing.com/bingbot.htm) Chrome/116.0.1938.76 Safari/537.36"
74.7.227.61 - - [21/Mar/2026:16:37:44 +0200] "GET /shop/goods/accentuating173235327540.phtml/ HTTP/1.1" 200 150752 "https://drspos.com/shop/goods/accentuating173235327540.phtml" "Mozilla/5.0 AppleWebKit/537.36 (KHTML, like Gecko; compatible; GPTBot/1.3; +https://openai.com/gptbot)"
74.7.227.61 - - [21/Mar/2026:16:37:47 +0200] "GET /?p=48230 HTTP/1.1" 200 92132 "https://drspos.com/?p=48228" "Mozilla/5.0 AppleWebKit/537.36 (KHTML, like Gecko; compatible; GPTBot/1.3; +https://openai.com/gptbot)"
52.167.144.176 - - [21/Mar/2026:16:37:50 +0200] "GET /shop/goods/pabulous15187102892.phtml HTTP/1.1" 200 212197 "-" "Mozilla/5.0 AppleWebKit/537.36 (KHTML, like Gecko; compatible; bingbot/2.0; +http://www.bing.com/bingbot.htm) Chrome/116.0.1938.76 Safari/537.36"
74.7.227.61 - - [21/Mar/2026:16:37:51 +0200] "GET /shop/goods/conglaciate171737722496.phtml HTTP/1.1" 301 - "https://drspos.com/%3C![CDATA[https:/eminencegroup.net.au/post-sitemap9.xml]]%3E" "Mozilla/5.0 AppleWebKit/537.36 (KHTML, like Gecko; compatible; GPTBot/1.3; +https://openai.com/gptbot)"
74.7.227.61 - - [21/Mar/2026:16:37:53 +0200] "GET /shop/goods/conglaciate171737722496.phtml/ HTTP/1.1" 200 150752 "https://drspos.com/shop/goods/conglaciate171737722496.phtml" "Mozilla/5.0 AppleWebKit/537.36 (KHTML, like Gecko; compatible; GPTBot/1.3; +https://openai.com/gptbot)"
157.55.39.14 - - [21/Mar/2026:16:37:55 +0200] "GET /shop/goods/inspection15941683513.phtml HTTP/1.1" 200 212591 "-" "Mozilla/5.0 AppleWebKit/537.36 (KHTML, like Gecko; compatible; bingbot/2.0; +http://www.bing.com/bingbot.htm) Chrome/116.0.1938.76 Safari/537.36"
74.7.227.61 - - [21/Mar/2026:16:37:56 +0200] "GET /?p=46702 HTTP/1.1" 200 93706 "https://drspos.com/?p=46704" "Mozilla/5.0 AppleWebKit/537.36 (KHTML, like Gecko; compatible; GPTBot/1.3; +https://openai.com/gptbot)"
216.73.216.163 - - [21/Mar/2026:16:37:56 +0200] "GET /shop/goods/hospitalism132802607124.phtml HTTP/1.1" 301 - "-" "Mozilla/5.0 AppleWebKit/537.36 (KHTML, like Gecko; compatible; ClaudeBot/1.0; +claudebot@anthropic.com)"
157.55.39.14 - - [21/Mar/2026:16:37:58 +0200] "GET /shop/goods/facient15146984249.phtml HTTP/1.1" 200 209938 "-" "Mozilla/5.0 AppleWebKit/537.36 (KHTML, like Gecko; compatible; bingbot/2.0; +http://www.bing.com/bingbot.htm) Chrome/116.0.1938.76 Safari/537.36"
74.7.227.61 - - [21/Mar/2026:16:37:59 +0200] "GET /shop/goods/doubleender173188760074.phtml HTTP/1.1" 301 - "https://drspos.com/%3C![CDATA[https:/eminencegroup.net.au/post-sitemap9.xml]]%3E" "Mozilla/5.0 AppleWebKit/537.36 (KHTML, like Gecko; compatible; GPTBot/1.3; +https://openai.com/gptbot)"
216.73.216.163 - - [21/Mar/2026:16:37:59 +0200] "GET /shop/goods/hospitalism132802607124.phtml/ HTTP/1.1" 200 150752 "https://www.drspos.com/shop/goods/hospitalism132802607124.phtml" "Mozilla/5.0 AppleWebKit/537.36 (KHTML, like Gecko; compatible; ClaudeBot/1.0; +claudebot@anthropic.com)"
157.55.39.14 - - [21/Mar/2026:16:38:02 +0200] "GET /shop/goods/concubinal142043061811.phtml HTTP/1.1" 200 205649 "-" "Mozilla/5.0 AppleWebKit/537.36 (KHTML, like Gecko; compatible; bingbot/2.0; +http://www.bing.com/bingbot.htm) Chrome/116.0.1938.76 Safari/537.36"
74.7.227.61 - - [21/Mar/2026:16:38:01 +0200] "GET /shop/goods/doubleender173188760074.phtml/ HTTP/1.1" 200 150752 "https://drspos.com/shop/goods/doubleender173188760074.phtml" "Mozilla/5.0 AppleWebKit/537.36 (KHTML, like Gecko; compatible; GPTBot/1.3; +https://openai.com/gptbot)"
74.7.227.61 - - [21/Mar/2026:16:38:04 +0200] "GET /shop/goods/acarpellous173662681079.phtml HTTP/1.1" 301 - "https://drspos.com/%3C![CDATA[https:/eminencegroup.net.au/post-sitemap9.xml]]%3E" "Mozilla/5.0 AppleWebKit/537.36 (KHTML, like Gecko; compatible; GPTBot/1.3; +https://openai.com/gptbot)"
52.167.144.176 - - [21/Mar/2026:16:38:04 +0200] "GET /shop/goods/airfield152123059761.phtml HTTP/1.1" 200 216288 "-" "Mozilla/5.0 AppleWebKit/537.36 (KHTML, like Gecko; compatible; bingbot/2.0; +http://www.bing.com/bingbot.htm) Chrome/116.0.1938.76 Safari/537.36"
74.7.227.61 - - [21/Mar/2026:16:38:07 +0200] "GET /shop/goods/acarpellous173662681079.phtml/ HTTP/1.1" 200 150752 "https://drspos.com/shop/goods/acarpellous173662681079.phtml" "Mozilla/5.0 AppleWebKit/537.36 (KHTML, like Gecko; compatible; GPTBot/1.3; +https://openai.com/gptbot)"
52.167.144.218 - - [21/Mar/2026:16:38:09 +0200] "GET /shop/goods/varier15744178458.phtml HTTP/1.1" 200 211296 "-" "Mozilla/5.0 AppleWebKit/537.36 (KHTML, like Gecko; compatible; bingbot/2.0; +http://www.bing.com/bingbot.htm) Chrome/116.0.1938.76 Safari/537.36"
74.7.227.61 - - [21/Mar/2026:16:38:10 +0200] "GET /shop/goods/eglandulous171490156252.phtml HTTP/1.1" 301 - "https://drspos.com/%3C![CDATA[https:/eminencegroup.net.au/post-sitemap9.xml]]%3E" "Mozilla/5.0 AppleWebKit/537.36 (KHTML, like Gecko; compatible; GPTBot/1.3; +https://openai.com/gptbot)"
74.7.227.61 - - [21/Mar/2026:16:38:12 +0200] "GET /shop/goods/eglandulous171490156252.phtml/ HTTP/1.1" 200 150752 "https://drspos.com/shop/goods/eglandulous171490156252.phtml" "Mozilla/5.0 AppleWebKit/537.36 (KHTML, like Gecko; compatible; GPTBot/1.3; +https://openai.com/gptbot)"
157.55.39.14 - - [21/Mar/2026:16:38:14 +0200] "GET /shop/goods/mosel15788935457.phtml HTTP/1.1" 200 206142 "-" "Mozilla/5.0 AppleWebKit/537.36 (KHTML, like Gecko; compatible; bingbot/2.0; +http://www.bing.com/bingbot.htm) Chrome/116.0.1938.76 Safari/537.36"
74.7.227.61 - - [21/Mar/2026:16:38:16 +0200] "GET /?p=30916 HTTP/1.1" 200 93658 "https://drspos.com/?p=30918" "Mozilla/5.0 AppleWebKit/537.36 (KHTML, like Gecko; compatible; GPTBot/1.3; +https://openai.com/gptbot)"
52.167.144.176 - - [21/Mar/2026:16:38:19 +0200] "GET /shop/goods/arrowhead154226311090.phtml HTTP/1.1" 200 217402 "-" "Mozilla/5.0 AppleWebKit/537.36 (KHTML, like Gecko; compatible; bingbot/2.0; +http://www.bing.com/bingbot.htm) Chrome/116.0.1938.76 Safari/537.36"
74.7.227.61 - - [21/Mar/2026:16:38:19 +0200] "GET /shop/goods/econometric171642360022.phtml HTTP/1.1" 301 - "https://drspos.com/%3C![CDATA[https:/eminencegroup.net.au/post-sitemap9.xml]]%3E" "Mozilla/5.0 AppleWebKit/537.36 (KHTML, like Gecko; compatible; GPTBot/1.3; +https://openai.com/gptbot)"
216.73.216.163 - - [21/Mar/2026:16:38:20 +0200] "GET /shop/goods/historiographership122213053700.phtml HTTP/1.1" 301 - "-" "Mozilla/5.0 AppleWebKit/537.36 (KHTML, like Gecko; compatible; ClaudeBot/1.0; +claudebot@anthropic.com)"
74.7.227.61 - - [21/Mar/2026:16:38:21 +0200] "GET /shop/goods/econometric171642360022.phtml/ HTTP/1.1" 200 150752 "https://drspos.com/shop/goods/econometric171642360022.phtml" "Mozilla/5.0 AppleWebKit/537.36 (KHTML, like Gecko; compatible; GPTBot/1.3; +https://openai.com/gptbot)"
216.73.216.163 - - [21/Mar/2026:16:38:23 +0200] "GET /shop/goods/historiographership122213053700.phtml/ HTTP/1.1" 200 150752 "https://www.drspos.com/shop/goods/historiographership122213053700.phtml" "Mozilla/5.0 AppleWebKit/537.36 (KHTML, like Gecko; compatible; ClaudeBot/1.0; +claudebot@anthropic.com)"
157.55.39.14 - - [21/Mar/2026:16:38:24 +0200] "GET /shop/goods/assumably153843588791.phtml HTTP/1.1" 200 209834 "-" "Mozilla/5.0 AppleWebKit/537.36 (KHTML, like Gecko; compatible; bingbot/2.0; +http://www.bing.com/bingbot.htm) Chrome/116.0.1938.76 Safari/537.36"
74.7.227.61 - - [21/Mar/2026:16:38:25 +0200] "GET /?p=44184 HTTP/1.1" 200 91580 "https://drspos.com/?p=44182" "Mozilla/5.0 AppleWebKit/537.36 (KHTML, like Gecko; compatible; GPTBot/1.3; +https://openai.com/gptbot)"
74.7.227.61 - - [21/Mar/2026:16:38:29 +0200] "GET /?p=52938 HTTP/1.1" 200 91773 "https://drspos.com/?p=52940" "Mozilla/5.0 AppleWebKit/537.36 (KHTML, like Gecko; compatible; GPTBot/1.3; +https://openai.com/gptbot)"
216.73.216.163 - - [21/Mar/2026:16:38:30 +0200] "GET /shop/goods/metallochrome133593812259.phtml HTTP/1.1" 301 - "-" "Mozilla/5.0 AppleWebKit/537.36 (KHTML, like Gecko; compatible; ClaudeBot/1.0; +claudebot@anthropic.com)"
74.7.227.61 - - [21/Mar/2026:16:38:32 +0200] "GET /shop/goods/commentator174163738912.phtml HTTP/1.1" 301 - "https://drspos.com/%3C![CDATA[https:/eminencegroup.net.au/post-sitemap9.xml]]%3E" "Mozilla/5.0 AppleWebKit/537.36 (KHTML, like Gecko; compatible; GPTBot/1.3; +https://openai.com/gptbot)"
216.73.216.163 - - [21/Mar/2026:16:38:32 +0200] "GET /shop/goods/metallochrome133593812259.phtml/ HTTP/1.1" 200 150752 "https://www.drspos.com/shop/goods/metallochrome133593812259.phtml" "Mozilla/5.0 AppleWebKit/537.36 (KHTML, like Gecko; compatible; ClaudeBot/1.0; +claudebot@anthropic.com)"
52.167.144.218 - - [21/Mar/2026:16:38:35 +0200] "GET /shop/goods/calombo153619214085.phtml HTTP/1.1" 200 214717 "-" "Mozilla/5.0 AppleWebKit/537.36 (KHTML, like Gecko; compatible; bingbot/2.0; +http://www.bing.com/bingbot.htm) Chrome/116.0.1938.76 Safari/537.36"
74.7.227.61 - - [21/Mar/2026:16:38:35 +0200] "GET /shop/goods/commentator174163738912.phtml/ HTTP/1.1" 200 150752 "https://drspos.com/shop/goods/commentator174163738912.phtml" "Mozilla/5.0 AppleWebKit/537.36 (KHTML, like Gecko; compatible; GPTBot/1.3; +https://openai.com/gptbot)"
74.7.227.61 - - [21/Mar/2026:16:38:38 +0200] "GET /?p=48232 HTTP/1.1" 200 97651 "https://drspos.com/?p=48230" "Mozilla/5.0 AppleWebKit/537.36 (KHTML, like Gecko; compatible; GPTBot/1.3; +https://openai.com/gptbot)"
52.167.144.176 - - [21/Mar/2026:16:38:40 +0200] "GET /shop/goods/anchylosis15250090446.phtml HTTP/1.1" 200 210936 "-" "Mozilla/5.0 AppleWebKit/537.36 (KHTML, like Gecko; compatible; bingbot/2.0; +http://www.bing.com/bingbot.htm) Chrome/116.0.1938.76 Safari/537.36"
74.7.227.61 - - [21/Mar/2026:16:38:41 +0200] "GET /shop/goods/mockingbird173875191889.phtml HTTP/1.1" 301 - "https://drspos.com/%3C![CDATA[https:/eminencegroup.net.au/post-sitemap9.xml]]%3E" "Mozilla/5.0 AppleWebKit/537.36 (KHTML, like Gecko; compatible; GPTBot/1.3; +https://openai.com/gptbot)"
74.7.227.61 - - [21/Mar/2026:16:38:44 +0200] "GET /shop/goods/mockingbird173875191889.phtml/ HTTP/1.1" 200 150752 "https://drspos.com/shop/goods/mockingbird173875191889.phtml" "Mozilla/5.0 AppleWebKit/537.36 (KHTML, like Gecko; compatible; GPTBot/1.3; +https://openai.com/gptbot)"
74.7.227.61 - - [21/Mar/2026:16:38:47 +0200] "GET /?p=46700 HTTP/1.1" 200 91472 "https://drspos.com/?p=46702" "Mozilla/5.0 AppleWebKit/537.36 (KHTML, like Gecko; compatible; GPTBot/1.3; +https://openai.com/gptbot)"
74.7.227.61 - - [21/Mar/2026:16:38:50 +0200] "GET /shop/goods/atricapilla173409778359.phtml HTTP/1.1" 301 - "https://drspos.com/%3C![CDATA[https:/eminencegroup.net.au/post-sitemap9.xml]]%3E" "Mozilla/5.0 AppleWebKit/537.36 (KHTML, like Gecko; compatible; GPTBot/1.3; +https://openai.com/gptbot)"
74.7.227.61 - - [21/Mar/2026:16:38:52 +0200] "GET /shop/goods/atricapilla173409778359.phtml/ HTTP/1.1" 200 150752 "https://drspos.com/shop/goods/atricapilla173409778359.phtml" "Mozilla/5.0 AppleWebKit/537.36 (KHTML, like Gecko; compatible; GPTBot/1.3; +https://openai.com/gptbot)"
157.55.39.14 - - [21/Mar/2026:16:38:54 +0200] "GET /shop/goods/helicoidal153775901450.phtml HTTP/1.1" 200 208001 "-" "Mozilla/5.0 AppleWebKit/537.36 (KHTML, like Gecko; compatible; bingbot/2.0; +http://www.bing.com/bingbot.htm) Chrome/116.0.1938.76 Safari/537.36"
216.73.216.163 - - [21/Mar/2026:16:38:54 +0200] "GET /shop/goods/youthy123973572665.phtml HTTP/1.1" 301 - "-" "Mozilla/5.0 AppleWebKit/537.36 (KHTML, like Gecko; compatible; ClaudeBot/1.0; +claudebot@anthropic.com)"
74.7.227.61 - - [21/Mar/2026:16:38:55 +0200] "GET /shop/goods/boysenberry172754326127.phtml HTTP/1.1" 301 - "https://drspos.com/%3C![CDATA[https:/eminencegroup.net.au/post-sitemap9.xml]]%3E" "Mozilla/5.0 AppleWebKit/537.36 (KHTML, like Gecko; compatible; GPTBot/1.3; +https://openai.com/gptbot)"
216.73.216.163 - - [21/Mar/2026:16:38:56 +0200] "GET /shop/goods/youthy123973572665.phtml/ HTTP/1.1" 200 150752 "https://www.drspos.com/shop/goods/youthy123973572665.phtml" "Mozilla/5.0 AppleWebKit/537.36 (KHTML, like Gecko; compatible; ClaudeBot/1.0; +claudebot@anthropic.com)"
52.167.144.176 - - [21/Mar/2026:16:38:58 +0200] "GET /shop/goods/psyllae152298167000.phtml HTTP/1.1" 200 196990 "-" "Mozilla/5.0 AppleWebKit/537.36 (KHTML, like Gecko; compatible; bingbot/2.0; +http://www.bing.com/bingbot.htm) Chrome/116.0.1938.76 Safari/537.36"
74.7.227.61 - - [21/Mar/2026:16:38:58 +0200] "GET /shop/goods/boysenberry172754326127.phtml/ HTTP/1.1" 200 150752 "https://drspos.com/shop/goods/boysenberry172754326127.phtml" "Mozilla/5.0 AppleWebKit/537.36 (KHTML, like Gecko; compatible; GPTBot/1.3; +https://openai.com/gptbot)"
52.167.144.176 - - [21/Mar/2026:16:39:00 +0200] "GET /shop/goods/antialbumid151460355957.phtml HTTP/1.1" 200 209936 "-" "Mozilla/5.0 AppleWebKit/537.36 (KHTML, like Gecko; compatible; bingbot/2.0; +http://www.bing.com/bingbot.htm) Chrome/116.0.1938.76 Safari/537.36"
74.7.227.61 - - [21/Mar/2026:16:39:01 +0200] "GET /shop/goods/evasiveness171050174683.phtml HTTP/1.1" 301 - "https://drspos.com/%3C![CDATA[https:/eminencegroup.net.au/post-sitemap9.xml]]%3E" "Mozilla/5.0 AppleWebKit/537.36 (KHTML, like Gecko; compatible; GPTBot/1.3; +https://openai.com/gptbot)"
52.167.144.176 - - [21/Mar/2026:16:39:03 +0200] "GET /shop/goods/inventor154137926803.phtml HTTP/1.1" 200 213238 "-" "Mozilla/5.0 AppleWebKit/537.36 (KHTML, like Gecko; compatible; bingbot/2.0; +http://www.bing.com/bingbot.htm) Chrome/116.0.1938.76 Safari/537.36"
216.73.216.163 - - [21/Mar/2026:16:39:03 +0200] "GET /shop/goods/octillion122843742672.phtml HTTP/1.1" 301 - "-" "Mozilla/5.0 AppleWebKit/537.36 (KHTML, like Gecko; compatible; ClaudeBot/1.0; +claudebot@anthropic.com)"
74.7.227.61 - - [21/Mar/2026:16:39:03 +0200] "GET /shop/goods/evasiveness171050174683.phtml/ HTTP/1.1" 200 150752 "https://drspos.com/shop/goods/evasiveness171050174683.phtml" "Mozilla/5.0 AppleWebKit/537.36 (KHTML, like Gecko; compatible; GPTBot/1.3; +https://openai.com/gptbot)"
216.73.216.163 - - [21/Mar/2026:16:39:05 +0200] "GET /shop/goods/octillion122843742672.phtml/ HTTP/1.1" 200 150752 "https://drspos.com/shop/goods/octillion122843742672.phtml" "Mozilla/5.0 AppleWebKit/537.36 (KHTML, like Gecko; compatible; ClaudeBot/1.0; +claudebot@anthropic.com)"
157.55.39.14 - - [21/Mar/2026:16:39:07 +0200] "GET /shop/goods/transelementate15743429369.phtml HTTP/1.1" 200 203817 "-" "Mozilla/5.0 AppleWebKit/537.36 (KHTML, like Gecko; compatible; bingbot/2.0; +http://www.bing.com/bingbot.htm) Chrome/116.0.1938.76 Safari/537.36"
74.7.227.61 - - [21/Mar/2026:16:39:07 +0200] "GET /?p=30914 HTTP/1.1" 200 95962 "https://drspos.com/?p=30916" "Mozilla/5.0 AppleWebKit/537.36 (KHTML, like Gecko; compatible; GPTBot/1.3; +https://openai.com/gptbot)"
157.55.39.14 - - [21/Mar/2026:16:39:11 +0200] "GET /shop/goods/sandalwood151865911661.phtml HTTP/1.1" 200 218985 "-" "Mozilla/5.0 AppleWebKit/537.36 (KHTML, like Gecko; compatible; bingbot/2.0; +http://www.bing.com/bingbot.htm) Chrome/116.0.1938.76 Safari/537.36"
