74.7.227.61 - - [21/Mar/2026:14:12:57 +0200] "GET /?p=31273 HTTP/1.1" 200 95206 "https://drspos.com/?p=31275" "Mozilla/5.0 AppleWebKit/537.36 (KHTML, like Gecko; compatible; GPTBot/1.3; +https://openai.com/gptbot)"
52.167.144.211 - - [21/Mar/2026:14:13:00 +0200] "GET /shop/goods/heron151400274325.phtml HTTP/1.1" 200 200483 "-" "Mozilla/5.0 AppleWebKit/537.36 (KHTML, like Gecko; compatible; bingbot/2.0; +http://www.bing.com/bingbot.htm) Chrome/116.0.1938.76 Safari/537.36"
74.7.227.61 - - [21/Mar/2026:14:13:00 +0200] "GET /?p=47058 HTTP/1.1" 200 90871 "https://drspos.com/?p=47060" "Mozilla/5.0 AppleWebKit/537.36 (KHTML, like Gecko; compatible; GPTBot/1.3; +https://openai.com/gptbot)"
216.73.216.163 - - [21/Mar/2026:14:13:02 +0200] "GET /shop/goods/prepackaged12212833382.phtml HTTP/1.1" 301 - "-" "Mozilla/5.0 AppleWebKit/537.36 (KHTML, like Gecko; compatible; ClaudeBot/1.0; +claudebot@anthropic.com)"
74.7.227.61 - - [21/Mar/2026:14:13:03 +0200] "GET /?p=43849 HTTP/1.1" 200 91923 "https://drspos.com/?p=43848" "Mozilla/5.0 AppleWebKit/537.36 (KHTML, like Gecko; compatible; GPTBot/1.3; +https://openai.com/gptbot)"
40.77.167.156 - - [21/Mar/2026:14:13:04 +0200] "GET /shop/goods/dispositive10568127499.phtml HTTP/1.1" 200 215636 "-" "Mozilla/5.0 AppleWebKit/537.36 (KHTML, like Gecko; compatible; bingbot/2.0; +http://www.bing.com/bingbot.htm) Chrome/116.0.1938.76 Safari/537.36"
103.176.23.119 - - [21/Mar/2026:14:13:00 +0200] "GET /?p=4098 HTTP/1.1" 200 101084 "-" "Mozilla/5.0 (X11; Linux x86_64) AppleWebKit/537.36 (KHTML, like Gecko) Chrome/114.0.0.0 Safari/537.36 OPR/89.0.4447.51"
216.73.216.163 - - [21/Mar/2026:14:13:05 +0200] "GET /shop/goods/prepackaged12212833382.phtml/ HTTP/1.1" 200 150752 "https://www.drspos.com/shop/goods/prepackaged12212833382.phtml" "Mozilla/5.0 AppleWebKit/537.36 (KHTML, like Gecko; compatible; ClaudeBot/1.0; +claudebot@anthropic.com)"
74.7.227.61 - - [21/Mar/2026:14:13:07 +0200] "GET /?p=35339 HTTP/1.1" 200 91800 "https://drspos.com/?p=35337" "Mozilla/5.0 AppleWebKit/537.36 (KHTML, like Gecko; compatible; GPTBot/1.3; +https://openai.com/gptbot)"
74.7.227.61 - - [21/Mar/2026:14:13:10 +0200] "GET /wp-content/uploads/essential-addons-elementor/eael-47.css?ver=1773803570 HTTP/1.1" 200 16146 "https://drspos.com/?p=39479" "Mozilla/5.0 AppleWebKit/537.36 (KHTML, like Gecko; compatible; GPTBot/1.3; +https://openai.com/gptbot)"
74.7.227.61 - - [21/Mar/2026:14:13:13 +0200] "GET /?p=53262 HTTP/1.1" 200 93349 "https://drspos.com/?p=53264" "Mozilla/5.0 AppleWebKit/537.36 (KHTML, like Gecko; compatible; GPTBot/1.3; +https://openai.com/gptbot)"
216.73.216.163 - - [21/Mar/2026:14:13:15 +0200] "GET /shop/goods/lepanto121344860362.phtml HTTP/1.1" 301 - "-" "Mozilla/5.0 AppleWebKit/537.36 (KHTML, like Gecko; compatible; ClaudeBot/1.0; +claudebot@anthropic.com)"
74.7.227.61 - - [21/Mar/2026:14:13:16 +0200] "GET /?p=39843 HTTP/1.1" 200 93566 "https://drspos.com/?p=39841" "Mozilla/5.0 AppleWebKit/537.36 (KHTML, like Gecko; compatible; GPTBot/1.3; +https://openai.com/gptbot)"
216.73.216.163 - - [21/Mar/2026:14:13:18 +0200] "GET /shop/goods/lepanto121344860362.phtml/ HTTP/1.1" 200 150752 "https://drspos.com/shop/goods/lepanto121344860362.phtml" "Mozilla/5.0 AppleWebKit/537.36 (KHTML, like Gecko; compatible; ClaudeBot/1.0; +claudebot@anthropic.com)"
74.7.227.61 - - [21/Mar/2026:14:13:19 +0200] "GET /?p=40225 HTTP/1.1" 200 93259 "https://drspos.com/?p=40227" "Mozilla/5.0 AppleWebKit/537.36 (KHTML, like Gecko; compatible; GPTBot/1.3; +https://openai.com/gptbot)"
74.7.227.61 - - [21/Mar/2026:14:13:22 +0200] "GET /?p=47908 HTTP/1.1" 200 94537 "https://drspos.com/?p=47906" "Mozilla/5.0 AppleWebKit/537.36 (KHTML, like Gecko; compatible; GPTBot/1.3; +https://openai.com/gptbot)"
74.7.227.61 - - [21/Mar/2026:14:13:25 +0200] "GET /?p=35615 HTTP/1.1" 200 91629 "https://drspos.com/?p=35617" "Mozilla/5.0 AppleWebKit/537.36 (KHTML, like Gecko; compatible; GPTBot/1.3; +https://openai.com/gptbot)"
74.7.227.61 - - [21/Mar/2026:14:13:28 +0200] "GET /wp-content/uploads/essential-addons-elementor/eael-47.css?ver=1772144705 HTTP/1.1" 200 16146 "https://drspos.com/?p=3508" "Mozilla/5.0 AppleWebKit/537.36 (KHTML, like Gecko; compatible; GPTBot/1.3; +https://openai.com/gptbot)"
216.73.216.163 - - [21/Mar/2026:14:13:26 +0200] "GET /shop/goods/pentahedrous132043472735.phtml HTTP/1.1" 301 - "-" "Mozilla/5.0 AppleWebKit/537.36 (KHTML, like Gecko; compatible; ClaudeBot/1.0; +claudebot@anthropic.com)"
216.73.216.163 - - [21/Mar/2026:14:13:29 +0200] "GET /shop/goods/pentahedrous132043472735.phtml/ HTTP/1.1" 200 150752 "https://drspos.com/shop/goods/pentahedrous132043472735.phtml" "Mozilla/5.0 AppleWebKit/537.36 (KHTML, like Gecko; compatible; ClaudeBot/1.0; +claudebot@anthropic.com)"
74.7.227.61 - - [21/Mar/2026:14:13:32 +0200] "GET /?p=31259 HTTP/1.1" 200 97530 "https://drspos.com/?p=31273" "Mozilla/5.0 AppleWebKit/537.36 (KHTML, like Gecko; compatible; GPTBot/1.3; +https://openai.com/gptbot)"
74.7.227.61 - - [21/Mar/2026:14:13:35 +0200] "GET /?p=47056 HTTP/1.1" 200 96208 "https://drspos.com/?p=47058" "Mozilla/5.0 AppleWebKit/537.36 (KHTML, like Gecko; compatible; GPTBot/1.3; +https://openai.com/gptbot)"
74.7.227.61 - - [21/Mar/2026:14:13:38 +0200] "GET /?p=43852 HTTP/1.1" 200 92994 "https://drspos.com/?p=43849" "Mozilla/5.0 AppleWebKit/537.36 (KHTML, like Gecko; compatible; GPTBot/1.3; +https://openai.com/gptbot)"
74.7.227.61 - - [21/Mar/2026:14:13:41 +0200] "GET /?p=35341 HTTP/1.1" 200 92436 "https://drspos.com/?p=35339" "Mozilla/5.0 AppleWebKit/537.36 (KHTML, like Gecko; compatible; GPTBot/1.3; +https://openai.com/gptbot)"
74.7.227.61 - - [21/Mar/2026:14:13:45 +0200] "GET /wp-content/uploads/essential-addons-elementor/eael-47.css?ver=1773616232 HTTP/1.1" 200 16146 "https://drspos.com/?p=31489" "Mozilla/5.0 AppleWebKit/537.36 (KHTML, like Gecko; compatible; GPTBot/1.3; +https://openai.com/gptbot)"
74.7.227.61 - - [21/Mar/2026:14:13:48 +0200] "GET /?p=53260 HTTP/1.1" 200 94061 "https://drspos.com/?p=53262" "Mozilla/5.0 AppleWebKit/537.36 (KHTML, like Gecko; compatible; GPTBot/1.3; +https://openai.com/gptbot)"
216.73.216.163 - - [21/Mar/2026:14:13:48 +0200] "GET /shop/goods/stroking12900241527.phtml HTTP/1.1" 301 - "-" "Mozilla/5.0 AppleWebKit/537.36 (KHTML, like Gecko; compatible; ClaudeBot/1.0; +claudebot@anthropic.com)"
216.73.216.163 - - [21/Mar/2026:14:13:51 +0200] "GET /shop/goods/stroking12900241527.phtml/ HTTP/1.1" 200 150752 "https://www.drspos.com/shop/goods/stroking12900241527.phtml" "Mozilla/5.0 AppleWebKit/537.36 (KHTML, like Gecko; compatible; ClaudeBot/1.0; +claudebot@anthropic.com)"
74.7.227.61 - - [21/Mar/2026:14:13:51 +0200] "GET /?p=39845 HTTP/1.1" 200 96367 "https://drspos.com/?p=39843" "Mozilla/5.0 AppleWebKit/537.36 (KHTML, like Gecko; compatible; GPTBot/1.3; +https://openai.com/gptbot)"
74.7.227.61 - - [21/Mar/2026:14:13:55 +0200] "GET /?p=40223 HTTP/1.1" 200 93045 "https://drspos.com/?p=40225" "Mozilla/5.0 AppleWebKit/537.36 (KHTML, like Gecko; compatible; GPTBot/1.3; +https://openai.com/gptbot)"
74.7.227.61 - - [21/Mar/2026:14:13:58 +0200] "GET /?p=47910 HTTP/1.1" 200 92730 "https://drspos.com/?p=47908" "Mozilla/5.0 AppleWebKit/537.36 (KHTML, like Gecko; compatible; GPTBot/1.3; +https://openai.com/gptbot)"
74.7.227.61 - - [21/Mar/2026:14:14:01 +0200] "GET /?p=35613 HTTP/1.1" 200 97469 "https://drspos.com/?p=35615" "Mozilla/5.0 AppleWebKit/537.36 (KHTML, like Gecko; compatible; GPTBot/1.3; +https://openai.com/gptbot)"
74.7.227.61 - - [21/Mar/2026:14:14:04 +0200] "GET /wp-content/uploads/essential-addons-elementor/eael-47.css?ver=1773700927 HTTP/1.1" 200 16146 "https://drspos.com/?p=34315" "Mozilla/5.0 AppleWebKit/537.36 (KHTML, like Gecko; compatible; GPTBot/1.3; +https://openai.com/gptbot)"
74.7.227.61 - - [21/Mar/2026:14:14:07 +0200] "GET /?p=31257 HTTP/1.1" 200 96212 "https://drspos.com/?p=31259" "Mozilla/5.0 AppleWebKit/537.36 (KHTML, like Gecko; compatible; GPTBot/1.3; +https://openai.com/gptbot)"
74.7.227.61 - - [21/Mar/2026:14:14:11 +0200] "GET /?p=47054 HTTP/1.1" 200 92127 "https://drspos.com/?p=47056" "Mozilla/5.0 AppleWebKit/537.36 (KHTML, like Gecko; compatible; GPTBot/1.3; +https://openai.com/gptbot)"
216.73.216.163 - - [21/Mar/2026:14:14:12 +0200] "GET /shop/goods/enameled12374470328.phtml HTTP/1.1" 301 - "-" "Mozilla/5.0 AppleWebKit/537.36 (KHTML, like Gecko; compatible; ClaudeBot/1.0; +claudebot@anthropic.com)"
74.7.227.61 - - [21/Mar/2026:14:14:14 +0200] "GET /?p=43854 HTTP/1.1" 200 91349 "https://drspos.com/?p=43852" "Mozilla/5.0 AppleWebKit/537.36 (KHTML, like Gecko; compatible; GPTBot/1.3; +https://openai.com/gptbot)"
74.7.227.61 - - [21/Mar/2026:14:14:17 +0200] "GET /wp-content/uploads/essential-addons-elementor/eael-47.css?ver=1772696625 HTTP/1.1" 200 16146 "https://drspos.com/?p=5339" "Mozilla/5.0 AppleWebKit/537.36 (KHTML, like Gecko; compatible; GPTBot/1.3; +https://openai.com/gptbot)"
216.73.216.163 - - [21/Mar/2026:14:14:15 +0200] "GET /shop/goods/enameled12374470328.phtml/ HTTP/1.1" 200 150736 "https://www.drspos.com/shop/goods/enameled12374470328.phtml" "Mozilla/5.0 AppleWebKit/537.36 (KHTML, like Gecko; compatible; ClaudeBot/1.0; +claudebot@anthropic.com)"
74.7.227.61 - - [21/Mar/2026:14:14:20 +0200] "GET /?p=35343 HTTP/1.1" 200 96305 "https://drspos.com/?p=35341" "Mozilla/5.0 AppleWebKit/537.36 (KHTML, like Gecko; compatible; GPTBot/1.3; +https://openai.com/gptbot)"
216.73.216.163 - - [21/Mar/2026:14:14:21 +0200] "GET /shop/goods/protracted16896676064.phtml HTTP/1.1" 301 - "-" "Mozilla/5.0 AppleWebKit/537.36 (KHTML, like Gecko; compatible; ClaudeBot/1.0; +claudebot@anthropic.com)"
74.7.227.61 - - [21/Mar/2026:14:14:23 +0200] "GET /?p=53258 HTTP/1.1" 200 97157 "https://drspos.com/?p=53260" "Mozilla/5.0 AppleWebKit/537.36 (KHTML, like Gecko; compatible; GPTBot/1.3; +https://openai.com/gptbot)"
216.73.216.163 - - [21/Mar/2026:14:14:24 +0200] "GET /shop/goods/protracted16896676064.phtml/ HTTP/1.1" 200 150752 "https://www.drspos.com/shop/goods/protracted16896676064.phtml" "Mozilla/5.0 AppleWebKit/537.36 (KHTML, like Gecko; compatible; ClaudeBot/1.0; +claudebot@anthropic.com)"
74.7.227.61 - - [21/Mar/2026:14:14:27 +0200] "GET /?p=39847 HTTP/1.1" 200 94937 "https://drspos.com/?p=39845" "Mozilla/5.0 AppleWebKit/537.36 (KHTML, like Gecko; compatible; GPTBot/1.3; +https://openai.com/gptbot)"
216.73.216.163 - - [21/Mar/2026:14:14:29 +0200] "GET /shop/goods/bisexuous122378940818.phtml HTTP/1.1" 301 - "-" "Mozilla/5.0 AppleWebKit/537.36 (KHTML, like Gecko; compatible; ClaudeBot/1.0; +claudebot@anthropic.com)"
216.73.216.163 - - [21/Mar/2026:14:14:30 +0200] "GET /shop/goods/sherardize121760510679.phtml HTTP/1.1" 301 - "-" "Mozilla/5.0 AppleWebKit/537.36 (KHTML, like Gecko; compatible; ClaudeBot/1.0; +claudebot@anthropic.com)"
74.7.227.61 - - [21/Mar/2026:14:14:30 +0200] "GET /?p=40221 HTTP/1.1" 200 92706 "https://drspos.com/?p=40223" "Mozilla/5.0 AppleWebKit/537.36 (KHTML, like Gecko; compatible; GPTBot/1.3; +https://openai.com/gptbot)"
74.7.227.61 - - [21/Mar/2026:14:14:33 +0200] "GET /?p=47912 HTTP/1.1" 200 92720 "https://drspos.com/?p=47910" "Mozilla/5.0 AppleWebKit/537.36 (KHTML, like Gecko; compatible; GPTBot/1.3; +https://openai.com/gptbot)"
216.73.216.163 - - [21/Mar/2026:14:14:33 +0200] "GET /shop/goods/bisexuous122378940818.phtml/ HTTP/1.1" 200 150752 "https://drspos.com/shop/goods/bisexuous122378940818.phtml" "Mozilla/5.0 AppleWebKit/537.36 (KHTML, like Gecko; compatible; ClaudeBot/1.0; +claudebot@anthropic.com)"
216.73.216.163 - - [21/Mar/2026:14:14:33 +0200] "GET /shop/goods/sherardize121760510679.phtml/ HTTP/1.1" 200 150752 "https://drspos.com/shop/goods/sherardize121760510679.phtml" "Mozilla/5.0 AppleWebKit/537.36 (KHTML, like Gecko; compatible; ClaudeBot/1.0; +claudebot@anthropic.com)"
74.7.227.61 - - [21/Mar/2026:14:14:36 +0200] "GET /?p=35611 HTTP/1.1" 200 93299 "https://drspos.com/?p=35613" "Mozilla/5.0 AppleWebKit/537.36 (KHTML, like Gecko; compatible; GPTBot/1.3; +https://openai.com/gptbot)"
74.7.227.61 - - [21/Mar/2026:14:14:39 +0200] "GET /wp-content/uploads/essential-addons-elementor/eael-47.css?ver=1773844357 HTTP/1.1" 200 16146 "https://drspos.com/?p=41310" "Mozilla/5.0 AppleWebKit/537.36 (KHTML, like Gecko; compatible; GPTBot/1.3; +https://openai.com/gptbot)"
216.73.216.163 - - [21/Mar/2026:14:14:40 +0200] "GET /robots.txt HTTP/1.1" 200 80 "-" "Mozilla/5.0 AppleWebKit/537.36 (KHTML, like Gecko; compatible; ClaudeBot/1.0; +claudebot@anthropic.com)"
74.7.227.61 - - [21/Mar/2026:14:14:42 +0200] "GET /?p=31255 HTTP/1.1" 200 95100 "https://drspos.com/?p=31257" "Mozilla/5.0 AppleWebKit/537.36 (KHTML, like Gecko; compatible; GPTBot/1.3; +https://openai.com/gptbot)"
74.7.227.61 - - [21/Mar/2026:14:14:45 +0200] "GET /?p=47052 HTTP/1.1" 200 94873 "https://drspos.com/?p=47054" "Mozilla/5.0 AppleWebKit/537.36 (KHTML, like Gecko; compatible; GPTBot/1.3; +https://openai.com/gptbot)"
74.7.227.61 - - [21/Mar/2026:14:14:48 +0200] "GET /?p=43856 HTTP/1.1" 200 90997 "https://drspos.com/?p=43854" "Mozilla/5.0 AppleWebKit/537.36 (KHTML, like Gecko; compatible; GPTBot/1.3; +https://openai.com/gptbot)"
74.7.227.61 - - [21/Mar/2026:14:14:51 +0200] "GET /wp-content/uploads/essential-addons-elementor/eael-47.css?ver=1774068335 HTTP/1.1" 200 16146 "https://drspos.com/?p=54745" "Mozilla/5.0 AppleWebKit/537.36 (KHTML, like Gecko; compatible; GPTBot/1.3; +https://openai.com/gptbot)"
216.73.216.163 - - [21/Mar/2026:14:14:53 +0200] "GET /shop/goods/nepenthaceae122640963727.phtml HTTP/1.1" 301 - "-" "Mozilla/5.0 AppleWebKit/537.36 (KHTML, like Gecko; compatible; ClaudeBot/1.0; +claudebot@anthropic.com)"
216.73.216.163 - - [21/Mar/2026:14:14:54 +0200] "GET /shop/goods/minutilla121082510709.phtml HTTP/1.1" 301 - "-" "Mozilla/5.0 AppleWebKit/537.36 (KHTML, like Gecko; compatible; ClaudeBot/1.0; +claudebot@anthropic.com)"
207.46.13.52 - - [21/Mar/2026:14:14:55 +0200] "GET /shop/goods/homoiotherm1515798043.phtml HTTP/1.1" 200 210010 "-" "Mozilla/5.0 AppleWebKit/537.36 (KHTML, like Gecko; compatible; bingbot/2.0; +http://www.bing.com/bingbot.htm) Chrome/116.0.1938.76 Safari/537.36"
74.7.227.61 - - [21/Mar/2026:14:14:55 +0200] "GET /?p=35345 HTTP/1.1" 200 91536 "https://drspos.com/?p=35343" "Mozilla/5.0 AppleWebKit/537.36 (KHTML, like Gecko; compatible; GPTBot/1.3; +https://openai.com/gptbot)"
216.73.216.163 - - [21/Mar/2026:14:14:56 +0200] "GET /shop/goods/nepenthaceae122640963727.phtml/ HTTP/1.1" 200 150752 "https://drspos.com/shop/goods/nepenthaceae122640963727.phtml" "Mozilla/5.0 AppleWebKit/537.36 (KHTML, like Gecko; compatible; ClaudeBot/1.0; +claudebot@anthropic.com)"
216.73.216.163 - - [21/Mar/2026:14:14:56 +0200] "GET /shop/goods/minutilla121082510709.phtml/ HTTP/1.1" 200 150752 "https://drspos.com/shop/goods/minutilla121082510709.phtml" "Mozilla/5.0 AppleWebKit/537.36 (KHTML, like Gecko; compatible; ClaudeBot/1.0; +claudebot@anthropic.com)"
74.7.227.61 - - [21/Mar/2026:14:14:58 +0200] "GET /?p=53256 HTTP/1.1" 200 88948 "https://drspos.com/?p=53258" "Mozilla/5.0 AppleWebKit/537.36 (KHTML, like Gecko; compatible; GPTBot/1.3; +https://openai.com/gptbot)"
74.7.227.61 - - [21/Mar/2026:14:15:01 +0200] "GET /?p=39849 HTTP/1.1" 200 93053 "https://drspos.com/?p=39847" "Mozilla/5.0 AppleWebKit/537.36 (KHTML, like Gecko; compatible; GPTBot/1.3; +https://openai.com/gptbot)"
74.7.227.61 - - [21/Mar/2026:14:15:04 +0200] "GET /?p=40219 HTTP/1.1" 200 96048 "https://drspos.com/?p=40221" "Mozilla/5.0 AppleWebKit/537.36 (KHTML, like Gecko; compatible; GPTBot/1.3; +https://openai.com/gptbot)"
74.7.227.61 - - [21/Mar/2026:14:15:08 +0200] "GET /?p=47915 HTTP/1.1" 200 93580 "https://drspos.com/?p=47912" "Mozilla/5.0 AppleWebKit/537.36 (KHTML, like Gecko; compatible; GPTBot/1.3; +https://openai.com/gptbot)"
74.7.227.61 - - [21/Mar/2026:14:15:12 +0200] "GET /?p=35609 HTTP/1.1" 200 91355 "https://drspos.com/?p=35611" "Mozilla/5.0 AppleWebKit/537.36 (KHTML, like Gecko; compatible; GPTBot/1.3; +https://openai.com/gptbot)"
74.7.227.61 - - [21/Mar/2026:14:15:15 +0200] "GET /wp-content/uploads/essential-addons-elementor/eael-47.css?ver=1773358258 HTTP/1.1" 200 16146 "https://drspos.com/?p=22459" "Mozilla/5.0 AppleWebKit/537.36 (KHTML, like Gecko; compatible; GPTBot/1.3; +https://openai.com/gptbot)"
216.73.216.163 - - [21/Mar/2026:14:15:16 +0200] "GET /shop/goods/gangdom1785976762.phtml HTTP/1.1" 301 - "-" "Mozilla/5.0 AppleWebKit/537.36 (KHTML, like Gecko; compatible; ClaudeBot/1.0; +claudebot@anthropic.com)"
74.7.227.61 - - [21/Mar/2026:14:15:18 +0200] "GET /?p=31253 HTTP/1.1" 200 95211 "https://drspos.com/?p=31255" "Mozilla/5.0 AppleWebKit/537.36 (KHTML, like Gecko; compatible; GPTBot/1.3; +https://openai.com/gptbot)"
216.73.216.163 - - [21/Mar/2026:14:15:19 +0200] "GET /shop/goods/gangdom1785976762.phtml/ HTTP/1.1" 200 150752 "https://www.drspos.com/shop/goods/gangdom1785976762.phtml" "Mozilla/5.0 AppleWebKit/537.36 (KHTML, like Gecko; compatible; ClaudeBot/1.0; +claudebot@anthropic.com)"
74.7.227.61 - - [21/Mar/2026:14:15:21 +0200] "GET /?p=47050 HTTP/1.1" 200 92541 "https://drspos.com/?p=47052" "Mozilla/5.0 AppleWebKit/537.36 (KHTML, like Gecko; compatible; GPTBot/1.3; +https://openai.com/gptbot)"
74.7.227.61 - - [21/Mar/2026:14:15:25 +0200] "GET /?p=43859 HTTP/1.1" 200 92602 "https://drspos.com/?p=43856" "Mozilla/5.0 AppleWebKit/537.36 (KHTML, like Gecko; compatible; GPTBot/1.3; +https://openai.com/gptbot)"
74.7.227.61 - - [21/Mar/2026:14:15:28 +0200] "GET /wp-content/uploads/essential-addons-elementor/eael-47.css?ver=1773860472 HTTP/1.1" 200 16146 "https://drspos.com/?p=42434" "Mozilla/5.0 AppleWebKit/537.36 (KHTML, like Gecko; compatible; GPTBot/1.3; +https://openai.com/gptbot)"
74.7.227.61 - - [21/Mar/2026:14:15:31 +0200] "GET /?p=35347 HTTP/1.1" 200 97284 "https://drspos.com/?p=35345" "Mozilla/5.0 AppleWebKit/537.36 (KHTML, like Gecko; compatible; GPTBot/1.3; +https://openai.com/gptbot)"
74.7.227.61 - - [21/Mar/2026:14:15:34 +0200] "GET /?p=53254 HTTP/1.1" 200 92976 "https://drspos.com/?p=53256" "Mozilla/5.0 AppleWebKit/537.36 (KHTML, like Gecko; compatible; GPTBot/1.3; +https://openai.com/gptbot)"
74.7.227.61 - - [21/Mar/2026:14:15:37 +0200] "GET /?p=39851 HTTP/1.1" 200 93787 "https://drspos.com/?p=39849" "Mozilla/5.0 AppleWebKit/537.36 (KHTML, like Gecko; compatible; GPTBot/1.3; +https://openai.com/gptbot)"
216.73.216.163 - - [21/Mar/2026:14:15:40 +0200] "GET /shop/goods/cyathophyllidae173653147073.phtml HTTP/1.1" 301 - "-" "Mozilla/5.0 AppleWebKit/537.36 (KHTML, like Gecko; compatible; ClaudeBot/1.0; +claudebot@anthropic.com)"
74.7.227.61 - - [21/Mar/2026:14:15:40 +0200] "GET /?p=40217 HTTP/1.1" 200 93289 "https://drspos.com/?p=40219" "Mozilla/5.0 AppleWebKit/537.36 (KHTML, like Gecko; compatible; GPTBot/1.3; +https://openai.com/gptbot)"
74.7.227.61 - - [21/Mar/2026:14:15:44 +0200] "GET /?p=47914 HTTP/1.1" 200 94889 "https://drspos.com/?p=47915" "Mozilla/5.0 AppleWebKit/537.36 (KHTML, like Gecko; compatible; GPTBot/1.3; +https://openai.com/gptbot)"
216.73.216.163 - - [21/Mar/2026:14:15:43 +0200] "GET /shop/goods/cyathophyllidae173653147073.phtml/ HTTP/1.1" 200 150752 "https://www.drspos.com/shop/goods/cyathophyllidae173653147073.phtml" "Mozilla/5.0 AppleWebKit/537.36 (KHTML, like Gecko; compatible; ClaudeBot/1.0; +claudebot@anthropic.com)"
74.7.227.61 - - [21/Mar/2026:14:15:47 +0200] "GET /?p=35607 HTTP/1.1" 200 92342 "https://drspos.com/?p=35609" "Mozilla/5.0 AppleWebKit/537.36 (KHTML, like Gecko; compatible; GPTBot/1.3; +https://openai.com/gptbot)"
74.7.227.61 - - [21/Mar/2026:14:15:50 +0200] "GET /wp-content/uploads/essential-addons-elementor/eael-47.css?ver=1773616768 HTTP/1.1" 200 16146 "https://drspos.com/?p=31513" "Mozilla/5.0 AppleWebKit/537.36 (KHTML, like Gecko; compatible; GPTBot/1.3; +https://openai.com/gptbot)"
216.73.216.163 - - [21/Mar/2026:14:15:50 +0200] "GET /shop/goods/elohistic143885693027.phtml HTTP/1.1" 301 - "-" "Mozilla/5.0 AppleWebKit/537.36 (KHTML, like Gecko; compatible; ClaudeBot/1.0; +claudebot@anthropic.com)"
74.7.227.61 - - [21/Mar/2026:14:15:53 +0200] "GET /?p=31251 HTTP/1.1" 200 94268 "https://drspos.com/?p=31253" "Mozilla/5.0 AppleWebKit/537.36 (KHTML, like Gecko; compatible; GPTBot/1.3; +https://openai.com/gptbot)"
216.73.216.163 - - [21/Mar/2026:14:15:54 +0200] "GET /shop/goods/elohistic143885693027.phtml/ HTTP/1.1" 200 150752 "https://drspos.com/shop/goods/elohistic143885693027.phtml" "Mozilla/5.0 AppleWebKit/537.36 (KHTML, like Gecko; compatible; ClaudeBot/1.0; +claudebot@anthropic.com)"
74.7.227.61 - - [21/Mar/2026:14:15:56 +0200] "GET /?p=47048 HTTP/1.1" 200 94721 "https://drspos.com/?p=47050" "Mozilla/5.0 AppleWebKit/537.36 (KHTML, like Gecko; compatible; GPTBot/1.3; +https://openai.com/gptbot)"
74.7.227.61 - - [21/Mar/2026:14:16:00 +0200] "GET /?p=43858 HTTP/1.1" 200 91042 "https://drspos.com/?p=43859" "Mozilla/5.0 AppleWebKit/537.36 (KHTML, like Gecko; compatible; GPTBot/1.3; +https://openai.com/gptbot)"
74.7.227.61 - - [21/Mar/2026:14:16:03 +0200] "GET /wp-content/uploads/essential-addons-elementor/eael-47.css?ver=1773841264 HTTP/1.1" 200 16146 "https://drspos.com/?p=41094" "Mozilla/5.0 AppleWebKit/537.36 (KHTML, like Gecko; compatible; GPTBot/1.3; +https://openai.com/gptbot)"
74.7.227.61 - - [21/Mar/2026:14:16:06 +0200] "GET /?p=35349 HTTP/1.1" 200 91755 "https://drspos.com/?p=35347" "Mozilla/5.0 AppleWebKit/537.36 (KHTML, like Gecko; compatible; GPTBot/1.3; +https://openai.com/gptbot)"
74.7.227.61 - - [21/Mar/2026:14:16:09 +0200] "GET /?p=53252 HTTP/1.1" 200 92665 "https://drspos.com/?p=53254" "Mozilla/5.0 AppleWebKit/537.36 (KHTML, like Gecko; compatible; GPTBot/1.3; +https://openai.com/gptbot)"
74.7.227.61 - - [21/Mar/2026:14:16:12 +0200] "GET /?p=39853 HTTP/1.1" 200 92943 "https://drspos.com/?p=39851" "Mozilla/5.0 AppleWebKit/537.36 (KHTML, like Gecko; compatible; GPTBot/1.3; +https://openai.com/gptbot)"
216.73.216.163 - - [21/Mar/2026:14:16:14 +0200] "GET /shop/goods/insupposable131113667445.phtml HTTP/1.1" 301 - "-" "Mozilla/5.0 AppleWebKit/537.36 (KHTML, like Gecko; compatible; ClaudeBot/1.0; +claudebot@anthropic.com)"
74.7.227.61 - - [21/Mar/2026:14:16:15 +0200] "GET /?p=40215 HTTP/1.1" 200 93589 "https://drspos.com/?p=40217" "Mozilla/5.0 AppleWebKit/537.36 (KHTML, like Gecko; compatible; GPTBot/1.3; +https://openai.com/gptbot)"
216.73.216.163 - - [21/Mar/2026:14:16:17 +0200] "GET /shop/goods/insupposable131113667445.phtml/ HTTP/1.1" 200 150752 "https://drspos.com/shop/goods/insupposable131113667445.phtml" "Mozilla/5.0 AppleWebKit/537.36 (KHTML, like Gecko; compatible; ClaudeBot/1.0; +claudebot@anthropic.com)"
74.7.227.61 - - [21/Mar/2026:14:16:19 +0200] "GET /?p=47918 HTTP/1.1" 200 91326 "https://drspos.com/?p=47914" "Mozilla/5.0 AppleWebKit/537.36 (KHTML, like Gecko; compatible; GPTBot/1.3; +https://openai.com/gptbot)"
216.73.216.163 - - [21/Mar/2026:14:16:22 +0200] "GET /shop/goods/epitrite133174009963.phtml HTTP/1.1" 301 - "-" "Mozilla/5.0 AppleWebKit/537.36 (KHTML, like Gecko; compatible; ClaudeBot/1.0; +claudebot@anthropic.com)"
74.7.227.61 - - [21/Mar/2026:14:16:22 +0200] "GET /?p=35605 HTTP/1.1" 200 91429 "https://drspos.com/?p=35607" "Mozilla/5.0 AppleWebKit/537.36 (KHTML, like Gecko; compatible; GPTBot/1.3; +https://openai.com/gptbot)"
74.7.227.61 - - [21/Mar/2026:14:16:25 +0200] "GET /wp-content/uploads/essential-addons-elementor/eael-47.css?ver=1774043455 HTTP/1.1" 200 16146 "https://drspos.com/?p=53422" "Mozilla/5.0 AppleWebKit/537.36 (KHTML, like Gecko; compatible; GPTBot/1.3; +https://openai.com/gptbot)"
216.73.216.163 - - [21/Mar/2026:14:16:24 +0200] "GET /shop/goods/epitrite133174009963.phtml/ HTTP/1.1" 200 150752 "https://www.drspos.com/shop/goods/epitrite133174009963.phtml" "Mozilla/5.0 AppleWebKit/537.36 (KHTML, like Gecko; compatible; ClaudeBot/1.0; +claudebot@anthropic.com)"
74.7.227.61 - - [21/Mar/2026:14:16:28 +0200] "GET /?p=31249 HTTP/1.1" 200 97114 "https://drspos.com/?p=31251" "Mozilla/5.0 AppleWebKit/537.36 (KHTML, like Gecko; compatible; GPTBot/1.3; +https://openai.com/gptbot)"
74.7.227.61 - - [21/Mar/2026:14:16:32 +0200] "GET /?p=47044 HTTP/1.1" 200 90862 "https://drspos.com/?p=47048" "Mozilla/5.0 AppleWebKit/537.36 (KHTML, like Gecko; compatible; GPTBot/1.3; +https://openai.com/gptbot)"
74.7.227.61 - - [21/Mar/2026:14:16:35 +0200] "GET /?p=43862 HTTP/1.1" 200 95564 "https://drspos.com/?p=43858" "Mozilla/5.0 AppleWebKit/537.36 (KHTML, like Gecko; compatible; GPTBot/1.3; +https://openai.com/gptbot)"
74.7.227.61 - - [21/Mar/2026:14:16:38 +0200] "GET /wp-content/uploads/essential-addons-elementor/eael-47.css?ver=1773611081 HTTP/1.1" 200 16146 "https://drspos.com/?p=31251" "Mozilla/5.0 AppleWebKit/537.36 (KHTML, like Gecko; compatible; GPTBot/1.3; +https://openai.com/gptbot)"
74.7.227.61 - - [21/Mar/2026:14:16:41 +0200] "GET /?p=35351 HTTP/1.1" 200 96707 "https://drspos.com/?p=35349" "Mozilla/5.0 AppleWebKit/537.36 (KHTML, like Gecko; compatible; GPTBot/1.3; +https://openai.com/gptbot)"
74.7.227.61 - - [21/Mar/2026:14:16:44 +0200] "GET /?p=53249 HTTP/1.1" 200 97192 "https://drspos.com/?p=53252" "Mozilla/5.0 AppleWebKit/537.36 (KHTML, like Gecko; compatible; GPTBot/1.3; +https://openai.com/gptbot)"
216.73.216.163 - - [21/Mar/2026:14:16:46 +0200] "GET /shop/goods/remuneratory133137203872.phtml HTTP/1.1" 301 - "-" "Mozilla/5.0 AppleWebKit/537.36 (KHTML, like Gecko; compatible; ClaudeBot/1.0; +claudebot@anthropic.com)"
74.7.227.61 - - [21/Mar/2026:14:16:47 +0200] "GET /?p=39855 HTTP/1.1" 200 93485 "https://drspos.com/?p=39853" "Mozilla/5.0 AppleWebKit/537.36 (KHTML, like Gecko; compatible; GPTBot/1.3; +https://openai.com/gptbot)"
216.73.216.163 - - [21/Mar/2026:14:16:50 +0200] "GET /shop/goods/remuneratory133137203872.phtml/ HTTP/1.1" 200 150752 "https://www.drspos.com/shop/goods/remuneratory133137203872.phtml" "Mozilla/5.0 AppleWebKit/537.36 (KHTML, like Gecko; compatible; ClaudeBot/1.0; +claudebot@anthropic.com)"
74.7.227.61 - - [21/Mar/2026:14:16:50 +0200] "GET /?p=40213 HTTP/1.1" 200 94631 "https://drspos.com/?p=40215" "Mozilla/5.0 AppleWebKit/537.36 (KHTML, like Gecko; compatible; GPTBot/1.3; +https://openai.com/gptbot)"
74.7.227.61 - - [21/Mar/2026:14:16:53 +0200] "GET /?p=47920 HTTP/1.1" 200 92525 "https://drspos.com/?p=47918" "Mozilla/5.0 AppleWebKit/537.36 (KHTML, like Gecko; compatible; GPTBot/1.3; +https://openai.com/gptbot)"
74.7.227.61 - - [21/Mar/2026:14:16:56 +0200] "GET /?p=35603 HTTP/1.1" 200 96498 "https://drspos.com/?p=35605" "Mozilla/5.0 AppleWebKit/537.36 (KHTML, like Gecko; compatible; GPTBot/1.3; +https://openai.com/gptbot)"
74.7.227.61 - - [21/Mar/2026:14:17:00 +0200] "GET /wp-content/uploads/essential-addons-elementor/eael-47.css?ver=1772696744 HTTP/1.1" 200 16146 "https://drspos.com/?p=5341" "Mozilla/5.0 AppleWebKit/537.36 (KHTML, like Gecko; compatible; GPTBot/1.3; +https://openai.com/gptbot)"
216.73.216.163 - - [21/Mar/2026:14:16:59 +0200] "GET /shop/goods/paucifolia172312009827.phtml HTTP/1.1" 301 - "-" "Mozilla/5.0 AppleWebKit/537.36 (KHTML, like Gecko; compatible; ClaudeBot/1.0; +claudebot@anthropic.com)"
216.73.216.163 - - [21/Mar/2026:14:17:01 +0200] "GET /shop/goods/paucifolia172312009827.phtml/ HTTP/1.1" 200 150752 "https://www.drspos.com/shop/goods/paucifolia172312009827.phtml" "Mozilla/5.0 AppleWebKit/537.36 (KHTML, like Gecko; compatible; ClaudeBot/1.0; +claudebot@anthropic.com)"
74.7.227.61 - - [21/Mar/2026:14:17:03 +0200] "GET /?p=31247 HTTP/1.1" 200 95307 "https://drspos.com/?p=31249" "Mozilla/5.0 AppleWebKit/537.36 (KHTML, like Gecko; compatible; GPTBot/1.3; +https://openai.com/gptbot)"
74.7.227.61 - - [21/Mar/2026:14:17:06 +0200] "GET /?p=47040 HTTP/1.1" 200 93006 "https://drspos.com/?p=47044" "Mozilla/5.0 AppleWebKit/537.36 (KHTML, like Gecko; compatible; GPTBot/1.3; +https://openai.com/gptbot)"
74.7.227.61 - - [21/Mar/2026:14:17:09 +0200] "GET /?p=43864 HTTP/1.1" 200 91025 "https://drspos.com/?p=43862" "Mozilla/5.0 AppleWebKit/537.36 (KHTML, like Gecko; compatible; GPTBot/1.3; +https://openai.com/gptbot)"
74.7.227.61 - - [21/Mar/2026:14:17:12 +0200] "GET /wp-content/uploads/essential-addons-elementor/eael-47.css?ver=1773701672 HTTP/1.1" 200 16146 "https://drspos.com/?p=34351" "Mozilla/5.0 AppleWebKit/537.36 (KHTML, like Gecko; compatible; GPTBot/1.3; +https://openai.com/gptbot)"
74.7.227.61 - - [21/Mar/2026:14:17:15 +0200] "GET /?p=35353 HTTP/1.1" 200 91630 "https://drspos.com/?p=35351" "Mozilla/5.0 AppleWebKit/537.36 (KHTML, like Gecko; compatible; GPTBot/1.3; +https://openai.com/gptbot)"
74.7.227.61 - - [21/Mar/2026:14:17:18 +0200] "GET /?p=53248 HTTP/1.1" 200 92990 "https://drspos.com/?p=53249" "Mozilla/5.0 AppleWebKit/537.36 (KHTML, like Gecko; compatible; GPTBot/1.3; +https://openai.com/gptbot)"
74.7.227.61 - - [21/Mar/2026:14:17:22 +0200] "GET /?p=39857 HTTP/1.1" 200 96570 "https://drspos.com/?p=39855" "Mozilla/5.0 AppleWebKit/537.36 (KHTML, like Gecko; compatible; GPTBot/1.3; +https://openai.com/gptbot)"
216.73.216.163 - - [21/Mar/2026:14:17:25 +0200] "GET /shop/goods/nonagrian122696221123.phtml HTTP/1.1" 301 - "-" "Mozilla/5.0 AppleWebKit/537.36 (KHTML, like Gecko; compatible; ClaudeBot/1.0; +claudebot@anthropic.com)"
74.7.227.61 - - [21/Mar/2026:14:17:25 +0200] "GET /?p=40211 HTTP/1.1" 200 92258 "https://drspos.com/?p=40213" "Mozilla/5.0 AppleWebKit/537.36 (KHTML, like Gecko; compatible; GPTBot/1.3; +https://openai.com/gptbot)"
216.73.216.163 - - [21/Mar/2026:14:17:27 +0200] "GET /shop/goods/nonagrian122696221123.phtml/ HTTP/1.1" 200 150752 "https://drspos.com/shop/goods/nonagrian122696221123.phtml" "Mozilla/5.0 AppleWebKit/537.36 (KHTML, like Gecko; compatible; ClaudeBot/1.0; +claudebot@anthropic.com)"
74.7.227.61 - - [21/Mar/2026:14:17:28 +0200] "GET /?p=47921 HTTP/1.1" 200 94556 "https://drspos.com/?p=47920" "Mozilla/5.0 AppleWebKit/537.36 (KHTML, like Gecko; compatible; GPTBot/1.3; +https://openai.com/gptbot)"
74.7.227.61 - - [21/Mar/2026:14:17:31 +0200] "GET /?p=35601 HTTP/1.1" 200 98853 "https://drspos.com/?p=35603" "Mozilla/5.0 AppleWebKit/537.36 (KHTML, like Gecko; compatible; GPTBot/1.3; +https://openai.com/gptbot)"
216.73.216.163 - - [21/Mar/2026:14:17:32 +0200] "GET /shop/goods/sylvae13835836842.phtml HTTP/1.1" 301 - "-" "Mozilla/5.0 AppleWebKit/537.36 (KHTML, like Gecko; compatible; ClaudeBot/1.0; +claudebot@anthropic.com)"
74.7.227.61 - - [21/Mar/2026:14:17:35 +0200] "GET /wp-content/uploads/essential-addons-elementor/eael-47.css?ver=1773935271 HTTP/1.1" 200 16146 "https://drspos.com/?p=47282" "Mozilla/5.0 AppleWebKit/537.36 (KHTML, like Gecko; compatible; GPTBot/1.3; +https://openai.com/gptbot)"
216.73.216.163 - - [21/Mar/2026:14:17:34 +0200] "GET /shop/goods/pomfret131947802932.phtml HTTP/1.1" 301 - "-" "Mozilla/5.0 AppleWebKit/537.36 (KHTML, like Gecko; compatible; ClaudeBot/1.0; +claudebot@anthropic.com)"
216.73.216.163 - - [21/Mar/2026:14:17:35 +0200] "GET /shop/goods/sylvae13835836842.phtml/ HTTP/1.1" 200 150752 "https://www.drspos.com/shop/goods/sylvae13835836842.phtml" "Mozilla/5.0 AppleWebKit/537.36 (KHTML, like Gecko; compatible; ClaudeBot/1.0; +claudebot@anthropic.com)"
216.73.216.163 - - [21/Mar/2026:14:17:36 +0200] "GET /shop/goods/pomfret131947802932.phtml/ HTTP/1.1" 200 150752 "https://www.drspos.com/shop/goods/pomfret131947802932.phtml" "Mozilla/5.0 AppleWebKit/537.36 (KHTML, like Gecko; compatible; ClaudeBot/1.0; +claudebot@anthropic.com)"
74.7.227.61 - - [21/Mar/2026:14:17:38 +0200] "GET /?p=31244 HTTP/1.1" 200 95651 "https://drspos.com/?p=31247" "Mozilla/5.0 AppleWebKit/537.36 (KHTML, like Gecko; compatible; GPTBot/1.3; +https://openai.com/gptbot)"
74.7.227.61 - - [21/Mar/2026:14:17:41 +0200] "GET /?p=47037 HTTP/1.1" 200 99877 "https://drspos.com/?p=47040" "Mozilla/5.0 AppleWebKit/537.36 (KHTML, like Gecko; compatible; GPTBot/1.3; +https://openai.com/gptbot)"
74.7.227.61 - - [21/Mar/2026:14:17:44 +0200] "GET /?p=43866 HTTP/1.1" 200 92595 "https://drspos.com/?p=43864" "Mozilla/5.0 AppleWebKit/537.36 (KHTML, like Gecko; compatible; GPTBot/1.3; +https://openai.com/gptbot)"
74.7.227.61 - - [21/Mar/2026:14:17:47 +0200] "GET /wp-content/uploads/essential-addons-elementor/eael-47.css?ver=1773832854 HTTP/1.1" 200 16146 "https://drspos.com/?p=40552" "Mozilla/5.0 AppleWebKit/537.36 (KHTML, like Gecko; compatible; GPTBot/1.3; +https://openai.com/gptbot)"
98.98.9.59 - - [21/Mar/2026:14:17:47 +0200] "POST /xmlrpc.php HTTP/1.1" 200 180 "-" "Mozilla/5.0 (Windows NT 10.0; Win64; x64) AppleWebKit/537.36 (KHTML, like Gecko) Chrome/114.0.0.0 Safari/537.36"
74.7.227.61 - - [21/Mar/2026:14:17:50 +0200] "GET /?p=35355 HTTP/1.1" 200 91042 "https://drspos.com/?p=35353" "Mozilla/5.0 AppleWebKit/537.36 (KHTML, like Gecko; compatible; GPTBot/1.3; +https://openai.com/gptbot)"
172.30.5.1 - - [21/Mar/2026:14:17:50 +0200] "POST /wp-cron.php?doing_wp_cron=1774095470.7468190193176269531250 HTTP/1.1" 200 - "-" "WordPress/6.9.4; https://drspos.com"
74.7.227.61 - - [21/Mar/2026:14:17:53 +0200] "GET /?p=53246 HTTP/1.1" 200 93268 "https://drspos.com/?p=53248" "Mozilla/5.0 AppleWebKit/537.36 (KHTML, like Gecko; compatible; GPTBot/1.3; +https://openai.com/gptbot)"
216.73.216.163 - - [21/Mar/2026:14:17:56 +0200] "GET /shop/goods/synodical122946666056.phtml HTTP/1.1" 301 - "-" "Mozilla/5.0 AppleWebKit/537.36 (KHTML, like Gecko; compatible; ClaudeBot/1.0; +claudebot@anthropic.com)"
74.7.227.61 - - [21/Mar/2026:14:17:56 +0200] "GET /?p=39859 HTTP/1.1" 200 94218 "https://drspos.com/?p=39857" "Mozilla/5.0 AppleWebKit/537.36 (KHTML, like Gecko; compatible; GPTBot/1.3; +https://openai.com/gptbot)"
216.73.216.163 - - [21/Mar/2026:14:17:58 +0200] "GET /shop/goods/aneurysmal132126728540.phtml HTTP/1.1" 301 - "-" "Mozilla/5.0 AppleWebKit/537.36 (KHTML, like Gecko; compatible; ClaudeBot/1.0; +claudebot@anthropic.com)"
98.98.9.59 - - [21/Mar/2026:14:17:58 +0200] "POST /xmlrpc.php HTTP/1.1" 200 13320 "-" "Mozilla/5.0 (Windows NT 10.0; Win64; x64) AppleWebKit/537.36 (KHTML, like Gecko) Chrome/114.0.0.0 Safari/537.36"
216.73.216.163 - - [21/Mar/2026:14:17:59 +0200] "GET /shop/goods/synodical122946666056.phtml/ HTTP/1.1" 200 150752 "https://www.drspos.com/shop/goods/synodical122946666056.phtml" "Mozilla/5.0 AppleWebKit/537.36 (KHTML, like Gecko; compatible; ClaudeBot/1.0; +claudebot@anthropic.com)"
74.7.227.61 - - [21/Mar/2026:14:17:59 +0200] "GET /?p=40209 HTTP/1.1" 200 93801 "https://drspos.com/?p=40211" "Mozilla/5.0 AppleWebKit/537.36 (KHTML, like Gecko; compatible; GPTBot/1.3; +https://openai.com/gptbot)"
216.73.216.163 - - [21/Mar/2026:14:18:00 +0200] "GET /shop/goods/aneurysmal132126728540.phtml/ HTTP/1.1" 200 150752 "https://www.drspos.com/shop/goods/aneurysmal132126728540.phtml" "Mozilla/5.0 AppleWebKit/537.36 (KHTML, like Gecko; compatible; ClaudeBot/1.0; +claudebot@anthropic.com)"
74.7.227.61 - - [21/Mar/2026:14:18:02 +0200] "GET /?p=47923 HTTP/1.1" 200 91395 "https://drspos.com/?p=47921" "Mozilla/5.0 AppleWebKit/537.36 (KHTML, like Gecko; compatible; GPTBot/1.3; +https://openai.com/gptbot)"
98.98.9.59 - - [21/Mar/2026:14:18:02 +0200] "GET /?p=55700 HTTP/1.1" 200 95839 "-" "Mozilla/5.0 (Windows NT 10.0; Win64; x64) AppleWebKit/537.36 (KHTML, like Gecko) Chrome/123.0.0.0 Safari/537.36"
216.73.216.163 - - [21/Mar/2026:14:18:04 +0200] "GET /shop/goods/thinned122872198880.phtml HTTP/1.1" 301 - "-" "Mozilla/5.0 AppleWebKit/537.36 (KHTML, like Gecko; compatible; ClaudeBot/1.0; +claudebot@anthropic.com)"
74.7.227.61 - - [21/Mar/2026:14:18:05 +0200] "GET /?p=35599 HTTP/1.1" 200 93623 "https://drspos.com/?p=35601" "Mozilla/5.0 AppleWebKit/537.36 (KHTML, like Gecko; compatible; GPTBot/1.3; +https://openai.com/gptbot)"
216.73.216.163 - - [21/Mar/2026:14:18:07 +0200] "GET /shop/goods/thinned122872198880.phtml/ HTTP/1.1" 200 150752 "https://drspos.com/shop/goods/thinned122872198880.phtml" "Mozilla/5.0 AppleWebKit/537.36 (KHTML, like Gecko; compatible; ClaudeBot/1.0; +claudebot@anthropic.com)"
74.7.227.61 - - [21/Mar/2026:14:18:08 +0200] "GET /%C2%ABHttp:/www.nytimes.com/2021/06/15/business/online-gambling-regline-regml-regline-regml%C2%BB HTTP/1.1" 301 - "https://drspos.com/?p=47320" "Mozilla/5.0 AppleWebKit/537.36 (KHTML, like Gecko; compatible; GPTBot/1.3; +https://openai.com/gptbot)"
74.7.227.61 - - [21/Mar/2026:14:18:11 +0200] "GET /%C2%ABHttp:/www.nytimes.com/2021/06/15/business/online-gambling-regline-regml-regline-regml%C2%BB/ HTTP/1.1" 200 150752 "https://drspos.com/%C2%ABHttp:/www.nytimes.com/2021/06/15/business/online-gambling-regline-regml-regline-regml%C2%BB" "Mozilla/5.0 AppleWebKit/537.36 (KHTML, like Gecko; compatible; GPTBot/1.3; +https://openai.com/gptbot)"
74.7.227.61 - - [21/Mar/2026:14:18:14 +0200] "GET /?p=31243 HTTP/1.1" 200 94391 "https://drspos.com/?p=31244" "Mozilla/5.0 AppleWebKit/537.36 (KHTML, like Gecko; compatible; GPTBot/1.3; +https://openai.com/gptbot)"
74.7.227.61 - - [21/Mar/2026:14:18:17 +0200] "GET /?p=47036 HTTP/1.1" 200 93477 "https://drspos.com/?p=47037" "Mozilla/5.0 AppleWebKit/537.36 (KHTML, like Gecko; compatible; GPTBot/1.3; +https://openai.com/gptbot)"
74.7.227.61 - - [21/Mar/2026:14:18:20 +0200] "GET /?p=43868 HTTP/1.1" 200 91524 "https://drspos.com/?p=43866" "Mozilla/5.0 AppleWebKit/537.36 (KHTML, like Gecko; compatible; GPTBot/1.3; +https://openai.com/gptbot)"
74.7.227.61 - - [21/Mar/2026:14:18:24 +0200] "GET /wp-content/uploads/essential-addons-elementor/eael-47.js?ver=1773885987 HTTP/1.1" 200 1328 "https://drspos.com/?p=43866" "Mozilla/5.0 AppleWebKit/537.36 (KHTML, like Gecko; compatible; GPTBot/1.3; +https://openai.com/gptbot)"
74.7.227.61 - - [21/Mar/2026:14:18:27 +0200] "GET /?p=55700 HTTP/1.1" 200 95839 "https://drspos.com/?p=35355" "Mozilla/5.0 AppleWebKit/537.36 (KHTML, like Gecko; compatible; GPTBot/1.3; +https://openai.com/gptbot)"
192.178.6.35 - - [21/Mar/2026:14:18:29 +0200] "GET /?p=20504 HTTP/1.1" 200 210662 "-" "Mozilla/5.0 (Linux; Android 6.0.1; Nexus 5X Build/MMB29P) AppleWebKit/537.36 (KHTML, like Gecko) Chrome/145.0.7632.159 Mobile Safari/537.36 (compatible; Googlebot/2.1; +http://www.google.com/bot.html)"
216.73.216.163 - - [21/Mar/2026:14:18:28 +0200] "GET /shop/goods/acanthine122169609642.phtml HTTP/1.1" 301 - "-" "Mozilla/5.0 AppleWebKit/537.36 (KHTML, like Gecko; compatible; ClaudeBot/1.0; +claudebot@anthropic.com)"
74.7.227.61 - - [21/Mar/2026:14:18:30 +0200] "GET /?p=35357 HTTP/1.1" 200 97422 "https://drspos.com/?p=35355" "Mozilla/5.0 AppleWebKit/537.36 (KHTML, like Gecko; compatible; GPTBot/1.3; +https://openai.com/gptbot)"
216.73.216.163 - - [21/Mar/2026:14:18:31 +0200] "GET /shop/goods/acanthine122169609642.phtml/ HTTP/1.1" 200 150752 "https://drspos.com/shop/goods/acanthine122169609642.phtml" "Mozilla/5.0 AppleWebKit/537.36 (KHTML, like Gecko; compatible; ClaudeBot/1.0; +claudebot@anthropic.com)"
74.7.227.61 - - [21/Mar/2026:14:18:33 +0200] "GET /?p=39861 HTTP/1.1" 200 92821 "https://drspos.com/?p=39859" "Mozilla/5.0 AppleWebKit/537.36 (KHTML, like Gecko; compatible; GPTBot/1.3; +https://openai.com/gptbot)"
216.73.216.163 - - [21/Mar/2026:14:18:34 +0200] "GET /shop/goods/inditing124110449923.phtml HTTP/1.1" 301 - "-" "Mozilla/5.0 AppleWebKit/537.36 (KHTML, like Gecko; compatible; ClaudeBot/1.0; +claudebot@anthropic.com)"
216.73.216.163 - - [21/Mar/2026:14:18:37 +0200] "GET /robots.txt HTTP/1.1" 200 80 "-" "Mozilla/5.0 AppleWebKit/537.36 (KHTML, like Gecko; compatible; ClaudeBot/1.0; +claudebot@anthropic.com)"
216.73.216.163 - - [21/Mar/2026:14:18:37 +0200] "GET /shop/goods/inditing124110449923.phtml/ HTTP/1.1" 200 150752 "https://drspos.com/shop/goods/inditing124110449923.phtml" "Mozilla/5.0 AppleWebKit/537.36 (KHTML, like Gecko; compatible; ClaudeBot/1.0; +claudebot@anthropic.com)"
74.7.227.61 - - [21/Mar/2026:14:18:37 +0200] "GET /?p=40207 HTTP/1.1" 200 93411 "https://drspos.com/?p=40209" "Mozilla/5.0 AppleWebKit/537.36 (KHTML, like Gecko; compatible; GPTBot/1.3; +https://openai.com/gptbot)"
74.7.227.61 - - [21/Mar/2026:14:18:40 +0200] "GET /?p=47926 HTTP/1.1" 200 93058 "https://drspos.com/?p=47923" "Mozilla/5.0 AppleWebKit/537.36 (KHTML, like Gecko; compatible; GPTBot/1.3; +https://openai.com/gptbot)"
74.7.227.61 - - [21/Mar/2026:14:18:43 +0200] "GET /?p=53244 HTTP/1.1" 200 91247 "https://drspos.com/?p=53246" "Mozilla/5.0 AppleWebKit/537.36 (KHTML, like Gecko; compatible; GPTBot/1.3; +https://openai.com/gptbot)"
74.7.227.61 - - [21/Mar/2026:14:18:46 +0200] "GET /?p=35597 HTTP/1.1" 200 92129 "https://drspos.com/?p=35599" "Mozilla/5.0 AppleWebKit/537.36 (KHTML, like Gecko; compatible; GPTBot/1.3; +https://openai.com/gptbot)"
74.7.227.61 - - [21/Mar/2026:14:18:49 +0200] "GET /?p=31239 HTTP/1.1" 200 89749 "https://drspos.com/?p=31243" "Mozilla/5.0 AppleWebKit/537.36 (KHTML, like Gecko; compatible; GPTBot/1.3; +https://openai.com/gptbot)"
40.77.167.156 - - [21/Mar/2026:14:18:52 +0200] "GET /shop/goods/whereby152680094061.phtml HTTP/1.1" 200 211759 "-" "Mozilla/5.0 AppleWebKit/537.36 (KHTML, like Gecko; compatible; bingbot/2.0; +http://www.bing.com/bingbot.htm) Chrome/116.0.1938.76 Safari/537.36"
74.7.227.61 - - [21/Mar/2026:14:18:53 +0200] "GET /?p=47034 HTTP/1.1" 200 91309 "https://drspos.com/?p=47036" "Mozilla/5.0 AppleWebKit/537.36 (KHTML, like Gecko; compatible; GPTBot/1.3; +https://openai.com/gptbot)"
74.7.227.61 - - [21/Mar/2026:14:18:56 +0200] "GET /?p=43870 HTTP/1.1" 200 92784 "https://drspos.com/?p=43868" "Mozilla/5.0 AppleWebKit/537.36 (KHTML, like Gecko; compatible; GPTBot/1.3; +https://openai.com/gptbot)"
74.7.227.61 - - [21/Mar/2026:14:18:59 +0200] "GET /wp-content/plugins/elementor-pro/modules/lottie/assets/animations/default.json HTTP/1.1" 200 112811 "https://drspos.com/" "Mozilla/5.0 AppleWebKit/537.36 (KHTML, like Gecko; compatible; GPTBot/1.3; +https://openai.com/gptbot)"
216.73.216.163 - - [21/Mar/2026:14:18:58 +0200] "GET /shop/goods/retrograding16110662113.phtml HTTP/1.1" 301 - "-" "Mozilla/5.0 AppleWebKit/537.36 (KHTML, like Gecko; compatible; ClaudeBot/1.0; +claudebot@anthropic.com)"
20.15.133.184 - - [21/Mar/2026:14:19:01 +0200] "GET /shop/goods/nicaragua15897955283.phtml HTTP/1.1" 200 207514 "-" "Mozilla/5.0 AppleWebKit/537.36 (KHTML, like Gecko; compatible; bingbot/2.0; +http://www.bing.com/bingbot.htm) Chrome/116.0.1938.76 Safari/537.36"
74.7.227.61 - - [21/Mar/2026:14:19:02 +0200] "GET /%3C![CDATA[https:/eminencegroup.net.au/post-sitemap9.xml]]%3E HTTP/1.1" 200 366878 "https://drspos.com/?p=22220" "Mozilla/5.0 AppleWebKit/537.36 (KHTML, like Gecko; compatible; GPTBot/1.3; +https://openai.com/gptbot)"
216.73.216.163 - - [21/Mar/2026:14:19:01 +0200] "GET /shop/goods/retrograding16110662113.phtml/ HTTP/1.1" 200 150752 "https://drspos.com/shop/goods/retrograding16110662113.phtml" "Mozilla/5.0 AppleWebKit/537.36 (KHTML, like Gecko; compatible; ClaudeBot/1.0; +claudebot@anthropic.com)"
161.77.74.53 - - [21/Mar/2026:14:19:00 +0200] "POST /xmlrpc.php HTTP/1.1" 200 180 "-" "Python-xmlrpc/3.11"
216.73.216.163 - - [21/Mar/2026:14:19:04 +0200] "GET /shop/goods/cursive171999658347.phtml HTTP/1.1" 301 - "-" "Mozilla/5.0 AppleWebKit/537.36 (KHTML, like Gecko; compatible; ClaudeBot/1.0; +claudebot@anthropic.com)"
74.7.227.61 - - [21/Mar/2026:14:19:05 +0200] "GET /?p=35359 HTTP/1.1" 200 92243 "https://drspos.com/?p=35357" "Mozilla/5.0 AppleWebKit/537.36 (KHTML, like Gecko; compatible; GPTBot/1.3; +https://openai.com/gptbot)"
161.77.74.53 - - [21/Mar/2026:14:19:06 +0200] "POST /xmlrpc.php HTTP/1.1" 200 10575 "-" "Python-xmlrpc/3.11"
172.30.5.1 - - [21/Mar/2026:14:19:04 +0200] "POST /wp-cron.php?doing_wp_cron=1774095544.3368139266967773437500 HTTP/1.1" 200 - "-" "WordPress/6.9.4; https://drspos.com"
216.73.216.163 - - [21/Mar/2026:14:19:07 +0200] "GET /shop/goods/cursive171999658347.phtml/ HTTP/1.1" 200 150752 "https://www.drspos.com/shop/goods/cursive171999658347.phtml" "Mozilla/5.0 AppleWebKit/537.36 (KHTML, like Gecko; compatible; ClaudeBot/1.0; +claudebot@anthropic.com)"
74.7.227.61 - - [21/Mar/2026:14:19:08 +0200] "GET /?p=39863 HTTP/1.1" 200 96633 "https://drspos.com/?p=39861" "Mozilla/5.0 AppleWebKit/537.36 (KHTML, like Gecko; compatible; GPTBot/1.3; +https://openai.com/gptbot)"
74.7.227.61 - - [21/Mar/2026:14:19:12 +0200] "GET /?p=40205 HTTP/1.1" 200 93463 "https://drspos.com/?p=40207" "Mozilla/5.0 AppleWebKit/537.36 (KHTML, like Gecko; compatible; GPTBot/1.3; +https://openai.com/gptbot)"
172.30.5.1 - - [21/Mar/2026:14:19:14 +0200] "POST /wp-cron.php?doing_wp_cron=1774095554.4958701133728027343750 HTTP/1.1" 200 - "-" "WordPress/6.9.4; https://drspos.com"
216.73.216.163 - - [21/Mar/2026:14:19:14 +0200] "GET /shop/goods/ejulation14883666608.phtml HTTP/1.1" 301 - "-" "Mozilla/5.0 AppleWebKit/537.36 (KHTML, like Gecko; compatible; ClaudeBot/1.0; +claudebot@anthropic.com)"
74.7.227.61 - - [21/Mar/2026:14:19:15 +0200] "GET /?p=47928 HTTP/1.1" 200 94803 "https://drspos.com/?p=47926" "Mozilla/5.0 AppleWebKit/537.36 (KHTML, like Gecko; compatible; GPTBot/1.3; +https://openai.com/gptbot)"
216.73.216.163 - - [21/Mar/2026:14:19:16 +0200] "GET /shop/goods/ejulation14883666608.phtml/ HTTP/1.1" 200 150752 "https://drspos.com/shop/goods/ejulation14883666608.phtml" "Mozilla/5.0 AppleWebKit/537.36 (KHTML, like Gecko; compatible; ClaudeBot/1.0; +claudebot@anthropic.com)"
74.7.227.61 - - [21/Mar/2026:14:19:18 +0200] "GET /?p=53242 HTTP/1.1" 200 92651 "https://drspos.com/?p=53244" "Mozilla/5.0 AppleWebKit/537.36 (KHTML, like Gecko; compatible; GPTBot/1.3; +https://openai.com/gptbot)"
74.7.227.61 - - [21/Mar/2026:14:19:22 +0200] "GET /index.php?rest_route=/wp/v2/posts/47926 HTTP/1.1" 200 9192 "https://drspos.com/?p=47926" "Mozilla/5.0 AppleWebKit/537.36 (KHTML, like Gecko; compatible; GPTBot/1.3; +https://openai.com/gptbot)"
74.7.227.61 - - [21/Mar/2026:14:19:25 +0200] "GET /?p=31241 HTTP/1.1" 200 95382 "https://drspos.com/?p=31239" "Mozilla/5.0 AppleWebKit/537.36 (KHTML, like Gecko; compatible; GPTBot/1.3; +https://openai.com/gptbot)"
74.7.227.61 - - [21/Mar/2026:14:19:28 +0200] "GET /?p=47032 HTTP/1.1" 200 96648 "https://drspos.com/?p=47034" "Mozilla/5.0 AppleWebKit/537.36 (KHTML, like Gecko; compatible; GPTBot/1.3; +https://openai.com/gptbot)"
74.7.227.61 - - [21/Mar/2026:14:19:31 +0200] "GET /?p=43872 HTTP/1.1" 200 92052 "https://drspos.com/?p=43870" "Mozilla/5.0 AppleWebKit/537.36 (KHTML, like Gecko; compatible; GPTBot/1.3; +https://openai.com/gptbot)"
161.77.69.71 - - [21/Mar/2026:14:19:32 +0200] "POST /xmlrpc.php HTTP/1.1" 200 180 "-" "Python-xmlrpc/3.11"
74.7.227.61 - - [21/Mar/2026:14:19:34 +0200] "GET /?p=35595 HTTP/1.1" 200 91365 "https://drspos.com/?p=35597" "Mozilla/5.0 AppleWebKit/537.36 (KHTML, like Gecko; compatible; GPTBot/1.3; +https://openai.com/gptbot)"
172.30.5.1 - - [21/Mar/2026:14:19:36 +0200] "POST /wp-cron.php?doing_wp_cron=1774095576.0373580455780029296875 HTTP/1.1" 200 - "-" "WordPress/6.9.4; https://drspos.com"
161.77.69.71 - - [21/Mar/2026:14:19:38 +0200] "POST /xmlrpc.php HTTP/1.1" 200 11021 "-" "Python-xmlrpc/3.11"
74.7.227.61 - - [21/Mar/2026:14:19:38 +0200] "GET /shop/goods/studdery17395772443.phtml HTTP/1.1" 301 - "https://drspos.com/%3C![CDATA[https:/eminencegroup.net.au/post-sitemap9.xml]]%3E" "Mozilla/5.0 AppleWebKit/537.36 (KHTML, like Gecko; compatible; GPTBot/1.3; +https://openai.com/gptbot)"
74.7.227.61 - - [21/Mar/2026:14:19:40 +0200] "GET /shop/goods/studdery17395772443.phtml/ HTTP/1.1" 200 150752 "https://drspos.com/shop/goods/studdery17395772443.phtml" "Mozilla/5.0 AppleWebKit/537.36 (KHTML, like Gecko; compatible; GPTBot/1.3; +https://openai.com/gptbot)"
216.73.216.163 - - [21/Mar/2026:14:19:41 +0200] "GET /shop/goods/sprawled14225887679.phtml HTTP/1.1" 301 - "-" "Mozilla/5.0 AppleWebKit/537.36 (KHTML, like Gecko; compatible; ClaudeBot/1.0; +claudebot@anthropic.com)"
74.7.227.61 - - [21/Mar/2026:14:19:43 +0200] "GET /shop/goods/exaggerated171734182284.phtml HTTP/1.1" 301 - "https://drspos.com/%3C![CDATA[https:/eminencegroup.net.au/post-sitemap9.xml]]%3E" "Mozilla/5.0 AppleWebKit/537.36 (KHTML, like Gecko; compatible; GPTBot/1.3; +https://openai.com/gptbot)"
216.73.216.163 - - [21/Mar/2026:14:19:43 +0200] "GET /shop/goods/sprawled14225887679.phtml/ HTTP/1.1" 200 150752 "https://drspos.com/shop/goods/sprawled14225887679.phtml" "Mozilla/5.0 AppleWebKit/537.36 (KHTML, like Gecko; compatible; ClaudeBot/1.0; +claudebot@anthropic.com)"
192.178.6.35 - - [21/Mar/2026:14:19:45 +0200] "GET /?p=18298 HTTP/1.1" 200 192334 "-" "Mozilla/5.0 (Linux; Android 6.0.1; Nexus 5X Build/MMB29P) AppleWebKit/537.36 (KHTML, like Gecko) Chrome/145.0.7632.159 Mobile Safari/537.36 (compatible; Googlebot/2.1; +http://www.google.com/bot.html)"
74.7.227.61 - - [21/Mar/2026:14:19:45 +0200] "GET /shop/goods/exaggerated171734182284.phtml/ HTTP/1.1" 200 150752 "https://drspos.com/shop/goods/exaggerated171734182284.phtml" "Mozilla/5.0 AppleWebKit/537.36 (KHTML, like Gecko; compatible; GPTBot/1.3; +https://openai.com/gptbot)"
74.7.227.61 - - [21/Mar/2026:14:19:48 +0200] "GET /shop/goods/wonderingly171363738263.phtml HTTP/1.1" 301 - "https://drspos.com/%3C![CDATA[https:/eminencegroup.net.au/post-sitemap9.xml]]%3E" "Mozilla/5.0 AppleWebKit/537.36 (KHTML, like Gecko; compatible; GPTBot/1.3; +https://openai.com/gptbot)"
74.7.227.61 - - [21/Mar/2026:14:19:50 +0200] "GET /shop/goods/wonderingly171363738263.phtml/ HTTP/1.1" 200 150752 "https://drspos.com/shop/goods/wonderingly171363738263.phtml" "Mozilla/5.0 AppleWebKit/537.36 (KHTML, like Gecko; compatible; GPTBot/1.3; +https://openai.com/gptbot)"
74.7.227.61 - - [21/Mar/2026:14:19:53 +0200] "GET /?p=39865 HTTP/1.1" 200 94420 "https://drspos.com/?p=39863" "Mozilla/5.0 AppleWebKit/537.36 (KHTML, like Gecko; compatible; GPTBot/1.3; +https://openai.com/gptbot)"
74.7.227.61 - - [21/Mar/2026:14:19:56 +0200] "GET /?p=47930 HTTP/1.1" 200 91111 "https://drspos.com/?p=47928" "Mozilla/5.0 AppleWebKit/537.36 (KHTML, like Gecko; compatible; GPTBot/1.3; +https://openai.com/gptbot)"
74.7.227.61 - - [21/Mar/2026:14:19:59 +0200] "GET /?p=53240 HTTP/1.1" 200 93443 "https://drspos.com/?p=53242" "Mozilla/5.0 AppleWebKit/537.36 (KHTML, like Gecko; compatible; GPTBot/1.3; +https://openai.com/gptbot)"
74.7.227.61 - - [21/Mar/2026:14:20:03 +0200] "GET /?p=55702 HTTP/1.1" 200 92915 "https://drspos.com/?p=35359" "Mozilla/5.0 AppleWebKit/537.36 (KHTML, like Gecko; compatible; GPTBot/1.3; +https://openai.com/gptbot)"
