52.167.144.209 - - [21/Mar/2026:14:35:29 +0200] "GET /shop/goods/redbud153879627325.phtml HTTP/1.1" 200 214796 "-" "Mozilla/5.0 AppleWebKit/537.36 (KHTML, like Gecko; compatible; bingbot/2.0; +http://www.bing.com/bingbot.htm) Chrome/116.0.1938.76 Safari/537.36"
74.7.227.61 - - [21/Mar/2026:14:35:29 +0200] "GET /?p=39911 HTTP/1.1" 200 93148 "https://drspos.com/?p=39908" "Mozilla/5.0 AppleWebKit/537.36 (KHTML, like Gecko; compatible; GPTBot/1.3; +https://openai.com/gptbot)"
216.73.216.163 - - [21/Mar/2026:14:35:30 +0200] "GET /shop/goods/escherichia131124057136.phtml HTTP/1.1" 301 - "-" "Mozilla/5.0 AppleWebKit/537.36 (KHTML, like Gecko; compatible; ClaudeBot/1.0; +claudebot@anthropic.com)"
74.7.227.61 - - [21/Mar/2026:14:35:32 +0200] "GET /?p=31193 HTTP/1.1" 200 96182 "https://drspos.com/?p=31195" "Mozilla/5.0 AppleWebKit/537.36 (KHTML, like Gecko; compatible; GPTBot/1.3; +https://openai.com/gptbot)"
216.73.216.163 - - [21/Mar/2026:14:35:33 +0200] "GET /shop/goods/escherichia131124057136.phtml/ HTTP/1.1" 200 150752 "https://drspos.com/shop/goods/escherichia131124057136.phtml" "Mozilla/5.0 AppleWebKit/537.36 (KHTML, like Gecko; compatible; ClaudeBot/1.0; +claudebot@anthropic.com)"
74.7.227.61 - - [21/Mar/2026:14:35:35 +0200] "GET /?p=47973 HTTP/1.1" 200 91415 "https://drspos.com/?p=47972" "Mozilla/5.0 AppleWebKit/537.36 (KHTML, like Gecko; compatible; GPTBot/1.3; +https://openai.com/gptbot)"
216.73.216.163 - - [21/Mar/2026:14:35:42 +0200] "GET /shop/goods/spacong121930122489.phtml HTTP/1.1" 301 - "-" "Mozilla/5.0 AppleWebKit/537.36 (KHTML, like Gecko; compatible; ClaudeBot/1.0; +claudebot@anthropic.com)"
216.73.216.163 - - [21/Mar/2026:14:35:45 +0200] "GET /shop/goods/spacong121930122489.phtml/ HTTP/1.1" 200 150752 "https://drspos.com/shop/goods/spacong121930122489.phtml" "Mozilla/5.0 AppleWebKit/537.36 (KHTML, like Gecko; compatible; ClaudeBot/1.0; +claudebot@anthropic.com)"
74.7.227.61 - - [21/Mar/2026:14:35:51 +0200] "GET /?p=35551 HTTP/1.1" 200 91379 "https://drspos.com/?p=35553" "Mozilla/5.0 AppleWebKit/537.36 (KHTML, like Gecko; compatible; GPTBot/1.3; +https://openai.com/gptbot)"
207.46.13.87 - - [21/Mar/2026:14:35:53 +0200] "GET /shop/goods/absurdities153972979882.phtml HTTP/1.1" 200 212765 "-" "Mozilla/5.0 AppleWebKit/537.36 (KHTML, like Gecko; compatible; bingbot/2.0; +http://www.bing.com/bingbot.htm) Chrome/116.0.1938.76 Safari/537.36"
216.73.216.163 - - [21/Mar/2026:14:35:54 +0200] "GET /shop/goods/doughiness133085416598.phtml HTTP/1.1" 301 - "-" "Mozilla/5.0 AppleWebKit/537.36 (KHTML, like Gecko; compatible; ClaudeBot/1.0; +claudebot@anthropic.com)"
207.46.13.87 - - [21/Mar/2026:14:35:56 +0200] "GET /shop/goods/mannitic153197550261.phtml HTTP/1.1" 200 195177 "-" "Mozilla/5.0 AppleWebKit/537.36 (KHTML, like Gecko; compatible; bingbot/2.0; +http://www.bing.com/bingbot.htm) Chrome/116.0.1938.76 Safari/537.36"
216.73.216.163 - - [21/Mar/2026:14:35:57 +0200] "GET /shop/goods/doughiness133085416598.phtml/ HTTP/1.1" 200 150752 "https://drspos.com/shop/goods/doughiness133085416598.phtml" "Mozilla/5.0 AppleWebKit/537.36 (KHTML, like Gecko; compatible; ClaudeBot/1.0; +claudebot@anthropic.com)"
74.7.227.61 - - [21/Mar/2026:14:35:58 +0200] "GET /shop/goods/schemeful172555908727.phtml HTTP/1.1" 301 - "https://drspos.com/%3C![CDATA[https:/eminencegroup.net.au/post-sitemap9.xml]]%3E" "Mozilla/5.0 AppleWebKit/537.36 (KHTML, like Gecko; compatible; GPTBot/1.3; +https://openai.com/gptbot)"
74.7.227.61 - - [21/Mar/2026:14:36:01 +0200] "GET /shop/goods/schemeful172555908727.phtml/ HTTP/1.1" 200 150752 "https://drspos.com/shop/goods/schemeful172555908727.phtml" "Mozilla/5.0 AppleWebKit/537.36 (KHTML, like Gecko; compatible; GPTBot/1.3; +https://openai.com/gptbot)"
74.7.227.61 - - [21/Mar/2026:14:36:05 +0200] "GET /?p=43918 HTTP/1.1" 200 91147 "https://drspos.com/?p=43916" "Mozilla/5.0 AppleWebKit/537.36 (KHTML, like Gecko; compatible; GPTBot/1.3; +https://openai.com/gptbot)"
216.73.216.163 - - [21/Mar/2026:14:36:06 +0200] "GET /shop/goods/nankeen131381712151.phtml HTTP/1.1" 301 - "-" "Mozilla/5.0 AppleWebKit/537.36 (KHTML, like Gecko; compatible; ClaudeBot/1.0; +claudebot@anthropic.com)"
74.7.227.61 - - [21/Mar/2026:14:36:08 +0200] "GET /?p=40161 HTTP/1.1" 200 92442 "https://drspos.com/?p=40163" "Mozilla/5.0 AppleWebKit/537.36 (KHTML, like Gecko; compatible; GPTBot/1.3; +https://openai.com/gptbot)"
216.73.216.163 - - [21/Mar/2026:14:36:09 +0200] "GET /shop/goods/nankeen131381712151.phtml/ HTTP/1.1" 200 150752 "https://drspos.com/shop/goods/nankeen131381712151.phtml" "Mozilla/5.0 AppleWebKit/537.36 (KHTML, like Gecko; compatible; ClaudeBot/1.0; +claudebot@anthropic.com)"
74.7.227.61 - - [21/Mar/2026:14:36:11 +0200] "GET /?p=53194 HTTP/1.1" 200 93602 "https://drspos.com/?p=53196" "Mozilla/5.0 AppleWebKit/537.36 (KHTML, like Gecko; compatible; GPTBot/1.3; +https://openai.com/gptbot)"
74.7.227.61 - - [21/Mar/2026:14:36:14 +0200] "GET /?p=35405 HTTP/1.1" 200 91152 "https://drspos.com/?p=35403" "Mozilla/5.0 AppleWebKit/537.36 (KHTML, like Gecko; compatible; GPTBot/1.3; +https://openai.com/gptbot)"
216.73.216.163 - - [21/Mar/2026:14:36:15 +0200] "GET /shop/goods/sputter141409669536.phtml HTTP/1.1" 301 - "-" "Mozilla/5.0 AppleWebKit/537.36 (KHTML, like Gecko; compatible; ClaudeBot/1.0; +claudebot@anthropic.com)"
74.7.227.61 - - [21/Mar/2026:14:36:17 +0200] "GET /shop/goods/whippowil174021734440.phtml HTTP/1.1" 301 - "https://drspos.com/%3C![CDATA[https:/eminencegroup.net.au/post-sitemap9.xml]]%3E" "Mozilla/5.0 AppleWebKit/537.36 (KHTML, like Gecko; compatible; GPTBot/1.3; +https://openai.com/gptbot)"
216.73.216.163 - - [21/Mar/2026:14:36:18 +0200] "GET /shop/goods/sputter141409669536.phtml/ HTTP/1.1" 200 150752 "https://www.drspos.com/shop/goods/sputter141409669536.phtml" "Mozilla/5.0 AppleWebKit/537.36 (KHTML, like Gecko; compatible; ClaudeBot/1.0; +claudebot@anthropic.com)"
74.7.227.61 - - [21/Mar/2026:14:36:20 +0200] "GET /shop/goods/whippowil174021734440.phtml/ HTTP/1.1" 200 150752 "https://drspos.com/shop/goods/whippowil174021734440.phtml" "Mozilla/5.0 AppleWebKit/537.36 (KHTML, like Gecko; compatible; GPTBot/1.3; +https://openai.com/gptbot)"
74.7.227.61 - - [21/Mar/2026:14:36:22 +0200] "GET /?p=46980 HTTP/1.1" 200 93848 "https://drspos.com/?p=46981" "Mozilla/5.0 AppleWebKit/537.36 (KHTML, like Gecko; compatible; GPTBot/1.3; +https://openai.com/gptbot)"
207.46.13.87 - - [21/Mar/2026:14:36:25 +0200] "GET /shop/goods/negroid151472670536.phtml HTTP/1.1" 200 219332 "-" "Mozilla/5.0 AppleWebKit/537.36 (KHTML, like Gecko; compatible; bingbot/2.0; +http://www.bing.com/bingbot.htm) Chrome/116.0.1938.76 Safari/537.36"
74.7.227.61 - - [21/Mar/2026:14:36:26 +0200] "GET /shop/goods/homotypal171999013824.phtml HTTP/1.1" 301 - "https://drspos.com/%3C![CDATA[https:/eminencegroup.net.au/post-sitemap9.xml]]%3E" "Mozilla/5.0 AppleWebKit/537.36 (KHTML, like Gecko; compatible; GPTBot/1.3; +https://openai.com/gptbot)"
216.73.216.163 - - [21/Mar/2026:14:36:27 +0200] "GET /shop/goods/protantrism12818751616.phtml HTTP/1.1" 301 - "-" "Mozilla/5.0 AppleWebKit/537.36 (KHTML, like Gecko; compatible; ClaudeBot/1.0; +claudebot@anthropic.com)"
207.46.13.87 - - [21/Mar/2026:14:36:28 +0200] "GET /shop/goods/disuniting153600997369.phtml HTTP/1.1" 200 205473 "-" "Mozilla/5.0 AppleWebKit/537.36 (KHTML, like Gecko; compatible; bingbot/2.0; +http://www.bing.com/bingbot.htm) Chrome/116.0.1938.76 Safari/537.36"
74.7.227.61 - - [21/Mar/2026:14:36:28 +0200] "GET /shop/goods/homotypal171999013824.phtml/ HTTP/1.1" 200 150752 "https://drspos.com/shop/goods/homotypal171999013824.phtml" "Mozilla/5.0 AppleWebKit/537.36 (KHTML, like Gecko; compatible; GPTBot/1.3; +https://openai.com/gptbot)"
216.73.216.163 - - [21/Mar/2026:14:36:30 +0200] "GET /shop/goods/protantrism12818751616.phtml/ HTTP/1.1" 200 150752 "https://www.drspos.com/shop/goods/protantrism12818751616.phtml" "Mozilla/5.0 AppleWebKit/537.36 (KHTML, like Gecko; compatible; ClaudeBot/1.0; +claudebot@anthropic.com)"
207.46.13.87 - - [21/Mar/2026:14:36:31 +0200] "GET /shop/goods/intercentrum153259316748.phtml HTTP/1.1" 200 207637 "-" "Mozilla/5.0 AppleWebKit/537.36 (KHTML, like Gecko; compatible; bingbot/2.0; +http://www.bing.com/bingbot.htm) Chrome/116.0.1938.76 Safari/537.36"
74.7.227.61 - - [21/Mar/2026:14:36:31 +0200] "GET /shop/goods/literatim172626999246.phtml HTTP/1.1" 301 - "https://drspos.com/%3C![CDATA[https:/eminencegroup.net.au/post-sitemap9.xml]]%3E" "Mozilla/5.0 AppleWebKit/537.36 (KHTML, like Gecko; compatible; GPTBot/1.3; +https://openai.com/gptbot)"
207.46.13.87 - - [21/Mar/2026:14:36:34 +0200] "GET /shop/goods/tylarus153030439112.phtml HTTP/1.1" 200 200741 "-" "Mozilla/5.0 AppleWebKit/537.36 (KHTML, like Gecko; compatible; bingbot/2.0; +http://www.bing.com/bingbot.htm) Chrome/116.0.1938.76 Safari/537.36"
74.7.227.61 - - [21/Mar/2026:14:36:33 +0200] "GET /shop/goods/literatim172626999246.phtml/ HTTP/1.1" 200 150752 "https://drspos.com/shop/goods/literatim172626999246.phtml" "Mozilla/5.0 AppleWebKit/537.36 (KHTML, like Gecko; compatible; GPTBot/1.3; +https://openai.com/gptbot)"
74.7.227.61 - - [21/Mar/2026:14:36:36 +0200] "GET /shop/goods/sinneress171266604164.phtml HTTP/1.1" 301 - "https://drspos.com/%3C![CDATA[https:/eminencegroup.net.au/post-sitemap9.xml]]%3E" "Mozilla/5.0 AppleWebKit/537.36 (KHTML, like Gecko; compatible; GPTBot/1.3; +https://openai.com/gptbot)"
207.46.13.87 - - [21/Mar/2026:14:36:37 +0200] "GET /shop/goods/excursion1592474212.phtml HTTP/1.1" 200 204629 "-" "Mozilla/5.0 AppleWebKit/537.36 (KHTML, like Gecko; compatible; bingbot/2.0; +http://www.bing.com/bingbot.htm) Chrome/116.0.1938.76 Safari/537.36"
74.7.227.61 - - [21/Mar/2026:14:36:38 +0200] "GET /shop/goods/sinneress171266604164.phtml/ HTTP/1.1" 200 150752 "https://drspos.com/shop/goods/sinneress171266604164.phtml" "Mozilla/5.0 AppleWebKit/537.36 (KHTML, like Gecko; compatible; GPTBot/1.3; +https://openai.com/gptbot)"
216.73.216.163 - - [21/Mar/2026:14:36:39 +0200] "GET /shop/goods/glossata13193081898.phtml HTTP/1.1" 301 - "-" "Mozilla/5.0 AppleWebKit/537.36 (KHTML, like Gecko; compatible; ClaudeBot/1.0; +claudebot@anthropic.com)"
74.7.227.61 - - [21/Mar/2026:14:36:41 +0200] "GET /shop/goods/zolaistic172171999262.phtml HTTP/1.1" 301 - "https://drspos.com/%3C![CDATA[https:/eminencegroup.net.au/post-sitemap9.xml]]%3E" "Mozilla/5.0 AppleWebKit/537.36 (KHTML, like Gecko; compatible; GPTBot/1.3; +https://openai.com/gptbot)"
216.73.216.163 - - [21/Mar/2026:14:36:41 +0200] "GET /shop/goods/glossata13193081898.phtml/ HTTP/1.1" 200 150736 "https://www.drspos.com/shop/goods/glossata13193081898.phtml" "Mozilla/5.0 AppleWebKit/537.36 (KHTML, like Gecko; compatible; ClaudeBot/1.0; +claudebot@anthropic.com)"
74.7.227.61 - - [21/Mar/2026:14:36:43 +0200] "GET /shop/goods/zolaistic172171999262.phtml/ HTTP/1.1" 200 150752 "https://drspos.com/shop/goods/zolaistic172171999262.phtml" "Mozilla/5.0 AppleWebKit/537.36 (KHTML, like Gecko; compatible; GPTBot/1.3; +https://openai.com/gptbot)"
74.7.227.61 - - [21/Mar/2026:14:36:46 +0200] "GET /?p=47976 HTTP/1.1" 200 90732 "https://drspos.com/?p=47973" "Mozilla/5.0 AppleWebKit/537.36 (KHTML, like Gecko; compatible; GPTBot/1.3; +https://openai.com/gptbot)"
216.73.216.163 - - [21/Mar/2026:14:36:48 +0200] "GET /shop/goods/unseat143323490756.phtml HTTP/1.1" 301 - "-" "Mozilla/5.0 AppleWebKit/537.36 (KHTML, like Gecko; compatible; ClaudeBot/1.0; +claudebot@anthropic.com)"
74.7.227.61 - - [21/Mar/2026:14:36:49 +0200] "GET /?p=43920 HTTP/1.1" 200 92363 "https://drspos.com/?p=43918" "Mozilla/5.0 AppleWebKit/537.36 (KHTML, like Gecko; compatible; GPTBot/1.3; +https://openai.com/gptbot)"
216.73.216.163 - - [21/Mar/2026:14:36:50 +0200] "GET /shop/goods/unseat143323490756.phtml/ HTTP/1.1" 200 150752 "https://drspos.com/shop/goods/unseat143323490756.phtml" "Mozilla/5.0 AppleWebKit/537.36 (KHTML, like Gecko; compatible; ClaudeBot/1.0; +claudebot@anthropic.com)"
74.7.227.61 - - [21/Mar/2026:14:36:52 +0200] "GET /?p=40159 HTTP/1.1" 200 93244 "https://drspos.com/?p=40161" "Mozilla/5.0 AppleWebKit/537.36 (KHTML, like Gecko; compatible; GPTBot/1.3; +https://openai.com/gptbot)"
74.7.227.61 - - [21/Mar/2026:14:36:55 +0200] "GET /?p=53192 HTTP/1.1" 200 95401 "https://drspos.com/?p=53194" "Mozilla/5.0 AppleWebKit/537.36 (KHTML, like Gecko; compatible; GPTBot/1.3; +https://openai.com/gptbot)"
207.46.13.87 - - [21/Mar/2026:14:36:58 +0200] "GET /shop/goods/stirless153964393899.phtml HTTP/1.1" 200 199305 "-" "Mozilla/5.0 AppleWebKit/537.36 (KHTML, like Gecko; compatible; bingbot/2.0; +http://www.bing.com/bingbot.htm) Chrome/116.0.1938.76 Safari/537.36"
74.7.227.61 - - [21/Mar/2026:14:36:58 +0200] "GET /?p=35407 HTTP/1.1" 200 96614 "https://drspos.com/?p=35405" "Mozilla/5.0 AppleWebKit/537.36 (KHTML, like Gecko; compatible; GPTBot/1.3; +https://openai.com/gptbot)"
216.73.216.163 - - [21/Mar/2026:14:37:00 +0200] "GET /shop/goods/abstrusely132555151939.phtml HTTP/1.1" 301 - "-" "Mozilla/5.0 AppleWebKit/537.36 (KHTML, like Gecko; compatible; ClaudeBot/1.0; +claudebot@anthropic.com)"
207.46.13.87 - - [21/Mar/2026:14:37:02 +0200] "GET /shop/goods/freshes15838853899.phtml HTTP/1.1" 200 214409 "-" "Mozilla/5.0 AppleWebKit/537.36 (KHTML, like Gecko; compatible; bingbot/2.0; +http://www.bing.com/bingbot.htm) Chrome/116.0.1938.76 Safari/537.36"
74.7.227.61 - - [21/Mar/2026:14:37:01 +0200] "GET /?p=39912 HTTP/1.1" 200 93852 "https://drspos.com/?p=39911" "Mozilla/5.0 AppleWebKit/537.36 (KHTML, like Gecko; compatible; GPTBot/1.3; +https://openai.com/gptbot)"
216.73.216.163 - - [21/Mar/2026:14:37:03 +0200] "GET /shop/goods/abstrusely132555151939.phtml/ HTTP/1.1" 200 150752 "https://drspos.com/shop/goods/abstrusely132555151939.phtml" "Mozilla/5.0 AppleWebKit/537.36 (KHTML, like Gecko; compatible; ClaudeBot/1.0; +claudebot@anthropic.com)"
74.7.227.61 - - [21/Mar/2026:14:37:05 +0200] "GET /?p=46978 HTTP/1.1" 200 95968 "https://drspos.com/?p=46980" "Mozilla/5.0 AppleWebKit/537.36 (KHTML, like Gecko; compatible; GPTBot/1.3; +https://openai.com/gptbot)"
52.167.144.209 - - [21/Mar/2026:14:37:09 +0200] "GET /shop/goods/highering153242100494.phtml HTTP/1.1" 200 207321 "-" "Mozilla/5.0 AppleWebKit/537.36 (KHTML, like Gecko; compatible; bingbot/2.0; +http://www.bing.com/bingbot.htm) Chrome/116.0.1938.76 Safari/537.36"
74.7.227.61 - - [21/Mar/2026:14:37:08 +0200] "GET /?p=35549 HTTP/1.1" 200 92036 "https://drspos.com/?p=35551" "Mozilla/5.0 AppleWebKit/537.36 (KHTML, like Gecko; compatible; GPTBot/1.3; +https://openai.com/gptbot)"
52.167.144.209 - - [21/Mar/2026:14:37:12 +0200] "GET /shop/goods/anhistous152961608876.phtml HTTP/1.1" 200 214232 "-" "Mozilla/5.0 AppleWebKit/537.36 (KHTML, like Gecko; compatible; bingbot/2.0; +http://www.bing.com/bingbot.htm) Chrome/116.0.1938.76 Safari/537.36"
74.7.227.61 - - [21/Mar/2026:14:37:11 +0200] "GET /?p=31191 HTTP/1.1" 200 95439 "https://drspos.com/?p=31193" "Mozilla/5.0 AppleWebKit/537.36 (KHTML, like Gecko; compatible; GPTBot/1.3; +https://openai.com/gptbot)"
216.73.216.163 - - [21/Mar/2026:14:37:12 +0200] "GET /shop/goods/beneficently141420222734.phtml HTTP/1.1" 301 - "-" "Mozilla/5.0 AppleWebKit/537.36 (KHTML, like Gecko; compatible; ClaudeBot/1.0; +claudebot@anthropic.com)"
52.167.144.209 - - [21/Mar/2026:14:37:15 +0200] "GET /shop/goods/ametabola151390271255.phtml HTTP/1.1" 200 202494 "-" "Mozilla/5.0 AppleWebKit/537.36 (KHTML, like Gecko; compatible; bingbot/2.0; +http://www.bing.com/bingbot.htm) Chrome/116.0.1938.76 Safari/537.36"
74.7.227.61 - - [21/Mar/2026:14:37:14 +0200] "GET /shop/goods/obfuscate171199281116.phtml HTTP/1.1" 301 - "https://drspos.com/%3C![CDATA[https:/eminencegroup.net.au/post-sitemap9.xml]]%3E" "Mozilla/5.0 AppleWebKit/537.36 (KHTML, like Gecko; compatible; GPTBot/1.3; +https://openai.com/gptbot)"
216.73.216.163 - - [21/Mar/2026:14:37:15 +0200] "GET /shop/goods/beneficently141420222734.phtml/ HTTP/1.1" 200 150752 "https://drspos.com/shop/goods/beneficently141420222734.phtml" "Mozilla/5.0 AppleWebKit/537.36 (KHTML, like Gecko; compatible; ClaudeBot/1.0; +claudebot@anthropic.com)"
52.167.144.209 - - [21/Mar/2026:14:37:18 +0200] "GET /shop/goods/perplexly153752042044.phtml HTTP/1.1" 200 207113 "-" "Mozilla/5.0 AppleWebKit/537.36 (KHTML, like Gecko; compatible; bingbot/2.0; +http://www.bing.com/bingbot.htm) Chrome/116.0.1938.76 Safari/537.36"
74.7.227.61 - - [21/Mar/2026:14:37:17 +0200] "GET /shop/goods/obfuscate171199281116.phtml/ HTTP/1.1" 200 150752 "https://drspos.com/shop/goods/obfuscate171199281116.phtml" "Mozilla/5.0 AppleWebKit/537.36 (KHTML, like Gecko; compatible; GPTBot/1.3; +https://openai.com/gptbot)"
52.167.144.209 - - [21/Mar/2026:14:37:21 +0200] "GET /shop/goods/twomasted152272767925.phtml HTTP/1.1" 200 209439 "-" "Mozilla/5.0 AppleWebKit/537.36 (KHTML, like Gecko; compatible; bingbot/2.0; +http://www.bing.com/bingbot.htm) Chrome/116.0.1938.76 Safari/537.36"
216.73.216.163 - - [21/Mar/2026:14:37:20 +0200] "GET /shop/goods/insnaring161517910292.phtml HTTP/1.1" 301 - "-" "Mozilla/5.0 AppleWebKit/537.36 (KHTML, like Gecko; compatible; ClaudeBot/1.0; +claudebot@anthropic.com)"
74.7.227.61 - - [21/Mar/2026:14:37:20 +0200] "GET /shop/goods/placental173331902113.phtml HTTP/1.1" 301 - "https://drspos.com/%3C![CDATA[https:/eminencegroup.net.au/post-sitemap9.xml]]%3E" "Mozilla/5.0 AppleWebKit/537.36 (KHTML, like Gecko; compatible; GPTBot/1.3; +https://openai.com/gptbot)"
74.7.227.61 - - [21/Mar/2026:14:37:22 +0200] "GET /shop/goods/placental173331902113.phtml/ HTTP/1.1" 200 150752 "https://drspos.com/shop/goods/placental173331902113.phtml" "Mozilla/5.0 AppleWebKit/537.36 (KHTML, like Gecko; compatible; GPTBot/1.3; +https://openai.com/gptbot)"
216.73.216.163 - - [21/Mar/2026:14:37:23 +0200] "GET /shop/goods/insnaring161517910292.phtml/ HTTP/1.1" 200 150752 "https://drspos.com/shop/goods/insnaring161517910292.phtml" "Mozilla/5.0 AppleWebKit/537.36 (KHTML, like Gecko; compatible; ClaudeBot/1.0; +claudebot@anthropic.com)"
52.167.144.209 - - [21/Mar/2026:14:37:24 +0200] "GET /shop/goods/intercondylar151275277121.phtml HTTP/1.1" 200 213326 "-" "Mozilla/5.0 AppleWebKit/537.36 (KHTML, like Gecko; compatible; bingbot/2.0; +http://www.bing.com/bingbot.htm) Chrome/116.0.1938.76 Safari/537.36"
74.7.227.61 - - [21/Mar/2026:14:37:25 +0200] "GET /?p=47978 HTTP/1.1" 200 91417 "https://drspos.com/?p=47976" "Mozilla/5.0 AppleWebKit/537.36 (KHTML, like Gecko; compatible; GPTBot/1.3; +https://openai.com/gptbot)"
52.167.144.209 - - [21/Mar/2026:14:37:27 +0200] "GET /shop/goods/psychotherapeutics101277074364.phtml HTTP/1.1" 200 214579 "-" "Mozilla/5.0 AppleWebKit/537.36 (KHTML, like Gecko; compatible; bingbot/2.0; +http://www.bing.com/bingbot.htm) Chrome/116.0.1938.76 Safari/537.36"
74.7.227.61 - - [21/Mar/2026:14:37:28 +0200] "GET /?p=43922 HTTP/1.1" 200 92516 "https://drspos.com/?p=43920" "Mozilla/5.0 AppleWebKit/537.36 (KHTML, like Gecko; compatible; GPTBot/1.3; +https://openai.com/gptbot)"
52.167.144.209 - - [21/Mar/2026:14:37:30 +0200] "GET /shop/goods/barranca153185661651.phtml HTTP/1.1" 200 205441 "-" "Mozilla/5.0 AppleWebKit/537.36 (KHTML, like Gecko; compatible; bingbot/2.0; +http://www.bing.com/bingbot.htm) Chrome/116.0.1938.76 Safari/537.36"
216.244.66.234 - - [21/Mar/2026:14:37:31 +0200] "GET /robots.txt HTTP/1.1" 200 80 "-" "Mozilla/5.0 (compatible; DotBot/1.2; +https://opensiteexplorer.org/dotbot; help@moz.com)"
74.7.227.61 - - [21/Mar/2026:14:37:31 +0200] "GET /?p=40157 HTTP/1.1" 200 93317 "https://drspos.com/?p=40159" "Mozilla/5.0 AppleWebKit/537.36 (KHTML, like Gecko; compatible; GPTBot/1.3; +https://openai.com/gptbot)"
52.167.144.209 - - [21/Mar/2026:14:37:33 +0200] "GET /shop/goods/shirty15971955624.phtml HTTP/1.1" 200 206825 "-" "Mozilla/5.0 AppleWebKit/537.36 (KHTML, like Gecko; compatible; bingbot/2.0; +http://www.bing.com/bingbot.htm) Chrome/116.0.1938.76 Safari/537.36"
216.73.216.163 - - [21/Mar/2026:14:37:32 +0200] "GET /shop/goods/potpourri132944671962.phtml HTTP/1.1" 301 - "-" "Mozilla/5.0 AppleWebKit/537.36 (KHTML, like Gecko; compatible; ClaudeBot/1.0; +claudebot@anthropic.com)"
216.73.216.163 - - [21/Mar/2026:14:37:35 +0200] "GET /shop/goods/potpourri132944671962.phtml/ HTTP/1.1" 200 150752 "https://drspos.com/shop/goods/potpourri132944671962.phtml" "Mozilla/5.0 AppleWebKit/537.36 (KHTML, like Gecko; compatible; ClaudeBot/1.0; +claudebot@anthropic.com)"
74.7.227.61 - - [21/Mar/2026:14:37:35 +0200] "GET /?p=53190 HTTP/1.1" 200 93610 "https://drspos.com/?p=53192" "Mozilla/5.0 AppleWebKit/537.36 (KHTML, like Gecko; compatible; GPTBot/1.3; +https://openai.com/gptbot)"
74.7.227.61 - - [21/Mar/2026:14:37:38 +0200] "GET /?p=35409 HTTP/1.1" 200 97135 "https://drspos.com/?p=35407" "Mozilla/5.0 AppleWebKit/537.36 (KHTML, like Gecko; compatible; GPTBot/1.3; +https://openai.com/gptbot)"
74.7.227.61 - - [21/Mar/2026:14:37:41 +0200] "GET /?p=39915 HTTP/1.1" 200 93389 "https://drspos.com/?p=39912" "Mozilla/5.0 AppleWebKit/537.36 (KHTML, like Gecko; compatible; GPTBot/1.3; +https://openai.com/gptbot)"
216.73.216.163 - - [21/Mar/2026:14:37:44 +0200] "GET /shop/goods/tribute16452157800.phtml HTTP/1.1" 301 - "-" "Mozilla/5.0 AppleWebKit/537.36 (KHTML, like Gecko; compatible; ClaudeBot/1.0; +claudebot@anthropic.com)"
74.7.227.61 - - [21/Mar/2026:14:37:44 +0200] "GET /?p=46976 HTTP/1.1" 200 96251 "https://drspos.com/?p=46978" "Mozilla/5.0 AppleWebKit/537.36 (KHTML, like Gecko; compatible; GPTBot/1.3; +https://openai.com/gptbot)"
216.73.216.163 - - [21/Mar/2026:14:37:46 +0200] "GET /shop/goods/tribute16452157800.phtml/ HTTP/1.1" 200 150752 "https://drspos.com/shop/goods/tribute16452157800.phtml" "Mozilla/5.0 AppleWebKit/537.36 (KHTML, like Gecko; compatible; ClaudeBot/1.0; +claudebot@anthropic.com)"
74.7.227.61 - - [21/Mar/2026:14:37:47 +0200] "GET /?p=35547 HTTP/1.1" 200 91433 "https://drspos.com/?p=35549" "Mozilla/5.0 AppleWebKit/537.36 (KHTML, like Gecko; compatible; GPTBot/1.3; +https://openai.com/gptbot)"
52.167.144.209 - - [21/Mar/2026:14:37:51 +0200] "GET /shop/goods/mynheer153658495938.phtml HTTP/1.1" 200 198638 "-" "Mozilla/5.0 AppleWebKit/537.36 (KHTML, like Gecko; compatible; bingbot/2.0; +http://www.bing.com/bingbot.htm) Chrome/116.0.1938.76 Safari/537.36"
74.7.227.61 - - [21/Mar/2026:14:37:50 +0200] "GET /?p=31189 HTTP/1.1" 200 94221 "https://drspos.com/?p=31191" "Mozilla/5.0 AppleWebKit/537.36 (KHTML, like Gecko; compatible; GPTBot/1.3; +https://openai.com/gptbot)"
216.73.216.163 - - [21/Mar/2026:14:37:51 +0200] "GET /shop/goods/graduate12967881904.phtml HTTP/1.1" 301 - "-" "Mozilla/5.0 AppleWebKit/537.36 (KHTML, like Gecko; compatible; ClaudeBot/1.0; +claudebot@anthropic.com)"
52.167.144.59 - - [21/Mar/2026:14:37:53 +0200] "GET /robots.txt HTTP/1.1" 200 80 "-" "Mozilla/5.0 AppleWebKit/537.36 (KHTML, like Gecko; compatible; bingbot/2.0; +http://www.bing.com/bingbot.htm) Chrome/116.0.1938.76 Safari/537.36"
74.7.227.61 - - [21/Mar/2026:14:37:53 +0200] "GET /shop/goods/undersong171119013037.phtml HTTP/1.1" 301 - "https://drspos.com/%3C![CDATA[https:/eminencegroup.net.au/post-sitemap9.xml]]%3E" "Mozilla/5.0 AppleWebKit/537.36 (KHTML, like Gecko; compatible; GPTBot/1.3; +https://openai.com/gptbot)"
216.73.216.163 - - [21/Mar/2026:14:37:53 +0200] "GET /shop/goods/graduate12967881904.phtml/ HTTP/1.1" 200 150752 "https://drspos.com/shop/goods/graduate12967881904.phtml" "Mozilla/5.0 AppleWebKit/537.36 (KHTML, like Gecko; compatible; ClaudeBot/1.0; +claudebot@anthropic.com)"
52.167.144.209 - - [21/Mar/2026:14:37:56 +0200] "GET /shop/goods/ensample152360863670.phtml HTTP/1.1" 200 207469 "-" "Mozilla/5.0 AppleWebKit/537.36 (KHTML, like Gecko; compatible; bingbot/2.0; +http://www.bing.com/bingbot.htm) Chrome/116.0.1938.76 Safari/537.36"
74.7.227.61 - - [21/Mar/2026:14:37:55 +0200] "GET /shop/goods/undersong171119013037.phtml/ HTTP/1.1" 200 150752 "https://drspos.com/shop/goods/undersong171119013037.phtml" "Mozilla/5.0 AppleWebKit/537.36 (KHTML, like Gecko; compatible; GPTBot/1.3; +https://openai.com/gptbot)"
74.7.227.61 - - [21/Mar/2026:14:37:58 +0200] "GET /shop/goods/didelphid172505333584.phtml HTTP/1.1" 301 - "https://drspos.com/%3C![CDATA[https:/eminencegroup.net.au/post-sitemap9.xml]]%3E" "Mozilla/5.0 AppleWebKit/537.36 (KHTML, like Gecko; compatible; GPTBot/1.3; +https://openai.com/gptbot)"
74.7.227.61 - - [21/Mar/2026:14:38:00 +0200] "GET /shop/goods/didelphid172505333584.phtml/ HTTP/1.1" 200 150752 "https://drspos.com/shop/goods/didelphid172505333584.phtml" "Mozilla/5.0 AppleWebKit/537.36 (KHTML, like Gecko; compatible; GPTBot/1.3; +https://openai.com/gptbot)"
40.77.167.132 - - [21/Mar/2026:14:38:03 +0200] "GET /shop/goods/albigensian603953067787.phtml HTTP/1.1" 200 209375 "-" "Mozilla/5.0 AppleWebKit/537.36 (KHTML, like Gecko; compatible; bingbot/2.0; +http://www.bing.com/bingbot.htm) Chrome/116.0.1938.76 Safari/537.36"
74.7.227.61 - - [21/Mar/2026:14:38:03 +0200] "GET /?p=47980 HTTP/1.1" 200 90727 "https://drspos.com/?p=47978" "Mozilla/5.0 AppleWebKit/537.36 (KHTML, like Gecko; compatible; GPTBot/1.3; +https://openai.com/gptbot)"
216.73.216.163 - - [21/Mar/2026:14:38:03 +0200] "GET /shop/goods/gymnosomata12893315239.phtml HTTP/1.1" 301 - "-" "Mozilla/5.0 AppleWebKit/537.36 (KHTML, like Gecko; compatible; ClaudeBot/1.0; +claudebot@anthropic.com)"
207.46.13.87 - - [21/Mar/2026:14:38:06 +0200] "GET /shop/goods/disarray15930900297.phtml HTTP/1.1" 200 205071 "-" "Mozilla/5.0 AppleWebKit/537.36 (KHTML, like Gecko; compatible; bingbot/2.0; +http://www.bing.com/bingbot.htm) Chrome/116.0.1938.76 Safari/537.36"
216.73.216.163 - - [21/Mar/2026:14:38:06 +0200] "GET /shop/goods/gymnosomata12893315239.phtml/ HTTP/1.1" 200 150752 "https://drspos.com/shop/goods/gymnosomata12893315239.phtml" "Mozilla/5.0 AppleWebKit/537.36 (KHTML, like Gecko; compatible; ClaudeBot/1.0; +claudebot@anthropic.com)"
74.7.227.61 - - [21/Mar/2026:14:38:06 +0200] "GET /?p=43924 HTTP/1.1" 200 91401 "https://drspos.com/?p=43922" "Mozilla/5.0 AppleWebKit/537.36 (KHTML, like Gecko; compatible; GPTBot/1.3; +https://openai.com/gptbot)"
216.73.216.163 - - [21/Mar/2026:14:38:07 +0200] "GET /shop/goods/batidaceae13439956390.phtml HTTP/1.1" 301 - "-" "Mozilla/5.0 AppleWebKit/537.36 (KHTML, like Gecko; compatible; ClaudeBot/1.0; +claudebot@anthropic.com)"
74.7.227.61 - - [21/Mar/2026:14:38:09 +0200] "GET /?p=40155 HTTP/1.1" 200 92936 "https://drspos.com/?p=40157" "Mozilla/5.0 AppleWebKit/537.36 (KHTML, like Gecko; compatible; GPTBot/1.3; +https://openai.com/gptbot)"
216.73.216.163 - - [21/Mar/2026:14:38:10 +0200] "GET /shop/goods/batidaceae13439956390.phtml/ HTTP/1.1" 200 150752 "https://drspos.com/shop/goods/batidaceae13439956390.phtml" "Mozilla/5.0 AppleWebKit/537.36 (KHTML, like Gecko; compatible; ClaudeBot/1.0; +claudebot@anthropic.com)"
74.7.227.61 - - [21/Mar/2026:14:38:13 +0200] "GET /?p=53188 HTTP/1.1" 200 95444 "https://drspos.com/?p=53190" "Mozilla/5.0 AppleWebKit/537.36 (KHTML, like Gecko; compatible; GPTBot/1.3; +https://openai.com/gptbot)"
216.73.216.163 - - [21/Mar/2026:14:38:13 +0200] "GET /shop/goods/cauteries141183693266.phtml HTTP/1.1" 301 - "-" "Mozilla/5.0 AppleWebKit/537.36 (KHTML, like Gecko; compatible; ClaudeBot/1.0; +claudebot@anthropic.com)"
216.73.216.163 - - [21/Mar/2026:14:38:16 +0200] "GET /shop/goods/cauteries141183693266.phtml/ HTTP/1.1" 200 150752 "https://www.drspos.com/shop/goods/cauteries141183693266.phtml" "Mozilla/5.0 AppleWebKit/537.36 (KHTML, like Gecko; compatible; ClaudeBot/1.0; +claudebot@anthropic.com)"
74.7.227.61 - - [21/Mar/2026:14:38:16 +0200] "GET /?p=35411 HTTP/1.1" 200 91187 "https://drspos.com/?p=35409" "Mozilla/5.0 AppleWebKit/537.36 (KHTML, like Gecko; compatible; GPTBot/1.3; +https://openai.com/gptbot)"
216.73.216.163 - - [21/Mar/2026:14:38:17 +0200] "GET /shop/goods/jacobinic124245311373.phtml HTTP/1.1" 301 - "-" "Mozilla/5.0 AppleWebKit/537.36 (KHTML, like Gecko; compatible; ClaudeBot/1.0; +claudebot@anthropic.com)"
216.73.216.163 - - [21/Mar/2026:14:38:19 +0200] "GET /shop/goods/nautic141922888669.phtml HTTP/1.1" 301 - "-" "Mozilla/5.0 AppleWebKit/537.36 (KHTML, like Gecko; compatible; ClaudeBot/1.0; +claudebot@anthropic.com)"
74.7.227.61 - - [21/Mar/2026:14:38:19 +0200] "GET /?p=39917 HTTP/1.1" 200 94696 "https://drspos.com/?p=39915" "Mozilla/5.0 AppleWebKit/537.36 (KHTML, like Gecko; compatible; GPTBot/1.3; +https://openai.com/gptbot)"
216.73.216.163 - - [21/Mar/2026:14:38:20 +0200] "GET /shop/goods/jacobinic124245311373.phtml/ HTTP/1.1" 200 150752 "https://www.drspos.com/shop/goods/jacobinic124245311373.phtml" "Mozilla/5.0 AppleWebKit/537.36 (KHTML, like Gecko; compatible; ClaudeBot/1.0; +claudebot@anthropic.com)"
216.73.216.163 - - [21/Mar/2026:14:38:21 +0200] "GET /shop/goods/nautic141922888669.phtml/ HTTP/1.1" 200 150752 "https://drspos.com/shop/goods/nautic141922888669.phtml" "Mozilla/5.0 AppleWebKit/537.36 (KHTML, like Gecko; compatible; ClaudeBot/1.0; +claudebot@anthropic.com)"
74.7.227.61 - - [21/Mar/2026:14:38:22 +0200] "GET /?p=46974 HTTP/1.1" 200 94573 "https://drspos.com/?p=46976" "Mozilla/5.0 AppleWebKit/537.36 (KHTML, like Gecko; compatible; GPTBot/1.3; +https://openai.com/gptbot)"
74.7.227.61 - - [21/Mar/2026:14:38:25 +0200] "GET /?p=35545 HTTP/1.1" 200 91503 "https://drspos.com/?p=35547" "Mozilla/5.0 AppleWebKit/537.36 (KHTML, like Gecko; compatible; GPTBot/1.3; +https://openai.com/gptbot)"
74.7.227.61 - - [21/Mar/2026:14:38:28 +0200] "GET /?p=31187 HTTP/1.1" 200 95429 "https://drspos.com/?p=31189" "Mozilla/5.0 AppleWebKit/537.36 (KHTML, like Gecko; compatible; GPTBot/1.3; +https://openai.com/gptbot)"
216.73.216.163 - - [21/Mar/2026:14:38:29 +0200] "GET /shop/goods/roaming132758321650.phtml HTTP/1.1" 301 - "-" "Mozilla/5.0 AppleWebKit/537.36 (KHTML, like Gecko; compatible; ClaudeBot/1.0; +claudebot@anthropic.com)"
216.73.216.163 - - [21/Mar/2026:14:38:31 +0200] "GET /shop/goods/hurtfulness133116308606.phtml HTTP/1.1" 301 - "-" "Mozilla/5.0 AppleWebKit/537.36 (KHTML, like Gecko; compatible; ClaudeBot/1.0; +claudebot@anthropic.com)"
74.7.227.61 - - [21/Mar/2026:14:38:32 +0200] "GET /shop/goods/whorishly172220377434.phtml HTTP/1.1" 301 - "https://drspos.com/%3C![CDATA[https:/eminencegroup.net.au/post-sitemap9.xml]]%3E" "Mozilla/5.0 AppleWebKit/537.36 (KHTML, like Gecko; compatible; GPTBot/1.3; +https://openai.com/gptbot)"
216.73.216.163 - - [21/Mar/2026:14:38:32 +0200] "GET /shop/goods/roaming132758321650.phtml/ HTTP/1.1" 200 150736 "https://www.drspos.com/shop/goods/roaming132758321650.phtml" "Mozilla/5.0 AppleWebKit/537.36 (KHTML, like Gecko; compatible; ClaudeBot/1.0; +claudebot@anthropic.com)"
216.73.216.163 - - [21/Mar/2026:14:38:34 +0200] "GET /shop/goods/hurtfulness133116308606.phtml/ HTTP/1.1" 200 150752 "https://drspos.com/shop/goods/hurtfulness133116308606.phtml" "Mozilla/5.0 AppleWebKit/537.36 (KHTML, like Gecko; compatible; ClaudeBot/1.0; +claudebot@anthropic.com)"
74.7.227.61 - - [21/Mar/2026:14:38:34 +0200] "GET /shop/goods/whorishly172220377434.phtml/ HTTP/1.1" 200 150752 "https://drspos.com/shop/goods/whorishly172220377434.phtml" "Mozilla/5.0 AppleWebKit/537.36 (KHTML, like Gecko; compatible; GPTBot/1.3; +https://openai.com/gptbot)"
74.7.227.61 - - [21/Mar/2026:14:38:37 +0200] "GET /shop/goods/blastemal173211308882.phtml HTTP/1.1" 301 - "https://drspos.com/%3C![CDATA[https:/eminencegroup.net.au/post-sitemap9.xml]]%3E" "Mozilla/5.0 AppleWebKit/537.36 (KHTML, like Gecko; compatible; GPTBot/1.3; +https://openai.com/gptbot)"
74.7.227.61 - - [21/Mar/2026:14:38:40 +0200] "GET /shop/goods/blastemal173211308882.phtml/ HTTP/1.1" 200 150752 "https://drspos.com/shop/goods/blastemal173211308882.phtml" "Mozilla/5.0 AppleWebKit/537.36 (KHTML, like Gecko; compatible; GPTBot/1.3; +https://openai.com/gptbot)"
74.7.227.61 - - [21/Mar/2026:14:38:43 +0200] "GET /?p=47985 HTTP/1.1" 200 91988 "https://drspos.com/?p=47980" "Mozilla/5.0 AppleWebKit/537.36 (KHTML, like Gecko; compatible; GPTBot/1.3; +https://openai.com/gptbot)"
216.73.216.163 - - [21/Mar/2026:14:38:43 +0200] "GET /shop/goods/stiffly141875690183.phtml HTTP/1.1" 301 - "-" "Mozilla/5.0 AppleWebKit/537.36 (KHTML, like Gecko; compatible; ClaudeBot/1.0; +claudebot@anthropic.com)"
216.73.216.163 - - [21/Mar/2026:14:38:46 +0200] "GET /shop/goods/stiffly141875690183.phtml/ HTTP/1.1" 200 150752 "https://www.drspos.com/shop/goods/stiffly141875690183.phtml" "Mozilla/5.0 AppleWebKit/537.36 (KHTML, like Gecko; compatible; ClaudeBot/1.0; +claudebot@anthropic.com)"
74.7.227.61 - - [21/Mar/2026:14:38:46 +0200] "GET /?p=43926 HTTP/1.1" 200 92747 "https://drspos.com/?p=43924" "Mozilla/5.0 AppleWebKit/537.36 (KHTML, like Gecko; compatible; GPTBot/1.3; +https://openai.com/gptbot)"
74.7.227.61 - - [21/Mar/2026:14:38:49 +0200] "GET /?p=40153 HTTP/1.1" 200 93272 "https://drspos.com/?p=40155" "Mozilla/5.0 AppleWebKit/537.36 (KHTML, like Gecko; compatible; GPTBot/1.3; +https://openai.com/gptbot)"
74.7.227.61 - - [21/Mar/2026:14:38:52 +0200] "GET /?p=53186 HTTP/1.1" 200 92236 "https://drspos.com/?p=53188" "Mozilla/5.0 AppleWebKit/537.36 (KHTML, like Gecko; compatible; GPTBot/1.3; +https://openai.com/gptbot)"
74.7.227.61 - - [21/Mar/2026:14:38:55 +0200] "GET /?p=35413 HTTP/1.1" 200 96576 "https://drspos.com/?p=35411" "Mozilla/5.0 AppleWebKit/537.36 (KHTML, like Gecko; compatible; GPTBot/1.3; +https://openai.com/gptbot)"
74.7.227.61 - - [21/Mar/2026:14:38:58 +0200] "GET /?p=39919 HTTP/1.1" 200 92848 "https://drspos.com/?p=39917" "Mozilla/5.0 AppleWebKit/537.36 (KHTML, like Gecko; compatible; GPTBot/1.3; +https://openai.com/gptbot)"
74.7.227.61 - - [21/Mar/2026:14:39:01 +0200] "GET /?p=46972 HTTP/1.1" 200 91344 "https://drspos.com/?p=46974" "Mozilla/5.0 AppleWebKit/537.36 (KHTML, like Gecko; compatible; GPTBot/1.3; +https://openai.com/gptbot)"
74.7.227.61 - - [21/Mar/2026:14:39:05 +0200] "GET /?p=35543 HTTP/1.1" 200 93637 "https://drspos.com/?p=35545" "Mozilla/5.0 AppleWebKit/537.36 (KHTML, like Gecko; compatible; GPTBot/1.3; +https://openai.com/gptbot)"
216.73.216.163 - - [21/Mar/2026:14:39:07 +0200] "GET /shop/goods/globator141567977384.phtml HTTP/1.1" 301 - "-" "Mozilla/5.0 AppleWebKit/537.36 (KHTML, like Gecko; compatible; ClaudeBot/1.0; +claudebot@anthropic.com)"
74.7.227.61 - - [21/Mar/2026:14:39:08 +0200] "GET /?p=31185 HTTP/1.1" 200 94344 "https://drspos.com/?p=31187" "Mozilla/5.0 AppleWebKit/537.36 (KHTML, like Gecko; compatible; GPTBot/1.3; +https://openai.com/gptbot)"
216.73.216.163 - - [21/Mar/2026:14:39:10 +0200] "GET /shop/goods/globator141567977384.phtml/ HTTP/1.1" 200 150752 "https://www.drspos.com/shop/goods/globator141567977384.phtml" "Mozilla/5.0 AppleWebKit/537.36 (KHTML, like Gecko; compatible; ClaudeBot/1.0; +claudebot@anthropic.com)"
74.7.227.61 - - [21/Mar/2026:14:39:11 +0200] "GET /shop/goods/proselyting172444796263.phtml HTTP/1.1" 301 - "https://drspos.com/%3C![CDATA[https:/eminencegroup.net.au/post-sitemap9.xml]]%3E" "Mozilla/5.0 AppleWebKit/537.36 (KHTML, like Gecko; compatible; GPTBot/1.3; +https://openai.com/gptbot)"
216.73.216.163 - - [21/Mar/2026:14:39:13 +0200] "GET /shop/goods/proprietaries12682771996.phtml HTTP/1.1" 301 - "-" "Mozilla/5.0 AppleWebKit/537.36 (KHTML, like Gecko; compatible; ClaudeBot/1.0; +claudebot@anthropic.com)"
74.7.227.61 - - [21/Mar/2026:14:39:13 +0200] "GET /shop/goods/proselyting172444796263.phtml/ HTTP/1.1" 200 150752 "https://drspos.com/shop/goods/proselyting172444796263.phtml" "Mozilla/5.0 AppleWebKit/537.36 (KHTML, like Gecko; compatible; GPTBot/1.3; +https://openai.com/gptbot)"
74.7.227.61 - - [21/Mar/2026:14:39:16 +0200] "GET /shop/goods/jellyfish173208884684.phtml HTTP/1.1" 301 - "https://drspos.com/%3C![CDATA[https:/eminencegroup.net.au/post-sitemap9.xml]]%3E" "Mozilla/5.0 AppleWebKit/537.36 (KHTML, like Gecko; compatible; GPTBot/1.3; +https://openai.com/gptbot)"
216.73.216.163 - - [21/Mar/2026:14:39:16 +0200] "GET /shop/goods/proprietaries12682771996.phtml/ HTTP/1.1" 200 150752 "https://drspos.com/shop/goods/proprietaries12682771996.phtml" "Mozilla/5.0 AppleWebKit/537.36 (KHTML, like Gecko; compatible; ClaudeBot/1.0; +claudebot@anthropic.com)"
74.7.227.61 - - [21/Mar/2026:14:39:18 +0200] "GET /shop/goods/jellyfish173208884684.phtml/ HTTP/1.1" 200 150752 "https://drspos.com/shop/goods/jellyfish173208884684.phtml" "Mozilla/5.0 AppleWebKit/537.36 (KHTML, like Gecko; compatible; GPTBot/1.3; +https://openai.com/gptbot)"
74.7.227.61 - - [21/Mar/2026:14:39:21 +0200] "GET /?p=47982 HTTP/1.1" 200 91125 "https://drspos.com/?p=47985" "Mozilla/5.0 AppleWebKit/537.36 (KHTML, like Gecko; compatible; GPTBot/1.3; +https://openai.com/gptbot)"
74.7.227.61 - - [21/Mar/2026:14:39:24 +0200] "GET /?p=43928 HTTP/1.1" 200 91464 "https://drspos.com/?p=43926" "Mozilla/5.0 AppleWebKit/537.36 (KHTML, like Gecko; compatible; GPTBot/1.3; +https://openai.com/gptbot)"
74.7.227.61 - - [21/Mar/2026:14:39:27 +0200] "GET /?p=40151 HTTP/1.1" 200 92910 "https://drspos.com/?p=40153" "Mozilla/5.0 AppleWebKit/537.36 (KHTML, like Gecko; compatible; GPTBot/1.3; +https://openai.com/gptbot)"
74.7.227.61 - - [21/Mar/2026:14:39:30 +0200] "GET /?p=53184 HTTP/1.1" 200 92622 "https://drspos.com/?p=53186" "Mozilla/5.0 AppleWebKit/537.36 (KHTML, like Gecko; compatible; GPTBot/1.3; +https://openai.com/gptbot)"
74.7.227.61 - - [21/Mar/2026:14:39:34 +0200] "GET /?p=35415 HTTP/1.1" 200 97755 "https://drspos.com/?p=35413" "Mozilla/5.0 AppleWebKit/537.36 (KHTML, like Gecko; compatible; GPTBot/1.3; +https://openai.com/gptbot)"
216.73.216.163 - - [21/Mar/2026:14:39:37 +0200] "GET /shop/goods/gravel121813650565.phtml HTTP/1.1" 301 - "-" "Mozilla/5.0 AppleWebKit/537.36 (KHTML, like Gecko; compatible; ClaudeBot/1.0; +claudebot@anthropic.com)"
216.73.216.163 - - [21/Mar/2026:14:39:40 +0200] "GET /shop/goods/gravel121813650565.phtml/ HTTP/1.1" 200 150752 "https://drspos.com/shop/goods/gravel121813650565.phtml" "Mozilla/5.0 AppleWebKit/537.36 (KHTML, like Gecko; compatible; ClaudeBot/1.0; +claudebot@anthropic.com)"
216.73.216.163 - - [21/Mar/2026:14:39:47 +0200] "GET /shop/goods/orthographer143692469381.phtml HTTP/1.1" 301 - "-" "Mozilla/5.0 AppleWebKit/537.36 (KHTML, like Gecko; compatible; ClaudeBot/1.0; +claudebot@anthropic.com)"
216.73.216.163 - - [21/Mar/2026:14:39:49 +0200] "GET /shop/goods/orthographer143692469381.phtml/ HTTP/1.1" 200 150752 "https://www.drspos.com/shop/goods/orthographer143692469381.phtml" "Mozilla/5.0 AppleWebKit/537.36 (KHTML, like Gecko; compatible; ClaudeBot/1.0; +claudebot@anthropic.com)"
74.7.227.61 - - [21/Mar/2026:14:39:50 +0200] "GET /?p=39921 HTTP/1.1" 200 93226 "https://drspos.com/?p=39919" "Mozilla/5.0 AppleWebKit/537.36 (KHTML, like Gecko; compatible; GPTBot/1.3; +https://openai.com/gptbot)"
74.7.227.61 - - [21/Mar/2026:14:39:58 +0200] "GET /?p=46970 HTTP/1.1" 200 95362 "https://drspos.com/?p=46972" "Mozilla/5.0 AppleWebKit/537.36 (KHTML, like Gecko; compatible; GPTBot/1.3; +https://openai.com/gptbot)"
74.7.227.61 - - [21/Mar/2026:14:40:01 +0200] "GET /?p=35541 HTTP/1.1" 200 91187 "https://drspos.com/?p=35543" "Mozilla/5.0 AppleWebKit/537.36 (KHTML, like Gecko; compatible; GPTBot/1.3; +https://openai.com/gptbot)"
216.73.216.163 - - [21/Mar/2026:14:40:04 +0200] "GET /shop/goods/snakehead143966338845.phtml HTTP/1.1" 301 - "-" "Mozilla/5.0 AppleWebKit/537.36 (KHTML, like Gecko; compatible; ClaudeBot/1.0; +claudebot@anthropic.com)"
74.7.227.61 - - [21/Mar/2026:14:40:04 +0200] "GET /?p=31183 HTTP/1.1" 200 95289 "https://drspos.com/?p=31185" "Mozilla/5.0 AppleWebKit/537.36 (KHTML, like Gecko; compatible; GPTBot/1.3; +https://openai.com/gptbot)"
216.73.216.163 - - [21/Mar/2026:14:40:07 +0200] "GET /shop/goods/snakehead143966338845.phtml/ HTTP/1.1" 200 150752 "https://www.drspos.com/shop/goods/snakehead143966338845.phtml" "Mozilla/5.0 AppleWebKit/537.36 (KHTML, like Gecko; compatible; ClaudeBot/1.0; +claudebot@anthropic.com)"
74.7.227.61 - - [21/Mar/2026:14:40:08 +0200] "GET /shop/goods/centenary172511134455.phtml HTTP/1.1" 301 - "https://drspos.com/%3C![CDATA[https:/eminencegroup.net.au/post-sitemap9.xml]]%3E" "Mozilla/5.0 AppleWebKit/537.36 (KHTML, like Gecko; compatible; GPTBot/1.3; +https://openai.com/gptbot)"
74.7.227.61 - - [21/Mar/2026:14:40:10 +0200] "GET /shop/goods/centenary172511134455.phtml/ HTTP/1.1" 200 150752 "https://drspos.com/shop/goods/centenary172511134455.phtml" "Mozilla/5.0 AppleWebKit/537.36 (KHTML, like Gecko; compatible; GPTBot/1.3; +https://openai.com/gptbot)"
74.7.227.61 - - [21/Mar/2026:14:40:13 +0200] "GET /shop/goods/crystallographical174113163737.phtml HTTP/1.1" 301 - "https://drspos.com/%3C![CDATA[https:/eminencegroup.net.au/post-sitemap9.xml]]%3E" "Mozilla/5.0 AppleWebKit/537.36 (KHTML, like Gecko; compatible; GPTBot/1.3; +https://openai.com/gptbot)"
74.7.227.61 - - [21/Mar/2026:14:40:15 +0200] "GET /shop/goods/crystallographical174113163737.phtml/ HTTP/1.1" 200 150752 "https://drspos.com/shop/goods/crystallographical174113163737.phtml" "Mozilla/5.0 AppleWebKit/537.36 (KHTML, like Gecko; compatible; GPTBot/1.3; +https://openai.com/gptbot)"
74.7.227.61 - - [21/Mar/2026:14:40:20 +0200] "GET /?p=47984 HTTP/1.1" 200 91092 "https://drspos.com/?p=47982" "Mozilla/5.0 AppleWebKit/537.36 (KHTML, like Gecko; compatible; GPTBot/1.3; +https://openai.com/gptbot)"
74.7.227.61 - - [21/Mar/2026:14:40:23 +0200] "GET /?p=43930 HTTP/1.1" 200 91104 "https://drspos.com/?p=43928" "Mozilla/5.0 AppleWebKit/537.36 (KHTML, like Gecko; compatible; GPTBot/1.3; +https://openai.com/gptbot)"
74.7.227.61 - - [21/Mar/2026:14:40:26 +0200] "GET /musicarelajante.es HTTP/1.1" 301 - "https://drspos.com/?p=11509" "Mozilla/5.0 AppleWebKit/537.36 (KHTML, like Gecko; compatible; GPTBot/1.3; +https://openai.com/gptbot)"
216.73.216.163 - - [21/Mar/2026:14:40:28 +0200] "GET /shop/goods/tercentenary14909314169.phtml HTTP/1.1" 301 - "-" "Mozilla/5.0 AppleWebKit/537.36 (KHTML, like Gecko; compatible; ClaudeBot/1.0; +claudebot@anthropic.com)"
74.7.227.61 - - [21/Mar/2026:14:40:29 +0200] "GET /musicarelajante.es/ HTTP/1.1" 200 150752 "https://drspos.com/musicarelajante.es" "Mozilla/5.0 AppleWebKit/537.36 (KHTML, like Gecko; compatible; GPTBot/1.3; +https://openai.com/gptbot)"
216.73.216.163 - - [21/Mar/2026:14:40:31 +0200] "GET /shop/goods/tercentenary14909314169.phtml/ HTTP/1.1" 200 150752 "https://www.drspos.com/shop/goods/tercentenary14909314169.phtml" "Mozilla/5.0 AppleWebKit/537.36 (KHTML, like Gecko; compatible; ClaudeBot/1.0; +claudebot@anthropic.com)"
74.7.227.61 - - [21/Mar/2026:14:40:32 +0200] "GET /shop/goods/particularistic171268768770.phtml HTTP/1.1" 301 - "https://drspos.com/%3C![CDATA[https:/eminencegroup.net.au/post-sitemap9.xml]]%3E" "Mozilla/5.0 AppleWebKit/537.36 (KHTML, like Gecko; compatible; GPTBot/1.3; +https://openai.com/gptbot)"
216.73.216.163 - - [21/Mar/2026:14:40:34 +0200] "GET /shop/goods/bogwood123006661327.phtml HTTP/1.1" 301 - "-" "Mozilla/5.0 AppleWebKit/537.36 (KHTML, like Gecko; compatible; ClaudeBot/1.0; +claudebot@anthropic.com)"
74.7.227.61 - - [21/Mar/2026:14:40:34 +0200] "GET /shop/goods/particularistic171268768770.phtml/ HTTP/1.1" 200 150752 "https://drspos.com/shop/goods/particularistic171268768770.phtml" "Mozilla/5.0 AppleWebKit/537.36 (KHTML, like Gecko; compatible; GPTBot/1.3; +https://openai.com/gptbot)"
74.7.227.61 - - [21/Mar/2026:14:40:37 +0200] "GET /shop/goods/parallelogrammatic172002390513.phtml HTTP/1.1" 301 - "https://drspos.com/%3C![CDATA[https:/eminencegroup.net.au/post-sitemap9.xml]]%3E" "Mozilla/5.0 AppleWebKit/537.36 (KHTML, like Gecko; compatible; GPTBot/1.3; +https://openai.com/gptbot)"
216.73.216.163 - - [21/Mar/2026:14:40:37 +0200] "GET /shop/goods/bogwood123006661327.phtml/ HTTP/1.1" 200 150752 "https://drspos.com/shop/goods/bogwood123006661327.phtml" "Mozilla/5.0 AppleWebKit/537.36 (KHTML, like Gecko; compatible; ClaudeBot/1.0; +claudebot@anthropic.com)"
74.7.227.61 - - [21/Mar/2026:14:40:39 +0200] "GET /shop/goods/parallelogrammatic172002390513.phtml/ HTTP/1.1" 200 150752 "https://drspos.com/shop/goods/parallelogrammatic172002390513.phtml" "Mozilla/5.0 AppleWebKit/537.36 (KHTML, like Gecko; compatible; GPTBot/1.3; +https://openai.com/gptbot)"
74.7.227.61 - - [21/Mar/2026:14:40:42 +0200] "GET /shop/goods/philosophize173213473472.phtml HTTP/1.1" 301 - "https://drspos.com/%3C![CDATA[https:/eminencegroup.net.au/post-sitemap9.xml]]%3E" "Mozilla/5.0 AppleWebKit/537.36 (KHTML, like Gecko; compatible; GPTBot/1.3; +https://openai.com/gptbot)"
74.7.227.61 - - [21/Mar/2026:14:40:44 +0200] "GET /shop/goods/philosophize173213473472.phtml/ HTTP/1.1" 200 150752 "https://drspos.com/shop/goods/philosophize173213473472.phtml" "Mozilla/5.0 AppleWebKit/537.36 (KHTML, like Gecko; compatible; GPTBot/1.3; +https://openai.com/gptbot)"
74.7.227.61 - - [21/Mar/2026:14:40:47 +0200] "GET /?p=39923 HTTP/1.1" 200 93739 "https://drspos.com/?p=39921" "Mozilla/5.0 AppleWebKit/537.36 (KHTML, like Gecko; compatible; GPTBot/1.3; +https://openai.com/gptbot)"
74.7.227.61 - - [21/Mar/2026:14:40:51 +0200] "GET /?p=35417 HTTP/1.1" 200 91544 "https://drspos.com/?p=35415" "Mozilla/5.0 AppleWebKit/537.36 (KHTML, like Gecko; compatible; GPTBot/1.3; +https://openai.com/gptbot)"
74.7.227.61 - - [21/Mar/2026:14:40:54 +0200] "GET /?p=53182 HTTP/1.1" 200 98662 "https://drspos.com/?p=53184" "Mozilla/5.0 AppleWebKit/537.36 (KHTML, like Gecko; compatible; GPTBot/1.3; +https://openai.com/gptbot)"
74.7.227.61 - - [21/Mar/2026:14:40:57 +0200] "GET /?p=46968 HTTP/1.1" 200 95768 "https://drspos.com/?p=46970" "Mozilla/5.0 AppleWebKit/537.36 (KHTML, like Gecko; compatible; GPTBot/1.3; +https://openai.com/gptbot)"
216.73.216.163 - - [21/Mar/2026:14:40:58 +0200] "GET /shop/goods/milkmaid142140521739.phtml HTTP/1.1" 301 - "-" "Mozilla/5.0 AppleWebKit/537.36 (KHTML, like Gecko; compatible; ClaudeBot/1.0; +claudebot@anthropic.com)"
74.7.227.61 - - [21/Mar/2026:14:41:00 +0200] "GET /?p=40149 HTTP/1.1" 200 93754 "https://drspos.com/?p=40151" "Mozilla/5.0 AppleWebKit/537.36 (KHTML, like Gecko; compatible; GPTBot/1.3; +https://openai.com/gptbot)"
216.73.216.163 - - [21/Mar/2026:14:41:01 +0200] "GET /shop/goods/milkmaid142140521739.phtml/ HTTP/1.1" 200 150752 "https://drspos.com/shop/goods/milkmaid142140521739.phtml" "Mozilla/5.0 AppleWebKit/537.36 (KHTML, like Gecko; compatible; ClaudeBot/1.0; +claudebot@anthropic.com)"
52.167.144.209 - - [21/Mar/2026:14:41:04 +0200] "GET /shop/goods/catechu151490302749.phtml HTTP/1.1" 200 209506 "-" "Mozilla/5.0 AppleWebKit/537.36 (KHTML, like Gecko; compatible; bingbot/2.0; +http://www.bing.com/bingbot.htm) Chrome/116.0.1938.76 Safari/537.36"
74.7.227.61 - - [21/Mar/2026:14:41:03 +0200] "GET /?p=35539 HTTP/1.1" 200 96994 "https://drspos.com/?p=35541" "Mozilla/5.0 AppleWebKit/537.36 (KHTML, like Gecko; compatible; GPTBot/1.3; +https://openai.com/gptbot)"
74.7.227.61 - - [21/Mar/2026:14:41:06 +0200] "GET /?p=43932 HTTP/1.1" 200 103290 "https://drspos.com/?p=43930" "Mozilla/5.0 AppleWebKit/537.36 (KHTML, like Gecko; compatible; GPTBot/1.3; +https://openai.com/gptbot)"
216.73.216.163 - - [21/Mar/2026:14:41:06 +0200] "GET /shop/goods/ophiurid121883301758.phtml HTTP/1.1" 301 - "-" "Mozilla/5.0 AppleWebKit/537.36 (KHTML, like Gecko; compatible; ClaudeBot/1.0; +claudebot@anthropic.com)"
216.73.216.163 - - [21/Mar/2026:14:41:09 +0200] "GET /shop/goods/ophiurid121883301758.phtml/ HTTP/1.1" 200 150752 "https://drspos.com/shop/goods/ophiurid121883301758.phtml" "Mozilla/5.0 AppleWebKit/537.36 (KHTML, like Gecko; compatible; ClaudeBot/1.0; +claudebot@anthropic.com)"
74.7.227.61 - - [21/Mar/2026:14:41:09 +0200] "GET /?p=47988 HTTP/1.1" 200 94585 "https://drspos.com/?p=47984" "Mozilla/5.0 AppleWebKit/537.36 (KHTML, like Gecko; compatible; GPTBot/1.3; +https://openai.com/gptbot)"
74.7.227.61 - - [21/Mar/2026:14:41:12 +0200] "GET /index.php?rest_route=/wp/v2/posts/47988 HTTP/1.1" 200 10562 "https://drspos.com/?p=47988" "Mozilla/5.0 AppleWebKit/537.36 (KHTML, like Gecko; compatible; GPTBot/1.3; +https://openai.com/gptbot)"
74.7.227.61 - - [21/Mar/2026:14:41:16 +0200] "GET /wp-content/uploads/essential-addons-elementor/eael-47.css?ver=1773943351 HTTP/1.1" 200 16146 "https://drspos.com/?p=47988" "Mozilla/5.0 AppleWebKit/537.36 (KHTML, like Gecko; compatible; GPTBot/1.3; +https://openai.com/gptbot)"
74.7.227.61 - - [21/Mar/2026:14:41:19 +0200] "GET /?feed=rss2&p=47988 HTTP/1.1" 200 798 "https://drspos.com/?p=47988" "Mozilla/5.0 AppleWebKit/537.36 (KHTML, like Gecko; compatible; GPTBot/1.3; +https://openai.com/gptbot)"
74.7.227.61 - - [21/Mar/2026:14:41:23 +0200] "GET /index.php?format=xml&rest_route=%2Foembed%2F1.0%2Fembed&url=https%3A%2F%2Fdrspos.com%2F%3Fp%3D47988 HTTP/1.1" 200 2442 "https://drspos.com/?p=47988" "Mozilla/5.0 AppleWebKit/537.36 (KHTML, like Gecko; compatible; GPTBot/1.3; +https://openai.com/gptbot)"
74.7.227.61 - - [21/Mar/2026:14:41:26 +0200] "GET /wp-content/uploads/essential-addons-elementor/eael-47.js?ver=1773943351 HTTP/1.1" 200 1328 "https://drspos.com/?p=47988" "Mozilla/5.0 AppleWebKit/537.36 (KHTML, like Gecko; compatible; GPTBot/1.3; +https://openai.com/gptbot)"
74.7.227.61 - - [21/Mar/2026:14:41:29 +0200] "GET /index.php?rest_route=%2Foembed%2F1.0%2Fembed&url=https%3A%2F%2Fdrspos.com%2F%3Fp%3D47988 HTTP/1.1" 200 2286 "https://drspos.com/?p=47988" "Mozilla/5.0 AppleWebKit/537.36 (KHTML, like Gecko; compatible; GPTBot/1.3; +https://openai.com/gptbot)"
216.73.216.163 - - [21/Mar/2026:14:41:31 +0200] "GET /shop/goods/dismounted122478991521.phtml HTTP/1.1" 301 - "-" "Mozilla/5.0 AppleWebKit/537.36 (KHTML, like Gecko; compatible; ClaudeBot/1.0; +claudebot@anthropic.com)"
74.7.227.61 - - [21/Mar/2026:14:41:32 +0200] "GET /?p=31181 HTTP/1.1" 200 92082 "https://drspos.com/?p=31183" "Mozilla/5.0 AppleWebKit/537.36 (KHTML, like Gecko; compatible; GPTBot/1.3; +https://openai.com/gptbot)"
216.73.216.163 - - [21/Mar/2026:14:41:33 +0200] "GET /shop/goods/dismounted122478991521.phtml/ HTTP/1.1" 200 150752 "https://drspos.com/shop/goods/dismounted122478991521.phtml" "Mozilla/5.0 AppleWebKit/537.36 (KHTML, like Gecko; compatible; ClaudeBot/1.0; +claudebot@anthropic.com)"
