74.7.227.61 - - [21/Mar/2026:14:41:35 +0200] "GET /shop/goods/nononsense173360369891.phtml HTTP/1.1" 301 - "https://drspos.com/%3C![CDATA[https:/eminencegroup.net.au/post-sitemap9.xml]]%3E" "Mozilla/5.0 AppleWebKit/537.36 (KHTML, like Gecko; compatible; GPTBot/1.3; +https://openai.com/gptbot)"
74.7.227.61 - - [21/Mar/2026:14:41:38 +0200] "GET /shop/goods/nononsense173360369891.phtml/ HTTP/1.1" 200 150752 "https://drspos.com/shop/goods/nononsense173360369891.phtml" "Mozilla/5.0 AppleWebKit/537.36 (KHTML, like Gecko; compatible; GPTBot/1.3; +https://openai.com/gptbot)"
216.73.216.163 - - [21/Mar/2026:14:41:38 +0200] "GET /shop/goods/undivided12499954106.phtml HTTP/1.1" 301 - "-" "Mozilla/5.0 AppleWebKit/537.36 (KHTML, like Gecko; compatible; ClaudeBot/1.0; +claudebot@anthropic.com)"
216.73.216.163 - - [21/Mar/2026:14:41:41 +0200] "GET /shop/goods/undivided12499954106.phtml/ HTTP/1.1" 200 150752 "https://www.drspos.com/shop/goods/undivided12499954106.phtml" "Mozilla/5.0 AppleWebKit/537.36 (KHTML, like Gecko; compatible; ClaudeBot/1.0; +claudebot@anthropic.com)"
74.7.227.61 - - [21/Mar/2026:14:41:51 +0200] "GET /?p=39925 HTTP/1.1" 200 94144 "https://drspos.com/?p=39923" "Mozilla/5.0 AppleWebKit/537.36 (KHTML, like Gecko; compatible; GPTBot/1.3; +https://openai.com/gptbot)"
74.7.227.61 - - [21/Mar/2026:14:41:59 +0200] "GET /shop/goods/quadragene172226341844.phtml HTTP/1.1" 301 - "https://drspos.com/%3C![CDATA[https:/eminencegroup.net.au/post-sitemap9.xml]]%3E" "Mozilla/5.0 AppleWebKit/537.36 (KHTML, like Gecko; compatible; GPTBot/1.3; +https://openai.com/gptbot)"
74.7.227.61 - - [21/Mar/2026:14:42:01 +0200] "GET /shop/goods/quadragene172226341844.phtml/ HTTP/1.1" 200 150752 "https://drspos.com/shop/goods/quadragene172226341844.phtml" "Mozilla/5.0 AppleWebKit/537.36 (KHTML, like Gecko; compatible; GPTBot/1.3; +https://openai.com/gptbot)"
216.73.216.163 - - [21/Mar/2026:14:42:04 +0200] "GET /shop/goods/creepy13629077342.phtml HTTP/1.1" 301 - "-" "Mozilla/5.0 AppleWebKit/537.36 (KHTML, like Gecko; compatible; ClaudeBot/1.0; +claudebot@anthropic.com)"
74.7.227.61 - - [21/Mar/2026:14:42:04 +0200] "GET /?p=35419 HTTP/1.1" 200 96490 "https://drspos.com/?p=35417" "Mozilla/5.0 AppleWebKit/537.36 (KHTML, like Gecko; compatible; GPTBot/1.3; +https://openai.com/gptbot)"
216.73.216.163 - - [21/Mar/2026:14:42:06 +0200] "GET /shop/goods/creepy13629077342.phtml/ HTTP/1.1" 200 150752 "https://www.drspos.com/shop/goods/creepy13629077342.phtml" "Mozilla/5.0 AppleWebKit/537.36 (KHTML, like Gecko; compatible; ClaudeBot/1.0; +claudebot@anthropic.com)"
74.7.227.61 - - [21/Mar/2026:14:42:07 +0200] "GET /?p=53180 HTTP/1.1" 200 96490 "https://drspos.com/?p=53182" "Mozilla/5.0 AppleWebKit/537.36 (KHTML, like Gecko; compatible; GPTBot/1.3; +https://openai.com/gptbot)"
74.7.227.61 - - [21/Mar/2026:14:42:10 +0200] "GET /?p=46966 HTTP/1.1" 200 94323 "https://drspos.com/?p=46968" "Mozilla/5.0 AppleWebKit/537.36 (KHTML, like Gecko; compatible; GPTBot/1.3; +https://openai.com/gptbot)"
74.7.227.61 - - [21/Mar/2026:14:42:13 +0200] "GET /?p=40147 HTTP/1.1" 200 92707 "https://drspos.com/?p=40149" "Mozilla/5.0 AppleWebKit/537.36 (KHTML, like Gecko; compatible; GPTBot/1.3; +https://openai.com/gptbot)"
74.7.227.61 - - [21/Mar/2026:14:42:16 +0200] "GET /?p=35537 HTTP/1.1" 200 92103 "https://drspos.com/?p=35539" "Mozilla/5.0 AppleWebKit/537.36 (KHTML, like Gecko; compatible; GPTBot/1.3; +https://openai.com/gptbot)"
74.7.227.61 - - [21/Mar/2026:14:42:20 +0200] "GET /?p=43934 HTTP/1.1" 200 92949 "https://drspos.com/?p=43932" "Mozilla/5.0 AppleWebKit/537.36 (KHTML, like Gecko; compatible; GPTBot/1.3; +https://openai.com/gptbot)"
74.7.227.61 - - [21/Mar/2026:14:42:23 +0200] "GET /?p=47989 HTTP/1.1" 200 92014 "https://drspos.com/?p=47988" "Mozilla/5.0 AppleWebKit/537.36 (KHTML, like Gecko; compatible; GPTBot/1.3; +https://openai.com/gptbot)"
74.7.227.61 - - [21/Mar/2026:14:42:26 +0200] "GET /shop/goods/reparteeing17416111221.phtml HTTP/1.1" 301 - "https://drspos.com/%3C![CDATA[https:/eminencegroup.net.au/post-sitemap9.xml]]%3E" "Mozilla/5.0 AppleWebKit/537.36 (KHTML, like Gecko; compatible; GPTBot/1.3; +https://openai.com/gptbot)"
216.73.216.163 - - [21/Mar/2026:14:42:28 +0200] "GET /shop/goods/damper121143144477.phtml HTTP/1.1" 301 - "-" "Mozilla/5.0 AppleWebKit/537.36 (KHTML, like Gecko; compatible; ClaudeBot/1.0; +claudebot@anthropic.com)"
74.7.227.61 - - [21/Mar/2026:14:42:28 +0200] "GET /shop/goods/reparteeing17416111221.phtml/ HTTP/1.1" 200 150752 "https://drspos.com/shop/goods/reparteeing17416111221.phtml" "Mozilla/5.0 AppleWebKit/537.36 (KHTML, like Gecko; compatible; GPTBot/1.3; +https://openai.com/gptbot)"
216.73.216.163 - - [21/Mar/2026:14:42:31 +0200] "GET /shop/goods/damper121143144477.phtml/ HTTP/1.1" 200 150752 "https://www.drspos.com/shop/goods/damper121143144477.phtml" "Mozilla/5.0 AppleWebKit/537.36 (KHTML, like Gecko; compatible; ClaudeBot/1.0; +claudebot@anthropic.com)"
74.7.227.61 - - [21/Mar/2026:14:42:32 +0200] "GET /shop/goods/antiabortion1753097022.phtml HTTP/1.1" 301 - "https://drspos.com/%3C![CDATA[https:/eminencegroup.net.au/post-sitemap9.xml]]%3E" "Mozilla/5.0 AppleWebKit/537.36 (KHTML, like Gecko; compatible; GPTBot/1.3; +https://openai.com/gptbot)"
74.7.227.61 - - [21/Mar/2026:14:42:34 +0200] "GET /shop/goods/antiabortion1753097022.phtml/ HTTP/1.1" 200 150752 "https://drspos.com/shop/goods/antiabortion1753097022.phtml" "Mozilla/5.0 AppleWebKit/537.36 (KHTML, like Gecko; compatible; GPTBot/1.3; +https://openai.com/gptbot)"
216.73.216.163 - - [21/Mar/2026:14:42:36 +0200] "GET /shop/goods/satinet12331703029.phtml HTTP/1.1" 301 - "-" "Mozilla/5.0 AppleWebKit/537.36 (KHTML, like Gecko; compatible; ClaudeBot/1.0; +claudebot@anthropic.com)"
74.7.227.61 - - [21/Mar/2026:14:42:37 +0200] "GET /shop/goods/rationalization173692751722.phtml HTTP/1.1" 301 - "https://drspos.com/%3C![CDATA[https:/eminencegroup.net.au/post-sitemap9.xml]]%3E" "Mozilla/5.0 AppleWebKit/537.36 (KHTML, like Gecko; compatible; GPTBot/1.3; +https://openai.com/gptbot)"
216.73.216.163 - - [21/Mar/2026:14:42:39 +0200] "GET /shop/goods/satinet12331703029.phtml/ HTTP/1.1" 200 150752 "https://www.drspos.com/shop/goods/satinet12331703029.phtml" "Mozilla/5.0 AppleWebKit/537.36 (KHTML, like Gecko; compatible; ClaudeBot/1.0; +claudebot@anthropic.com)"
74.7.227.61 - - [21/Mar/2026:14:42:39 +0200] "GET /shop/goods/rationalization173692751722.phtml/ HTTP/1.1" 200 150752 "https://drspos.com/shop/goods/rationalization173692751722.phtml" "Mozilla/5.0 AppleWebKit/537.36 (KHTML, like Gecko; compatible; GPTBot/1.3; +https://openai.com/gptbot)"
74.7.227.61 - - [21/Mar/2026:14:42:42 +0200] "GET /DE HTTP/1.1" 301 - "https://drspos.com/?p=33339" "Mozilla/5.0 AppleWebKit/537.36 (KHTML, like Gecko; compatible; GPTBot/1.3; +https://openai.com/gptbot)"
74.7.227.61 - - [21/Mar/2026:14:42:44 +0200] "GET /DE/ HTTP/1.1" 200 150752 "https://drspos.com/DE" "Mozilla/5.0 AppleWebKit/537.36 (KHTML, like Gecko; compatible; GPTBot/1.3; +https://openai.com/gptbot)"
74.7.227.61 - - [21/Mar/2026:14:42:47 +0200] "GET /?p=35421 HTTP/1.1" 200 91369 "https://drspos.com/?p=35419" "Mozilla/5.0 AppleWebKit/537.36 (KHTML, like Gecko; compatible; GPTBot/1.3; +https://openai.com/gptbot)"
207.46.13.92 - - [21/Mar/2026:14:42:49 +0200] "GET /shop/goods/unrivet153552882400.phtml HTTP/1.1" 200 206573 "-" "Mozilla/5.0 AppleWebKit/537.36 (KHTML, like Gecko; compatible; bingbot/2.0; +http://www.bing.com/bingbot.htm) Chrome/116.0.1938.76 Safari/537.36"
74.7.227.61 - - [21/Mar/2026:14:42:50 +0200] "GET /?p=53178 HTTP/1.1" 200 98140 "https://drspos.com/?p=53180" "Mozilla/5.0 AppleWebKit/537.36 (KHTML, like Gecko; compatible; GPTBot/1.3; +https://openai.com/gptbot)"
74.7.227.61 - - [21/Mar/2026:14:42:53 +0200] "GET /?p=46964 HTTP/1.1" 200 93181 "https://drspos.com/?p=46966" "Mozilla/5.0 AppleWebKit/537.36 (KHTML, like Gecko; compatible; GPTBot/1.3; +https://openai.com/gptbot)"
52.167.144.209 - - [21/Mar/2026:14:42:58 +0200] "GET /shop/goods/dejectory15512892032.phtml HTTP/1.1" 200 203535 "-" "Mozilla/5.0 AppleWebKit/537.36 (KHTML, like Gecko; compatible; bingbot/2.0; +http://www.bing.com/bingbot.htm) Chrome/116.0.1938.76 Safari/537.36"
74.7.227.61 - - [21/Mar/2026:14:42:57 +0200] "GET /?p=39927 HTTP/1.1" 200 92929 "https://drspos.com/?p=39925" "Mozilla/5.0 AppleWebKit/537.36 (KHTML, like Gecko; compatible; GPTBot/1.3; +https://openai.com/gptbot)"
52.167.144.209 - - [21/Mar/2026:14:42:59 +0200] "GET /shop/goods/raptores15592337121.phtml HTTP/1.1" 200 199499 "-" "Mozilla/5.0 AppleWebKit/537.36 (KHTML, like Gecko; compatible; bingbot/2.0; +http://www.bing.com/bingbot.htm) Chrome/116.0.1938.76 Safari/537.36"
74.7.227.61 - - [21/Mar/2026:14:43:00 +0200] "GET /?p=40145 HTTP/1.1" 200 93131 "https://drspos.com/?p=40147" "Mozilla/5.0 AppleWebKit/537.36 (KHTML, like Gecko; compatible; GPTBot/1.3; +https://openai.com/gptbot)"
216.73.216.163 - - [21/Mar/2026:14:43:00 +0200] "GET /shop/goods/symbiotic133127862757.phtml HTTP/1.1" 301 - "-" "Mozilla/5.0 AppleWebKit/537.36 (KHTML, like Gecko; compatible; ClaudeBot/1.0; +claudebot@anthropic.com)"
52.167.144.209 - - [21/Mar/2026:14:43:03 +0200] "GET /shop/goods/gorgerin15846086221.phtml HTTP/1.1" 200 212211 "-" "Mozilla/5.0 AppleWebKit/537.36 (KHTML, like Gecko; compatible; bingbot/2.0; +http://www.bing.com/bingbot.htm) Chrome/116.0.1938.76 Safari/537.36"
52.167.144.217 - - [21/Mar/2026:14:43:04 +0200] "GET /shop/goods/sanguinis10284609346.phtml HTTP/1.1" 200 210292 "-" "Mozilla/5.0 AppleWebKit/537.36 (KHTML, like Gecko; compatible; bingbot/2.0; +http://www.bing.com/bingbot.htm) Chrome/116.0.1938.76 Safari/537.36"
74.7.227.61 - - [21/Mar/2026:14:43:03 +0200] "GET /?p=31179 HTTP/1.1" 200 95107 "https://drspos.com/?p=31181" "Mozilla/5.0 AppleWebKit/537.36 (KHTML, like Gecko; compatible; GPTBot/1.3; +https://openai.com/gptbot)"
216.73.216.163 - - [21/Mar/2026:14:43:03 +0200] "GET /shop/goods/symbiotic133127862757.phtml/ HTTP/1.1" 200 150752 "https://drspos.com/shop/goods/symbiotic133127862757.phtml" "Mozilla/5.0 AppleWebKit/537.36 (KHTML, like Gecko; compatible; ClaudeBot/1.0; +claudebot@anthropic.com)"
207.46.13.92 - - [21/Mar/2026:14:43:07 +0200] "GET /shop/goods/numerate151650186453.phtml HTTP/1.1" 200 211374 "-" "Mozilla/5.0 AppleWebKit/537.36 (KHTML, like Gecko; compatible; bingbot/2.0; +http://www.bing.com/bingbot.htm) Chrome/116.0.1938.76 Safari/537.36"
74.7.227.61 - - [21/Mar/2026:14:43:06 +0200] "GET /?p=47991 HTTP/1.1" 200 91388 "https://drspos.com/?p=47989" "Mozilla/5.0 AppleWebKit/537.36 (KHTML, like Gecko; compatible; GPTBot/1.3; +https://openai.com/gptbot)"
74.7.227.61 - - [21/Mar/2026:14:43:09 +0200] "GET /?p=43936 HTTP/1.1" 200 96350 "https://drspos.com/?p=43934" "Mozilla/5.0 AppleWebKit/537.36 (KHTML, like Gecko; compatible; GPTBot/1.3; +https://openai.com/gptbot)"
74.7.227.61 - - [21/Mar/2026:14:43:21 +0200] "GET /?p=35535 HTTP/1.1" 200 91224 "https://drspos.com/?p=35537" "Mozilla/5.0 AppleWebKit/537.36 (KHTML, like Gecko; compatible; GPTBot/1.3; +https://openai.com/gptbot)"
216.73.216.163 - - [21/Mar/2026:14:43:24 +0200] "GET /shop/goods/asymmetric124098932313.phtml HTTP/1.1" 301 - "-" "Mozilla/5.0 AppleWebKit/537.36 (KHTML, like Gecko; compatible; ClaudeBot/1.0; +claudebot@anthropic.com)"
216.73.216.163 - - [21/Mar/2026:14:43:27 +0200] "GET /shop/goods/asymmetric124098932313.phtml/ HTTP/1.1" 200 150752 "https://drspos.com/shop/goods/asymmetric124098932313.phtml" "Mozilla/5.0 AppleWebKit/537.36 (KHTML, like Gecko; compatible; ClaudeBot/1.0; +claudebot@anthropic.com)"
74.7.227.61 - - [21/Mar/2026:14:43:32 +0200] "GET /wp-content/uploads/essential-addons-elementor/eael-47.css?ver=1773721358 HTTP/1.1" 200 16146 "https://drspos.com/?p=35537" "Mozilla/5.0 AppleWebKit/537.36 (KHTML, like Gecko; compatible; GPTBot/1.3; +https://openai.com/gptbot)"
216.73.216.163 - - [21/Mar/2026:14:43:32 +0200] "GET /shop/goods/heraldic13609794164.phtml HTTP/1.1" 301 - "-" "Mozilla/5.0 AppleWebKit/537.36 (KHTML, like Gecko; compatible; ClaudeBot/1.0; +claudebot@anthropic.com)"
74.7.227.61 - - [21/Mar/2026:14:43:34 +0200] "GET /shop/goods/bawdyhouse171942247012.phtml HTTP/1.1" 301 - "https://drspos.com/%3C![CDATA[https:/eminencegroup.net.au/post-sitemap9.xml]]%3E" "Mozilla/5.0 AppleWebKit/537.36 (KHTML, like Gecko; compatible; GPTBot/1.3; +https://openai.com/gptbot)"
216.73.216.163 - - [21/Mar/2026:14:43:34 +0200] "GET /shop/goods/heraldic13609794164.phtml/ HTTP/1.1" 200 150752 "https://www.drspos.com/shop/goods/heraldic13609794164.phtml" "Mozilla/5.0 AppleWebKit/537.36 (KHTML, like Gecko; compatible; ClaudeBot/1.0; +claudebot@anthropic.com)"
74.7.227.61 - - [21/Mar/2026:14:43:37 +0200] "GET /shop/goods/bawdyhouse171942247012.phtml/ HTTP/1.1" 200 150752 "https://drspos.com/shop/goods/bawdyhouse171942247012.phtml" "Mozilla/5.0 AppleWebKit/537.36 (KHTML, like Gecko; compatible; GPTBot/1.3; +https://openai.com/gptbot)"
74.7.227.61 - - [21/Mar/2026:14:43:40 +0200] "GET /?p=35423 HTTP/1.1" 200 96522 "https://drspos.com/?p=35421" "Mozilla/5.0 AppleWebKit/537.36 (KHTML, like Gecko; compatible; GPTBot/1.3; +https://openai.com/gptbot)"
74.7.227.61 - - [21/Mar/2026:14:43:43 +0200] "GET /?p=53176 HTTP/1.1" 200 93245 "https://drspos.com/?p=53178" "Mozilla/5.0 AppleWebKit/537.36 (KHTML, like Gecko; compatible; GPTBot/1.3; +https://openai.com/gptbot)"
74.7.227.61 - - [21/Mar/2026:14:43:46 +0200] "GET /?p=46962 HTTP/1.1" 200 90966 "https://drspos.com/?p=46964" "Mozilla/5.0 AppleWebKit/537.36 (KHTML, like Gecko; compatible; GPTBot/1.3; +https://openai.com/gptbot)"
74.7.227.61 - - [21/Mar/2026:14:43:50 +0200] "GET /?p=39929 HTTP/1.1" 200 93063 "https://drspos.com/?p=39927" "Mozilla/5.0 AppleWebKit/537.36 (KHTML, like Gecko; compatible; GPTBot/1.3; +https://openai.com/gptbot)"
216.73.216.163 - - [21/Mar/2026:14:43:56 +0200] "GET /shop/goods/vinquish163563525074.phtml HTTP/1.1" 301 - "-" "Mozilla/5.0 AppleWebKit/537.36 (KHTML, like Gecko; compatible; ClaudeBot/1.0; +claudebot@anthropic.com)"
216.73.216.163 - - [21/Mar/2026:14:43:59 +0200] "GET /shop/goods/vinquish163563525074.phtml/ HTTP/1.1" 200 150752 "https://www.drspos.com/shop/goods/vinquish163563525074.phtml" "Mozilla/5.0 AppleWebKit/537.36 (KHTML, like Gecko; compatible; ClaudeBot/1.0; +claudebot@anthropic.com)"
74.7.227.61 - - [21/Mar/2026:14:44:04 +0200] "GET /?p=40143 HTTP/1.1" 200 96600 "https://drspos.com/?p=40145" "Mozilla/5.0 AppleWebKit/537.36 (KHTML, like Gecko; compatible; GPTBot/1.3; +https://openai.com/gptbot)"
74.7.227.61 - - [21/Mar/2026:14:44:10 +0200] "GET /?p=31176 HTTP/1.1" 200 94407 "https://drspos.com/?p=31179" "Mozilla/5.0 AppleWebKit/537.36 (KHTML, like Gecko; compatible; GPTBot/1.3; +https://openai.com/gptbot)"
216.73.216.163 - - [21/Mar/2026:14:44:10 +0200] "GET /shop/goods/bidwellii121994450227.phtml HTTP/1.1" 301 - "-" "Mozilla/5.0 AppleWebKit/537.36 (KHTML, like Gecko; compatible; ClaudeBot/1.0; +claudebot@anthropic.com)"
74.7.227.61 - - [21/Mar/2026:14:44:13 +0200] "GET /shop/goods/gametocyte171486616024.phtml HTTP/1.1" 301 - "https://drspos.com/%3C![CDATA[https:/eminencegroup.net.au/post-sitemap9.xml]]%3E" "Mozilla/5.0 AppleWebKit/537.36 (KHTML, like Gecko; compatible; GPTBot/1.3; +https://openai.com/gptbot)"
216.73.216.163 - - [21/Mar/2026:14:44:13 +0200] "GET /shop/goods/bidwellii121994450227.phtml/ HTTP/1.1" 200 150752 "https://drspos.com/shop/goods/bidwellii121994450227.phtml" "Mozilla/5.0 AppleWebKit/537.36 (KHTML, like Gecko; compatible; ClaudeBot/1.0; +claudebot@anthropic.com)"
74.7.227.61 - - [21/Mar/2026:14:44:16 +0200] "GET /shop/goods/gametocyte171486616024.phtml/ HTTP/1.1" 200 150752 "https://drspos.com/shop/goods/gametocyte171486616024.phtml" "Mozilla/5.0 AppleWebKit/537.36 (KHTML, like Gecko; compatible; GPTBot/1.3; +https://openai.com/gptbot)"
74.7.227.61 - - [21/Mar/2026:14:44:18 +0200] "GET /shop/goods/monometric172601517391.phtml HTTP/1.1" 301 - "https://drspos.com/%3C![CDATA[https:/eminencegroup.net.au/post-sitemap9.xml]]%3E" "Mozilla/5.0 AppleWebKit/537.36 (KHTML, like Gecko; compatible; GPTBot/1.3; +https://openai.com/gptbot)"
45.140.207.203 - - [21/Mar/2026:14:44:17 +0200] "POST /xmlrpc.php HTTP/1.1" 200 180 "-" "WordPress/XMLRPC Client"
172.30.5.1 - - [21/Mar/2026:14:44:20 +0200] "POST /wp-cron.php?doing_wp_cron=1774097060.6443979740142822265625 HTTP/1.1" 200 - "-" "WordPress/6.9.4; https://drspos.com"
74.7.227.61 - - [21/Mar/2026:14:44:21 +0200] "GET /shop/goods/monometric172601517391.phtml/ HTTP/1.1" 200 150752 "https://drspos.com/shop/goods/monometric172601517391.phtml" "Mozilla/5.0 AppleWebKit/537.36 (KHTML, like Gecko; compatible; GPTBot/1.3; +https://openai.com/gptbot)"
45.140.207.203 - - [21/Mar/2026:14:44:22 +0200] "GET /?p=55714 HTTP/1.1" 200 95160 "-" "Mozilla/5.0 (Windows NT 10.0; Win64; x64) AppleWebKit/537.36 (KHTML, like Gecko) Chrome/120.0.0.0 Safari/537.36"
74.7.227.61 - - [21/Mar/2026:14:44:23 +0200] "GET /shop/goods/explorator173288112697.phtml HTTP/1.1" 301 - "https://drspos.com/%3C![CDATA[https:/eminencegroup.net.au/post-sitemap9.xml]]%3E" "Mozilla/5.0 AppleWebKit/537.36 (KHTML, like Gecko; compatible; GPTBot/1.3; +https://openai.com/gptbot)"
74.7.227.61 - - [21/Mar/2026:14:44:26 +0200] "GET /shop/goods/explorator173288112697.phtml/ HTTP/1.1" 200 150752 "https://drspos.com/shop/goods/explorator173288112697.phtml" "Mozilla/5.0 AppleWebKit/537.36 (KHTML, like Gecko; compatible; GPTBot/1.3; +https://openai.com/gptbot)"
74.7.227.61 - - [21/Mar/2026:14:44:29 +0200] "GET /?p=35533 HTTP/1.1" 200 91501 "https://drspos.com/?p=35535" "Mozilla/5.0 AppleWebKit/537.36 (KHTML, like Gecko; compatible; GPTBot/1.3; +https://openai.com/gptbot)"
74.7.227.61 - - [21/Mar/2026:14:44:32 +0200] "GET /?p=43938 HTTP/1.1" 200 92868 "https://drspos.com/?p=43936" "Mozilla/5.0 AppleWebKit/537.36 (KHTML, like Gecko; compatible; GPTBot/1.3; +https://openai.com/gptbot)"
216.73.216.163 - - [21/Mar/2026:14:44:34 +0200] "GET /shop/goods/domesticator1370140701.phtml HTTP/1.1" 301 - "-" "Mozilla/5.0 AppleWebKit/537.36 (KHTML, like Gecko; compatible; ClaudeBot/1.0; +claudebot@anthropic.com)"
74.7.227.61 - - [21/Mar/2026:14:44:35 +0200] "GET /?p=47994 HTTP/1.1" 200 93013 "https://drspos.com/?p=47991" "Mozilla/5.0 AppleWebKit/537.36 (KHTML, like Gecko; compatible; GPTBot/1.3; +https://openai.com/gptbot)"
216.73.216.163 - - [21/Mar/2026:14:44:37 +0200] "GET /shop/goods/domesticator1370140701.phtml/ HTTP/1.1" 200 150752 "https://drspos.com/shop/goods/domesticator1370140701.phtml" "Mozilla/5.0 AppleWebKit/537.36 (KHTML, like Gecko; compatible; ClaudeBot/1.0; +claudebot@anthropic.com)"
74.7.227.61 - - [21/Mar/2026:14:44:39 +0200] "GET /shop/goods/megapodius172804687086.phtml HTTP/1.1" 301 - "https://drspos.com/%3C![CDATA[https:/eminencegroup.net.au/post-sitemap9.xml]]%3E" "Mozilla/5.0 AppleWebKit/537.36 (KHTML, like Gecko; compatible; GPTBot/1.3; +https://openai.com/gptbot)"
74.7.227.61 - - [21/Mar/2026:14:44:41 +0200] "GET /shop/goods/megapodius172804687086.phtml/ HTTP/1.1" 200 150752 "https://drspos.com/shop/goods/megapodius172804687086.phtml" "Mozilla/5.0 AppleWebKit/537.36 (KHTML, like Gecko; compatible; GPTBot/1.3; +https://openai.com/gptbot)"
216.73.216.163 - - [21/Mar/2026:14:44:42 +0200] "GET /shop/goods/manic1385676507.phtml HTTP/1.1" 301 - "-" "Mozilla/5.0 AppleWebKit/537.36 (KHTML, like Gecko; compatible; ClaudeBot/1.0; +claudebot@anthropic.com)"
52.167.144.192 - - [21/Mar/2026:14:44:44 +0200] "GET /shop/goods/unbarricadoed151077374765.phtml HTTP/1.1" 200 219532 "-" "Mozilla/5.0 AppleWebKit/537.36 (KHTML, like Gecko; compatible; bingbot/2.0; +http://www.bing.com/bingbot.htm) Chrome/116.0.1938.76 Safari/537.36"
216.73.216.163 - - [21/Mar/2026:14:44:45 +0200] "GET /shop/goods/manic1385676507.phtml/ HTTP/1.1" 200 150752 "https://www.drspos.com/shop/goods/manic1385676507.phtml" "Mozilla/5.0 AppleWebKit/537.36 (KHTML, like Gecko; compatible; ClaudeBot/1.0; +claudebot@anthropic.com)"
74.7.227.61 - - [21/Mar/2026:14:44:59 +0200] "GET /?p=35425 HTTP/1.1" 200 91150 "https://drspos.com/?p=35423" "Mozilla/5.0 AppleWebKit/537.36 (KHTML, like Gecko; compatible; GPTBot/1.3; +https://openai.com/gptbot)"
216.73.216.163 - - [21/Mar/2026:14:45:06 +0200] "GET /shop/goods/phyllium133583099524.phtml HTTP/1.1" 301 - "-" "Mozilla/5.0 AppleWebKit/537.36 (KHTML, like Gecko; compatible; ClaudeBot/1.0; +claudebot@anthropic.com)"
216.73.216.163 - - [21/Mar/2026:14:45:09 +0200] "GET /shop/goods/phyllium133583099524.phtml/ HTTP/1.1" 200 150752 "https://www.drspos.com/shop/goods/phyllium133583099524.phtml" "Mozilla/5.0 AppleWebKit/537.36 (KHTML, like Gecko; compatible; ClaudeBot/1.0; +claudebot@anthropic.com)"
74.7.227.61 - - [21/Mar/2026:14:45:11 +0200] "GET /shop/goods/divestment173664056717.phtml HTTP/1.1" 301 - "https://drspos.com/%3C![CDATA[https:/eminencegroup.net.au/post-sitemap9.xml]]%3E" "Mozilla/5.0 AppleWebKit/537.36 (KHTML, like Gecko; compatible; GPTBot/1.3; +https://openai.com/gptbot)"
74.7.227.61 - - [21/Mar/2026:14:45:13 +0200] "GET /shop/goods/divestment173664056717.phtml/ HTTP/1.1" 200 150752 "https://drspos.com/shop/goods/divestment173664056717.phtml" "Mozilla/5.0 AppleWebKit/537.36 (KHTML, like Gecko; compatible; GPTBot/1.3; +https://openai.com/gptbot)"
216.73.216.163 - - [21/Mar/2026:14:45:15 +0200] "GET /shop/goods/herbist141509046014.phtml HTTP/1.1" 301 - "-" "Mozilla/5.0 AppleWebKit/537.36 (KHTML, like Gecko; compatible; ClaudeBot/1.0; +claudebot@anthropic.com)"
74.7.227.61 - - [21/Mar/2026:14:45:16 +0200] "GET /shop/goods/sullenness171006385267.phtml HTTP/1.1" 301 - "https://drspos.com/%3C![CDATA[https:/eminencegroup.net.au/post-sitemap9.xml]]%3E" "Mozilla/5.0 AppleWebKit/537.36 (KHTML, like Gecko; compatible; GPTBot/1.3; +https://openai.com/gptbot)"
216.73.216.163 - - [21/Mar/2026:14:45:17 +0200] "GET /shop/goods/herbist141509046014.phtml/ HTTP/1.1" 200 150752 "https://www.drspos.com/shop/goods/herbist141509046014.phtml" "Mozilla/5.0 AppleWebKit/537.36 (KHTML, like Gecko; compatible; ClaudeBot/1.0; +claudebot@anthropic.com)"
74.7.227.61 - - [21/Mar/2026:14:45:19 +0200] "GET /shop/goods/sullenness171006385267.phtml/ HTTP/1.1" 200 150752 "https://drspos.com/shop/goods/sullenness171006385267.phtml" "Mozilla/5.0 AppleWebKit/537.36 (KHTML, like Gecko; compatible; GPTBot/1.3; +https://openai.com/gptbot)"
74.7.227.61 - - [21/Mar/2026:14:45:22 +0200] "GET /?p=39931 HTTP/1.1" 200 97024 "https://drspos.com/?p=39929" "Mozilla/5.0 AppleWebKit/537.36 (KHTML, like Gecko; compatible; GPTBot/1.3; +https://openai.com/gptbot)"
74.7.227.61 - - [21/Mar/2026:14:45:26 +0200] "GET /?p=53174 HTTP/1.1" 200 92162 "https://drspos.com/?p=53176" "Mozilla/5.0 AppleWebKit/537.36 (KHTML, like Gecko; compatible; GPTBot/1.3; +https://openai.com/gptbot)"
74.7.227.61 - - [21/Mar/2026:14:45:29 +0200] "GET /?p=46960 HTTP/1.1" 200 96585 "https://drspos.com/?p=46962" "Mozilla/5.0 AppleWebKit/537.36 (KHTML, like Gecko; compatible; GPTBot/1.3; +https://openai.com/gptbot)"
52.167.144.217 - - [21/Mar/2026:14:45:32 +0200] "GET /shop/goods/clearsightedness15771153239.phtml HTTP/1.1" 200 215114 "-" "Mozilla/5.0 AppleWebKit/537.36 (KHTML, like Gecko; compatible; bingbot/2.0; +http://www.bing.com/bingbot.htm) Chrome/116.0.1938.76 Safari/537.36"
74.7.227.61 - - [21/Mar/2026:14:45:32 +0200] "GET /?p=40141 HTTP/1.1" 200 93254 "https://drspos.com/?p=40143" "Mozilla/5.0 AppleWebKit/537.36 (KHTML, like Gecko; compatible; GPTBot/1.3; +https://openai.com/gptbot)"
74.7.227.61 - - [21/Mar/2026:14:45:35 +0200] "GET /?p=55714 HTTP/1.1" 200 95160 "https://drspos.com/?p=35533" "Mozilla/5.0 AppleWebKit/537.36 (KHTML, like Gecko; compatible; GPTBot/1.3; +https://openai.com/gptbot)"
74.7.227.61 - - [21/Mar/2026:14:45:38 +0200] "GET /?p=35531 HTTP/1.1" 200 93689 "https://drspos.com/?p=35533" "Mozilla/5.0 AppleWebKit/537.36 (KHTML, like Gecko; compatible; GPTBot/1.3; +https://openai.com/gptbot)"
74.7.227.61 - - [21/Mar/2026:14:45:42 +0200] "GET /?p=43941 HTTP/1.1" 200 91478 "https://drspos.com/?p=43938" "Mozilla/5.0 AppleWebKit/537.36 (KHTML, like Gecko; compatible; GPTBot/1.3; +https://openai.com/gptbot)"
74.7.227.61 - - [21/Mar/2026:14:45:45 +0200] "GET /?p=31175 HTTP/1.1" 200 95190 "https://drspos.com/?p=31176" "Mozilla/5.0 AppleWebKit/537.36 (KHTML, like Gecko; compatible; GPTBot/1.3; +https://openai.com/gptbot)"
216.73.216.163 - - [21/Mar/2026:14:45:48 +0200] "GET /shop/goods/marsupiata122743041886.phtml HTTP/1.1" 301 - "-" "Mozilla/5.0 AppleWebKit/537.36 (KHTML, like Gecko; compatible; ClaudeBot/1.0; +claudebot@anthropic.com)"
74.7.227.61 - - [21/Mar/2026:14:45:48 +0200] "GET /?p=35427 HTTP/1.1" 200 92358 "https://drspos.com/?p=35425" "Mozilla/5.0 AppleWebKit/537.36 (KHTML, like Gecko; compatible; GPTBot/1.3; +https://openai.com/gptbot)"
216.73.216.163 - - [21/Mar/2026:14:45:50 +0200] "GET /shop/goods/marsupiata122743041886.phtml/ HTTP/1.1" 200 150752 "https://drspos.com/shop/goods/marsupiata122743041886.phtml" "Mozilla/5.0 AppleWebKit/537.36 (KHTML, like Gecko; compatible; ClaudeBot/1.0; +claudebot@anthropic.com)"
74.7.227.61 - - [21/Mar/2026:14:45:51 +0200] "GET /?p=47996 HTTP/1.1" 200 95106 "https://drspos.com/?p=47994" "Mozilla/5.0 AppleWebKit/537.36 (KHTML, like Gecko; compatible; GPTBot/1.3; +https://openai.com/gptbot)"
74.7.227.61 - - [21/Mar/2026:14:45:54 +0200] "GET /shop/goods/peppermint172098572105.phtml HTTP/1.1" 301 - "https://drspos.com/%3C![CDATA[https:/eminencegroup.net.au/post-sitemap9.xml]]%3E" "Mozilla/5.0 AppleWebKit/537.36 (KHTML, like Gecko; compatible; GPTBot/1.3; +https://openai.com/gptbot)"
74.7.227.61 - - [21/Mar/2026:14:45:57 +0200] "GET /shop/goods/peppermint172098572105.phtml/ HTTP/1.1" 200 150752 "https://drspos.com/shop/goods/peppermint172098572105.phtml" "Mozilla/5.0 AppleWebKit/537.36 (KHTML, like Gecko; compatible; GPTBot/1.3; +https://openai.com/gptbot)"
74.7.227.61 - - [21/Mar/2026:14:46:01 +0200] "GET /?p=39933 HTTP/1.1" 200 94059 "https://drspos.com/?p=39931" "Mozilla/5.0 AppleWebKit/537.36 (KHTML, like Gecko; compatible; GPTBot/1.3; +https://openai.com/gptbot)"
216.73.216.163 - - [21/Mar/2026:14:46:08 +0200] "GET /shop/goods/lingual173545200152.phtml HTTP/1.1" 301 - "-" "Mozilla/5.0 AppleWebKit/537.36 (KHTML, like Gecko; compatible; ClaudeBot/1.0; +claudebot@anthropic.com)"
216.73.216.163 - - [21/Mar/2026:14:46:11 +0200] "GET /shop/goods/lingual173545200152.phtml/ HTTP/1.1" 200 150752 "https://www.drspos.com/shop/goods/lingual173545200152.phtml" "Mozilla/5.0 AppleWebKit/537.36 (KHTML, like Gecko; compatible; ClaudeBot/1.0; +claudebot@anthropic.com)"
74.7.227.61 - - [21/Mar/2026:14:46:17 +0200] "GET /?p=53172 HTTP/1.1" 200 92174 "https://drspos.com/?p=53174" "Mozilla/5.0 AppleWebKit/537.36 (KHTML, like Gecko; compatible; GPTBot/1.3; +https://openai.com/gptbot)"
74.7.227.61 - - [21/Mar/2026:14:46:26 +0200] "GET /?p=46958 HTTP/1.1" 200 90727 "https://drspos.com/?p=46960" "Mozilla/5.0 AppleWebKit/537.36 (KHTML, like Gecko; compatible; GPTBot/1.3; +https://openai.com/gptbot)"
74.7.227.61 - - [21/Mar/2026:14:46:30 +0200] "GET /?p=40139 HTTP/1.1" 200 92625 "https://drspos.com/?p=40141" "Mozilla/5.0 AppleWebKit/537.36 (KHTML, like Gecko; compatible; GPTBot/1.3; +https://openai.com/gptbot)"
74.7.227.61 - - [21/Mar/2026:14:46:33 +0200] "GET /shop/goods/harmlessly174042073250.phtml HTTP/1.1" 301 - "https://drspos.com/%3C![CDATA[https:/eminencegroup.net.au/post-sitemap9.xml]]%3E" "Mozilla/5.0 AppleWebKit/537.36 (KHTML, like Gecko; compatible; GPTBot/1.3; +https://openai.com/gptbot)"
74.7.227.61 - - [21/Mar/2026:14:46:35 +0200] "GET /shop/goods/harmlessly174042073250.phtml/ HTTP/1.1" 200 150752 "https://drspos.com/shop/goods/harmlessly174042073250.phtml" "Mozilla/5.0 AppleWebKit/537.36 (KHTML, like Gecko; compatible; GPTBot/1.3; +https://openai.com/gptbot)"
216.73.216.163 - - [21/Mar/2026:14:46:42 +0200] "GET /shop/goods/mumpishness13883355668.phtml HTTP/1.1" 301 - "-" "Mozilla/5.0 AppleWebKit/537.36 (KHTML, like Gecko; compatible; ClaudeBot/1.0; +claudebot@anthropic.com)"
216.73.216.163 - - [21/Mar/2026:14:46:44 +0200] "GET /shop/goods/mumpishness13883355668.phtml/ HTTP/1.1" 200 150752 "https://www.drspos.com/shop/goods/mumpishness13883355668.phtml" "Mozilla/5.0 AppleWebKit/537.36 (KHTML, like Gecko; compatible; ClaudeBot/1.0; +claudebot@anthropic.com)"
74.7.227.61 - - [21/Mar/2026:14:46:48 +0200] "GET /?p=35529 HTTP/1.1" 200 91475 "https://drspos.com/?p=35531" "Mozilla/5.0 AppleWebKit/537.36 (KHTML, like Gecko; compatible; GPTBot/1.3; +https://openai.com/gptbot)"
74.7.227.61 - - [21/Mar/2026:14:46:58 +0200] "GET /?p=43940 HTTP/1.1" 200 92291 "https://drspos.com/?p=43941" "Mozilla/5.0 AppleWebKit/537.36 (KHTML, like Gecko; compatible; GPTBot/1.3; +https://openai.com/gptbot)"
74.7.227.61 - - [21/Mar/2026:14:47:01 +0200] "GET /?p=31173 HTTP/1.1" 200 95783 "https://drspos.com/?p=31175" "Mozilla/5.0 AppleWebKit/537.36 (KHTML, like Gecko; compatible; GPTBot/1.3; +https://openai.com/gptbot)"
74.7.227.61 - - [21/Mar/2026:14:47:04 +0200] "GET /?p=35429 HTTP/1.1" 200 97843 "https://drspos.com/?p=35427" "Mozilla/5.0 AppleWebKit/537.36 (KHTML, like Gecko; compatible; GPTBot/1.3; +https://openai.com/gptbot)"
74.7.227.61 - - [21/Mar/2026:14:47:08 +0200] "GET /?p=47998 HTTP/1.1" 200 92366 "https://drspos.com/?p=47996" "Mozilla/5.0 AppleWebKit/537.36 (KHTML, like Gecko; compatible; GPTBot/1.3; +https://openai.com/gptbot)"
94.187.171.125 - - [21/Mar/2026:14:47:09 +0200] "POST /xmlrpc.php HTTP/1.1" 200 403 "-" "Mozilla/5.0 (Windows NT 6.3; x86) AppleWebKit/537.36 (KHTML, like Gecko) Edge/94.0.0.0 Safari/537.36"
216.73.216.163 - - [21/Mar/2026:14:47:12 +0200] "GET /shop/goods/survival144149148961.phtml HTTP/1.1" 301 - "-" "Mozilla/5.0 AppleWebKit/537.36 (KHTML, like Gecko; compatible; ClaudeBot/1.0; +claudebot@anthropic.com)"
216.73.216.163 - - [21/Mar/2026:14:47:15 +0200] "GET /shop/goods/survival144149148961.phtml/ HTTP/1.1" 200 150752 "https://www.drspos.com/shop/goods/survival144149148961.phtml" "Mozilla/5.0 AppleWebKit/537.36 (KHTML, like Gecko; compatible; ClaudeBot/1.0; +claudebot@anthropic.com)"
74.7.227.61 - - [21/Mar/2026:14:47:19 +0200] "GET /shop/goods/grassgrown173821801766.phtml HTTP/1.1" 301 - "https://drspos.com/%3C![CDATA[https:/eminencegroup.net.au/post-sitemap9.xml]]%3E" "Mozilla/5.0 AppleWebKit/537.36 (KHTML, like Gecko; compatible; GPTBot/1.3; +https://openai.com/gptbot)"
74.7.227.61 - - [21/Mar/2026:14:47:21 +0200] "GET /shop/goods/grassgrown173821801766.phtml/ HTTP/1.1" 200 150752 "https://drspos.com/shop/goods/grassgrown173821801766.phtml" "Mozilla/5.0 AppleWebKit/537.36 (KHTML, like Gecko; compatible; GPTBot/1.3; +https://openai.com/gptbot)"
74.7.227.61 - - [21/Mar/2026:14:47:25 +0200] "GET /shop/goods/piccalilli172717453628.phtml HTTP/1.1" 301 - "https://drspos.com/%3C![CDATA[https:/eminencegroup.net.au/post-sitemap9.xml]]%3E" "Mozilla/5.0 AppleWebKit/537.36 (KHTML, like Gecko; compatible; GPTBot/1.3; +https://openai.com/gptbot)"
74.7.227.61 - - [21/Mar/2026:14:47:28 +0200] "GET /shop/goods/piccalilli172717453628.phtml/ HTTP/1.1" 200 150752 "https://drspos.com/shop/goods/piccalilli172717453628.phtml" "Mozilla/5.0 AppleWebKit/537.36 (KHTML, like Gecko; compatible; GPTBot/1.3; +https://openai.com/gptbot)"
216.73.216.163 - - [21/Mar/2026:14:47:30 +0200] "GET /shop/goods/acervation132984793994.phtml HTTP/1.1" 301 - "-" "Mozilla/5.0 AppleWebKit/537.36 (KHTML, like Gecko; compatible; ClaudeBot/1.0; +claudebot@anthropic.com)"
74.7.227.61 - - [21/Mar/2026:14:47:31 +0200] "GET /shop/goods/palliation172514674683.phtml HTTP/1.1" 301 - "https://drspos.com/%3C![CDATA[https:/eminencegroup.net.au/post-sitemap9.xml]]%3E" "Mozilla/5.0 AppleWebKit/537.36 (KHTML, like Gecko; compatible; GPTBot/1.3; +https://openai.com/gptbot)"
216.73.216.163 - - [21/Mar/2026:14:47:32 +0200] "GET /shop/goods/acervation132984793994.phtml/ HTTP/1.1" 200 150752 "https://www.drspos.com/shop/goods/acervation132984793994.phtml" "Mozilla/5.0 AppleWebKit/537.36 (KHTML, like Gecko; compatible; ClaudeBot/1.0; +claudebot@anthropic.com)"
74.7.227.61 - - [21/Mar/2026:14:47:33 +0200] "GET /shop/goods/palliation172514674683.phtml/ HTTP/1.1" 200 150752 "https://drspos.com/shop/goods/palliation172514674683.phtml" "Mozilla/5.0 AppleWebKit/537.36 (KHTML, like Gecko; compatible; GPTBot/1.3; +https://openai.com/gptbot)"
74.7.227.61 - - [21/Mar/2026:14:47:36 +0200] "GET /?p=53170 HTTP/1.1" 200 94148 "https://drspos.com/?p=53172" "Mozilla/5.0 AppleWebKit/537.36 (KHTML, like Gecko; compatible; GPTBot/1.3; +https://openai.com/gptbot)"
74.7.227.61 - - [21/Mar/2026:14:47:40 +0200] "GET /?p=46956 HTTP/1.1" 200 91381 "https://drspos.com/?p=46958" "Mozilla/5.0 AppleWebKit/537.36 (KHTML, like Gecko; compatible; GPTBot/1.3; +https://openai.com/gptbot)"
74.7.227.61 - - [21/Mar/2026:14:47:43 +0200] "GET /?p=39935 HTTP/1.1" 200 93913 "https://drspos.com/?p=39933" "Mozilla/5.0 AppleWebKit/537.36 (KHTML, like Gecko; compatible; GPTBot/1.3; +https://openai.com/gptbot)"
74.7.227.61 - - [21/Mar/2026:14:47:46 +0200] "GET /?p=35527 HTTP/1.1" 200 92024 "https://drspos.com/?p=35529" "Mozilla/5.0 AppleWebKit/537.36 (KHTML, like Gecko; compatible; GPTBot/1.3; +https://openai.com/gptbot)"
74.7.227.61 - - [21/Mar/2026:14:47:49 +0200] "GET /?p=40137 HTTP/1.1" 200 93521 "https://drspos.com/?p=40139" "Mozilla/5.0 AppleWebKit/537.36 (KHTML, like Gecko; compatible; GPTBot/1.3; +https://openai.com/gptbot)"
74.7.227.61 - - [21/Mar/2026:14:47:52 +0200] "GET /?p=31171 HTTP/1.1" 200 95506 "https://drspos.com/?p=31173" "Mozilla/5.0 AppleWebKit/537.36 (KHTML, like Gecko; compatible; GPTBot/1.3; +https://openai.com/gptbot)"
74.7.227.61 - - [21/Mar/2026:14:47:56 +0200] "GET /?p=43944 HTTP/1.1" 200 91483 "https://drspos.com/?p=43940" "Mozilla/5.0 AppleWebKit/537.36 (KHTML, like Gecko; compatible; GPTBot/1.3; +https://openai.com/gptbot)"
207.46.13.92 - - [21/Mar/2026:14:47:59 +0200] "GET /shop/goods/yeoman152124581458.phtml HTTP/1.1" 200 210462 "-" "Mozilla/5.0 AppleWebKit/537.36 (KHTML, like Gecko; compatible; bingbot/2.0; +http://www.bing.com/bingbot.htm) Chrome/116.0.1938.76 Safari/537.36"
74.7.227.61 - - [21/Mar/2026:14:47:59 +0200] "GET /?p=35431 HTTP/1.1" 200 97042 "https://drspos.com/?p=35429" "Mozilla/5.0 AppleWebKit/537.36 (KHTML, like Gecko; compatible; GPTBot/1.3; +https://openai.com/gptbot)"
74.7.227.61 - - [21/Mar/2026:14:48:02 +0200] "GET /?p=48000 HTTP/1.1" 200 92612 "https://drspos.com/?p=47998" "Mozilla/5.0 AppleWebKit/537.36 (KHTML, like Gecko; compatible; GPTBot/1.3; +https://openai.com/gptbot)"
52.167.144.217 - - [21/Mar/2026:14:48:04 +0200] "GET /shop/goods/coolheaded152086498840.phtml HTTP/1.1" 200 197341 "-" "Mozilla/5.0 AppleWebKit/537.36 (KHTML, like Gecko; compatible; bingbot/2.0; +http://www.bing.com/bingbot.htm) Chrome/116.0.1938.76 Safari/537.36"
74.7.227.61 - - [21/Mar/2026:14:48:05 +0200] "GET /shop/goods/glomerated172262609409.phtml HTTP/1.1" 301 - "https://drspos.com/%3C![CDATA[https:/eminencegroup.net.au/post-sitemap9.xml]]%3E" "Mozilla/5.0 AppleWebKit/537.36 (KHTML, like Gecko; compatible; GPTBot/1.3; +https://openai.com/gptbot)"
52.167.144.217 - - [21/Mar/2026:14:48:07 +0200] "GET /shop/goods/guiltless153435224428.phtml HTTP/1.1" 200 235908 "-" "Mozilla/5.0 AppleWebKit/537.36 (KHTML, like Gecko; compatible; bingbot/2.0; +http://www.bing.com/bingbot.htm) Chrome/116.0.1938.76 Safari/537.36"
74.7.227.61 - - [21/Mar/2026:14:48:07 +0200] "GET /shop/goods/glomerated172262609409.phtml/ HTTP/1.1" 200 150752 "https://drspos.com/shop/goods/glomerated172262609409.phtml" "Mozilla/5.0 AppleWebKit/537.36 (KHTML, like Gecko; compatible; GPTBot/1.3; +https://openai.com/gptbot)"
207.46.13.92 - - [21/Mar/2026:14:48:10 +0200] "GET /shop/goods/stumpy151180402429.phtml HTTP/1.1" 200 205345 "-" "Mozilla/5.0 AppleWebKit/537.36 (KHTML, like Gecko; compatible; bingbot/2.0; +http://www.bing.com/bingbot.htm) Chrome/116.0.1938.76 Safari/537.36"
74.7.227.61 - - [21/Mar/2026:14:48:10 +0200] "GET /shop/goods/breastwork174117916064.phtml HTTP/1.1" 301 - "https://drspos.com/%3C![CDATA[https:/eminencegroup.net.au/post-sitemap9.xml]]%3E" "Mozilla/5.0 AppleWebKit/537.36 (KHTML, like Gecko; compatible; GPTBot/1.3; +https://openai.com/gptbot)"
74.7.227.61 - - [21/Mar/2026:14:48:13 +0200] "GET /shop/goods/breastwork174117916064.phtml/ HTTP/1.1" 200 150752 "https://drspos.com/shop/goods/breastwork174117916064.phtml" "Mozilla/5.0 AppleWebKit/537.36 (KHTML, like Gecko; compatible; GPTBot/1.3; +https://openai.com/gptbot)"
74.7.227.61 - - [21/Mar/2026:14:48:16 +0200] "GET /?p=53168 HTTP/1.1" 200 95453 "https://drspos.com/?p=53170" "Mozilla/5.0 AppleWebKit/537.36 (KHTML, like Gecko; compatible; GPTBot/1.3; +https://openai.com/gptbot)"
216.73.216.163 - - [21/Mar/2026:14:48:18 +0200] "GET /shop/goods/deciphered123906092000.phtml HTTP/1.1" 301 - "-" "Mozilla/5.0 AppleWebKit/537.36 (KHTML, like Gecko; compatible; ClaudeBot/1.0; +claudebot@anthropic.com)"
74.7.227.61 - - [21/Mar/2026:14:48:19 +0200] "GET /?p=46953 HTTP/1.1" 200 93323 "https://drspos.com/?p=46956" "Mozilla/5.0 AppleWebKit/537.36 (KHTML, like Gecko; compatible; GPTBot/1.3; +https://openai.com/gptbot)"
216.73.216.163 - - [21/Mar/2026:14:48:20 +0200] "GET /shop/goods/deciphered123906092000.phtml/ HTTP/1.1" 200 150752 "https://www.drspos.com/shop/goods/deciphered123906092000.phtml" "Mozilla/5.0 AppleWebKit/537.36 (KHTML, like Gecko; compatible; ClaudeBot/1.0; +claudebot@anthropic.com)"
74.7.227.61 - - [21/Mar/2026:14:48:22 +0200] "GET /?p=39937 HTTP/1.1" 200 93491 "https://drspos.com/?p=39935" "Mozilla/5.0 AppleWebKit/537.36 (KHTML, like Gecko; compatible; GPTBot/1.3; +https://openai.com/gptbot)"
74.7.227.61 - - [21/Mar/2026:14:48:25 +0200] "GET /?p=35525 HTTP/1.1" 200 97036 "https://drspos.com/?p=35527" "Mozilla/5.0 AppleWebKit/537.36 (KHTML, like Gecko; compatible; GPTBot/1.3; +https://openai.com/gptbot)"
74.7.227.61 - - [21/Mar/2026:14:48:28 +0200] "GET /?p=40135 HTTP/1.1" 200 92533 "https://drspos.com/?p=40137" "Mozilla/5.0 AppleWebKit/537.36 (KHTML, like Gecko; compatible; GPTBot/1.3; +https://openai.com/gptbot)"
216.73.216.163 - - [21/Mar/2026:14:48:30 +0200] "GET /shop/goods/menses12130975481.phtml HTTP/1.1" 301 - "-" "Mozilla/5.0 AppleWebKit/537.36 (KHTML, like Gecko; compatible; ClaudeBot/1.0; +claudebot@anthropic.com)"
74.7.227.61 - - [21/Mar/2026:14:48:32 +0200] "GET /?p=31169 HTTP/1.1" 200 94489 "https://drspos.com/?p=31171" "Mozilla/5.0 AppleWebKit/537.36 (KHTML, like Gecko; compatible; GPTBot/1.3; +https://openai.com/gptbot)"
216.73.216.163 - - [21/Mar/2026:14:48:33 +0200] "GET /shop/goods/menses12130975481.phtml/ HTTP/1.1" 200 150752 "https://drspos.com/shop/goods/menses12130975481.phtml" "Mozilla/5.0 AppleWebKit/537.36 (KHTML, like Gecko; compatible; ClaudeBot/1.0; +claudebot@anthropic.com)"
74.7.227.61 - - [21/Mar/2026:14:48:35 +0200] "GET /?p=43946 HTTP/1.1" 200 91972 "https://drspos.com/?p=43944" "Mozilla/5.0 AppleWebKit/537.36 (KHTML, like Gecko; compatible; GPTBot/1.3; +https://openai.com/gptbot)"
74.7.227.61 - - [21/Mar/2026:14:48:38 +0200] "GET /?p=35433 HTTP/1.1" 200 91323 "https://drspos.com/?p=35431" "Mozilla/5.0 AppleWebKit/537.36 (KHTML, like Gecko; compatible; GPTBot/1.3; +https://openai.com/gptbot)"
74.7.227.61 - - [21/Mar/2026:14:48:41 +0200] "GET /?p=48002 HTTP/1.1" 200 90871 "https://drspos.com/?p=48000" "Mozilla/5.0 AppleWebKit/537.36 (KHTML, like Gecko; compatible; GPTBot/1.3; +https://openai.com/gptbot)"
74.7.227.61 - - [21/Mar/2026:14:48:44 +0200] "GET /index.php?rest_route=%2Foembed%2F1.0%2Fembed&url=https%3A%2F%2Fdrspos.com%2F%3Fp%3D35431 HTTP/1.1" 200 2370 "https://drspos.com/?p=35431" "Mozilla/5.0 AppleWebKit/537.36 (KHTML, like Gecko; compatible; GPTBot/1.3; +https://openai.com/gptbot)"
207.46.13.92 - - [21/Mar/2026:14:48:47 +0200] "GET /shop/goods/plebiscit154238482796.phtml HTTP/1.1" 200 209000 "-" "Mozilla/5.0 AppleWebKit/537.36 (KHTML, like Gecko; compatible; bingbot/2.0; +http://www.bing.com/bingbot.htm) Chrome/116.0.1938.76 Safari/537.36"
74.7.227.61 - - [21/Mar/2026:14:48:47 +0200] "GET /shop/goods/pumiciform174040861151.phtml HTTP/1.1" 301 - "https://drspos.com/%3C![CDATA[https:/eminencegroup.net.au/post-sitemap9.xml]]%3E" "Mozilla/5.0 AppleWebKit/537.36 (KHTML, like Gecko; compatible; GPTBot/1.3; +https://openai.com/gptbot)"
74.7.227.61 - - [21/Mar/2026:14:48:50 +0200] "GET /shop/goods/pumiciform174040861151.phtml/ HTTP/1.1" 200 150752 "https://drspos.com/shop/goods/pumiciform174040861151.phtml" "Mozilla/5.0 AppleWebKit/537.36 (KHTML, like Gecko; compatible; GPTBot/1.3; +https://openai.com/gptbot)"
74.7.227.61 - - [21/Mar/2026:14:48:53 +0200] "GET /?p=53166 HTTP/1.1" 200 93457 "https://drspos.com/?p=53168" "Mozilla/5.0 AppleWebKit/537.36 (KHTML, like Gecko; compatible; GPTBot/1.3; +https://openai.com/gptbot)"
74.7.227.61 - - [21/Mar/2026:14:48:56 +0200] "GET /?p=46952 HTTP/1.1" 200 95723 "https://drspos.com/?p=46953" "Mozilla/5.0 AppleWebKit/537.36 (KHTML, like Gecko; compatible; GPTBot/1.3; +https://openai.com/gptbot)"
74.7.227.61 - - [21/Mar/2026:14:48:59 +0200] "GET /?p=39939 HTTP/1.1" 200 94386 "https://drspos.com/?p=39937" "Mozilla/5.0 AppleWebKit/537.36 (KHTML, like Gecko; compatible; GPTBot/1.3; +https://openai.com/gptbot)"
216.73.216.163 - - [21/Mar/2026:14:49:02 +0200] "GET /shop/goods/biochemistry133204658078.phtml HTTP/1.1" 301 - "-" "Mozilla/5.0 AppleWebKit/537.36 (KHTML, like Gecko; compatible; ClaudeBot/1.0; +claudebot@anthropic.com)"
74.7.227.61 - - [21/Mar/2026:14:49:02 +0200] "GET /?p=35523 HTTP/1.1" 200 93378 "https://drspos.com/?p=35525" "Mozilla/5.0 AppleWebKit/537.36 (KHTML, like Gecko; compatible; GPTBot/1.3; +https://openai.com/gptbot)"
216.73.216.163 - - [21/Mar/2026:14:49:04 +0200] "GET /shop/goods/biochemistry133204658078.phtml/ HTTP/1.1" 200 150752 "https://www.drspos.com/shop/goods/biochemistry133204658078.phtml" "Mozilla/5.0 AppleWebKit/537.36 (KHTML, like Gecko; compatible; ClaudeBot/1.0; +claudebot@anthropic.com)"
74.7.227.61 - - [21/Mar/2026:14:49:06 +0200] "GET /?p=40133 HTTP/1.1" 200 93270 "https://drspos.com/?p=40135" "Mozilla/5.0 AppleWebKit/537.36 (KHTML, like Gecko; compatible; GPTBot/1.3; +https://openai.com/gptbot)"
74.7.227.61 - - [21/Mar/2026:14:49:09 +0200] "GET /?p=31167 HTTP/1.1" 200 96339 "https://drspos.com/?p=31169" "Mozilla/5.0 AppleWebKit/537.36 (KHTML, like Gecko; compatible; GPTBot/1.3; +https://openai.com/gptbot)"
74.7.227.61 - - [21/Mar/2026:14:49:12 +0200] "GET /?p=43948 HTTP/1.1" 200 91616 "https://drspos.com/?p=43946" "Mozilla/5.0 AppleWebKit/537.36 (KHTML, like Gecko; compatible; GPTBot/1.3; +https://openai.com/gptbot)"
216.244.66.234 - - [21/Mar/2026:14:49:12 +0200] "GET /?p=13039 HTTP/1.1" 200 95626 "-" "Mozilla/5.0 (compatible; DotBot/1.2; +https://opensiteexplorer.org/dotbot; help@moz.com)"
74.7.227.61 - - [21/Mar/2026:14:49:15 +0200] "GET /?p=35435 HTTP/1.1" 200 97849 "https://drspos.com/?p=35433" "Mozilla/5.0 AppleWebKit/537.36 (KHTML, like Gecko; compatible; GPTBot/1.3; +https://openai.com/gptbot)"
74.7.227.61 - - [21/Mar/2026:14:49:18 +0200] "GET /?p=48004 HTTP/1.1" 200 92698 "https://drspos.com/?p=48002" "Mozilla/5.0 AppleWebKit/537.36 (KHTML, like Gecko; compatible; GPTBot/1.3; +https://openai.com/gptbot)"
74.7.227.61 - - [21/Mar/2026:14:49:21 +0200] "GET /shop/goods/streighten171054763471.phtml HTTP/1.1" 301 - "https://drspos.com/%3C![CDATA[https:/eminencegroup.net.au/post-sitemap9.xml]]%3E" "Mozilla/5.0 AppleWebKit/537.36 (KHTML, like Gecko; compatible; GPTBot/1.3; +https://openai.com/gptbot)"
74.7.227.61 - - [21/Mar/2026:14:49:23 +0200] "GET /shop/goods/streighten171054763471.phtml/ HTTP/1.1" 200 150752 "https://drspos.com/shop/goods/streighten171054763471.phtml" "Mozilla/5.0 AppleWebKit/537.36 (KHTML, like Gecko; compatible; GPTBot/1.3; +https://openai.com/gptbot)"
74.7.227.61 - - [21/Mar/2026:14:49:26 +0200] "GET /shop/goods/specialism173904871766.phtml HTTP/1.1" 301 - "https://drspos.com/%3C![CDATA[https:/eminencegroup.net.au/post-sitemap9.xml]]%3E" "Mozilla/5.0 AppleWebKit/537.36 (KHTML, like Gecko; compatible; GPTBot/1.3; +https://openai.com/gptbot)"
216.73.216.163 - - [21/Mar/2026:14:49:27 +0200] "GET /shop/goods/subsidiaries12233121515.phtml HTTP/1.1" 301 - "-" "Mozilla/5.0 AppleWebKit/537.36 (KHTML, like Gecko; compatible; ClaudeBot/1.0; +claudebot@anthropic.com)"
74.7.227.61 - - [21/Mar/2026:14:49:29 +0200] "GET /shop/goods/specialism173904871766.phtml/ HTTP/1.1" 200 150752 "https://drspos.com/shop/goods/specialism173904871766.phtml" "Mozilla/5.0 AppleWebKit/537.36 (KHTML, like Gecko; compatible; GPTBot/1.3; +https://openai.com/gptbot)"
216.73.216.163 - - [21/Mar/2026:14:49:30 +0200] "GET /shop/goods/subsidiaries12233121515.phtml/ HTTP/1.1" 200 150752 "https://www.drspos.com/shop/goods/subsidiaries12233121515.phtml" "Mozilla/5.0 AppleWebKit/537.36 (KHTML, like Gecko; compatible; ClaudeBot/1.0; +claudebot@anthropic.com)"
74.7.227.61 - - [21/Mar/2026:14:49:32 +0200] "GET /?p=53163 HTTP/1.1" 200 93813 "https://drspos.com/?p=53166" "Mozilla/5.0 AppleWebKit/537.36 (KHTML, like Gecko; compatible; GPTBot/1.3; +https://openai.com/gptbot)"
216.244.66.234 - - [21/Mar/2026:14:49:32 +0200] "GET /?p=21094 HTTP/1.1" 200 95945 "-" "Mozilla/5.0 (compatible; DotBot/1.2; +https://opensiteexplorer.org/dotbot; help@moz.com)"
52.167.144.192 - - [21/Mar/2026:14:49:35 +0200] "GET /shop/goods/disrealize15647205424.phtml HTTP/1.1" 200 207483 "-" "Mozilla/5.0 AppleWebKit/537.36 (KHTML, like Gecko; compatible; bingbot/2.0; +http://www.bing.com/bingbot.htm) Chrome/116.0.1938.76 Safari/537.36"
74.7.227.61 - - [21/Mar/2026:14:49:35 +0200] "GET /?p=46950 HTTP/1.1" 200 93165 "https://drspos.com/?p=46952" "Mozilla/5.0 AppleWebKit/537.36 (KHTML, like Gecko; compatible; GPTBot/1.3; +https://openai.com/gptbot)"
74.7.227.61 - - [21/Mar/2026:14:49:41 +0200] "GET /?p=39941 HTTP/1.1" 200 94310 "https://drspos.com/?p=39939" "Mozilla/5.0 AppleWebKit/537.36 (KHTML, like Gecko; compatible; GPTBot/1.3; +https://openai.com/gptbot)"
216.244.66.234 - - [21/Mar/2026:14:49:54 +0200] "GET /?p=22805 HTTP/1.1" 200 96964 "-" "Mozilla/5.0 (compatible; DotBot/1.2; +https://opensiteexplorer.org/dotbot; help@moz.com)"
74.7.227.61 - - [21/Mar/2026:14:49:57 +0200] "GET /?p=35521 HTTP/1.1" 200 98586 "https://drspos.com/?p=35523" "Mozilla/5.0 AppleWebKit/537.36 (KHTML, like Gecko; compatible; GPTBot/1.3; +https://openai.com/gptbot)"
216.73.216.163 - - [21/Mar/2026:14:50:00 +0200] "GET /shop/goods/recti172472530759.phtml HTTP/1.1" 301 - "-" "Mozilla/5.0 AppleWebKit/537.36 (KHTML, like Gecko; compatible; ClaudeBot/1.0; +claudebot@anthropic.com)"
74.7.227.61 - - [21/Mar/2026:14:50:01 +0200] "GET /?p=40131 HTTP/1.1" 200 93912 "https://drspos.com/?p=40133" "Mozilla/5.0 AppleWebKit/537.36 (KHTML, like Gecko; compatible; GPTBot/1.3; +https://openai.com/gptbot)"
216.73.216.163 - - [21/Mar/2026:14:50:03 +0200] "GET /shop/goods/recti172472530759.phtml/ HTTP/1.1" 200 150752 "https://www.drspos.com/shop/goods/recti172472530759.phtml" "Mozilla/5.0 AppleWebKit/537.36 (KHTML, like Gecko; compatible; ClaudeBot/1.0; +claudebot@anthropic.com)"
74.7.227.61 - - [21/Mar/2026:14:50:07 +0200] "GET /?p=31165 HTTP/1.1" 200 94498 "https://drspos.com/?p=31167" "Mozilla/5.0 AppleWebKit/537.36 (KHTML, like Gecko; compatible; GPTBot/1.3; +https://openai.com/gptbot)"
216.73.216.163 - - [21/Mar/2026:14:50:12 +0200] "GET /shop/goods/inauthoritative131077236373.phtml HTTP/1.1" 301 - "-" "Mozilla/5.0 AppleWebKit/537.36 (KHTML, like Gecko; compatible; ClaudeBot/1.0; +claudebot@anthropic.com)"
216.73.216.163 - - [21/Mar/2026:14:50:14 +0200] "GET /shop/goods/inauthoritative131077236373.phtml/ HTTP/1.1" 200 150752 "https://www.drspos.com/shop/goods/inauthoritative131077236373.phtml" "Mozilla/5.0 AppleWebKit/537.36 (KHTML, like Gecko; compatible; ClaudeBot/1.0; +claudebot@anthropic.com)"
74.7.227.61 - - [21/Mar/2026:14:50:21 +0200] "GET /?p=43950 HTTP/1.1" 200 92770 "https://drspos.com/?p=43948" "Mozilla/5.0 AppleWebKit/537.36 (KHTML, like Gecko; compatible; GPTBot/1.3; +https://openai.com/gptbot)"
74.7.227.61 - - [21/Mar/2026:14:50:25 +0200] "GET /?p=35437 HTTP/1.1" 200 91314 "https://drspos.com/?p=35435" "Mozilla/5.0 AppleWebKit/537.36 (KHTML, like Gecko; compatible; GPTBot/1.3; +https://openai.com/gptbot)"
74.7.227.61 - - [21/Mar/2026:14:50:28 +0200] "GET /?p=48006 HTTP/1.1" 200 94843 "https://drspos.com/?p=48004" "Mozilla/5.0 AppleWebKit/537.36 (KHTML, like Gecko; compatible; GPTBot/1.3; +https://openai.com/gptbot)"
74.7.227.61 - - [21/Mar/2026:14:50:31 +0200] "GET /shop/goods/carpospore173651126928.phtml HTTP/1.1" 301 - "https://drspos.com/%3C![CDATA[https:/eminencegroup.net.au/post-sitemap9.xml]]%3E" "Mozilla/5.0 AppleWebKit/537.36 (KHTML, like Gecko; compatible; GPTBot/1.3; +https://openai.com/gptbot)"
216.244.66.234 - - [21/Mar/2026:14:50:31 +0200] "GET /?p=23475 HTTP/1.1" 200 97600 "-" "Mozilla/5.0 (compatible; DotBot/1.2; +https://opensiteexplorer.org/dotbot; help@moz.com)"
74.7.227.61 - - [21/Mar/2026:14:50:34 +0200] "GET /shop/goods/carpospore173651126928.phtml/ HTTP/1.1" 200 150752 "https://drspos.com/shop/goods/carpospore173651126928.phtml" "Mozilla/5.0 AppleWebKit/537.36 (KHTML, like Gecko; compatible; GPTBot/1.3; +https://openai.com/gptbot)"
74.7.227.61 - - [21/Mar/2026:14:50:37 +0200] "GET /shop/goods/libellulid171584402680.phtml HTTP/1.1" 301 - "https://drspos.com/%3C![CDATA[https:/eminencegroup.net.au/post-sitemap9.xml]]%3E" "Mozilla/5.0 AppleWebKit/537.36 (KHTML, like Gecko; compatible; GPTBot/1.3; +https://openai.com/gptbot)"
216.73.216.163 - - [21/Mar/2026:14:50:37 +0200] "GET /shop/goods/serpulidae121013768818.phtml HTTP/1.1" 301 - "-" "Mozilla/5.0 AppleWebKit/537.36 (KHTML, like Gecko; compatible; ClaudeBot/1.0; +claudebot@anthropic.com)"
74.7.227.61 - - [21/Mar/2026:14:50:39 +0200] "GET /shop/goods/libellulid171584402680.phtml/ HTTP/1.1" 200 150752 "https://drspos.com/shop/goods/libellulid171584402680.phtml" "Mozilla/5.0 AppleWebKit/537.36 (KHTML, like Gecko; compatible; GPTBot/1.3; +https://openai.com/gptbot)"
