HEX
Server: Apache
System: Linux srv.resllerhosting.site 5.4.0-181-generic #201-Ubuntu SMP Thu Mar 28 15:39:01 UTC 2024 x86_64
User: drspos (1390)
PHP: 8.1.30
Disabled: NONE
Upload Files
File: /home/drspos/access-logs/drspos.com
5.45.77.43 - - [21/Mar/2026:14:16:25 +0200] "GET /wp-grand.php HTTP/1.1" 301 239 "-" "Mozilla/5.0 (Windows NT 10.0; Win64; x64) AppleWebKit/537.36 (KHTML, like Gecko) Chrome/87.0.4280.141 Safari/537.36"
216.244.66.234 - - [21/Mar/2026:14:37:30 +0200] "GET /robots.txt HTTP/1.1" 301 237 "-" "Mozilla/5.0 (compatible; DotBot/1.2; +https://opensiteexplorer.org/dotbot; help@moz.com)"
5.45.77.43 - - [21/Mar/2026:14:39:06 +0200] "GET /cong.php HTTP/1.1" 301 235 "-" "Mozilla/5.0 (Windows NT 10.0; Win64; x64) AppleWebKit/537.36 (KHTML, like Gecko) Chrome/87.0.4280.141 Safari/537.36"
5.45.77.43 - - [21/Mar/2026:14:42:10 +0200] "GET / HTTP/1.1" 301 227 "-" "Mozilla/5.0 (Windows NT 6.1) AppleWebKit/537.36 (KHTML, like Gecko) Chrome/41.0.2228.0 Safari/537.36"
5.45.77.43 - - [21/Mar/2026:14:42:11 +0200] "GET / HTTP/1.1" 301 227 "-" "Mozilla/5.0 (Windows NT 6.1) AppleWebKit/537.36 (KHTML, like Gecko) Chrome/41.0.2228.0 Safari/537.36"
5.45.77.43 - - [21/Mar/2026:14:42:11 +0200] "GET / HTTP/1.1" 301 227 "-" "Mozilla/5.0 (Windows NT 6.1) AppleWebKit/537.36 (KHTML, like Gecko) Chrome/41.0.2228.0 Safari/537.36"
5.45.77.43 - - [21/Mar/2026:14:42:11 +0200] "GET /.well-known/pki-validation/ HTTP/1.1" 404 - "-" "Mozilla/5.0 (Windows NT 6.1) AppleWebKit/537.36 (KHTML, like Gecko) Chrome/41.0.2228.0 Safari/537.36"
5.45.77.43 - - [21/Mar/2026:14:42:12 +0200] "GET /.well-known/pki-validation/vlihsdna/ HTTP/1.1" 404 - "-" "Mozilla/5.0 (Windows NT 6.1) AppleWebKit/537.36 (KHTML, like Gecko) Chrome/41.0.2228.0 Safari/537.36"
5.45.77.43 - - [21/Mar/2026:14:42:13 +0200] "GET /.well-known/acme-challenge/ HTTP/1.1" 301 254 "-" "Mozilla/5.0 (Windows NT 6.1) AppleWebKit/537.36 (KHTML, like Gecko) Chrome/41.0.2228.0 Safari/537.36"
5.45.77.43 - - [21/Mar/2026:14:42:14 +0200] "GET /.well-known/ HTTP/1.1" 301 239 "-" "Mozilla/5.0 (Windows NT 6.1) AppleWebKit/537.36 (KHTML, like Gecko) Chrome/41.0.2228.0 Safari/537.36"
5.45.77.43 - - [21/Mar/2026:14:42:14 +0200] "GET /wp-admin/css/ HTTP/1.1" 301 240 "-" "Mozilla/5.0 (Windows NT 6.1) AppleWebKit/537.36 (KHTML, like Gecko) Chrome/41.0.2228.0 Safari/537.36"
5.45.77.43 - - [21/Mar/2026:14:42:15 +0200] "GET /wp-admin/css/colors/ HTTP/1.1" 301 247 "-" "Mozilla/5.0 (Windows NT 6.1) AppleWebKit/537.36 (KHTML, like Gecko) Chrome/41.0.2228.0 Safari/537.36"
5.45.77.43 - - [21/Mar/2026:14:42:16 +0200] "GET /wp-admin/css/colors/blue/ HTTP/1.1" 301 252 "-" "Mozilla/5.0 (Windows NT 6.1) AppleWebKit/537.36 (KHTML, like Gecko) Chrome/41.0.2228.0 Safari/537.36"
5.45.77.43 - - [21/Mar/2026:14:42:17 +0200] "GET /wp-admin/css/colors/coffee/ HTTP/1.1" 301 254 "-" "Mozilla/5.0 (Windows NT 6.1) AppleWebKit/537.36 (KHTML, like Gecko) Chrome/41.0.2228.0 Safari/537.36"
5.45.77.43 - - [21/Mar/2026:14:42:17 +0200] "GET /wp-includes/ HTTP/1.1" 301 239 "-" "Mozilla/5.0 (Windows NT 6.1) AppleWebKit/537.36 (KHTML, like Gecko) Chrome/41.0.2228.0 Safari/537.36"
5.45.77.43 - - [21/Mar/2026:14:42:19 +0200] "GET /wp-includes/IXR/ HTTP/1.1" 301 243 "-" "Mozilla/5.0 (Windows NT 6.1) AppleWebKit/537.36 (KHTML, like Gecko) Chrome/41.0.2228.0 Safari/537.36"
5.45.77.43 - - [21/Mar/2026:14:42:20 +0200] "GET /wp-includes/js/ HTTP/1.1" 301 242 "-" "Mozilla/5.0 (Windows NT 6.1) AppleWebKit/537.36 (KHTML, like Gecko) Chrome/41.0.2228.0 Safari/537.36"
5.45.77.43 - - [21/Mar/2026:14:42:21 +0200] "GET /wp-includes/js/codemirror/ HTTP/1.1" 301 253 "-" "Mozilla/5.0 (Windows NT 6.1) AppleWebKit/537.36 (KHTML, like Gecko) Chrome/41.0.2228.0 Safari/537.36"
5.45.77.43 - - [21/Mar/2026:14:42:22 +0200] "GET /wp-includes/js/crop/ HTTP/1.1" 301 247 "-" "Mozilla/5.0 (Windows NT 6.1) AppleWebKit/537.36 (KHTML, like Gecko) Chrome/41.0.2228.0 Safari/537.36"
5.45.77.43 - - [21/Mar/2026:14:42:22 +0200] "GET /wp-includes/js/dist/ HTTP/1.1" 301 247 "-" "Mozilla/5.0 (Windows NT 6.1) AppleWebKit/537.36 (KHTML, like Gecko) Chrome/41.0.2228.0 Safari/537.36"
5.45.77.43 - - [21/Mar/2026:15:01:06 +0200] "GET /wp-theme.php HTTP/1.1" 301 239 "-" "Mozilla/5.0 (Windows NT 10.0; Win64; x64) AppleWebKit/537.36 (KHTML, like Gecko) Chrome/87.0.4280.141 Safari/537.36"
5.45.77.43 - - [21/Mar/2026:15:23:06 +0200] "GET /wp-admin/css/colors/ectoplasm/css.php HTTP/1.1" 301 264 "-" "Mozilla/5.0 (Windows NT 10.0; Win64; x64) AppleWebKit/537.36 (KHTML, like Gecko) Chrome/87.0.4280.141 Safari/537.36"
78.41.63.2 - - [21/Mar/2026:15:23:18 +0200] "GET /txets.php HTTP/1.1" 301 236 "-" "Mozilla/5.0 (Windows NT 10.0; Win64; x64) AppleWebKit/537.36 (KHTML, like Gecko) Chrome/131.0.0.0 Safari/537.36"
78.41.63.2 - - [21/Mar/2026:15:23:18 +0200] "GET /wp-content/txets.php HTTP/1.1" 301 247 "-" "Mozilla/5.0 (Windows NT 10.0; Win64; x64) AppleWebKit/537.36 (KHTML, like Gecko) Chrome/130.0.0.0 Safari/537.36 Edg/130.0.0.0"
216.244.66.234 - - [21/Mar/2026:15:34:52 +0200] "GET /robots.txt HTTP/1.1" 301 237 "-" "Mozilla/5.0 (compatible; DotBot/1.2; +https://opensiteexplorer.org/dotbot; help@moz.com)"
5.45.77.43 - - [21/Mar/2026:15:44:57 +0200] "GET /wp-admin/css/colors/blue/css.php HTTP/1.1" 301 259 "-" "Mozilla/5.0 (Windows NT 10.0; Win64; x64) AppleWebKit/537.36 (KHTML, like Gecko) Chrome/87.0.4280.141 Safari/537.36"
5.45.77.43 - - [21/Mar/2026:16:06:48 +0200] "GET /wp-admin/css/colors/light/css.php HTTP/1.1" 301 260 "-" "Mozilla/5.0 (Windows NT 10.0; Win64; x64) AppleWebKit/537.36 (KHTML, like Gecko) Chrome/87.0.4280.141 Safari/537.36"
111.119.49.231 - - [21/Mar/2026:16:18:11 +0200] "GET /mail/config-v1.1.xml?emailaddress=@admin HTTP/1.1" 301 267 "-" "Mozilla/5.0 (compatible; Googlebot/2.1; +http://www.google.com/bot.html)"
105.184.58.109 - - [21/Mar/2026:16:18:21 +0200] "GET /autodiscover/autodiscover.xml HTTP/1.1" 301 256 "-" "Mozilla/5.0 (compatible; Googlebot/2.1; +http://www.google.com/bot.html)"
172.30.5.70 - - [21/Mar/2026:16:18:50 +0200] "GET /.well-known/acme-challenge/NM1B6CSS7PZY33VKXIIOQAG7OU8GY8_3 HTTP/1.1" 200 64 "-" "Cpanel-HTTP-Client/1.0"
172.30.5.70 - - [21/Mar/2026:16:18:50 +0200] "GET /.well-known/acme-challenge/SBQY0G37LEOO3VTU2BIWYELQK7FH7SSP HTTP/1.1" 200 64 "-" "Cpanel-HTTP-Client/1.0"
216.244.66.234 - - [21/Mar/2026:16:21:42 +0200] "GET /robots.txt HTTP/1.1" 301 237 "-" "Mozilla/5.0 (compatible; DotBot/1.2; +https://opensiteexplorer.org/dotbot; help@moz.com)"
5.45.77.43 - - [21/Mar/2026:16:28:48 +0200] "GET /wp-admin/css/colors/midnight/css.php HTTP/1.1" 301 263 "-" "Mozilla/5.0 (Windows NT 10.0; Win64; x64) AppleWebKit/537.36 (KHTML, like Gecko) Chrome/87.0.4280.141 Safari/537.36"
5.45.77.43 - - [21/Mar/2026:16:50:46 +0200] "GET /wp-admin/css/colors/sunrise/css.php HTTP/1.1" 301 262 "-" "Mozilla/5.0 (Windows NT 10.0; Win64; x64) AppleWebKit/537.36 (KHTML, like Gecko) Chrome/87.0.4280.141 Safari/537.36"
216.244.66.234 - - [21/Mar/2026:17:09:04 +0200] "GET /robots.txt HTTP/1.1" 301 237 "-" "Mozilla/5.0 (compatible; DotBot/1.2; +https://opensiteexplorer.org/dotbot; help@moz.com)"
5.45.77.43 - - [21/Mar/2026:17:12:34 +0200] "GET /wp-admin/css/colors/ocean/css.php HTTP/1.1" 301 260 "-" "Mozilla/5.0 (Windows NT 10.0; Win64; x64) AppleWebKit/537.36 (KHTML, like Gecko) Chrome/87.0.4280.141 Safari/537.36"
5.45.77.43 - - [21/Mar/2026:17:34:34 +0200] "GET /wp-includes/class-wp-page-icon.php HTTP/1.1" 301 261 "-" "Mozilla/5.0 (Windows NT 10.0; Win64; x64) AppleWebKit/537.36 (KHTML, like Gecko) Chrome/87.0.4280.141 Safari/537.36"
198.235.24.2 - - [21/Mar/2026:17:49:54 +0200] "GET / HTTP/1.1" 301 227 "-" "Hello from Palo Alto Networks, find out more about our scans in https://docs-cortex.paloaltonetworks.com/r/1/Cortex-Xpanse/Scanning-activity"
5.45.77.43 - - [21/Mar/2026:17:56:43 +0200] "GET /wp-includes/class-wordpress-license.php HTTP/1.1" 301 266 "-" "Mozilla/5.0 (Windows NT 10.0; Win64; x64) AppleWebKit/537.36 (KHTML, like Gecko) Chrome/87.0.4280.141 Safari/537.36"
216.244.66.234 - - [21/Mar/2026:17:57:23 +0200] "GET /robots.txt HTTP/1.1" 301 237 "-" "Mozilla/5.0 (compatible; DotBot/1.2; +https://opensiteexplorer.org/dotbot; help@moz.com)"
212.237.120.224 - - [21/Mar/2026:18:15:14 +0200] "GET /mail/config-v1.1.xml?emailaddress=@admin HTTP/1.1" 301 267 "-" "Mozilla/5.0 (compatible; Googlebot/2.1; +http://www.google.com/bot.html)"
113.211.100.59 - - [21/Mar/2026:18:15:29 +0200] "GET /autodiscover/autodiscover.xml HTTP/1.1" 301 256 "-" "Mozilla/5.0 (compatible; Googlebot/2.1; +http://www.google.com/bot.html)"
5.45.77.43 - - [21/Mar/2026:18:18:56 +0200] "GET /wp-includes/wp-shield-icon-managed.php HTTP/1.1" 301 265 "-" "Mozilla/5.0 (Windows NT 10.0; Win64; x64) AppleWebKit/537.36 (KHTML, like Gecko) Chrome/87.0.4280.141 Safari/537.36"
5.45.77.43 - - [21/Mar/2026:18:41:08 +0200] "GET /wp-includes/wp-system-opencloud.php HTTP/1.1" 301 262 "-" "Mozilla/5.0 (Windows NT 10.0; Win64; x64) AppleWebKit/537.36 (KHTML, like Gecko) Chrome/87.0.4280.141 Safari/537.36"
216.244.66.234 - - [21/Mar/2026:18:45:03 +0200] "GET /robots.txt HTTP/1.1" 301 237 "-" "Mozilla/5.0 (compatible; DotBot/1.2; +https://opensiteexplorer.org/dotbot; help@moz.com)"
82.24.46.5 - - [21/Mar/2026:18:51:42 +0200] "GET /sftp-config.json HTTP/1.1" 301 243 "-" "Mozilla/5.0 (Macintosh; Intel Mac OS X 10_15_7) AppleWebKit/537.36 (KHTML, like Gecko) Chrome/119.0.0.0 Safari/537.36"
104.250.221.18 - - [21/Mar/2026:18:51:42 +0200] "GET /.vscode/sftp.json HTTP/1.1" 301 244 "-" "Mozilla/5.0 (Windows NT 10.0; Win64; x64) AppleWebKit/537.36 (KHTML, like Gecko) Chrome/119.0.0.0 Safari/537.36"
93.158.90.73 - - [21/Mar/2026:18:56:43 +0200] "GET / HTTP/1.1" 301 227 "-" "Mozilla/5.0 (iPhone; CPU iPhone OS 17_3_1 like Mac OS X) AppleWebKit/605.1.15 (KHTML, like Gecko) Version/17.3.1 Mobile/15E148 Safari/604"
5.45.77.43 - - [21/Mar/2026:19:01:53 +0200] "GET /wp-admin/js/widgets/text-widgets.php HTTP/1.1" 301 263 "-" "Mozilla/5.0 (Windows NT 10.0; Win64; x64) AppleWebKit/537.36 (KHTML, like Gecko) Chrome/87.0.4280.141 Safari/537.36"
172.30.5.70 - - [21/Mar/2026:19:18:52 +0200] "GET /.well-known/acme-challenge/72_FL707ME_RI2OFI0B_Z5FCDH2SC6T1 HTTP/1.1" 200 64 "-" "Cpanel-HTTP-Client/1.0"
172.30.5.70 - - [21/Mar/2026:19:18:52 +0200] "GET /.well-known/acme-challenge/F6ZSLY-D2VYYRREI7KHTVVF1G5Y_X6OP HTTP/1.1" 200 64 "-" "Cpanel-HTTP-Client/1.0"
5.45.77.43 - - [21/Mar/2026:19:22:43 +0200] "GET /wp-content/wp-themes.php HTTP/1.1" 301 251 "-" "Mozilla/5.0 (Windows NT 10.0; Win64; x64) AppleWebKit/537.36 (KHTML, like Gecko) Chrome/87.0.4280.141 Safari/537.36"
216.244.66.234 - - [21/Mar/2026:19:32:59 +0200] "GET /robots.txt HTTP/1.1" 301 237 "-" "Mozilla/5.0 (compatible; DotBot/1.2; +https://opensiteexplorer.org/dotbot; help@moz.com)"
5.45.77.43 - - [21/Mar/2026:19:43:24 +0200] "GET /kaylin.php HTTP/1.1" 301 237 "-" "Mozilla/5.0 (Windows NT 10.0; Win64; x64) AppleWebKit/537.36 (KHTML, like Gecko) Chrome/87.0.4280.141 Safari/537.36"
5.45.77.43 - - [21/Mar/2026:20:04:03 +0200] "GET /1index.php HTTP/1.1" 301 237 "-" "Mozilla/5.0 (Windows NT 10.0; Win64; x64) AppleWebKit/537.36 (KHTML, like Gecko) Chrome/87.0.4280.141 Safari/537.36"
136.0.82.207 - - [21/Mar/2026:20:15:21 +0200] "GET /.env HTTP/1.1" 301 235 "-" "python-requests/2.26.0"
136.0.82.207 - - [21/Mar/2026:20:15:28 +0200] "POST / HTTP/1.1" 408 579 "-" "python-requests/2.26.0"
216.244.66.234 - - [21/Mar/2026:20:21:43 +0200] "GET /robots.txt HTTP/1.1" 301 237 "-" "Mozilla/5.0 (compatible; DotBot/1.2; +https://opensiteexplorer.org/dotbot; help@moz.com)"
5.45.77.43 - - [21/Mar/2026:20:24:56 +0200] "GET /1.php HTTP/1.1" 301 232 "-" "Mozilla/5.0 (Windows NT 10.0; Win64; x64) AppleWebKit/537.36 (KHTML, like Gecko) Chrome/87.0.4280.141 Safari/537.36"
5.45.77.43 - - [21/Mar/2026:20:45:37 +0200] "GET /403.php HTTP/1.1" 301 234 "-" "Mozilla/5.0 (Windows NT 10.0; Win64; x64) AppleWebKit/537.36 (KHTML, like Gecko) Chrome/87.0.4280.141 Safari/537.36"
143.198.162.163 - - [21/Mar/2026:20:49:13 +0200] "GET / HTTP/1.1" 301 227 "-" "Mozilla/5.0 (X11; Linux x86_64; rv:142.0) Gecko/20100101 Firefox/142.0"
143.198.162.163 - - [21/Mar/2026:20:49:14 +0200] "GET /favicon.ico HTTP/1.1" 301 238 "http://drspos.com/" "Mozilla/5.0 (X11; Linux x86_64; rv:142.0) Gecko/20100101 Firefox/142.0"
5.45.77.43 - - [21/Mar/2026:21:06:26 +0200] "GET /404.php HTTP/1.1" 301 234 "-" "Mozilla/5.0 (Windows NT 10.0; Win64; x64) AppleWebKit/537.36 (KHTML, like Gecko) Chrome/87.0.4280.141 Safari/537.36"
216.244.66.234 - - [21/Mar/2026:21:06:36 +0200] "GET /robots.txt HTTP/1.1" 301 237 "-" "Mozilla/5.0 (compatible; DotBot/1.2; +https://opensiteexplorer.org/dotbot; help@moz.com)"
136.0.82.207 - - [21/Mar/2026:21:24:56 +0200] "GET /.env HTTP/1.1" 301 231 "-" "python-requests/2.26.0"
5.45.77.43 - - [21/Mar/2026:21:27:08 +0200] "GET /about.php HTTP/1.1" 301 236 "-" "Mozilla/5.0 (Windows NT 10.0; Win64; x64) AppleWebKit/537.36 (KHTML, like Gecko) Chrome/87.0.4280.141 Safari/537.36"
136.0.82.207 - - [21/Mar/2026:21:25:04 +0200] "POST / HTTP/1.1" 408 575 "-" "python-requests/2.26.0"
5.45.77.43 - - [21/Mar/2026:21:48:13 +0200] "GET /cache.php HTTP/1.1" 301 236 "-" "Mozilla/5.0 (Windows NT 10.0; Win64; x64) AppleWebKit/537.36 (KHTML, like Gecko) Chrome/87.0.4280.141 Safari/537.36"
216.244.66.234 - - [21/Mar/2026:21:50:22 +0200] "GET /robots.txt HTTP/1.1" 301 237 "-" "Mozilla/5.0 (compatible; DotBot/1.2; +https://opensiteexplorer.org/dotbot; help@moz.com)"
203.19.38.114 - - [21/Mar/2026:21:56:56 +0200] "GET /wp-json/wp/v2/posts HTTP/1.1" 301 246 "-" "Mozilla/5.0 (Windows NT 10.0; Win64; x64) AppleWebKit/537.36 (KHTML, like Gecko) Chrome/120.0.0.0 Safari/537.36"
5.45.77.43 - - [21/Mar/2026:22:10:04 +0200] "GET /class-api.php HTTP/1.1" 301 240 "-" "Mozilla/5.0 (Windows NT 10.0; Win64; x64) AppleWebKit/537.36 (KHTML, like Gecko) Chrome/87.0.4280.141 Safari/537.36"
200.75.179.7 - - [21/Mar/2026:22:10:05 +0200] "GET /mail/config-v1.1.xml?emailaddress=@admin HTTP/1.1" 301 267 "-" "Mozilla/5.0 (compatible; Googlebot/2.1; +http://www.google.com/bot.html)"
103.1.105.183 - - [21/Mar/2026:22:10:08 +0200] "GET /autodiscover/autodiscover.xml HTTP/1.1" 301 256 "-" "Mozilla/5.0 (compatible; Googlebot/2.1; +http://www.google.com/bot.html)"
172.30.5.70 - - [21/Mar/2026:22:19:26 +0200] "GET /.well-known/acme-challenge/QYTYCM9IZT1PK6ANI45JWHBWQ5IVZ636 HTTP/1.1" 200 64 "-" "Cpanel-HTTP-Client/1.0"
172.30.5.70 - - [21/Mar/2026:22:19:26 +0200] "GET /.well-known/acme-challenge/A7L9KTDXL099VR-P3OXSNNMXP7CGBYN6 HTTP/1.1" 200 64 "-" "Cpanel-HTTP-Client/1.0"
5.45.77.43 - - [21/Mar/2026:22:32:01 +0200] "GET /css/gel.php HTTP/1.1" 301 238 "-" "Mozilla/5.0 (Windows NT 10.0; Win64; x64) AppleWebKit/537.36 (KHTML, like Gecko) Chrome/87.0.4280.141 Safari/537.36"
216.244.66.234 - - [21/Mar/2026:22:38:20 +0200] "GET /robots.txt HTTP/1.1" 301 237 "-" "Mozilla/5.0 (compatible; DotBot/1.2; +https://opensiteexplorer.org/dotbot; help@moz.com)"
147.235.214.182 - - [21/Mar/2026:22:51:36 +0200] "HEAD / HTTP/1.1" 301 - "https://drspos.com/" "Mozilla/5.0 (Windows NT 10.0; Win64; x64) AppleWebKit/537.36 (KHTML, like Gecko) Chrome/91.0.4472.124 Safari/537.36"
5.45.77.43 - - [21/Mar/2026:22:53:57 +0200] "GET /css/index.php HTTP/1.1" 301 240 "-" "Mozilla/5.0 (Windows NT 10.0; Win64; x64) AppleWebKit/537.36 (KHTML, like Gecko) Chrome/87.0.4280.141 Safari/537.36"
51.68.111.217 - - [21/Mar/2026:22:58:03 +0200] "GET /robots.txt HTTP/1.1" 301 237 "-" "Mozilla/5.0 (compatible; MJ12bot/v2.0.5; http://mj12bot.com/)"
51.68.111.217 - - [21/Mar/2026:22:58:04 +0200] "GET / HTTP/1.1" 301 227 "-" "Mozilla/5.0 (compatible; MJ12bot/v2.0.5; http://mj12bot.com/)"
5.45.77.43 - - [21/Mar/2026:23:15:59 +0200] "GET /css/load.php HTTP/1.1" 301 239 "-" "Mozilla/5.0 (Windows NT 10.0; Win64; x64) AppleWebKit/537.36 (KHTML, like Gecko) Chrome/87.0.4280.141 Safari/537.36"
95.217.203.91 - - [21/Mar/2026:23:16:08 +0200] "POST /xmlrpc.php HTTP/1.1" 301 237 "-" "Mozilla/5.0 (Macintosh; Intel Mac OS X 10_15_1) AppleWebKit/537.36 (KHTML, like Gecko) Chrome/80.0.3987.132 Safari/537.36"
95.217.203.91 - - [21/Mar/2026:23:16:14 +0200] "POST /xmlrpc.php HTTP/1.1" 301 237 "-" "Mozilla/5.0 (Macintosh; Intel Mac OS X 10_15_1) AppleWebKit/537.36 (KHTML, like Gecko) Chrome/80.0.3987.132 Safari/537.36"
95.217.203.91 - - [21/Mar/2026:23:16:17 +0200] "POST /xmlrpc.php HTTP/1.1" 301 237 "-" "Mozilla/5.0 (Macintosh; Intel Mac OS X 10_15_1) AppleWebKit/537.36 (KHTML, like Gecko) Chrome/80.0.3987.132 Safari/537.36"
95.217.203.91 - - [21/Mar/2026:23:16:21 +0200] "POST /xmlrpc.php HTTP/1.1" 301 237 "-" "Mozilla/5.0 (Macintosh; Intel Mac OS X 10_15_1) AppleWebKit/537.36 (KHTML, like Gecko) Chrome/80.0.3987.132 Safari/537.36"
95.217.203.91 - - [21/Mar/2026:23:16:24 +0200] "POST /xmlrpc.php HTTP/1.1" 301 237 "-" "Mozilla/5.0 (Macintosh; Intel Mac OS X 10_15_1) AppleWebKit/537.36 (KHTML, like Gecko) Chrome/80.0.3987.132 Safari/537.36"
95.217.203.91 - - [21/Mar/2026:23:16:27 +0200] "POST /xmlrpc.php HTTP/1.1" 301 237 "-" "Mozilla/5.0 (Macintosh; Intel Mac OS X 10_15_1) AppleWebKit/537.36 (KHTML, like Gecko) Chrome/80.0.3987.132 Safari/537.36"
95.217.203.91 - - [21/Mar/2026:23:16:30 +0200] "POST /xmlrpc.php HTTP/1.1" 301 237 "-" "Mozilla/5.0 (Macintosh; Intel Mac OS X 10_15_1) AppleWebKit/537.36 (KHTML, like Gecko) Chrome/80.0.3987.132 Safari/537.36"
95.217.203.91 - - [21/Mar/2026:23:16:40 +0200] "POST /xmlrpc.php HTTP/1.1" 301 237 "-" "Mozilla/5.0 (Macintosh; Intel Mac OS X 10_15_1) AppleWebKit/537.36 (KHTML, like Gecko) Chrome/80.0.3987.132 Safari/537.36"
95.217.203.91 - - [21/Mar/2026:23:16:49 +0200] "POST /xmlrpc.php HTTP/1.1" 301 237 "-" "Mozilla/5.0 (Macintosh; Intel Mac OS X 10_15_1) AppleWebKit/537.36 (KHTML, like Gecko) Chrome/80.0.3987.132 Safari/537.36"
216.244.66.234 - - [21/Mar/2026:23:26:09 +0200] "GET /robots.txt HTTP/1.1" 301 237 "-" "Mozilla/5.0 (compatible; DotBot/1.2; +https://opensiteexplorer.org/dotbot; help@moz.com)"
5.45.77.43 - - [21/Mar/2026:23:37:59 +0200] "GET /date.php HTTP/1.1" 301 235 "-" "Mozilla/5.0 (Windows NT 10.0; Win64; x64) AppleWebKit/537.36 (KHTML, like Gecko) Chrome/87.0.4280.141 Safari/537.36"
5.45.77.43 - - [21/Mar/2026:23:59:53 +0200] "GET /doc.php HTTP/1.1" 301 234 "-" "Mozilla/5.0 (Windows NT 10.0; Win64; x64) AppleWebKit/537.36 (KHTML, like Gecko) Chrome/87.0.4280.141 Safari/537.36"
51.68.107.148 - - [22/Mar/2026:00:06:18 +0200] "GET /robots.txt HTTP/1.1" 301 237 "-" "Mozilla/5.0 (compatible; MJ12bot/v2.0.5; http://mj12bot.com/)"
51.68.107.148 - - [22/Mar/2026:00:06:19 +0200] "GET / HTTP/1.1" 301 227 "-" "Mozilla/5.0 (compatible; MJ12bot/v2.0.5; http://mj12bot.com/)"
216.244.66.234 - - [22/Mar/2026:00:14:42 +0200] "GET /robots.txt HTTP/1.1" 301 237 "-" "Mozilla/5.0 (compatible; DotBot/1.2; +https://opensiteexplorer.org/dotbot; help@moz.com)"
208.84.100.214 - - [22/Mar/2026:00:23:42 +0200] "HEAD / HTTP/1.1" 301 - "https://drspos.com/" "Mozilla/5.0 (Windows NT 10.0; Win64; x64) AppleWebKit/537.36 (KHTML, like Gecko) Chrome/91.0.4472.124 Safari/537.36"
5.45.77.43 - - [22/Mar/2026:00:23:59 +0200] "GET /editor.php HTTP/1.1" 301 237 "-" "Mozilla/5.0 (Windows NT 10.0; Win64; x64) AppleWebKit/537.36 (KHTML, like Gecko) Chrome/87.0.4280.141 Safari/537.36"
208.84.100.214 - - [22/Mar/2026:00:32:00 +0200] "HEAD / HTTP/1.1" 301 - "https://drspos.com/" "Mozilla/5.0 (Windows NT 10.0; Win64; x64) AppleWebKit/537.36 (KHTML, like Gecko) Chrome/91.0.4472.124 Safari/537.36"
5.45.77.43 - - [22/Mar/2026:00:45:58 +0200] "GET /jquery.php HTTP/1.1" 301 237 "-" "Mozilla/5.0 (Windows NT 10.0; Win64; x64) AppleWebKit/537.36 (KHTML, like Gecko) Chrome/87.0.4280.141 Safari/537.36"
216.244.66.234 - - [22/Mar/2026:01:01:01 +0200] "GET /robots.txt HTTP/1.1" 301 237 "-" "Mozilla/5.0 (compatible; DotBot/1.2; +https://opensiteexplorer.org/dotbot; help@moz.com)"
5.45.77.43 - - [22/Mar/2026:01:07:52 +0200] "GET /kaylin-gai.php HTTP/1.1" 301 241 "-" "Mozilla/5.0 (Windows NT 10.0; Win64; x64) AppleWebKit/537.36 (KHTML, like Gecko) Chrome/87.0.4280.141 Safari/537.36"
172.30.5.70 - - [22/Mar/2026:01:19:19 +0200] "GET /.well-known/acme-challenge/KD4IDFH7X5TEKXZ4-EOETYWF20-LOY__ HTTP/1.1" 200 64 "-" "Cpanel-HTTP-Client/1.0"
172.30.5.70 - - [22/Mar/2026:01:19:19 +0200] "GET /.well-known/acme-challenge/9T-QIER97N3BWKDDZUO7ARDP-KOAFN_T HTTP/1.1" 200 64 "-" "Cpanel-HTTP-Client/1.0"
5.45.77.43 - - [22/Mar/2026:01:29:44 +0200] "GET /license.php HTTP/1.1" 301 238 "-" "Mozilla/5.0 (Windows NT 10.0; Win64; x64) AppleWebKit/537.36 (KHTML, like Gecko) Chrome/87.0.4280.141 Safari/537.36"
216.244.66.234 - - [22/Mar/2026:01:47:44 +0200] "GET /robots.txt HTTP/1.1" 301 237 "-" "Mozilla/5.0 (compatible; DotBot/1.2; +https://opensiteexplorer.org/dotbot; help@moz.com)"
5.45.77.43 - - [22/Mar/2026:01:51:34 +0200] "GET /licenses.php HTTP/1.1" 301 239 "-" "Mozilla/5.0 (Windows NT 10.0; Win64; x64) AppleWebKit/537.36 (KHTML, like Gecko) Chrome/87.0.4280.141 Safari/537.36"
5.45.77.43 - - [22/Mar/2026:02:13:35 +0200] "GET /radio.php HTTP/1.1" 301 236 "-" "Mozilla/5.0 (Windows NT 10.0; Win64; x64) AppleWebKit/537.36 (KHTML, like Gecko) Chrome/87.0.4280.141 Safari/537.36"
103.131.71.92 - - [22/Mar/2026:02:20:37 +0200] "GET /robots.txt HTTP/1.1" 301 237 "-" "Mozilla/5.0 (compatible; coccocbot-web/1.0; +http://help.coccoc.com/searchengine)"
74.7.175.133 - - [22/Mar/2026:02:29:24 +0200] "GET /robots.txt HTTP/1.1" 301 241 "-" "Mozilla/5.0 (Macintosh; Intel Mac OS X 10_15_7) AppleWebKit/537.36 (KHTML, like Gecko) Chrome/131.0.0.0 Safari/537.36; compatible; OAI-SearchBot/1.3; robots.txt; +https://openai.com/searchbot"
74.7.242.41 - - [22/Mar/2026:02:29:24 +0200] "GET / HTTP/1.1" 301 231 "https://www.yasteq.com" "Mozilla/5.0 AppleWebKit/537.36 (KHTML, like Gecko; compatible; GPTBot/1.3; +https://openai.com/gptbot)"
216.244.66.234 - - [22/Mar/2026:02:33:27 +0200] "GET /robots.txt HTTP/1.1" 301 237 "-" "Mozilla/5.0 (compatible; DotBot/1.2; +https://opensiteexplorer.org/dotbot; help@moz.com)"
5.45.77.43 - - [22/Mar/2026:02:35:38 +0200] "GET /readme.php HTTP/1.1" 301 237 "-" "Mozilla/5.0 (Windows NT 10.0; Win64; x64) AppleWebKit/537.36 (KHTML, like Gecko) Chrome/87.0.4280.141 Safari/537.36"
5.45.77.43 - - [22/Mar/2026:02:57:42 +0200] "GET /rux.php HTTP/1.1" 301 234 "-" "Mozilla/5.0 (Windows NT 10.0; Win64; x64) AppleWebKit/537.36 (KHTML, like Gecko) Chrome/87.0.4280.141 Safari/537.36"
216.244.66.234 - - [22/Mar/2026:03:18:50 +0200] "GET /robots.txt HTTP/1.1" 301 237 "-" "Mozilla/5.0 (compatible; DotBot/1.2; +https://opensiteexplorer.org/dotbot; help@moz.com)"
5.45.77.43 - - [22/Mar/2026:03:19:39 +0200] "GET /s.php HTTP/1.1" 301 232 "-" "Mozilla/5.0 (Windows NT 10.0; Win64; x64) AppleWebKit/537.36 (KHTML, like Gecko) Chrome/87.0.4280.141 Safari/537.36"
5.45.77.43 - - [22/Mar/2026:03:41:30 +0200] "GET /sad.php HTTP/1.1" 301 234 "-" "Mozilla/5.0 (Windows NT 10.0; Win64; x64) AppleWebKit/537.36 (KHTML, like Gecko) Chrome/87.0.4280.141 Safari/537.36"
5.45.77.43 - - [22/Mar/2026:04:03:29 +0200] "GET /style.php HTTP/1.1" 301 236 "-" "Mozilla/5.0 (Windows NT 10.0; Win64; x64) AppleWebKit/537.36 (KHTML, like Gecko) Chrome/87.0.4280.141 Safari/537.36"
216.244.66.234 - - [22/Mar/2026:04:04:07 +0200] "GET /robots.txt HTTP/1.1" 301 237 "-" "Mozilla/5.0 (compatible; DotBot/1.2; +https://opensiteexplorer.org/dotbot; help@moz.com)"
172.30.5.70 - - [22/Mar/2026:04:18:50 +0200] "GET /.well-known/acme-challenge/0V3I8NXMAEJO9GBQPV01Y9CTT-HK61B1 HTTP/1.1" 200 64 "-" "Cpanel-HTTP-Client/1.0"
172.30.5.70 - - [22/Mar/2026:04:18:50 +0200] "GET /.well-known/acme-challenge/L9YC_6G0B3RUIQNXSKZMUGAEZD0SZ5BD HTTP/1.1" 200 64 "-" "Cpanel-HTTP-Client/1.0"
5.45.77.43 - - [22/Mar/2026:04:25:29 +0200] "GET /task-check.php HTTP/1.1" 301 241 "-" "Mozilla/5.0 (Windows NT 10.0; Win64; x64) AppleWebKit/537.36 (KHTML, like Gecko) Chrome/87.0.4280.141 Safari/537.36"
5.45.77.43 - - [22/Mar/2026:04:47:54 +0200] "GET /ty.php HTTP/1.1" 301 233 "-" "Mozilla/5.0 (Windows NT 10.0; Win64; x64) AppleWebKit/537.36 (KHTML, like Gecko) Chrome/87.0.4280.141 Safari/537.36"
216.244.66.234 - - [22/Mar/2026:04:50:56 +0200] "GET /robots.txt HTTP/1.1" 301 237 "-" "Mozilla/5.0 (compatible; DotBot/1.2; +https://opensiteexplorer.org/dotbot; help@moz.com)"
5.45.77.43 - - [22/Mar/2026:05:10:03 +0200] "GET /ups.php HTTP/1.1" 301 234 "-" "Mozilla/5.0 (Windows NT 10.0; Win64; x64) AppleWebKit/537.36 (KHTML, like Gecko) Chrome/87.0.4280.141 Safari/537.36"
103.137.247.41 - - [22/Mar/2026:05:28:05 +0200] "GET /wp-json/wp/v2/posts HTTP/1.1" 301 246 "-" "Mozilla/5.0 (Windows NT 10.0; Win64; x64) AppleWebKit/537.36 (KHTML, like Gecko) Chrome/120.0.0.0 Safari/537.36"
5.45.77.43 - - [22/Mar/2026:05:32:07 +0200] "GET /wp2.php HTTP/1.1" 301 234 "-" "Mozilla/5.0 (Windows NT 10.0; Win64; x64) AppleWebKit/537.36 (KHTML, like Gecko) Chrome/87.0.4280.141 Safari/537.36"
216.244.66.234 - - [22/Mar/2026:05:37:08 +0200] "GET /robots.txt HTTP/1.1" 301 237 "-" "Mozilla/5.0 (compatible; DotBot/1.2; +https://opensiteexplorer.org/dotbot; help@moz.com)"
110.150.90.217 - - [22/Mar/2026:05:39:48 +0200] "GET / HTTP/1.1" 301 231 "-" "Mozilla/5.0 (Macintosh; Intel Mac OS X 10_15_7) AppleWebKit/605.1.15 (KHTML, like Gecko) Version/15.6.1 Safari/605.1.15"
5.45.77.43 - - [22/Mar/2026:05:54:06 +0200] "GET /wp-admin/comment-wp.php HTTP/1.1" 301 250 "-" "Mozilla/5.0 (Windows NT 10.0; Win64; x64) AppleWebKit/537.36 (KHTML, like Gecko) Chrome/87.0.4280.141 Safari/537.36"
5.45.77.43 - - [22/Mar/2026:06:16:04 +0200] "GET /wp-admin/css/colors/0.php HTTP/1.1" 301 252 "-" "Mozilla/5.0 (Windows NT 10.0; Win64; x64) AppleWebKit/537.36 (KHTML, like Gecko) Chrome/87.0.4280.141 Safari/537.36"
216.244.66.234 - - [22/Mar/2026:06:25:23 +0200] "GET /robots.txt HTTP/1.1" 301 237 "-" "Mozilla/5.0 (compatible; DotBot/1.2; +https://opensiteexplorer.org/dotbot; help@moz.com)"
5.45.77.43 - - [22/Mar/2026:06:38:04 +0200] "GET /wp-admin/css/colors/blue/0.php HTTP/1.1" 301 257 "-" "Mozilla/5.0 (Windows NT 10.0; Win64; x64) AppleWebKit/537.36 (KHTML, like Gecko) Chrome/87.0.4280.141 Safari/537.36"
5.45.77.43 - - [22/Mar/2026:07:00:00 +0200] "GET /wp-admin/css/colors/blue/about.php HTTP/1.1" 301 261 "-" "Mozilla/5.0 (Windows NT 10.0; Win64; x64) AppleWebKit/537.36 (KHTML, like Gecko) Chrome/87.0.4280.141 Safari/537.36"
172.30.5.70 - - [22/Mar/2026:07:18:51 +0200] "GET /.well-known/acme-challenge/T20MG733NFY--IQHVPCD54AUURV7-8OK HTTP/1.1" 200 64 "-" "Cpanel-HTTP-Client/1.0"
172.30.5.70 - - [22/Mar/2026:07:18:51 +0200] "GET /.well-known/acme-challenge/XOCUU07DD2Z--48TM-7KOW2D_CDLCK9U HTTP/1.1" 200 64 "-" "Cpanel-HTTP-Client/1.0"
216.244.66.234 - - [22/Mar/2026:07:21:53 +0200] "GET /robots.txt HTTP/1.1" 301 237 "-" "Mozilla/5.0 (compatible; DotBot/1.2; +https://opensiteexplorer.org/dotbot; help@moz.com)"
5.45.77.43 - - [22/Mar/2026:07:21:58 +0200] "GET /wp-admin/css/colors/blue/index.php HTTP/1.1" 301 261 "-" "Mozilla/5.0 (Windows NT 10.0; Win64; x64) AppleWebKit/537.36 (KHTML, like Gecko) Chrome/87.0.4280.141 Safari/537.36"
5.45.77.43 - - [22/Mar/2026:07:43:50 +0200] "GET /wp-admin/css/colors/blue/license.php HTTP/1.1" 301 263 "-" "Mozilla/5.0 (Windows NT 10.0; Win64; x64) AppleWebKit/537.36 (KHTML, like Gecko) Chrome/87.0.4280.141 Safari/537.36"
91.225.199.53 - - [22/Mar/2026:07:55:56 +0200] "GET / HTTP/1.1" 301 227 "-" "Mozilla/5.0 (Windows NT 10.0; Win64; x64) AppleWebKit/537.36 (KHTML, like Gecko) Chrome/142.0.0.0 Safari/537.36"
91.225.199.53 - - [22/Mar/2026:07:56:06 +0200] "GET /about.php HTTP/1.1" 301 236 "-" "Mozilla/5.0 (Windows NT 10.0; Win64; x64) AppleWebKit/537.36 (KHTML, like Gecko) Chrome/142.0.0.0 Safari/537.36"
91.225.199.53 - - [22/Mar/2026:07:56:17 +0200] "GET /abt.php HTTP/1.1" 301 234 "-" "Mozilla/5.0 (Windows NT 10.0; Win64; x64) AppleWebKit/537.36 (KHTML, like Gecko) Chrome/142.0.0.0 Safari/537.36"
5.45.77.43 - - [22/Mar/2026:08:05:42 +0200] "GET /wp-admin/css/colors/blue/menu_settings.php HTTP/1.1" 301 269 "-" "Mozilla/5.0 (Windows NT 10.0; Win64; x64) AppleWebKit/537.36 (KHTML, like Gecko) Chrome/87.0.4280.141 Safari/537.36"
216.244.66.234 - - [22/Mar/2026:08:08:52 +0200] "GET /robots.txt HTTP/1.1" 301 237 "-" "Mozilla/5.0 (compatible; DotBot/1.2; +https://opensiteexplorer.org/dotbot; help@moz.com)"